000
CDUS44 KFWD 210652
CLIACT


CLIMATE REPORT
NATIONAL WEATHER SERVICE FORT WORTH TX
1251 AM CST TUE FEB 21 2017


...................................

...THE WACO CLIMATE SUMMARY FOR FEBRUARY 20 2017...

CLIMATE NORMAL PERIOD 1981 TO 2010
CLIMATE RECORD PERIOD 1901 TO 2017


WEATHER ITEM   OBSERVED TIME   RECORD YEAR NORMAL DEPARTURE LAST
                VALUE   (LST)  VALUE       VALUE  FROM      YEAR
                                                  NORMAL
..................................................................
TEMPERATURE (F)
 YESTERDAY
  MAXIMUM         70   1213 AM  92    1986  63      7       71
  MINIMUM         55   1158 PM  25    1908  41     14       63
  AVERAGE         63                        52     11       67

PRECIPITATION (IN)
  YESTERDAY        0.96          1.38 1997   0.09   0.87     0.00
  MONTH TO DATE    3.05                      1.81   1.24     0.03
  SINCE DEC 1      7.43                      6.68   0.75     3.94
  SINCE JAN 1      6.16                      3.93   2.23     0.32

SNOWFALL (IN)
  YESTERDAY        0.0           T    1964   0.0    0.0      0.0
                                      1955
  MONTH TO DATE    0.0                       0.3   -0.3      0.0
  SINCE DEC 1      T                         0.6   -0.6      0.0
  SINCE JUL 1      T                         0.7   -0.7      0.0
  SNOW DEPTH       0

DEGREE DAYS
 HEATING
  YESTERDAY        2                        13    -11        0
  MONTH TO DATE  122                       305   -183      228
  SINCE DEC 1    981                      1385   -404     1158
  SINCE JUL 1   1124                      1713   -589     1393

 COOLING
  YESTERDAY        0                         0      0        2
  MONTH TO DATE   32                         0     32        7
  SINCE DEC 1     64                         8     56       12
  SINCE JAN 1     41                         3     38        7
..................................................................


WIND (MPH)
  HIGHEST WIND SPEED    31   HIGHEST WIND DIRECTION     W (270)
  HIGHEST GUST SPEED    43   HIGHEST GUST DIRECTION     W (270)
  AVERAGE WIND SPEED    10.5


SKY COVER
  POSSIBLE SUNSHINE  MM
  AVERAGE SKY COVER 0.6


WEATHER CONDITIONS
 THE FOLLOWING WEATHER WAS RECORDED YESTERDAY.
  THUNDERSTORM
  HEAVY RAIN
  RAIN
  LIGHT RAIN
  FOG


RELATIVE HUMIDITY (PERCENT)
 HIGHEST   100           600 AM
 LOWEST     78           300 PM
 AVERAGE    89

..........................................................


THE WACO CLIMATE NORMALS FOR TODAY
                         NORMAL    RECORD    YEAR
 MAXIMUM TEMPERATURE (F)   63        96      1996
 MINIMUM TEMPERATURE (F)   41        22      1939


SUNRISE AND SUNSET
FEBRUARY 21 2017......SUNRISE   704 AM CST   SUNSET   621 PM CST
FEBRUARY 22 2017......SUNRISE   703 AM CST   SUNSET   622 PM CST


-  INDICATES NEGATIVE NUMBERS.
R  INDICATES RECORD WAS SET OR TIED.
MM INDICATES DATA IS MISSING.
T  INDICATES TRACE AMOUNT.




$$
