000
CDUS44 KFWD 030652
CLIACT


CLIMATE REPORT
NATIONAL WEATHER SERVICE FORT WORTH TX
151 AM CDT TUE MAY 3 2016


...................................

...THE WACO CLIMATE SUMMARY FOR MAY 2 2016...

CLIMATE NORMAL PERIOD 1981 TO 2010
CLIMATE RECORD PERIOD 1901 TO 2016


WEATHER ITEM   OBSERVED TIME   RECORD YEAR NORMAL DEPARTURE LAST
                VALUE   (LST)  VALUE       VALUE  FROM      YEAR
                                                  NORMAL
..................................................................
TEMPERATURE (F)
 YESTERDAY
  MAXIMUM         66    359 PM  95    1943  82    -16       83
  MINIMUM         53   1159 PM  38    1903  60     -7       54
  AVERAGE         60                        71    -11       69

PRECIPITATION (IN)
  YESTERDAY        0.35          3.95 1958   0.14   0.21     0.00
  MONTH TO DATE    0.35                      0.27   0.08     0.00
  SINCE MAR 1     12.23                      6.11   6.12     7.34
  SINCE JAN 1     14.68                     10.86   3.82    12.07

DEGREE DAYS
 HEATING
  YESTERDAY        5                         1      4        0
  MONTH TO DATE    5                         2      3        0
  SINCE MAR 1    208                       326   -118      350
  SINCE JUL 1   1685                      2138   -453     2304

 COOLING
  YESTERDAY        0                         6     -6        4
  MONTH TO DATE    3                        12     -9        6
  SINCE MAR 1    139                       157    -18      167
  SINCE JAN 1    147                       166    -19      167
..................................................................


WIND (MPH)
  HIGHEST WIND SPEED    22   HIGHEST WIND DIRECTION    NW (320)
  HIGHEST GUST SPEED    27   HIGHEST GUST DIRECTION     N (340)
  AVERAGE WIND SPEED    11.7


SKY COVER
  POSSIBLE SUNSHINE  MM
  AVERAGE SKY COVER 0.8


WEATHER CONDITIONS
 THE FOLLOWING WEATHER WAS RECORDED YESTERDAY.
  THUNDERSTORM
  HEAVY RAIN
  LIGHT RAIN
  FOG


RELATIVE HUMIDITY (PERCENT)
 HIGHEST    93           900 PM
 LOWEST     60           200 PM
 AVERAGE    77

..........................................................


THE WACO CLIMATE NORMALS FOR TODAY
                         NORMAL    RECORD    YEAR
 MAXIMUM TEMPERATURE (F)   82        94      1943
 MINIMUM TEMPERATURE (F)   60        40      2014
                                             2013


SUNRISE AND SUNSET
MAY  3 2016...........SUNRISE   641 AM CDT   SUNSET   811 PM CDT
MAY  4 2016...........SUNRISE   640 AM CDT   SUNSET   811 PM CDT


-  INDICATES NEGATIVE NUMBERS.
R  INDICATES RECORD WAS SET OR TIED.
MM INDICATES DATA IS MISSING.
T  INDICATES TRACE AMOUNT.




$$
