000
CDUS44 KFWD 232123
CLIACT


CLIMATE REPORT
NATIONAL WEATHER SERVICE FORT WORTH TX
423 PM CDT THU MAR 23 2017


...................................

...THE WACO CLIMATE SUMMARY FOR MARCH 23 2017...
VALID AS OF 0400 PM LOCAL TIME.

CLIMATE NORMAL PERIOD 1981 TO 2010
CLIMATE RECORD PERIOD 1901 TO 2017


WEATHER ITEM   OBSERVED TIME   RECORD YEAR NORMAL DEPARTURE LAST
                VALUE   (LST)  VALUE       VALUE  FROM      YEAR
                                                  NORMAL
..................................................................
TEMPERATURE (F)
 TODAY
  MAXIMUM         83    241 PM  90    1929  71     12       80
  MINIMUM         63    602 AM  30    1968  49     14       52
  AVERAGE         73

PRECIPITATION (IN)
  TODAY            0.00          0.80 1969   0.09  -0.09     0.28
  MONTH TO DATE    2.42                      2.44  -0.02     4.86
  SINCE MAR 1      2.42                      2.44  -0.02     4.86
  SINCE JAN 1      8.58                      7.19   1.39     7.31

SNOWFALL (IN)
  TODAY            0.0           0.0    MM   0.0    0.0      0.0
  MONTH TO DATE    0.0                       0.1   -0.1      0.0
  SINCE MAR 1      0.0                       0.1   -0.1      0.0
  SINCE JUL 1      T                         0.9   -0.9      0.0
  SNOW DEPTH       0

..................................................................


WIND (MPH)
  HIGHEST WIND SPEED    31   HIGHEST WIND DIRECTION     S (170)
  HIGHEST GUST SPEED    41   HIGHEST GUST DIRECTION     S (170)
  AVERAGE WIND SPEED    18.3




..........................................................


THE WACO CLIMATE NORMALS FOR TOMORROW
                         NORMAL    RECORD    YEAR
 MAXIMUM TEMPERATURE (F)   72        89      1929
 MINIMUM TEMPERATURE (F)   49        30      1966


SUNRISE AND SUNSET
MARCH 23 2017.........SUNRISE   728 AM CDT   SUNSET   743 PM CDT
MARCH 24 2017.........SUNRISE   727 AM CDT   SUNSET   743 PM CDT


-  INDICATES NEGATIVE NUMBERS.
R  INDICATES RECORD WAS SET OR TIED.
MM INDICATES DATA IS MISSING.
T  INDICATES TRACE AMOUNT.




$$
