000
CDUS44 KFWD 310638
CLIACT

CLIMATE REPORT
NATIONAL WEATHER SERVICE FORT WORTH TX
1236 AM CST SAT JAN 31 2015


...................................

...THE WACO CLIMATE SUMMARY FOR JANUARY 30 2015...

CLIMATE NORMAL PERIOD 1981 TO 2010
CLIMATE RECORD PERIOD 1901 TO 2015


WEATHER ITEM   OBSERVED TIME   RECORD YEAR NORMAL DEPARTURE LAST
                VALUE   (LST)  VALUE       VALUE  FROM      YEAR
                                                  NORMAL
..................................................................
TEMPERATURE (F)
 YESTERDAY
  MAXIMUM         55    335 PM  90    1911  59     -4       59
  MINIMUM         43    738 AM   1    1949  37      6       30
  AVERAGE         49                        48      1       45

PRECIPITATION (IN)
  YESTERDAY        0.00          1.66 1964   0.07  -0.07     0.00
  MONTH TO DATE    3.06                      2.04   1.02     0.30
  SINCE DEC 1      3.60                      4.79  -1.19     1.64
  SINCE JAN 1      3.06                      2.04   1.02     0.30

SNOWFALL (IN)
  YESTERDAY        0.0           7.0  1949   0.0    0.0      0.0
  MONTH TO DATE    T                         0.3   -0.3       T
  SINCE DEC 1      T                         0.3   -0.3       T
  SINCE JUL 1      T                         0.4   -0.4       T
  SNOW DEPTH       0

DEGREE DAYS
 HEATING
  YESTERDAY       16                        17     -1       20
  MONTH TO DATE  617                       539     78      603
  SINCE DEC 1   1049                      1063    -14     1255
  SINCE JUL 1   1431                      1391     40     1669

 COOLING
  YESTERDAY        0                         0      0        0
  MONTH TO DATE    0                         0      0        0
  SINCE DEC 1      4                         5     -1        0
  SINCE JAN 1      0                         0      0        0
..................................................................


WIND (MPH)
  HIGHEST WIND SPEED    15   HIGHEST WIND DIRECTION    NE (40)
  HIGHEST GUST SPEED    20   HIGHEST GUST DIRECTION    NE (40)
  AVERAGE WIND SPEED     7.2


SKY COVER
  POSSIBLE SUNSHINE  MM
  AVERAGE SKY COVER 0.3


WEATHER CONDITIONS
 THE FOLLOWING WEATHER WAS RECORDED YESTERDAY.
  NO SIGNIFICANT WEATHER WAS OBSERVED.


RELATIVE HUMIDITY (PERCENT)
 HIGHEST    71          1100 PM
 LOWEST     46           100 PM
 AVERAGE    59

..........................................................


THE WACO CLIMATE NORMALS FOR TODAY
                         NORMAL    RECORD    YEAR
 MAXIMUM TEMPERATURE (F)   60        89      1911
 MINIMUM TEMPERATURE (F)   37        -5      1949


SUNRISE AND SUNSET
JANUARY 31 2015.......SUNRISE   723 AM CST   SUNSET   602 PM CST
FEBRUARY  1 2015......SUNRISE   722 AM CST   SUNSET   603 PM CST


-  INDICATES NEGATIVE NUMBERS.
R  INDICATES RECORD WAS SET OR TIED.
MM INDICATES DATA IS MISSING.
T  INDICATES TRACE AMOUNT.




$$
