000
CDUS44 KFWD 162123
CLIACT


CLIMATE REPORT
NATIONAL WEATHER SERVICE FORT WORTH TX
423 PM CDT WED AUG 16 2017


...................................

...THE WACO CLIMATE SUMMARY FOR AUGUST 16 2017...
VALID AS OF 0400 PM LOCAL TIME.

CLIMATE NORMAL PERIOD 1981 TO 2010
CLIMATE RECORD PERIOD 1901 TO 2017


WEATHER ITEM   OBSERVED TIME   RECORD YEAR NORMAL DEPARTURE LAST
                VALUE   (LST)  VALUE       VALUE  FROM      YEAR
                                                  NORMAL
..................................................................
TEMPERATURE (F)
 TODAY
  MAXIMUM         98    259 PM 106    2010  97      1       78
  MINIMUM         79    638 AM  61    1992  74      5       72
  AVERAGE         89

PRECIPITATION (IN)
  TODAY            0.00          0.88 1928   0.06  -0.06     0.59
  MONTH TO DATE    1.94                      0.95   0.99     2.15
  SINCE JUN 1      8.77                      6.17   2.60     6.88
  SINCE JAN 1     28.08                     21.06   7.02    29.52

..................................................................


WIND (MPH)
  HIGHEST WIND SPEED    23   HIGHEST WIND DIRECTION     S (170)
  HIGHEST GUST SPEED    30   HIGHEST GUST DIRECTION    SW (230)
  AVERAGE WIND SPEED    16.3




..........................................................


THE WACO CLIMATE NORMALS FOR TOMORROW
                         NORMAL    RECORD    YEAR
 MAXIMUM TEMPERATURE (F)   97       106      2006
                                             1951
 MINIMUM TEMPERATURE (F)   74        60      1992


SUNRISE AND SUNSET
AUGUST 16 2017........SUNRISE   655 AM CDT   SUNSET   811 PM CDT
AUGUST 17 2017........SUNRISE   655 AM CDT   SUNSET   810 PM CDT


-  INDICATES NEGATIVE NUMBERS.
R  INDICATES RECORD WAS SET OR TIED.
MM INDICATES DATA IS MISSING.
T  INDICATES TRACE AMOUNT.




$$
