000
CDUS44 KFWD 260638
CLIACT

CLIMATE REPORT
NATIONAL WEATHER SERVICE FORT WORTH TX
1236 AM CST FRI DEC 26 2014


...................................

...THE WACO CLIMATE SUMMARY FOR DECEMBER 25 2014...

CLIMATE NORMAL PERIOD 1981 TO 2010
CLIMATE RECORD PERIOD 1901 TO 2014


WEATHER ITEM   OBSERVED TIME   RECORD YEAR NORMAL DEPARTURE LAST
                VALUE   (LST)  VALUE       VALUE  FROM      YEAR
                                                  NORMAL
..................................................................
TEMPERATURE (F)
 YESTERDAY
  MAXIMUM         62    356 PM  78    1964  58      4       58
                                      1955
                                      1951
  MINIMUM         31   1239 AM   7    1983  36     -5       32
  AVERAGE         47                        47      0       45

PRECIPITATION (IN)
  YESTERDAY        0.00          1.40 2000   0.09  -0.09     0.00
  MONTH TO DATE    0.51                      2.25  -1.74     1.34
  SINCE DEC 1      0.51                      2.25  -1.74     1.34
  SINCE JAN 1     30.06                     34.19  -4.13    37.89

SNOWFALL (IN)
  YESTERDAY        0.0           T    1975   0.0    0.0      0.0
                                      1974
                                      1926
  MONTH TO DATE    0.0                       0.0    0.0       T
  SINCE DEC 1      0.0                       0.0    0.0       T
  SINCE JUL 1      0.0                       0.1   -0.1       T
  SNOW DEPTH       0

DEGREE DAYS
 HEATING
  YESTERDAY       18                        18      0       20
  MONTH TO DATE  309                       412   -103      512
  SINCE DEC 1    309                       412   -103      512
  SINCE JUL 1    691                       740    -49      926

 COOLING
  YESTERDAY        0                         0      0        0
  MONTH TO DATE    4                         0      4        0
  SINCE DEC 1      4                         0      4        0
  SINCE JAN 1   2754                      2792    -38     2870
..................................................................


WIND (MPH)
  HIGHEST WIND SPEED    32   HIGHEST WIND DIRECTION     S (180)
  HIGHEST GUST SPEED    40   HIGHEST GUST DIRECTION     S (180)
  AVERAGE WIND SPEED    16.2


SKY COVER
  POSSIBLE SUNSHINE  MM
  AVERAGE SKY COVER 0.0


WEATHER CONDITIONS
 THE FOLLOWING WEATHER WAS RECORDED YESTERDAY.
  NO SIGNIFICANT WEATHER WAS OBSERVED.


RELATIVE HUMIDITY (PERCENT)
 HIGHEST    85           100 AM
 LOWEST     27           300 PM
 AVERAGE    56

..........................................................


THE WACO CLIMATE NORMALS FOR TODAY
                         NORMAL    RECORD    YEAR
 MAXIMUM TEMPERATURE (F)   58        80      2008
                                             2005
 MINIMUM TEMPERATURE (F)   36        17      1983


SUNRISE AND SUNSET
DECEMBER 26 2014......SUNRISE   727 AM CST   SUNSET   532 PM CST
DECEMBER 27 2014......SUNRISE   727 AM CST   SUNSET   533 PM CST


-  INDICATES NEGATIVE NUMBERS.
R  INDICATES RECORD WAS SET OR TIED.
MM INDICATES DATA IS MISSING.
T  INDICATES TRACE AMOUNT.




$$
