000
CDUS41 KPHI 192139
CLIACY


CLIMATE REPORT
NATIONAL WEATHER SERVICE MOUNT HOLLY NJ
437 PM EST THU JAN 19 2017


...................................

...THE ATLANTIC CITY NJ CLIMATE SUMMARY FOR JANUARY 19 2017...
VALID TODAY AS OF 0400 PM LOCAL TIME.

CLIMATE NORMAL PERIOD 1981 TO 2010
CLIMATE RECORD PERIOD 1874 TO 2017


WEATHER ITEM   OBSERVED TIME   RECORD YEAR NORMAL DEPARTURE LAST
                VALUE   (LST)  VALUE       VALUE  FROM      YEAR
                                                  NORMAL
..................................................................
TEMPERATURE (F)
 TODAY
  MAXIMUM         52   1249 PM  64    1929  41     11       27
  MINIMUM         33    157 AM  -3    1994  24      9       15
  AVERAGE         43                        33     10       21

PRECIPITATION (IN)
  TODAY            0.00          1.85 1936   0.10  -0.10     0.00
  MONTH TO DATE    2.25                      2.01   0.24     1.63
  SINCE DEC 1      5.54                      5.70  -0.16     7.07
  SINCE JAN 1      2.25                      2.01   0.24     1.63

SNOWFALL (IN)
  TODAY            0.0           8.0  1961   0.2   -0.2      0.0
  MONTH TO DATE    7.0                       2.4    4.6      2.8
  SINCE DEC 1      7.0                       6.1    0.9      2.8
  SINCE JUL 1      7.0                       6.3    0.7      2.8
  SNOW DEPTH       0

DEGREE DAYS
 HEATING
  TODAY           22                        32    -10       44
  MONTH TO DATE  533                       606    -73      593
  SINCE DEC 1   1347                      1468   -121     1034
  SINCE JUL 1   2094                      2375   -281     1729

 COOLING
  TODAY            0                         0      0        0
  MONTH TO DATE    0                         0      0        0
  SINCE DEC 1      0                         0      0        3
  SINCE JAN 1      0                         0      0        0
..................................................................


WIND (MPH)
  HIGHEST WIND SPEED    16   HIGHEST WIND DIRECTION     N (340)
  HIGHEST GUST SPEED    20   HIGHEST GUST DIRECTION    NW (330)
  AVERAGE WIND SPEED     4.6


SKY COVER
  POSSIBLE SUNSHINE  MM
  AVERAGE SKY COVER 0.7


WEATHER CONDITIONS
 THE FOLLOWING WEATHER WAS RECORDED TODAY.
  FOG


RELATIVE HUMIDITY (PERCENT)
 HIGHEST    92           300 AM
 LOWEST     54           100 PM
 AVERAGE    73

..........................................................


THE ATLANTIC CITY NJ CLIMATE NORMALS FOR TOMORROW
                         NORMAL    RECORD    YEAR
 MAXIMUM TEMPERATURE (F)   41        60      2006
                                             1890
 MINIMUM TEMPERATURE (F)   24        -4      1985


SUNRISE AND SUNSET
JANUARY 19 2017.......SUNRISE   715 AM EST   SUNSET   504 PM EST
JANUARY 20 2017.......SUNRISE   714 AM EST   SUNSET   505 PM EST


-  INDICATES NEGATIVE NUMBERS.
R  INDICATES RECORD WAS SET OR TIED.
MM INDICATES DATA IS MISSING.
T  INDICATES TRACE AMOUNT.




$$
