000
CDUS41 KPHI 280627
CLIACY


CLIMATE REPORT
NATIONAL WEATHER SERVICE MOUNT HOLLY NJ
227 AM EDT THU AUG 28 2014


...................................

...THE ATLANTIC CITY NJ CLIMATE SUMMARY FOR AUGUST 27 2014...

CLIMATE NORMAL PERIOD 1981 TO 2010
CLIMATE RECORD PERIOD 1874 TO 2014


WEATHER ITEM   OBSERVED TIME   RECORD YEAR NORMAL DEPARTURE LAST
                VALUE   (LST)  VALUE       VALUE  FROM      YEAR
                                                  NORMAL
..................................................................
TEMPERATURE (F)
 YESTERDAY
  MAXIMUM         87    156 PM  92    1972  82      5       89
  MINIMUM         57    154 AM  48    1969  64     -7       69
  AVERAGE         72                        73     -1       79

PRECIPITATION (IN)
  YESTERDAY        0.00          5.16 1882   0.11  -0.11     0.00
  MONTH TO DATE    9.28                      3.68   5.60     2.58
  SINCE JUN 1     15.91                     10.51   5.40    13.51
  SINCE JAN 1     36.09                     27.79   8.30    31.07

SNOWFALL (IN)
  YESTERDAY        0.0           0.0  1903   0.0    0.0      0.0
  MONTH TO DATE    0.0                       0.0    0.0      0.0
  SINCE JUN 1      0.0                       0.0    0.0      0.0
  SINCE JUL 1      0.0                       0.0    0.0      0.0
  SNOW DEPTH       0

DEGREE DAYS
 HEATING
  YESTERDAY        0                         0      0        0
  MONTH TO DATE    0                         0      0        0
  SINCE JUN 1     10                        27    -17        8
  SINCE JUL 1      0                         0      0        0

 COOLING
  YESTERDAY        7                         8     -1       14
  MONTH TO DATE  167                       265    -98      187
  SINCE JUN 1    654                       815   -161      827
  SINCE JAN 1    690                       879   -189      921
..................................................................


WIND (MPH)
  HIGHEST WIND SPEED    12   HIGHEST WIND DIRECTION    SE (150)
  HIGHEST GUST SPEED    15   HIGHEST GUST DIRECTION    SE (130)
  AVERAGE WIND SPEED     4.0


SKY COVER
  POSSIBLE SUNSHINE  MM
  AVERAGE SKY COVER 0.0


WEATHER CONDITIONS
 THE FOLLOWING WEATHER WAS RECORDED YESTERDAY.
  NO SIGNIFICANT WEATHER WAS OBSERVED.


RELATIVE HUMIDITY (PERCENT)
 HIGHEST   100           100 AM
 LOWEST     45          1000 AM
 AVERAGE    73

..........................................................


THE ATLANTIC CITY NJ CLIMATE NORMALS FOR TODAY
                         NORMAL    RECORD    YEAR
 MAXIMUM TEMPERATURE (F)   82        97      1973
 MINIMUM TEMPERATURE (F)   63        44      1986


SUNRISE AND SUNSET
AUGUST 28 2014........SUNRISE   623 AM EDT   SUNSET   735 PM EDT
AUGUST 29 2014........SUNRISE   624 AM EDT   SUNSET   734 PM EDT


-  INDICATES NEGATIVE NUMBERS.
R  INDICATES RECORD WAS SET OR TIED.
MM INDICATES DATA IS MISSING.
T  INDICATES TRACE AMOUNT.




$$
