000
CDUS41 KPHI 272132
CLIACY


CLIMATE REPORT
NATIONAL WEATHER SERVICE MOUNT HOLLY NJ
531 PM EDT MON JUL 27 2015


...................................

...THE ATLANTIC CITY NJ CLIMATE SUMMARY FOR JULY 27 2015...
VALID TODAY AS OF 0500 PM LOCAL TIME.

CLIMATE NORMAL PERIOD 1981 TO 2010
CLIMATE RECORD PERIOD 1874 TO 2015


WEATHER ITEM   OBSERVED TIME   RECORD YEAR NORMAL DEPARTURE LAST
                VALUE   (LST)  VALUE       VALUE  FROM      YEAR
                                                  NORMAL
..................................................................
TEMPERATURE (F)
 TODAY
  MAXIMUM         85   1250 PM  99    2005  86     -1       86
  MINIMUM         70    612 AM  54    1977  67      3       71
                                      1975
                                      1920
  AVERAGE         78                        76      2       79

PRECIPITATION (IN)
  TODAY            0.51          3.63 1958   0.13   0.38     0.11
  MONTH TO DATE    6.33                      3.22   3.11     4.46
  SINCE JUN 1     14.69                      6.33   8.36     6.00
  SINCE JAN 1     30.94                     23.61   7.33    26.18

SNOWFALL (IN)
  TODAY            0.0           0.0  1903   0.0    0.0      0.0
  MONTH TO DATE    0.0                       0.0    0.0      0.0
  SINCE JUN 1      0.0                       0.0    0.0      0.0
  SINCE JUL 1      0.0                       0.0    0.0      0.0
  SNOW DEPTH       0

DEGREE DAYS
 HEATING
  TODAY            0                         0      0        0
  MONTH TO DATE    0                         0      0        0
  SINCE JUN 1     26                        27     -1       10
  SINCE JUL 1      0                         0      0        0

 COOLING
  TODAY           13                        11      2       14
  MONTH TO DATE  296                       302     -6      266
  SINCE JUN 1    541                       505     36      462
  SINCE JAN 1    675                       569    106      498
..................................................................


WIND (MPH)
  HIGHEST WIND SPEED    20   HIGHEST WIND DIRECTION    NW (330)
  HIGHEST GUST SPEED    23   HIGHEST GUST DIRECTION    NW (330)
  AVERAGE WIND SPEED     7.1


SKY COVER
  POSSIBLE SUNSHINE  MM
  AVERAGE SKY COVER 0.6


WEATHER CONDITIONS
 THE FOLLOWING WEATHER WAS RECORDED TODAY.
  HEAVY RAIN
  RAIN
  LIGHT RAIN
  FOG


RELATIVE HUMIDITY (PERCENT)
 HIGHEST   100           600 AM
 LOWEST     58           200 PM
 AVERAGE    79

..........................................................


THE ATLANTIC CITY NJ CLIMATE NORMALS FOR TOMORROW
                         NORMAL    RECORD    YEAR
 MAXIMUM TEMPERATURE (F)   85        98      1999
 MINIMUM TEMPERATURE (F)   67        50      1977


SUNRISE AND SUNSET
JULY 27 2015..........SUNRISE   553 AM EDT   SUNSET   816 PM EDT
JULY 28 2015..........SUNRISE   554 AM EDT   SUNSET   815 PM EDT


-  INDICATES NEGATIVE NUMBERS.
R  INDICATES RECORD WAS SET OR TIED.
MM INDICATES DATA IS MISSING.
T  INDICATES TRACE AMOUNT.




$$
