000
CDUS41 KPHI 030636
CLIACY


CLIMATE REPORT
NATIONAL WEATHER SERVICE MOUNT HOLLY NJ
235 AM EDT TUE MAY 3 2016


...................................

...THE ATLANTIC CITY NJ CLIMATE SUMMARY FOR MAY 2 2016...

CLIMATE NORMAL PERIOD 1981 TO 2010
CLIMATE RECORD PERIOD 1874 TO 2016


WEATHER ITEM   OBSERVED TIME   RECORD YEAR NORMAL DEPARTURE LAST
                VALUE   (LST)  VALUE       VALUE  FROM      YEAR
                                                  NORMAL
..................................................................
TEMPERATURE (F)
 YESTERDAY
  MAXIMUM         70    502 PM  88    2010  67      3       67
  MINIMUM         48    510 AM  32    1978  47      1       41
  AVERAGE         59                        57      2       54

PRECIPITATION (IN)
  YESTERDAY        0.30          0.91 1962   0.10   0.20     0.00
  MONTH TO DATE    1.23                      0.19   1.04     0.00
  SINCE MAR 1      7.26                      8.03  -0.77     7.48
  SINCE JAN 1     14.61                     14.12   0.49    15.54

SNOWFALL (IN)
  YESTERDAY        0.0           0.0  1903   0.0    0.0      0.0
  MONTH TO DATE    0.0                       0.0    0.0      0.0
  SINCE MAR 1      6.9                       1.4    5.5      7.4
  SINCE JUL 1     27.5                      16.5   11.0     22.4
  SNOW DEPTH       0

DEGREE DAYS
 HEATING
  YESTERDAY        6                         9     -3       11
  MONTH TO DATE   21                        18      3       27
  SINCE MAR 1    996                      1131   -135     1226
  SINCE JUL 1   3877                      4722   -845     5101

 COOLING
  YESTERDAY        0                         1     -1        0
  MONTH TO DATE    0                         2     -2        0
  SINCE MAR 1     14                        11      3        0
  SINCE JAN 1     14                        11      3        0
..................................................................


WIND (MPH)
  HIGHEST WIND SPEED    15   HIGHEST WIND DIRECTION    SW (210)
  HIGHEST GUST SPEED    18   HIGHEST GUST DIRECTION    SW (220)
  AVERAGE WIND SPEED     5.9


SKY COVER
  POSSIBLE SUNSHINE  MM
  AVERAGE SKY COVER 0.9


WEATHER CONDITIONS
 THE FOLLOWING WEATHER WAS RECORDED YESTERDAY.
  HEAVY RAIN
  LIGHT RAIN
  FOG


RELATIVE HUMIDITY (PERCENT)
 HIGHEST   100           500 AM
 LOWEST     70           400 PM
 AVERAGE    85

..........................................................


THE ATLANTIC CITY NJ CLIMATE NORMALS FOR TODAY
                         NORMAL    RECORD    YEAR
 MAXIMUM TEMPERATURE (F)   68        89      2001
                                             1913
 MINIMUM TEMPERATURE (F)   47        34      1882


SUNRISE AND SUNSET
MAY  3 2016...........SUNRISE   556 AM EDT   SUNSET   754 PM EDT
MAY  4 2016...........SUNRISE   555 AM EDT   SUNSET   755 PM EDT


-  INDICATES NEGATIVE NUMBERS.
R  INDICATES RECORD WAS SET OR TIED.
MM INDICATES DATA IS MISSING.
T  INDICATES TRACE AMOUNT.




$$
