327
CDAK48 PAFC 060047
CLIADQ


CLIMATE REPORT
NATIONAL WEATHER SERVICE ANCHORAGE, AK
347 PM AKST MON DEC 5 2016


...................................

...THE KODIAK CLIMATE SUMMARY FOR DECEMBER 5 2016...
VALID TODAY AS OF 0300 PM LOCAL TIME.

CLIMATE NORMAL PERIOD 1981 TO 2010
CLIMATE RECORD PERIOD 1913 TO 2016


WEATHER ITEM   OBSERVED TIME   RECORD YEAR NORMAL DEPARTURE LAST
                VALUE   (LST)  VALUE       VALUE  FROM      YEAR
                                                  NORMAL
..................................................................
TEMPERATURE (F)
 TODAY
  MAXIMUM         27    100 PM  46    2000  37    -10       41
                                      1978
                                      1947
  MINIMUM         14        MM   0    1967  27    -13       34
  AVERAGE         21                        32    -11       38

PRECIPITATION (IN)
  TODAY            0.01          2.30 2005   0.27  -0.26     0.03
  MONTH TO DATE    0.04                      1.37  -1.33     1.41
  SINCE DEC 1      0.04                      1.37  -1.33     1.41
  SINCE JAN 1     77.22                     70.64   6.58    71.63

SNOWFALL (IN)
  TODAY            0.3           7.3  1961   0.4   -0.1      0.0
  MONTH TO DATE    0.8                       2.2   -1.4       T
  SINCE DEC 1      0.8                       2.2   -1.4       T
  SINCE JUL 1      2.8                       9.7   -6.9      1.0
  SNOW DEPTH       T

DEGREE DAYS
 HEATING
  TODAY           44                        33     11       27
  MONTH TO DATE  202                       165     37      156
  SINCE DEC 1    202                       165     37      156
  SINCE JUL 1   2404                      2960   -556     2374

 COOLING
  TODAY            0                         0      0        0
  MONTH TO DATE    0                         0      0        0
  SINCE DEC 1      0                         0      0        0
  SINCE JAN 1     29                         1     28        1
..................................................................


WIND (MPH)
  RESULTANT WIND SPEED   5   RESULTANT WIND DIRECTION   W (260)
  HIGHEST WIND SPEED     9   HIGHEST WIND DIRECTION     S (200)
  HIGHEST GUST SPEED    MM   HIGHEST GUST DIRECTION    MM
  AVERAGE WIND SPEED     5.3



WEATHER CONDITIONS
 THE FOLLOWING WEATHER WAS RECORDED TODAY.
  LIGHT SNOW


RELATIVE HUMIDITY (PERCENT)
 HIGHEST    92
 LOWEST     80
 AVERAGE    86

..........................................................


THE KODIAK CLIMATE NORMALS FOR TOMORROW
                         NORMAL    RECORD    YEAR
 MAXIMUM TEMPERATURE (F)   36        46      1978
                                             1934
                                             1926
 MINIMUM TEMPERATURE (F)   27         5      1970


SUNRISE AND SUNSET
DECEMBER  5 2016......SUNRISE   936 AM AKST  SUNSET   426 PM AKST
DECEMBER  6 2016......SUNRISE   938 AM AKST  SUNSET   425 PM AKST


-  INDICATES NEGATIVE NUMBERS.
R  INDICATES RECORD WAS SET OR TIED.
MM INDICATES DATA IS MISSING.
T  INDICATES TRACE AMOUNT.




$$
