000
CDAK48 PADQ 281038
CLIADQ

CLIMATE REPORT
NATIONAL WEATHER SERVICE KODIAK, AK
239 AM AKDT SAT MAR 28 2015

...................................
...THE KODIAK AP CLIMATE SUMMARY FOR MARCH 27 2015...

CLIMATE NORMAL PERIOD  1981 TO  2010
CLIMATE RECORD PERIOD  1949 TO  2015

WEATHER ITEM   OBSERVED TIME    RECORD YEAR NORMAL DEPARTURE LAST
               VALUE    (LST)   VALUE       VALUE  FROM      YEAR
                                                   NORMAL
...................................................................
TEMPERATURE
YESTERDAY
 MAXIMUM            44  0247 PM    48  1989     39       5     43
 MINIMUM            38  0513 AM    13  1963     29       9     28
 AVERAGE            41                          34       7     36

PRECIPITATION
(INCHES)
 YESTERDAY        0.20           1.01  1966   0.18    0.02   0.00
 MONTH TO DATE    6.79                        4.83    1.96   3.96
 SINCE MAR 1      6.79                        4.83    1.96   3.96
 SINCE JAN 1     25.71                       19.26    6.45  25.21

SNOWFALL
(INCHES)
 YESTERDAY         0.0            7.9  1971    0.4    -0.4    0.0
 MONTH TO DATE     1.5                         9.9    -8.4   11.5
 SINCE MAR 1       1.5                         9.9    -8.4   11.5
 SINCE JUL 1      16.9                        59.3   -42.4   42.5
 SNOW DEPTH (IN)     0                                          0

DEGREE DAYS
 HEATING
  YESTERDAY         24                          31      -7     29
  MONTH TO DATE    777                         874     -97    849
  SINCE MAR 1      777                         874     -97    849
  SINCE JUL 1     5695                        6747   -1052   6135

 COOLING
  YESTERDAY          0                           0       0      0
  MONTH TO DATE      0                           0       0      0
  SINCE MAR 1        0                           0       0      0
  SINCE JAN 1        0                           0       0      0
...................................................................

WIND (MPH)
 HIGHEST WIND SPEED    37     HIGHEST WIND DIRECTION     70
 HIGHEST GUST SPEED    44     HIGHEST GUST DIRECTION     60
 AVERAGE WIND SPEED  18.5

SKY COVER
  POSSIBLE SUNSHINE    MM          AVERAGE SKY COVER     MM

WEATHER CONDITIONS
 THE FOLLOWING WEATHER WAS RECORDED YESTERDAY.
  FOG
RAIN


RELATIVE HUMIDITY
 HIGHEST RH     MM PERCENT       MM
 LOWEST  RH     MM PERCENT       MM
 AVERAGE RH     MM PERCENT       MM
...................................................................

THE KODIAK CLIMATE NORMALS FOR TODAY
                           NORMAL    RECORD   YEAR
 MAXIMUM TEMPERATURE (F)     39        53     1970
 MINIMUM TEMPERATURE (F)     29         7     1952

SUNRISE AND SUNSET
 MAR 28 2015..........SUNRISE  7:50 AM      SUNSET  8:42 PM
 MAR 29 2015..........SUNRISE  7:47 AM      SUNSET  8:45 PM

-  INDICATES NEGATIVE NUMBERS.
R  INDICATES RECORD HAS BEEN SET OR TIED.
MM INDICATES DATA IS MISSING.
T  INDICATES TRACE OF PRECIPITATION.

&&
-------------------------------------------------------------------

AMOUNT OF DAYLIGHT TODAY  (HOUR:MIN)........12 HOURS 52 MINUTES
GAIN/LOSS SINCE YESTERDAY (HOUR:MIN:SEC)....+0:05:00

$$
*** MAR 15
