000
CDAK48 PADQ 261135
CLIADQ

CLIMATE REPORT
NATIONAL WEATHER SERVICE KODIAK, AK
335 AM AKDT TUE MAY 26 2015

...................................
...THE KODIAK AP CLIMATE SUMMARY FOR MAY 25 2015...

CLIMATE NORMAL PERIOD  1981 TO  2010
CLIMATE RECORD PERIOD  1949 TO  2015

WEATHER ITEM   OBSERVED TIME    RECORD YEAR NORMAL DEPARTURE LAST
               VALUE    (LST)   VALUE       VALUE  FROM      YEAR
                                                   NORMAL
...................................................................
TEMPERATURE
YESTERDAY
 MAXIMUM            52  1252 PM    71  2006     52       0     60
 MINIMUM            44  1159 PM    32  2000     40       4     36
 AVERAGE            48                          46       2     48

PRECIPITATION
(INCHES)
 YESTERDAY        0.26           2.20  1992   0.19    0.07   0.00
 MONTH TO DATE    6.03                        4.42    1.61   0.31
 SINCE MAR 1     20.20                       15.76    4.44  11.40
 SINCE JAN 1     39.12                       30.19    8.93  32.65

SNOWFALL
(INCHES)
 YESTERDAY         0.0            0.1  1971    0.0     0.0    0.0
 MONTH TO DATE     0.0                         0.2    -0.2    0.0
 SINCE MAR 1       4.7                        19.5   -14.8   12.4
 SINCE JUL 1      20.1                        68.9   -48.8     MM
 SNOW DEPTH (IN)     0                                          0

DEGREE DAYS
 HEATING
  YESTERDAY         17                          19      -2     17
  MONTH TO DATE    477                         531     -54    367
  SINCE MAR 1     2126                        2350    -224   2104
  SINCE JUL 1     7044                        8223   -1179   7390

 COOLING
  YESTERDAY          0                           0       0      0
  MONTH TO DATE      0                           0       0      4
  SINCE MAR 1        0                           0       0      4
  SINCE JAN 1        0                           0       0      4
...................................................................

WIND (MPH)
 HIGHEST WIND SPEED    12     HIGHEST WIND DIRECTION    180
 HIGHEST GUST SPEED    15     HIGHEST GUST DIRECTION    210
 AVERAGE WIND SPEED   5.4

SKY COVER
  POSSIBLE SUNSHINE    MM          AVERAGE SKY COVER     MM

WEATHER CONDITIONS
 THE FOLLOWING WEATHER WAS RECORDED YESTERDAY.
  FOG
RAIN


RELATIVE HUMIDITY
 HIGHEST RH     MM PERCENT       MM
 LOWEST  RH     MM PERCENT       MM
 AVERAGE RH     MM PERCENT       MM
...................................................................

THE KODIAK CLIMATE NORMALS FOR TODAY
                           NORMAL    RECORD   YEAR
 MAXIMUM TEMPERATURE (F)     52        74     2006
 MINIMUM TEMPERATURE (F)     41        34     1984

SUNRISE AND SUNSET
 MAY 26 2015..........SUNRISE  5:28 AM      SUNSET 10:48 PM
 MAY 27 2015..........SUNRISE  5:26 AM      SUNSET 10:50 PM

-  INDICATES NEGATIVE NUMBERS.
R  INDICATES RECORD HAS BEEN SET OR TIED.
MM INDICATES DATA IS MISSING.
T  INDICATES TRACE OF PRECIPITATION.

&&
-------------------------------------------------------------------

AMOUNT OF DAYLIGHT TODAY  (HOUR:MIN)........17 HOURS 20 MINUTES
GAIN/LOSS SINCE YESTERDAY (HOUR:MIN:SEC)....+0:03:19

$$
*** MAY 15
