611
CDAK48 PAFC 240054
CLIADQ


CLIMATE REPORT
NATIONAL WEATHER SERVICE ANCHORAGE, AK
454 PM AKDT WED AUG 23 2017


...................................

...THE KODIAK CLIMATE SUMMARY FOR AUGUST 23 2017...
VALID TODAY AS OF 0400 PM LOCAL TIME.

CLIMATE NORMAL PERIOD 1981 TO 2010
CLIMATE RECORD PERIOD 1913 TO 2017


WEATHER ITEM   OBSERVED TIME   RECORD YEAR NORMAL DEPARTURE LAST
                VALUE   (LST)  VALUE       VALUE  FROM      YEAR
                                                  NORMAL
..................................................................
TEMPERATURE (F)
 TODAY
  MAXIMUM         63        MM  72    1977  61      2       61
                                      1957
                                      1938
  MINIMUM         47        MM  38    1961  49     -2       55
  AVERAGE         55                        55      0       58

PRECIPITATION (IN)
  TODAY            0.00          2.56 1940   0.15  -0.15     0.15
  MONTH TO DATE    4.63                      3.23   1.40     2.89
  SINCE JUN 1     16.36                     14.07   2.29     8.82
  SINCE JAN 1     37.12                     45.46  -8.34    50.91

SNOWFALL (IN)
  TODAY            0.0          MM      MM   0.0    0.0      0.0
  MONTH TO DATE    0.0                       0.0    0.0      0.0
  SINCE JUN 1      0.0                       0.0    0.0      0.0
  SINCE JUL 1      0.0                       0.0    0.0      0.0
  SNOW DEPTH       0

DEGREE DAYS
 HEATING
  TODAY           10                        10      0        7
  MONTH TO DATE  221                       216      5      156
  SINCE JUN 1    916                      1004    -88      605
  SINCE JUL 1    500                       543    -43      310

 COOLING
  TODAY            0                         0      0        0
  MONTH TO DATE    0                         0      0        0
  SINCE JUN 1      0                         1     -1       20
  SINCE JAN 1      0                         1     -1       20
..................................................................


WIND (MPH)
  RESULTANT WIND SPEED   1   RESULTANT WIND DIRECTION   W (260)
  HIGHEST WIND SPEED    14   HIGHEST WIND DIRECTION     S (180)
  HIGHEST GUST SPEED    MM   HIGHEST GUST DIRECTION    MM
  AVERAGE WIND SPEED     4.7



WEATHER CONDITIONS
 THE FOLLOWING WEATHER WAS RECORDED TODAY.
  NO SIGNIFICANT WEATHER WAS OBSERVED.


RELATIVE HUMIDITY (PERCENT)
 HIGHEST    93
 LOWEST     64
 AVERAGE    79

..........................................................


THE KODIAK CLIMATE NORMALS FOR TOMORROW
                         NORMAL    RECORD    YEAR
 MAXIMUM TEMPERATURE (F)   61        78      1959
 MINIMUM TEMPERATURE (F)   48        39      2009


SUNRISE AND SUNSET
AUGUST 23 2017........SUNRISE   652 AM AKDT  SUNSET   931 PM AKDT
AUGUST 24 2017........SUNRISE   655 AM AKDT  SUNSET   928 PM AKDT


-  INDICATES NEGATIVE NUMBERS.
R  INDICATES RECORD WAS SET OR TIED.
MM INDICATES DATA IS MISSING.
T  INDICATES TRACE AMOUNT.




$$
