000
CDAK48 PAFC 271254
CLIADQ

CLIMATE REPORT
NATIONAL WEATHER SERVICE ANCHORAGE, AK
452 AM AKDT TUE SEP 27 2016


...................................

...THE KODIAK CLIMATE SUMMARY FOR SEPTEMBER 26 2016...

CLIMATE NORMAL PERIOD 1981 TO 2010
CLIMATE RECORD PERIOD 1913 TO 2016


WEATHER ITEM   OBSERVED TIME   RECORD YEAR NORMAL DEPARTURE LAST
                VALUE   (LST)  VALUE       VALUE  FROM      YEAR
                                                  NORMAL
..................................................................
TEMPERATURE (F)
 YESTERDAY
  MAXIMUM         51    409 PM  62    1993  52     -1       59
  MINIMUM         32    715 AM  26    1992  40     -8       48
  AVERAGE         42                        46     -4       54

PRECIPITATION (IN)
  YESTERDAY        0.00          2.54 1985   0.28  -0.28     0.00
  MONTH TO DATE    4.99                      6.19  -1.20     1.50
  SINCE SEP 1      4.99                      6.19  -1.20     1.50
  SINCE JAN 1     56.29                     52.98   3.31    48.98

SNOWFALL (IN)
  YESTERDAY        0.0          MM      MM   0.0    0.0      0.0
  MONTH TO DATE    0.0                       0.0    0.0      0.0
  SINCE SEP 1      0.0                       0.0    0.0      0.0
  SINCE JUL 1      0.0                       0.0    0.0      0.0
  SNOW DEPTH       0

DEGREE DAYS
 HEATING
  YESTERDAY       23                        19      4       11
  MONTH TO DATE  320                       390    -70      359
  SINCE SEP 1    320                       390    -70      359
  SINCE JUL 1    661                      1023   -362      765

 COOLING
  YESTERDAY        0                         0      0        0
  MONTH TO DATE    0                         0      0        0
  SINCE SEP 1      0                         0      0        0
  SINCE JAN 1     29                         1     28        1
..................................................................


WIND (MPH)
  RESULTANT WIND SPEED   3   RESULTANT WIND DIRECTION   W (270)
  HIGHEST WIND SPEED    10   HIGHEST WIND DIRECTION     W (270)
  HIGHEST GUST SPEED    12   HIGHEST GUST DIRECTION     W (250)
  AVERAGE WIND SPEED     5.9



WEATHER CONDITIONS
 THE FOLLOWING WEATHER WAS RECORDED YESTERDAY.
  NO SIGNIFICANT WEATHER WAS OBSERVED.


RELATIVE HUMIDITY (PERCENT)
 HIGHEST   100
 LOWEST     61
 AVERAGE    81

..........................................................


THE KODIAK CLIMATE NORMALS FOR TODAY
                         NORMAL    RECORD    YEAR
 MAXIMUM TEMPERATURE (F)   52        64      2015
 MINIMUM TEMPERATURE (F)   40        30      1996


SUNRISE AND SUNSET
SEPTEMBER 27 2016.....SUNRISE   807 AM AKDT  SUNSET   753 PM AKDT
SEPTEMBER 28 2016.....SUNRISE   809 AM AKDT  SUNSET   750 PM AKDT

CIVIL TWILIGHT
SEPTEMBER 27 2016       START   716 AM AKDT     END   825 PM AKDT
SEPTEMBER 28 2016       START   718 AM AKDT     END   822 PM AKDT



-  INDICATES NEGATIVE NUMBERS.
R  INDICATES RECORD WAS SET OR TIED.
MM INDICATES DATA IS MISSING.
T  INDICATES TRACE AMOUNT.




$$
&&
------------------------------------------------------
AMOUNT OF DAYLIGHT TODAY  (HOUR:MIN)........11:46
GAIN/LOSS SINCE YESTERDAY (HOUR:MIN:SEC)....-0:05:39

$$
