827
CDAK48 PAFC 161249
CLIADQ


CLIMATE REPORT
NATIONAL WEATHER SERVICE ANCHORAGE, AK
349 AM AKST SAT DEC 16 2017


...................................

...THE KODIAK CLIMATE SUMMARY FOR DECEMBER 15 2017...

CLIMATE NORMAL PERIOD 1981 TO 2010
CLIMATE RECORD PERIOD 1913 TO 2017


WEATHER ITEM   OBSERVED TIME   RECORD YEAR NORMAL DEPARTURE LAST
                VALUE   (LST)  VALUE       VALUE  FROM      YEAR
                                                  NORMAL
..................................................................
TEMPERATURE (F)
 YESTERDAY
  MAXIMUM         42        MM  48    1921  36      6       42
  MINIMUM         23        MM   0    1997  26     -3       28
  AVERAGE         33                        31      2       35

PRECIPITATION (IN)
  YESTERDAY        1.21          1.99 2004   0.29   0.92     0.01
  MONTH TO DATE    8.06                      4.26   3.80     1.48
  SINCE SEP 1     22.38                     26.74  -4.36    27.36
  SINCE JAN 1     62.90                     73.53 -10.63    78.66

SNOWFALL (IN)
  YESTERDAY        0.0          10.7  1990   0.5   -0.5      0.0
  MONTH TO DATE    0.0                       7.1   -7.1      3.6
  SINCE SEP 1      7.5                      14.6   -7.1      5.6
  SINCE JUL 1      7.5                      14.6   -7.1      5.6
  SNOW DEPTH       0

DEGREE DAYS
 HEATING
  YESTERDAY       32                        34     -2       30
  MONTH TO DATE  406                       505    -99      513
  SINCE DEC 1    406                       505    -99      513
  SINCE JUL 1   2969                      3300   -331     2715

 COOLING
  YESTERDAY        0                         0      0        0
  MONTH TO DATE    0                         0      0        0
  SINCE DEC 1      0                         0      0        0
  SINCE JAN 1      0                         1     -1       29
..................................................................


WIND (MPH)
  RESULTANT WIND SPEED  11   RESULTANT WIND DIRECTION  SE (140)
  HIGHEST WIND SPEED    31   HIGHEST WIND DIRECTION    SE (120)
  HIGHEST GUST SPEED    43   HIGHEST GUST DIRECTION    SE (130)
  AVERAGE WIND SPEED    14.6



WEATHER CONDITIONS
 THE FOLLOWING WEATHER WAS RECORDED YESTERDAY.
  RAIN
  LIGHT RAIN
  FOG


RELATIVE HUMIDITY (PERCENT)
 HIGHEST    96
 LOWEST     64
 AVERAGE    80

..........................................................


THE KODIAK CLIMATE NORMALS FOR TODAY
                         NORMAL    RECORD    YEAR
 MAXIMUM TEMPERATURE (F)   36        50      1984
                                             1955
 MINIMUM TEMPERATURE (F)   26         1      1999


SUNRISE AND SUNSET
DECEMBER 16 2017......SUNRISE   949 AM AKST  SUNSET   423 PM AKST
DECEMBER 17 2017......SUNRISE   950 AM AKST  SUNSET   423 PM AKST


-  INDICATES NEGATIVE NUMBERS.
R  INDICATES RECORD WAS SET OR TIED.
MM INDICATES DATA IS MISSING.
T  INDICATES TRACE AMOUNT.




$$
