000
CDAK48 PAFC 241307
CLIADQ


CLIMATE REPORT
NATIONAL WEATHER SERVICE ANCHORAGE, AK
407 AM AKST TUE JAN 24 2017


...................................

...THE KODIAK CLIMATE SUMMARY FOR JANUARY 23 2017...

CLIMATE NORMAL PERIOD 1981 TO 2010
CLIMATE RECORD PERIOD 1913 TO 2017


WEATHER ITEM   OBSERVED TIME   RECORD YEAR NORMAL DEPARTURE LAST
                VALUE   (LST)  VALUE       VALUE  FROM      YEAR
                                                  NORMAL
..................................................................
TEMPERATURE (F)
 YESTERDAY
  MAXIMUM         39   1152 PM  51    1950  35      4       38
  MINIMUM         15   1247 AM  -5    2012  26    -11       30
                                      1947
  AVERAGE         27                        30     -3       34

PRECIPITATION (IN)
  YESTERDAY        0.57          2.12 1940   0.27   0.30     0.49
  MONTH TO DATE    1.37                      6.34  -4.97     7.44
  SINCE DEC 1      5.48                     15.07  -9.59    19.71
  SINCE JAN 1      1.37                      6.34  -4.97     7.44

SNOWFALL (IN)
  YESTERDAY        4.0           5.5  1949   0.5    3.5       T
  MONTH TO DATE    7.3                       9.3   -2.0      0.1
  SINCE DEC 1     10.9                      23.1  -12.2     15.0
  SINCE JUL 1     12.9                      30.6  -17.7     16.0
  SNOW DEPTH       6

DEGREE DAYS
 HEATING
  YESTERDAY       38                        35      3       31
  MONTH TO DATE  880                       793     87      578
  SINCE DEC 1   1913                      1841     72     1483
  SINCE JUL 1   4115                      4636   -521     3701

 COOLING
  YESTERDAY        0                         0      0        0
  MONTH TO DATE    0                         0      0        0
  SINCE DEC 1      0                         0      0        0
  SINCE JAN 1      0                         0      0        0
..................................................................


WIND (MPH)
  RESULTANT WIND SPEED   9   RESULTANT WIND DIRECTION   E (100)
  HIGHEST WIND SPEED    31   HIGHEST WIND DIRECTION     E (90)
  HIGHEST GUST SPEED    36   HIGHEST GUST DIRECTION     E (90)
  AVERAGE WIND SPEED    10.8



WEATHER CONDITIONS
 THE FOLLOWING WEATHER WAS RECORDED YESTERDAY.
  RAIN
  LIGHT RAIN
  SNOW
  LIGHT SNOW
  FOG


RELATIVE HUMIDITY (PERCENT)
 HIGHEST   100
 LOWEST     84
 AVERAGE    92

..........................................................


THE KODIAK CLIMATE NORMALS FOR TODAY
                         NORMAL    RECORD    YEAR
 MAXIMUM TEMPERATURE (F)   35        50      1950
 MINIMUM TEMPERATURE (F)   26        -3      1947


SUNRISE AND SUNSET
JANUARY 24 2017.......SUNRISE   927 AM AKST  SUNSET   518 PM AKST
JANUARY 25 2017.......SUNRISE   925 AM AKST  SUNSET   521 PM AKST


-  INDICATES NEGATIVE NUMBERS.
R  INDICATES RECORD WAS SET OR TIED.
MM INDICATES DATA IS MISSING.
T  INDICATES TRACE AMOUNT.




$$
