342
CDAK48 PAFC 190050
CLIADQ


CLIMATE REPORT
NATIONAL WEATHER SERVICE ANCHORAGE, AK
449 PM AKDT WED OCT 18 2017


...................................

...THE KODIAK CLIMATE SUMMARY FOR OCTOBER 18 2017...
VALID TODAY AS OF 0400 PM LOCAL TIME.

CLIMATE NORMAL PERIOD 1981 TO 2010
CLIMATE RECORD PERIOD 1913 TO 2017


WEATHER ITEM   OBSERVED TIME   RECORD YEAR NORMAL DEPARTURE LAST
                VALUE   (LST)  VALUE       VALUE  FROM      YEAR
                                                  NORMAL
..................................................................
TEMPERATURE (F)
 TODAY
  MAXIMUM         43   1200 AM  59    1929  46     -3       51
  MINIMUM         38        MM  22    2016  34      4       22
                                      1915
  AVERAGE         41                        40      1       37

PRECIPITATION (IN)
  TODAY            0.00          3.25 1997   0.27  -0.27     0.94
  MONTH TO DATE    2.47                      4.93  -2.46     7.82
  SINCE SEP 1      9.53                     12.28  -2.75    12.81
  SINCE JAN 1     50.05                     59.07  -9.02    64.11

SNOWFALL (IN)
  TODAY            0.0           6.5  1973   0.0    0.0      0.2
  MONTH TO DATE    0.0                       0.3   -0.3      0.2
  SINCE SEP 1      0.0                       0.3   -0.3      0.2
  SINCE JUL 1      0.0                       0.3   -0.3      0.2
  SNOW DEPTH       0

DEGREE DAYS
 HEATING
  TODAY           24                        25     -1       28
  MONTH TO DATE  335                       411    -76      341
  SINCE SEP 1    775                       879   -104      732
  SINCE JUL 1   1380                      1512   -132     1073

 COOLING
  TODAY            0                         0      0        0
  MONTH TO DATE    0                         0      0        0
  SINCE SEP 1      0                         0      0        0
  SINCE JAN 1      0                         1     -1       29
..................................................................


WIND (MPH)
  RESULTANT WIND SPEED  14   RESULTANT WIND DIRECTION  NW (300)
  HIGHEST WIND SPEED    21   HIGHEST WIND DIRECTION     W (290)
  HIGHEST GUST SPEED    41   HIGHEST GUST DIRECTION    NW (300)
  AVERAGE WIND SPEED    14.6



WEATHER CONDITIONS
 THE FOLLOWING WEATHER WAS RECORDED TODAY.
  NO SIGNIFICANT WEATHER WAS OBSERVED.


RELATIVE HUMIDITY (PERCENT)
 HIGHEST    70
 LOWEST     49
 AVERAGE    60

..........................................................


THE KODIAK CLIMATE NORMALS FOR TOMORROW
                         NORMAL    RECORD    YEAR
 MAXIMUM TEMPERATURE (F)   46        55      1991
                                             1949
 MINIMUM TEMPERATURE (F)   34        22      1974
                                             1966


SUNRISE AND SUNSET
OCTOBER 18 2017.......SUNRISE   852 AM AKDT  SUNSET   657 PM AKDT
OCTOBER 19 2017.......SUNRISE   855 AM AKDT  SUNSET   654 PM AKDT


-  INDICATES NEGATIVE NUMBERS.
R  INDICATES RECORD WAS SET OR TIED.
MM INDICATES DATA IS MISSING.
T  INDICATES TRACE AMOUNT.




$$
