000
CDAK48 PADQ 291333
CLIADQ

CLIMATE REPORT
NATIONAL WEATHER SERVICE KODIAK, AK
533 AM AKDT WED JUL 29 2015

...................................
...THE KODIAK AP CLIMATE SUMMARY FOR JULY 28 2015...

CLIMATE NORMAL PERIOD  1981 TO  2010
CLIMATE RECORD PERIOD  1913 TO  2015

WEATHER ITEM   OBSERVED TIME    RECORD YEAR NORMAL DEPARTURE LAST
               VALUE    (LST)   VALUE       VALUE  FROM      YEAR
                                                   NORMAL
...................................................................
TEMPERATURE
YESTERDAY
 MAXIMUM            65  0320 PM    75  1987     61       4     62
 MINIMUM            55  0450 AM    40  1971     50       5     46
 AVERAGE            60                          56       4     54

PRECIPITATION
(INCHES)
 YESTERDAY        0.00           1.47  2009   0.14   -0.14   0.06
 MONTH TO DATE    3.17                        4.49   -1.32   2.28
 SINCE JUN 1      6.25                       10.40   -4.15   8.50
 SINCE JAN 1     45.37                       41.79    3.58  42.03

SNOWFALL
(INCHES)
 YESTERDAY         0.0            0.0  2015    0.0     0.0    0.0
 MONTH TO DATE     0.0                         0.0     0.0    0.0
 SINCE JUN 1       0.0                         0.0     0.0    0.0
 SINCE JUL 1       0.0                         0.0     0.0    0.0
 SNOW DEPTH (IN)     0                                          0

DEGREE DAYS
 HEATING
  YESTERDAY          5                           9      -4     11
  MONTH TO DATE    204                         299     -95    222
  SINCE JUN 1      515                         760    -245    644
  SINCE JUL 1      204                         299     -95    222

 COOLING
  YESTERDAY          0                           0       0      0
  MONTH TO DATE      0                           0       0      0
  SINCE JUN 1        1                           0       1      0
  SINCE JAN 1        1                           0       1      4
...................................................................

WIND (MPH)
 HIGHEST WIND SPEED    12     HIGHEST WIND DIRECTION     40
 HIGHEST GUST SPEED    13     HIGHEST GUST DIRECTION     40
 AVERAGE WIND SPEED   5.4

SKY COVER
  POSSIBLE SUNSHINE    MM          AVERAGE SKY COVER     MM

WEATHER CONDITIONS
 THE FOLLOWING WEATHER WAS RECORDED YESTERDAY.
  NO SIGNIFICANT WEATHER WAS OBSERVED.

RELATIVE HUMIDITY
 HIGHEST RH     MM PERCENT       MM
 LOWEST  RH     MM PERCENT       MM
 AVERAGE RH     MM PERCENT       MM
...................................................................

THE KODIAK CLIMATE NORMALS FOR TODAY
                           NORMAL    RECORD   YEAR
 MAXIMUM TEMPERATURE (F)     61        75     1987
 MINIMUM TEMPERATURE (F)     50        40     1971

SUNRISE AND SUNSET
 JUL 29 2015..........SUNRISE  5:59 AM      SUNSET 10:34 PM
 JUL 30 2015..........SUNRISE  6:01 AM      SUNSET 10:31 PM

-  INDICATES NEGATIVE NUMBERS.
R  INDICATES RECORD HAS BEEN SET OR TIED.
MM INDICATES DATA IS MISSING.
T  INDICATES TRACE OF PRECIPITATION.

&&
-------------------------------------------------------------------

AMOUNT OF DAYLIGHT TODAY  (HOUR:MIN)........16 HOURS 35 MINUTES
GAIN/LOSS SINCE YESTERDAY (HOUR:MIN:SEC)....-0:04:05

$$
*** JUL 15
