000
CDAK48 PAFC 241312
CLIADQ

CLIMATE REPORT
NATIONAL WEATHER SERVICE ANCHORAGE, AK
411 AM AKST FRI FEB 24 2017


...................................

...THE KODIAK CLIMATE SUMMARY FOR FEBRUARY 23 2017...

CLIMATE NORMAL PERIOD 1981 TO 2010
CLIMATE RECORD PERIOD 1913 TO 2017


WEATHER ITEM   OBSERVED TIME   RECORD YEAR NORMAL DEPARTURE LAST
                VALUE   (LST)  VALUE       VALUE  FROM      YEAR
                                                  NORMAL
..................................................................
TEMPERATURE (F)
 YESTERDAY
  MAXIMUM         46    223 PM  54    1936  36     10       43
  MINIMUM         24    910 AM  -4    1975  26     -2       38
  AVERAGE         35                        31      4       41

PRECIPITATION (IN)
  YESTERDAY        0.00          1.81 2004   0.20  -0.20     1.82
  MONTH TO DATE    2.54                      5.09  -2.55     9.80
  SINCE DEC 1      9.60                     22.11 -12.51    31.90
  SINCE JAN 1      5.49                     13.38  -7.89    19.63

SNOWFALL (IN)
  YESTERDAY        0.0          19.0  1992   0.5   -0.5      0.0
  MONTH TO DATE    7.5                      12.5   -5.0      1.0
  SINCE DEC 1     18.5                      39.3  -20.8     16.0
  SINCE JUL 1     20.5                      46.8  -26.3     17.0
  SNOW DEPTH       2

DEGREE DAYS
 HEATING
  YESTERDAY       30                        34     -4       24
  MONTH TO DATE  780                       791    -11      485
  SINCE DEC 1   2945                      2910     35     2142
  SINCE JUL 1   5147                      5705   -558     4360

 COOLING
  YESTERDAY        0                         0      0        0
  MONTH TO DATE    0                         0      0        0
  SINCE DEC 1      0                         0      0        0
  SINCE JAN 1      0                         0      0        0
..................................................................


WIND (MPH)
  RESULTANT WIND SPEED   5   RESULTANT WIND DIRECTION  SW (230)
  HIGHEST WIND SPEED    18   HIGHEST WIND DIRECTION     S (180)
  HIGHEST GUST SPEED    21   HIGHEST GUST DIRECTION    SW (210)
  AVERAGE WIND SPEED     7.9



WEATHER CONDITIONS
 THE FOLLOWING WEATHER WAS RECORDED YESTERDAY.
  NO SIGNIFICANT WEATHER WAS OBSERVED.


RELATIVE HUMIDITY (PERCENT)
 HIGHEST    88
 LOWEST     37
 AVERAGE    63

..........................................................


THE KODIAK CLIMATE NORMALS FOR TODAY
                         NORMAL    RECORD    YEAR
 MAXIMUM TEMPERATURE (F)   36        54      1936
 MINIMUM TEMPERATURE (F)   26         0      1975


SUNRISE AND SUNSET
FEBRUARY 24 2017......SUNRISE   816 AM AKST  SUNSET   631 PM AKST
FEBRUARY 25 2017......SUNRISE   814 AM AKST  SUNSET   633 PM AKST

CIVIL TWILIGHT
FEBRUARY 24 2017        START    737 AM GMT     END    711 PM GMT
FEBRUARY 25 2017        START    734 AM GMT     END    713 PM GMT



-  INDICATES NEGATIVE NUMBERS.
R  INDICATES RECORD WAS SET OR TIED.
MM INDICATES DATA IS MISSING.
T  INDICATES TRACE AMOUNT.




$$
&&
------------------------------------------------------
AMOUNT OF DAYLIGHT TODAY  (HOUR:MIN)........10:15
GAIN/LOSS SINCE YESTERDAY (HOUR:MIN:SEC)....+0:04:56

$$
