508
CDUS44 KLCH 230810
CLIAEX


CLIMATE REPORT
NATIONAL WEATHER SERVICE LAKE CHARLES, LA
309 AM CDT TUE MAY 23 2017


...................................

...THE ALEXANDRIA CLIMATE SUMMARY FOR MAY 22 2017...

CLIMATE NORMAL PERIOD 1981 TO 2010
CLIMATE RECORD PERIOD 1892 TO 2017


WEATHER ITEM   OBSERVED TIME   RECORD YEAR NORMAL DEPARTURE LAST
                VALUE   (LST)  VALUE       VALUE  FROM      YEAR
                                                  NORMAL
..................................................................
TEMPERATURE (F)
 YESTERDAY
  MAXIMUM         68    421 PM  96    2005  87    -19       87
  MINIMUM         65   1237 PM  52    1919  65      0       64
                                      1894
  AVERAGE         67                        76     -9       76

PRECIPITATION (IN)
  YESTERDAY        0.09          3.75 1916   0.18  -0.09     0.00
  MONTH TO DATE    1.67                      3.25  -1.58     1.75
  SINCE MAR 1     14.72                     12.85   1.87    13.95
  SINCE JAN 1     22.43                     22.53  -0.10    20.43

DEGREE DAYS
 COOLING
  YESTERDAY        2                        11     -9       11
  MONTH TO DATE  147                       187    -40      147
  SINCE MAR 1    409                       329     80      335
  SINCE JAN 1    491                       346    145      343
..................................................................


WIND (MPH)
  HIGHEST WIND SPEED    13   HIGHEST WIND DIRECTION    NE (40)
  HIGHEST GUST SPEED    17   HIGHEST GUST DIRECTION    NE (30)
  AVERAGE WIND SPEED     6.8


SKY COVER
  POSSIBLE SUNSHINE  MM
  AVERAGE SKY COVER 0.9


WEATHER CONDITIONS
 THE FOLLOWING WEATHER WAS RECORDED YESTERDAY.
  HEAVY RAIN
  RAIN
  LIGHT RAIN
  FOG


RELATIVE HUMIDITY (PERCENT)
 HIGHEST   100          1200 AM
 LOWEST     93           100 AM
 AVERAGE    97

..........................................................


THE ALEXANDRIA CLIMATE NORMALS FOR TODAY
                         NORMAL    RECORD    YEAR
 MAXIMUM TEMPERATURE (F)   87        97      2005
 MINIMUM TEMPERATURE (F)   65        50      1954


SUNRISE AND SUNSET
MAY 23 2017...........SUNRISE   610 AM CDT   SUNSET   805 PM CDT
MAY 24 2017...........SUNRISE   609 AM CDT   SUNSET   805 PM CDT


-  INDICATES NEGATIVE NUMBERS.
R  INDICATES RECORD WAS SET OR TIED.
MM INDICATES DATA IS MISSING.
T  INDICATES TRACE AMOUNT.




$$
