000
CDUS44 KLCH 051245
CLIAEX


CLIMATE REPORT
NATIONAL WEATHER SERVICE LAKE CHARLES, LA
745 AM CDT THU MAY 5 2016


...................................

...THE ALEXANDRIA CLIMATE SUMMARY FOR MAY 4 2016...

CLIMATE NORMAL PERIOD 1981 TO 2010
CLIMATE RECORD PERIOD 1892 TO 2016


WEATHER ITEM   OBSERVED TIME   RECORD YEAR NORMAL DEPARTURE LAST
                VALUE   (LST)  VALUE       VALUE  FROM      YEAR
                                                  NORMAL
..................................................................
TEMPERATURE (F)
 YESTERDAY
  MAXIMUM         80    443 PM  94    1952  83     -3       85
                                      1943
  MINIMUM         52    338 AM  38    2013  60     -8       60
  AVERAGE         66                        71     -5       73

PRECIPITATION (IN)
  YESTERDAY        0.00          4.53 1941   0.15  -0.15     0.07
  MONTH TO DATE    0.82                      0.55   0.27     0.07
  SINCE MAR 1     13.02                     10.15   2.87    13.17
  SINCE JAN 1     19.50                     19.83  -0.33    18.27

DEGREE DAYS
 COOLING
  YESTERDAY        1                         7     -6        8
  MONTH TO DATE   16                        25     -9       25
  SINCE MAR 1    204                       167     37      221
  SINCE JAN 1    212                       184     28      222
..................................................................


WIND (MPH)
  HIGHEST WIND SPEED    20   HIGHEST WIND DIRECTION     W (290)
  HIGHEST GUST SPEED    26   HIGHEST GUST DIRECTION     N (340)
  AVERAGE WIND SPEED     6.3


SKY COVER
  POSSIBLE SUNSHINE  MM
  AVERAGE SKY COVER 0.0


WEATHER CONDITIONS
 THE FOLLOWING WEATHER WAS RECORDED YESTERDAY.
  NO SIGNIFICANT WEATHER WAS OBSERVED.


RELATIVE HUMIDITY (PERCENT)
 HIGHEST   100           400 AM
 LOWEST     32           100 PM
 AVERAGE    66

..........................................................


THE ALEXANDRIA CLIMATE NORMALS FOR TODAY
                         NORMAL    RECORD    YEAR
 MAXIMUM TEMPERATURE (F)   83        94      1952
 MINIMUM TEMPERATURE (F)   61        41      1954


SUNRISE AND SUNSET
MAY  5 2016...........SUNRISE   621 AM CDT   SUNSET   753 PM CDT
MAY  6 2016...........SUNRISE   620 AM CDT   SUNSET   753 PM CDT


-  INDICATES NEGATIVE NUMBERS.
R  INDICATES RECORD WAS SET OR TIED.
MM INDICATES DATA IS MISSING.
T  INDICATES TRACE AMOUNT.




$$
