000
CDUS44 KLCH 271245
CLIAEX


CLIMATE REPORT
NATIONAL WEATHER SERVICE LAKE CHARLES, LA
745 AM CDT FRI MAY 27 2016


...................................

...THE ALEXANDRIA CLIMATE SUMMARY FOR MAY 26 2016...

CLIMATE NORMAL PERIOD 1981 TO 2010
CLIMATE RECORD PERIOD 1892 TO 2016


WEATHER ITEM   OBSERVED TIME   RECORD YEAR NORMAL DEPARTURE LAST
                VALUE   (LST)  VALUE       VALUE  FROM      YEAR
                                                  NORMAL
..................................................................
TEMPERATURE (F)
 YESTERDAY
  MAXIMUM         89   1214 PM  96    1912  87      2       81
                                      1902
  MINIMUM         74   1058 PM  49    1979  66      8       64
  AVERAGE         82                        77      5       73

PRECIPITATION (IN)
  YESTERDAY        0.13          2.31 1933   0.16  -0.03     0.40
  MONTH TO DATE    1.88                      3.96  -2.08     5.23
  SINCE MAR 1     14.08                     13.56   0.52    18.33
  SINCE JAN 1     20.56                     23.24  -2.68    23.43

DEGREE DAYS
 COOLING
  YESTERDAY       17                        12      5        8
  MONTH TO DATE  206                       233    -27      259
  SINCE MAR 1    394                       375     19      455
  SINCE JAN 1    402                       392     10      456
..................................................................


WIND (MPH)
  HIGHEST WIND SPEED    18   HIGHEST WIND DIRECTION     S (180)
  HIGHEST GUST SPEED    25   HIGHEST GUST DIRECTION     S (170)
  AVERAGE WIND SPEED     9.2


SKY COVER
  POSSIBLE SUNSHINE  MM
  AVERAGE SKY COVER 0.3


WEATHER CONDITIONS
 THE FOLLOWING WEATHER WAS RECORDED YESTERDAY.
  LIGHT RAIN
  FOG


RELATIVE HUMIDITY (PERCENT)
 HIGHEST   100          1000 PM
 LOWEST     59          1100 AM
 AVERAGE    80

..........................................................


THE ALEXANDRIA CLIMATE NORMALS FOR TODAY
                         NORMAL    RECORD    YEAR
 MAXIMUM TEMPERATURE (F)   88        95      1964
                                             1912
                                             1900
 MINIMUM TEMPERATURE (F)   66        44      1901


SUNRISE AND SUNSET
MAY 27 2016...........SUNRISE   608 AM CDT   SUNSET   807 PM CDT
MAY 28 2016...........SUNRISE   608 AM CDT   SUNSET   808 PM CDT


-  INDICATES NEGATIVE NUMBERS.
R  INDICATES RECORD WAS SET OR TIED.
MM INDICATES DATA IS MISSING.
T  INDICATES TRACE AMOUNT.




$$
