000
CDUS44 KLCH 201245
CLIAEX


CLIMATE REPORT
NATIONAL WEATHER SERVICE LAKE CHARLES, LA
645 AM CST MON FEB 20 2017


...................................

...THE ALEXANDRIA CLIMATE SUMMARY FOR FEBRUARY 19 2017...

CLIMATE NORMAL PERIOD 1981 TO 2010
CLIMATE RECORD PERIOD 1892 TO 2017


WEATHER ITEM   OBSERVED TIME   RECORD YEAR NORMAL DEPARTURE LAST
                VALUE   (LST)  VALUE       VALUE  FROM      YEAR
                                                  NORMAL
..................................................................
TEMPERATURE (F)
 YESTERDAY
  MAXIMUM         75    448 PM  82    2000  64     11       78
                                      1961
  MINIMUM         53    155 AM  19    1910  42     11       54
  AVERAGE         64                        53     11       66

PRECIPITATION (IN)
  YESTERDAY        0.00          2.46 1938   0.18  -0.18     0.00
  MONTH TO DATE    0.31                      3.01  -2.70     1.90
  SINCE DEC 1     15.13                     14.35   0.78    13.74
  SINCE JAN 1      6.08                      8.23  -2.15     5.68

SNOWFALL (IN)
  YESTERDAY        0.0           T    1942  MM     MM        0.0
  MONTH TO DATE    0.0                      MM     MM        0.0
  SINCE DEC 1      0.5                      MM     MM        0.0
  SINCE JUL 1      0.5                      MM     MM        0.0
  SNOW DEPTH       0

DEGREE DAYS
 HEATING
  YESTERDAY        1                        13    -12        0
  MONTH TO DATE  115                       272   -157      213
  SINCE DEC 1    780                      1238   -458      966
  SINCE JUL 1    955                      1563   -608     1117
..................................................................


WIND (MPH)
  HIGHEST WIND SPEED    17   HIGHEST WIND DIRECTION    SE (130)
  HIGHEST GUST SPEED    21   HIGHEST GUST DIRECTION    SE (120)
  AVERAGE WIND SPEED     8.4


SKY COVER
  POSSIBLE SUNSHINE  MM
  AVERAGE SKY COVER 0.5


WEATHER CONDITIONS
 THE FOLLOWING WEATHER WAS RECORDED YESTERDAY.
  FOG
  FOG W/VISIBILITY <= 1/4 MILE
  HAZE


RELATIVE HUMIDITY (PERCENT)
 HIGHEST   100          1200 AM
 LOWEST     60           400 PM
 AVERAGE    80

..........................................................


THE ALEXANDRIA CLIMATE NORMALS FOR TODAY
                         NORMAL    RECORD    YEAR
 MAXIMUM TEMPERATURE (F)   64        82      1986
 MINIMUM TEMPERATURE (F)   42        24      1910
                                             1895


SUNRISE AND SUNSET
FEBRUARY 20 2017......SUNRISE   646 AM CST   SUNSET   602 PM CST
FEBRUARY 21 2017......SUNRISE   645 AM CST   SUNSET   603 PM CST


-  INDICATES NEGATIVE NUMBERS.
R  INDICATES RECORD WAS SET OR TIED.
MM INDICATES DATA IS MISSING.
T  INDICATES TRACE AMOUNT.




$$
