000
CDUS44 KLCH 292245
CLIAEX


CLIMATE REPORT
NATIONAL WEATHER SERVICE LAKE CHARLES, LA
545 PM CDT FRI JUL 29 2016


...................................

...THE ALEXANDRIA CLIMATE SUMMARY FOR JULY 29 2016...
VALID TODAY AS OF 0500 PM LOCAL TIME.

CLIMATE NORMAL PERIOD 1981 TO 2010
CLIMATE RECORD PERIOD 1892 TO 2016


WEATHER ITEM   OBSERVED TIME   RECORD YEAR NORMAL DEPARTURE LAST
                VALUE   (LST)  VALUE       VALUE  FROM      YEAR
                                                  NORMAL
..................................................................
TEMPERATURE (F)
 TODAY
  MAXIMUM         90   1156 AM 103    1907  93     -3       98
  MINIMUM         72    607 AM  64    1911  73     -1       75
  AVERAGE         81                        83     -2       87

PRECIPITATION (IN)
  TODAY            T             2.05 1933   0.08  -0.08     0.28
  MONTH TO DATE    5.08                      3.47   1.61     3.08
  SINCE JUN 1      8.04                      8.57  -0.53     7.88
  SINCE JAN 1     30.39                     32.57  -2.18    33.13

DEGREE DAYS
 COOLING
  TODAY           16                        18     -2       22
  MONTH TO DATE  528                       504     24      566
  SINCE JUN 1   1010                       957     53     1051
  SINCE JAN 1   1477                      1411     66     1573
..................................................................


WIND (MPH)
  HIGHEST WIND SPEED    13   HIGHEST WIND DIRECTION    SE (150)
  HIGHEST GUST SPEED    17   HIGHEST GUST DIRECTION    SE (150)
  AVERAGE WIND SPEED     4.1


SKY COVER
  POSSIBLE SUNSHINE  MM
  AVERAGE SKY COVER 0.2


WEATHER CONDITIONS
 THE FOLLOWING WEATHER WAS RECORDED TODAY.
  THUNDERSTORM
  LIGHT RAIN


RELATIVE HUMIDITY (PERCENT)
 HIGHEST   100          1200 AM
 LOWEST     63           400 PM
 AVERAGE    82

..........................................................


THE ALEXANDRIA CLIMATE NORMALS FOR TOMORROW
                         NORMAL    RECORD    YEAR
 MAXIMUM TEMPERATURE (F)   93       104      1930
 MINIMUM TEMPERATURE (F)   73        63      1897


SUNRISE AND SUNSET
JULY 29 2016..........SUNRISE   625 AM CDT   SUNSET   808 PM CDT
JULY 30 2016..........SUNRISE   626 AM CDT   SUNSET   807 PM CDT


-  INDICATES NEGATIVE NUMBERS.
R  INDICATES RECORD WAS SET OR TIED.
MM INDICATES DATA IS MISSING.
T  INDICATES TRACE AMOUNT.




$$
