000
CDUS44 KLCH 300842
CLIAEX


CLIMATE REPORT
NATIONAL WEATHER SERVICE LAKE CHARLES, LA
341 AM CDT THU MAR 30 2017


...................................

...THE ALEXANDRIA CLIMATE SUMMARY FOR MARCH 29 2017...

CLIMATE NORMAL PERIOD 1981 TO 2010
CLIMATE RECORD PERIOD 1892 TO 2017


WEATHER ITEM   OBSERVED TIME   RECORD YEAR NORMAL DEPARTURE LAST
                VALUE   (LST)  VALUE       VALUE  FROM      YEAR
                                                  NORMAL
..................................................................
TEMPERATURE (F)
 YESTERDAY
  MAXIMUM         81    215 PM  92    1907  74      7       75
  MINIMUM         67   1159 PM  30    1955  50     17       53
  AVERAGE         74                        62     12       64

PRECIPITATION (IN)
  YESTERDAY        0.12          4.00 1991   0.15  -0.03      T
  MONTH TO DATE    2.15                      4.75  -2.60     7.51
  SINCE MAR 1      2.15                      4.75  -2.60     7.51
  SINCE JAN 1      9.86                     14.43  -4.57    13.99

SNOWFALL (IN)
  YESTERDAY        0.0           T    1959  MM     MM        0.0
  MONTH TO DATE    0.0                      MM     MM        0.0
  SINCE MAR 1      0.0                      MM     MM        0.0
  SINCE JUL 1      0.5                      MM     MM        0.0
  SNOW DEPTH       0

DEGREE DAYS
 HEATING
  YESTERDAY        0                         5     -5        1
  MONTH TO DATE  129                       205    -76       99
  SINCE MAR 1    129                       205    -76       99
  SINCE JUL 1   1105                      1870   -765     1299

 COOLING
  YESTERDAY        9                         2      7        0
  MONTH TO DATE  103                        34     69       43
  SINCE MAR 1    103                        34     69       43
  SINCE JAN 1    185                        51    134       51
..................................................................


WIND (MPH)
  HIGHEST WIND SPEED    49   HIGHEST WIND DIRECTION    SE (130)
  HIGHEST GUST SPEED    60   HIGHEST GUST DIRECTION    SE (120)
  AVERAGE WIND SPEED    13.5


SKY COVER
  POSSIBLE SUNSHINE  MM
  AVERAGE SKY COVER 0.6


WEATHER CONDITIONS
 THE FOLLOWING WEATHER WAS RECORDED YESTERDAY.
  THUNDERSTORM
  RAIN
  LIGHT RAIN
  FOG
  HAZE


RELATIVE HUMIDITY (PERCENT)
 HIGHEST    93          1200 AM
 LOWEST     67           200 PM
 AVERAGE    80

..........................................................


THE ALEXANDRIA CLIMATE NORMALS FOR TODAY
                         NORMAL    RECORD    YEAR
 MAXIMUM TEMPERATURE (F)   74        92      1946
 MINIMUM TEMPERATURE (F)   50        32      1893


SUNRISE AND SUNSET
MARCH 30 2017.........SUNRISE   701 AM CDT   SUNSET   728 PM CDT
MARCH 31 2017.........SUNRISE   700 AM CDT   SUNSET   729 PM CDT


-  INDICATES NEGATIVE NUMBERS.
R  INDICATES RECORD WAS SET OR TIED.
MM INDICATES DATA IS MISSING.
T  INDICATES TRACE AMOUNT.




$$
