000
CDUS42 KCAE 282121
CLIAGS


CLIMATE REPORT
NATIONAL WEATHER SERVICE COLUMBIA SC
520 PM EDT MON JUL 28 2014


...................................

...THE AUGUSTA BUSH FIELD GA CLIMATE SUMMARY FOR JULY 28 2014...
VALID TODAY AS OF 0500 PM LOCAL TIME.

CLIMATE NORMAL PERIOD 1981 TO 2010
CLIMATE RECORD PERIOD 1873 TO 2014


WEATHER ITEM   OBSERVED TIME   RECORD YEAR NORMAL DEPARTURE LAST
                VALUE   (LST)  VALUE       VALUE  FROM      YEAR
                                                  NORMAL
..................................................................
TEMPERATURE (F)
 TODAY
  MAXIMUM         95    418 PM 104    1993  93      2       91
  MINIMUM         80    600 AM  60    1962  70     10       70
  AVERAGE         88                        82      6       81

PRECIPITATION (IN)
  TODAY            0.00          2.55 1960   0.15  -0.15     0.00
                                      1890
  MONTH TO DATE    5.24                      3.88   1.36     8.00
  SINCE JUN 1      7.51                      8.60  -1.09    18.83
  SINCE JAN 1     26.37                     26.10   0.27    38.43

SNOWFALL (IN)
  TODAY            0.0          MM      MM   0.0             0.0
  MONTH TO DATE    0.0                       0.0             0.0
  SINCE JUN 1      0.0                       0.0             0.0
  SINCE JUL 1      0.0                       0.0             0.0

DEGREE DAYS
 HEATING
  TODAY            0                         0      0        0
  MONTH TO DATE    0                         0      0        0
  SINCE JUN 1      0                         0      0        0
  SINCE JUL 1      0                         0      0        0

 COOLING
  TODAY           23                        17      6       16
  MONTH TO DATE  450                       468    -18      414
  SINCE JUN 1    874                       876     -2      806
  SINCE JAN 1   1158                      1159     -1     1015
..................................................................


WIND (MPH)
  HIGHEST WIND SPEED    20   HIGHEST WIND DIRECTION     W (270)
  HIGHEST GUST SPEED    27   HIGHEST GUST DIRECTION     W (250)
  AVERAGE WIND SPEED    10.4


SKY COVER
  AVERAGE SKY COVER 0.2


WEATHER CONDITIONS
 THE FOLLOWING WEATHER WAS RECORDED TODAY.
  NO SIGNIFICANT WEATHER WAS OBSERVED.


RELATIVE HUMIDITY (PERCENT)
 HIGHEST    79          1200 AM
 LOWEST     43           400 PM
 AVERAGE    61

..........................................................


THE AUGUSTA BUSH FIELD GA CLIMATE NORMALS FOR TOMORROW
                         NORMAL    RECORD    YEAR
 MAXIMUM TEMPERATURE (F)   93       104      1993
 MINIMUM TEMPERATURE (F)   70        62      1920


SUNRISE AND SUNSET
JULY 28 2014..........SUNRISE   638 AM EDT   SUNSET   831 PM EDT
JULY 29 2014..........SUNRISE   638 AM EDT   SUNSET   830 PM EDT


-  INDICATES NEGATIVE NUMBERS.
R  INDICATES RECORD WAS SET OR TIED.
MM INDICATES DATA IS MISSING.
T  INDICATES TRACE AMOUNT.




$$
