000
CDUS42 KCAE 230615
CLIAGS


CLIMATE REPORT
NATIONAL WEATHER SERVICE COLUMBIA SC
215 AM EDT TUE SEP 23 2014


...................................

...THE AUGUSTA REGIONAL BUSH FIELD GA CLIMATE SUMMARY FOR SEPTEMBER 22 2014...

CLIMATE NORMAL PERIOD 1981 TO 2010
CLIMATE RECORD PERIOD 1873 TO 2014


WEATHER ITEM   OBSERVED TIME   RECORD YEAR NORMAL DEPARTURE LAST
                VALUE   (LST)  VALUE       VALUE  FROM      YEAR
                                                  NORMAL
..................................................................
TEMPERATURE (F)
 YESTERDAY
  MAXIMUM         75    927 AM  99    1925  85    -10       85
  MINIMUM         64    918 PM  46    1897  60      4       58
  AVERAGE         70                        73     -3       72

PRECIPITATION (IN)
  YESTERDAY        0.03          3.17 1897   0.10  -0.07     0.00
                                      1892
  MONTH TO DATE    1.98                      2.33  -0.35     0.74
  SINCE SEP 1      1.98                      2.33  -0.35     0.74
  SINCE JAN 1     30.40                     33.20  -2.80    46.06

SNOWFALL (IN)
  YESTERDAY        0.0          MM      MM   0.0             0.0
  MONTH TO DATE    0.0                       0.0             0.0
  SINCE SEP 1      0.0                       0.0             0.0
  SINCE JUL 1      0.0                       0.0             0.0

DEGREE DAYS
 HEATING
  YESTERDAY        0                         0      0        0
  MONTH TO DATE    0                         0      0        0
  SINCE SEP 1      0                         0      0        0
  SINCE JUL 1      0                         0      0        0

 COOLING
  YESTERDAY        5                         8     -3        7
  MONTH TO DATE  290                       243     47      262
  SINCE SEP 1    290                       243     47      262
  SINCE JAN 1   1941                      1931     10     1737
..................................................................


WIND (MPH)
  HIGHEST WIND SPEED    15   HIGHEST WIND DIRECTION     N (20)
  HIGHEST GUST SPEED    19   HIGHEST GUST DIRECTION    NE (30)
  AVERAGE WIND SPEED     4.5


SKY COVER
  AVERAGE SKY COVER 0.8


WEATHER CONDITIONS
 THE FOLLOWING WEATHER WAS RECORDED YESTERDAY.
  LIGHT RAIN


RELATIVE HUMIDITY (PERCENT)
 HIGHEST   100           800 PM
 LOWEST     68          1200 AM
 AVERAGE    84

..........................................................


THE AUGUSTA REGIONAL BUSH FIELD GA CLIMATE NORMALS FOR TODAY
                         NORMAL    RECORD    YEAR
 MAXIMUM TEMPERATURE (F)   85        98      1980
                                             1931
 MINIMUM TEMPERATURE (F)   60        42      1999


SUNRISE AND SUNSET
SEPTEMBER 23 2014.....SUNRISE   717 AM EDT   SUNSET   723 PM EDT
SEPTEMBER 24 2014.....SUNRISE   717 AM EDT   SUNSET   722 PM EDT


-  INDICATES NEGATIVE NUMBERS.
R  INDICATES RECORD WAS SET OR TIED.
MM INDICATES DATA IS MISSING.
T  INDICATES TRACE AMOUNT.




$$
