000
CDUS42 KCAE 202116
CLIAGS


CLIMATE REPORT
NATIONAL WEATHER SERVICE COLUMBIA SC
514 PM EDT MON OCT 20 2014


...................................

...THE AUGUSTA BUSH FIELD GA CLIMATE SUMMARY FOR OCTOBER 20 2014...
VALID TODAY AS OF 0500 PM LOCAL TIME.

CLIMATE NORMAL PERIOD 1981 TO 2010
CLIMATE RECORD PERIOD 1873 TO 2014


WEATHER ITEM   OBSERVED TIME   RECORD YEAR NORMAL DEPARTURE LAST
                VALUE   (LST)  VALUE       VALUE  FROM      YEAR
                                                  NORMAL
..................................................................
TEMPERATURE (F)
 TODAY
  MAXIMUM         77    357 PM  89    1984  76      1       75
  MINIMUM         39    703 AM  30    1981  49    -10       50
  AVERAGE         58                        63     -5       63

PRECIPITATION (IN)
  TODAY            0.00          2.33 1970   0.11  -0.11     0.00
  MONTH TO DATE    0.51                      2.30  -1.79     0.33
  SINCE SEP 1      2.77                      5.52  -2.75     1.45
  SINCE JAN 1     31.19                     36.39  -5.20    46.77

SNOWFALL (IN)
  TODAY            0.0          MM      MM   0.0             0.0
  MONTH TO DATE    0.0                       0.0             0.0
  SINCE SEP 1      0.0                       0.0             0.0
  SINCE JUL 1      0.0                       0.0             0.0

DEGREE DAYS
 HEATING
  TODAY            7                         4      3        2
  MONTH TO DATE   39                        48     -9        3
  SINCE SEP 1     41                        55    -14        3
  SINCE JUL 1     41                        55    -14        3

 COOLING
  TODAY            0                         2     -2        0
  MONTH TO DATE   98                        71     27       87
  SINCE SEP 1    431                       367     64      380
  SINCE JAN 1   2082                      2055     27     1855
..................................................................


WIND (MPH)
  HIGHEST WIND SPEED    14   HIGHEST WIND DIRECTION     S (190)
  HIGHEST GUST SPEED    16   HIGHEST GUST DIRECTION     S (190)
  AVERAGE WIND SPEED     2.0


SKY COVER
  AVERAGE SKY COVER 0.1


WEATHER CONDITIONS
 THE FOLLOWING WEATHER WAS RECORDED TODAY.
  FOG
  FOG W/VISIBILITY <= 1/4 MILE


RELATIVE HUMIDITY (PERCENT)
 HIGHEST   100           200 AM
 LOWEST     36           100 PM
 AVERAGE    68

..........................................................


THE AUGUSTA BUSH FIELD GA CLIMATE NORMALS FOR TOMORROW
                         NORMAL    RECORD    YEAR
 MAXIMUM TEMPERATURE (F)   76        91      1984
                                             1943
 MINIMUM TEMPERATURE (F)   49        32      1974


SUNRISE AND SUNSET
OCTOBER 20 2014.......SUNRISE   736 AM EDT   SUNSET   648 PM EDT
OCTOBER 21 2014.......SUNRISE   737 AM EDT   SUNSET   647 PM EDT


-  INDICATES NEGATIVE NUMBERS.
R  INDICATES RECORD WAS SET OR TIED.
MM INDICATES DATA IS MISSING.
T  INDICATES TRACE AMOUNT.




$$
