000
CDUS42 KCAE 312114
CLIAGS


CLIMATE REPORT
NATIONAL WEATHER SERVICE COLUMBIA SC
514 PM EDT TUE MAY 31 2016


...................................

...THE AUGUSTA BUSH FIELD GA CLIMATE SUMMARY FOR MAY 31 2016...
VALID TODAY AS OF 0500 PM LOCAL TIME.

CLIMATE NORMAL PERIOD 1981 TO 2010
CLIMATE RECORD PERIOD 1873 TO 2016


WEATHER ITEM   OBSERVED TIME   RECORD YEAR NORMAL DEPARTURE LAST
                VALUE   (LST)  VALUE       VALUE  FROM      YEAR
                                                  NORMAL
..................................................................
TEMPERATURE (F)
 TODAY
  MAXIMUM         88    200 PM  99    1953  89     -1       91
                                      1927
  MINIMUM         65        MM  45    1984  62      3       65
  AVERAGE         77                        76      1       78

PRECIPITATION (IN)
  TODAY            0.00          4.44 1981   0.12  -0.12     0.00
  MONTH TO DATE    5.71                      2.65   3.06     0.93
  SINCE MAR 1     13.31                      9.67   3.64     8.83
  SINCE JAN 1     18.73                     17.50   1.23    15.63

SNOWFALL (IN)
  TODAY            0.0          MM      MM   0.0             0.0
  MONTH TO DATE    0.0                       0.0             0.0
  SINCE MAR 1      0.0                       0.0             0.0
  SINCE JUL 1      0.5                       0.9              T

DEGREE DAYS
 HEATING
  TODAY            0                         0      0        0
  MONTH TO DATE   13                        18     -5       10
  SINCE MAR 1    279                       439   -160      277
  SINCE JUL 1   1856                      2471   -615     2563

 COOLING
  TODAY           12                        11      1       13
  MONTH TO DATE  196                       210    -14      247
  SINCE MAR 1    311                       280     31      361
  SINCE JAN 1    314                       283     31      361
..................................................................


WIND (MPH)
  HIGHEST WIND SPEED     7   HIGHEST WIND DIRECTION     E (90)
  HIGHEST GUST SPEED    MM   HIGHEST GUST DIRECTION    MM
  AVERAGE WIND SPEED     2.0


SKY COVER
  AVERAGE SKY COVER 0.2


WEATHER CONDITIONS
 THE FOLLOWING WEATHER WAS RECORDED TODAY.
  FOG


RELATIVE HUMIDITY (PERCENT)
 HIGHEST   100           300 AM
 LOWEST     50           200 PM
 AVERAGE    75

..........................................................


THE AUGUSTA BUSH FIELD GA CLIMATE NORMALS FOR TOMORROW
                         NORMAL    RECORD    YEAR
 MAXIMUM TEMPERATURE (F)   89       101      1985
                                             1945
 MINIMUM TEMPERATURE (F)   63        46      1889


SUNRISE AND SUNSET
MAY 31 2016...........SUNRISE   619 AM EDT   SUNSET   832 PM EDT
JUNE  1 2016..........SUNRISE   619 AM EDT   SUNSET   833 PM EDT


-  INDICATES NEGATIVE NUMBERS.
R  INDICATES RECORD WAS SET OR TIED.
MM INDICATES DATA IS MISSING.
T  INDICATES TRACE AMOUNT.




$$
