000
CDUS42 KCAE 212220
CLIAGS


CLIMATE REPORT
NATIONAL WEATHER SERVICE COLUMBIA SC
518 PM EST SUN JAN 21 2018


...................................

...THE AUGUSTA BUSH FIELD GA CLIMATE SUMMARY FOR JANUARY 21 2018...
VALID TODAY AS OF 0500 PM LOCAL TIME.

CLIMATE NORMAL PERIOD 1981 TO 2010
CLIMATE RECORD PERIOD 1873 TO 2018


WEATHER ITEM   OBSERVED TIME   RECORD YEAR NORMAL DEPARTURE LAST
                VALUE   (LST)  VALUE       VALUE  FROM      YEAR
                                                  NORMAL
..................................................................
TEMPERATURE (F)
 TODAY
  MAXIMUM         72    359 PM  78    1959  58     14       68
                                      1935
                                      1922
  MINIMUM         31    739 AM  -1    1985  33     -2       58
  AVERAGE         52                        46      6       63

PRECIPITATION (IN)
  TODAY            0.00          1.92 1983   0.13  -0.13     0.91
  MONTH TO DATE    0.75                      2.60  -1.85     7.34
  SINCE DEC 1      4.86                      5.99  -1.13    11.75
  SINCE JAN 1      0.75                      2.60  -1.85     7.34

SNOWFALL (IN)
  TODAY            0.0          MM      MM   0.0             0.0
  MONTH TO DATE    T                         0.3              T
  SINCE DEC 1      T                         0.4              T
  SINCE JUL 1      T                         0.4              T

DEGREE DAYS
 HEATING
  TODAY           13                        20     -7        2
  MONTH TO DATE  518                       420     98      186
  SINCE DEC 1    989                       973     16      552
  SINCE JUL 1   1354                      1395    -41      823

 COOLING
  TODAY            0                         0      0        0
  MONTH TO DATE    2                         0      2       14
  SINCE DEC 1      2                         3     -1       21
  SINCE JAN 1      2                         0      2       14
..................................................................


WIND (MPH)
  HIGHEST WIND SPEED     8   HIGHEST WIND DIRECTION    SE (140)
  HIGHEST GUST SPEED    10   HIGHEST GUST DIRECTION     S (160)
  AVERAGE WIND SPEED     1.0


SKY COVER
  AVERAGE SKY COVER 0.0


WEATHER CONDITIONS
 THE FOLLOWING WEATHER WAS RECORDED TODAY.
  FOG


RELATIVE HUMIDITY (PERCENT)
 HIGHEST   100           100 AM
 LOWEST     35           300 PM
 AVERAGE    68

..........................................................


THE AUGUSTA BUSH FIELD GA CLIMATE NORMALS FOR TOMORROW
                         NORMAL    RECORD    YEAR
 MAXIMUM TEMPERATURE (F)   58        79      1937
                                             1929
 MINIMUM TEMPERATURE (F)   33        10      1961


SUNRISE AND SUNSET
JANUARY 21 2018.......SUNRISE   730 AM EST   SUNSET   549 PM EST
JANUARY 22 2018.......SUNRISE   729 AM EST   SUNSET   550 PM EST


-  INDICATES NEGATIVE NUMBERS.
R  INDICATES RECORD WAS SET OR TIED.
MM INDICATES DATA IS MISSING.
T  INDICATES TRACE AMOUNT.




$$
