819
CDUS42 KCAE 052152
CLIAGS


CLIMATE REPORT
NATIONAL WEATHER SERVICE COLUMBIA SC
551 PM EDT THU MAY 5 2016


...................................

...THE AUGUSTA BUSH FIELD GA CLIMATE SUMMARY FOR MAY 5 2016...
VALID TODAY AS OF 0500 PM LOCAL TIME.

CLIMATE NORMAL PERIOD 1981 TO 2010
CLIMATE RECORD PERIOD 1873 TO 2016


WEATHER ITEM   OBSERVED TIME   RECORD YEAR NORMAL DEPARTURE LAST
                VALUE   (LST)  VALUE       VALUE  FROM      YEAR
                                                  NORMAL
..................................................................
TEMPERATURE (F)
 TODAY
  MAXIMUM         70    330 PM  96    2012  82    -12       83
  MINIMUM         53    558 AM  39    1997  54     -1       50
                                      1973
  AVERAGE         62                        68     -6       67

PRECIPITATION (IN)
  TODAY            0.00          1.73 1896   0.08  -0.08     0.00
  MONTH TO DATE    1.16                      0.38   0.78     0.00
  SINCE MAR 1      8.76                      7.40   1.36     7.90
  SINCE JAN 1     14.18                     15.23  -1.05    14.70

SNOWFALL (IN)
  TODAY            0.0          MM      MM   0.0             0.0
  MONTH TO DATE    0.0                       0.0             0.0
  SINCE MAR 1      0.0                       0.0             0.0
  SINCE JUL 1      0.5                       0.9              T

DEGREE DAYS
 HEATING
  TODAY            3                         1      2        0
  MONTH TO DATE    3                         8     -5       10
  SINCE MAR 1    269                       428   -159      277
  SINCE JUL 1   1846                      2460   -614     2563

 COOLING
  TODAY            0                         4     -4        2
  MONTH TO DATE   37                        19     18        3
  SINCE MAR 1    152                        89     63      117
  SINCE JAN 1    155                        92     63      117
..................................................................


WIND (MPH)
  HIGHEST WIND SPEED    26   HIGHEST WIND DIRECTION    NW (300)
  HIGHEST GUST SPEED    37   HIGHEST GUST DIRECTION     W (290)
  AVERAGE WIND SPEED    13.5


SKY COVER
  AVERAGE SKY COVER 0.2


WEATHER CONDITIONS
 THE FOLLOWING WEATHER WAS RECORDED TODAY.
  NO SIGNIFICANT WEATHER WAS OBSERVED.


RELATIVE HUMIDITY (PERCENT)
 HIGHEST    77           400 AM
 LOWEST     30           400 PM
 AVERAGE    54

..........................................................


THE AUGUSTA BUSH FIELD GA CLIMATE NORMALS FOR TOMORROW
                         NORMAL    RECORD    YEAR
 MAXIMUM TEMPERATURE (F)   83        95      1952
 MINIMUM TEMPERATURE (F)   54        42      1973


SUNRISE AND SUNSET
MAY  5 2016...........SUNRISE   635 AM EDT   SUNSET   814 PM EDT
MAY  6 2016...........SUNRISE   635 AM EDT   SUNSET   815 PM EDT


-  INDICATES NEGATIVE NUMBERS.
R  INDICATES RECORD WAS SET OR TIED.
MM INDICATES DATA IS MISSING.
T  INDICATES TRACE AMOUNT.




$$
