000
CDUS42 KFFC 260022
CLIAHN


CLIMATE REPORT
NATIONAL WEATHER SERVICE PEACHTREE CITY GA
822 PM EDT SAT MAR 25 2017


...................................

...THE ATHENS CLIMATE SUMMARY FOR MARCH 25 2017...
VALID AS OF 0800 PM LOCAL TIME.

CLIMATE NORMAL PERIOD 1981 TO 2010
CLIMATE RECORD PERIOD 1898 TO 2017


WEATHER ITEM   OBSERVED TIME   RECORD YEAR NORMAL DEPARTURE LAST
                VALUE   (LST)  VALUE       VALUE  FROM      YEAR
                                                  NORMAL
..................................................................
TEMPERATURE (F)
 TODAY
  MAXIMUM         77    311 PM  89    2007  69      8       73
                                      1929
  MINIMUM         51    703 AM  26    1956  44      7       57
  AVERAGE         64                        57      7       65

PRECIPITATION (IN)
  TODAY            0.00          3.82 1964   0.13  -0.13     0.00
  MONTH TO DATE    3.52                      3.61  -0.09     1.37
  SINCE MAR 1      3.52                      3.61  -0.09     1.37
  SINCE JAN 1     11.22                     12.14  -0.92     9.54

SNOWFALL (IN)
  TODAY            0.0           0.0  2002   0.1   -0.1      0.0
                                      2001
                                      2000
  MONTH TO DATE    0.0                       0.7   -0.7      0.0
  SINCE MAR 1      0.0                       0.7   -0.7      0.0
  SINCE JUL 1      0.0                       2.8   -2.8      0.1
  SNOW DEPTH       0

DEGREE DAYS
 HEATING
  TODAY            1                         9     -8        0
  MONTH TO DATE  281                       291    -10      162
  SINCE MAR 1    281                       291    -10      162
  SINCE JUL 1   1805                      2546   -741     2005

 COOLING
  TODAY            0                         0      0        0
  MONTH TO DATE    9                         0      9       34
  SINCE MAR 1      9                         0      9       34
  SINCE JAN 1     18                         1     17       34
..................................................................


WIND (MPH)
  HIGHEST WIND SPEED    10   HIGHEST WIND DIRECTION     S (170)
  HIGHEST GUST SPEED    16   HIGHEST GUST DIRECTION     S (160)
  AVERAGE WIND SPEED     3.6


SKY COVER
  AVERAGE SKY COVER 0.3


WEATHER CONDITIONS
 THE FOLLOWING WEATHER WAS RECORDED TODAY.
  NO SIGNIFICANT WEATHER WAS OBSERVED.


RELATIVE HUMIDITY (PERCENT)
 HIGHEST   100           700 AM
 LOWEST     43           200 PM

..........................................................


THE ATHENS CLIMATE NORMALS FOR TOMORROW
                         NORMAL    RECORD    YEAR
 MAXIMUM TEMPERATURE (F)   69        86      1929
 MINIMUM TEMPERATURE (F)   45        22      1955


SUNRISE AND SUNSET
MARCH 25 2017.........SUNRISE   730 AM EDT   SUNSET   749 PM EDT
MARCH 26 2017.........SUNRISE   728 AM EDT   SUNSET   750 PM EDT


-  INDICATES NEGATIVE NUMBERS.
R  INDICATES RECORD WAS SET OR TIED.
MM INDICATES DATA IS MISSING.
T  INDICATES TRACE AMOUNT.




$$
