000
CDUS42 KFFC 010820
CLIAHN


CLIMATE REPORT
NATIONAL WEATHER SERVICE PEACHTREE CITY GA
420 AM EDT SAT AUG 1 2015


...................................

...THE ATHENS CLIMATE SUMMARY FOR JULY 31 2015...

CLIMATE NORMAL PERIOD 1981 TO 2010
CLIMATE RECORD PERIOD 1898 TO 2015


WEATHER ITEM   OBSERVED TIME   RECORD YEAR NORMAL DEPARTURE LAST
                VALUE   (LST)  VALUE       VALUE  FROM      YEAR
                                                  NORMAL
..................................................................
TEMPERATURE (F)
 YESTERDAY
  MAXIMUM         95    422 PM 103    1999  91      4       80
  MINIMUM         77   1159 PM  59    1936  70      7       67
  AVERAGE         86                        81      5       74

PRECIPITATION (IN)
  YESTERDAY        0.00          3.23 1918   0.14  -0.14     0.02
  MONTH TO DATE    5.08                      4.47   0.61     4.22
  SINCE JUN 1      7.84                      8.65  -0.81     7.96
  SINCE JAN 1     28.24                     27.76   0.48    27.60

DEGREE DAYS
 COOLING
  YESTERDAY       21                        16      5        9
  MONTH TO DATE  536                       484     52      449
  SINCE JUN 1   1006                       862    144      867
  SINCE JAN 1   1331                      1102    229     1137
..................................................................


WIND (MPH)
  RESULTANT WIND SPEED   3   RESULTANT WIND DIRECTION   E (80)
  HIGHEST WIND SPEED    15   HIGHEST WIND DIRECTION     E (80)
  HIGHEST GUST SPEED    21   HIGHEST GUST DIRECTION     E (80)
  AVERAGE WIND SPEED     5.1


SKY COVER
  POSSIBLE SUNSHINE  MM
  AVERAGE SKY COVER 0.1


WEATHER CONDITIONS
 THE FOLLOWING WEATHER WAS RECORDED YESTERDAY.
  HAZE


RELATIVE HUMIDITY (PERCENT)
 HIGHEST    85           100 AM
 LOWEST     38           100 PM
 AVERAGE    62

..........................................................


THE ATHENS CLIMATE NORMALS FOR TODAY
                         NORMAL    RECORD    YEAR
 MAXIMUM TEMPERATURE (F)   91       102      1921
 MINIMUM TEMPERATURE (F)   70        56      1997


SUNRISE AND SUNSET
AUGUST  1 2015........SUNRISE   645 AM EDT   SUNSET   834 PM EDT
AUGUST  2 2015........SUNRISE   645 AM EDT   SUNSET   833 PM EDT


-  INDICATES NEGATIVE NUMBERS.
R  INDICATES RECORD WAS SET OR TIED.
MM INDICATES DATA IS MISSING.
T  INDICATES TRACE AMOUNT.




$$
