000
CDUS42 KFFC 260817
CLIAHN


CLIMATE REPORT
NATIONAL WEATHER SERVICE PEACHTREE CITY GA
416 AM EDT WED APR 26 2017


...................................

...THE ATHENS CLIMATE SUMMARY FOR APRIL 25 2017...

CLIMATE NORMAL PERIOD 1981 TO 2010
CLIMATE RECORD PERIOD 1898 TO 2017


WEATHER ITEM   OBSERVED TIME   RECORD YEAR NORMAL DEPARTURE LAST
                VALUE   (LST)  VALUE       VALUE  FROM      YEAR
                                                  NORMAL
..................................................................
TEMPERATURE (F)
 YESTERDAY
  MAXIMUM         80    523 PM  92    1925  76      4       83
  MINIMUM         52    213 AM  36    2005  52      0       57
                                      1974
  AVERAGE         66                        64      2       70

PRECIPITATION (IN)
  YESTERDAY        0.00          2.16 1965   0.10  -0.10     0.00
  MONTH TO DATE    6.86                      2.64   4.22     1.98
  SINCE MAR 1     11.17                      7.07   4.10     3.93
  SINCE JAN 1     18.87                     15.60   3.27    12.10

SNOWFALL (IN)
  YESTERDAY        0.0           0.0  2002   0.0    0.0      0.0
                                      2001
                                      2000
  MONTH TO DATE    0.0                       0.1   -0.1      0.0
  SINCE MAR 1      0.0                       0.9   -0.9      0.0
  SINCE JUL 1      0.0                       3.0   -3.0      0.1
  SNOW DEPTH       0

DEGREE DAYS
 HEATING
  YESTERDAY        0                         3     -3        0
  MONTH TO DATE   60                       133    -73      110
  SINCE MAR 1    341                       473   -132      297
  SINCE JUL 1   1865                      2728   -863     2140

 COOLING
  YESTERDAY        1                         2     -1        5
  MONTH TO DATE   79                        34     45       25
  SINCE MAR 1    117                        44     73       62
  SINCE JAN 1    126                        45     81       62
..................................................................


WIND (MPH)
  RESULTANT WIND SPEED   2   RESULTANT WIND DIRECTION   W (290)
  HIGHEST WIND SPEED    13   HIGHEST WIND DIRECTION    NW (310)
  HIGHEST GUST SPEED    18   HIGHEST GUST DIRECTION    NW (330)
  AVERAGE WIND SPEED     4.5


SKY COVER
  POSSIBLE SUNSHINE  MM
  AVERAGE SKY COVER 0.5


WEATHER CONDITIONS
 THE FOLLOWING WEATHER WAS RECORDED YESTERDAY.
  NO SIGNIFICANT WEATHER WAS OBSERVED.


RELATIVE HUMIDITY (PERCENT)
 HIGHEST   100           200 AM
 LOWEST     48           400 PM
 AVERAGE    74

..........................................................


THE ATHENS CLIMATE NORMALS FOR TODAY
                         NORMAL    RECORD    YEAR
 MAXIMUM TEMPERATURE (F)   77        91      1942
 MINIMUM TEMPERATURE (F)   52        33      1919


SUNRISE AND SUNSET
APRIL 26 2017.........SUNRISE   649 AM EDT   SUNSET   813 PM EDT
APRIL 27 2017.........SUNRISE   648 AM EDT   SUNSET   814 PM EDT


-  INDICATES NEGATIVE NUMBERS.
R  INDICATES RECORD WAS SET OR TIED.
MM INDICATES DATA IS MISSING.
T  INDICATES TRACE AMOUNT.




$$
