000
CDUS42 KFFC 010839
CLIAHN


CLIMATE REPORT
NATIONAL WEATHER SERVICE PEACHTREE CITY GA
439 AM EDT FRI AUG 1 2014


...................................

...THE ATHENS CLIMATE SUMMARY FOR JULY 31 2014...

CLIMATE NORMAL PERIOD 1981 TO 2010
CLIMATE RECORD PERIOD 1898 TO 2014


WEATHER ITEM   OBSERVED TIME   RECORD YEAR NORMAL DEPARTURE LAST
                VALUE   (LST)  VALUE       VALUE  FROM      YEAR
                                                  NORMAL
..................................................................
TEMPERATURE (F)
 YESTERDAY
  MAXIMUM         80    231 PM 103    1999  91    -11       80
  MINIMUM         67   1159 PM  59    1936  70     -3       72
  AVERAGE         74                        81     -7       76

PRECIPITATION (IN)
  YESTERDAY        0.02          3.23 1918   0.14  -0.12     0.05
  MONTH TO DATE    4.22                      4.47  -0.25     9.19
  SINCE JUN 1      7.96                      8.65  -0.69    17.40
  SINCE JAN 1     27.60                     27.76  -0.16    40.48

DEGREE DAYS
 COOLING
  YESTERDAY        9                        16     -7       11
  MONTH TO DATE  449                       484    -35      403
  SINCE JUN 1    867                       862      5      770
  SINCE JAN 1   1137                      1102     35      949
..................................................................


WIND (MPH)
  RESULTANT WIND SPEED   7   RESULTANT WIND DIRECTION  NE (60)
  HIGHEST WIND SPEED    16   HIGHEST WIND DIRECTION     E (80)
  HIGHEST GUST SPEED    21   HIGHEST GUST DIRECTION     E (70)
  AVERAGE WIND SPEED     7.4


SKY COVER
  POSSIBLE SUNSHINE  MM
  AVERAGE SKY COVER 0.6


WEATHER CONDITIONS
 THE FOLLOWING WEATHER WAS RECORDED YESTERDAY.
  LIGHT RAIN
  FOG
  HAZE


RELATIVE HUMIDITY (PERCENT)
 HIGHEST    93          1100 PM
 LOWEST     67           300 PM
 AVERAGE    80

..........................................................


THE ATHENS CLIMATE NORMALS FOR TODAY
                         NORMAL    RECORD    YEAR
 MAXIMUM TEMPERATURE (F)   91       102      1921
 MINIMUM TEMPERATURE (F)   70        56      1997


SUNRISE AND SUNSET
AUGUST  1 2014........SUNRISE   645 AM EDT   SUNSET   834 PM EDT
AUGUST  2 2014........SUNRISE   646 AM EDT   SUNSET   833 PM EDT


-  INDICATES NEGATIVE NUMBERS.
R  INDICATES RECORD WAS SET OR TIED.
MM INDICATES DATA IS MISSING.
T  INDICATES TRACE AMOUNT.




$$
