000
CDUS45 KCYS 290726
CLIAIA


CLIMATE REPORT
NATIONAL WEATHER SERVICE CHEYENNE WY
126 AM MDT MON AUG 29 2016


...................................

...THE ALLIANCE NE AIRPORT CLIMATE SUMMARY FOR AUGUST 28 2016...

CLIMATE NORMAL PERIOD 1981 TO 2010
CLIMATE RECORD PERIOD 1896 TO 2016


WEATHER ITEM   OBSERVED TIME   RECORD YEAR NORMAL DEPARTURE LAST
                VALUE   (LST)  VALUE       VALUE  FROM      YEAR
                                                  NORMAL
..................................................................
TEMPERATURE (F)
 YESTERDAY
  MAXIMUM         90    157 PM 103    2012  84      6       89
  MINIMUM         52    542 AM  33    2004  51      1       50
  AVERAGE         71                        67      4       70

PRECIPITATION (IN)
  YESTERDAY        0.00          1.23 1957   0.05  -0.05     0.00
  MONTH TO DATE    1.67                      1.54   0.13     0.83
  SINCE JAN 1     13.80                     12.25   1.55    18.57

DEGREE DAYS
 HEATING
  YESTERDAY        0                         2     -2        0
  MONTH TO DATE   35                        18     17       37
  SINCE JUN 1     61                       123    -62       61
  SINCE JUL 1     38                        30      8       52

 COOLING
  YESTERDAY        6                         4      2        5
  MONTH TO DATE  141                       179    -38      174
  SINCE JUN 1    548                       501     47      452
  SINCE JAN 1    548                       511     37      452
..................................................................


WIND (MPH)
  HIGHEST WIND SPEED    15   HIGHEST WIND DIRECTION     S (180)
  HIGHEST GUST SPEED    20   HIGHEST GUST DIRECTION     S (170)
  AVERAGE WIND SPEED     8.1


SKY COVER
  AVERAGE SKY COVER 0.1


WEATHER CONDITIONS
 THE FOLLOWING WEATHER WAS RECORDED YESTERDAY.
  FOG


RELATIVE HUMIDITY (PERCENT)
 HIGHEST   100           200 AM
 LOWEST     22           400 PM
 AVERAGE    61

..........................................................


THE ALLIANCE NE AIRPORT CLIMATE NORMALS FOR TODAY
                         NORMAL    RECORD    YEAR
 MAXIMUM TEMPERATURE (F)   83       103      2012
 MINIMUM TEMPERATURE (F)   51        38      2004


SUNRISE AND SUNSET
AUGUST 29 2016........SUNRISE   614 AM MDT   SUNSET   729 PM MDT
AUGUST 30 2016........SUNRISE   615 AM MDT   SUNSET   727 PM MDT


-  INDICATES NEGATIVE NUMBERS.
R  INDICATES RECORD WAS SET OR TIED.
MM INDICATES DATA IS MISSING.
T  INDICATES TRACE AMOUNT.




$$
