000
CDUS45 KCYS 110727
CLIAIA


CLIMATE REPORT
NATIONAL WEATHER SERVICE CHEYENNE WY
1227 AM MST THU FEB 11 2016


...................................

...THE ALLIANCE NE AIRPORT CLIMATE SUMMARY FOR FEBRUARY 10 2016...

CLIMATE NORMAL PERIOD 1981 TO 2010
CLIMATE RECORD PERIOD 1896 TO 2016


WEATHER ITEM   OBSERVED TIME   RECORD YEAR NORMAL DEPARTURE LAST
                VALUE   (LST)  VALUE       VALUE  FROM      YEAR
                                                  NORMAL
..................................................................
TEMPERATURE (F)
 YESTERDAY
  MAXIMUM         51    225 PM  74    1962  40     11       58
  MINIMUM         24   1156 PM -28    1986  12     12       30
                                      2010
  AVERAGE         38                        26     12       44

PRECIPITATION (IN)
  YESTERDAY        0.00          0.40 1934   0.01  -0.01     0.00
  MONTH TO DATE    0.05                      0.12  -0.07     0.40
  SINCE JAN 1      0.07                      0.30  -0.23     0.85

DEGREE DAYS
 HEATING
  YESTERDAY       27                        39    -12       21
  MONTH TO DATE  405                       397      8      319
  SINCE DEC 1   3069                      2943    126     2830
  SINCE JUL 1   4556                      4742   -186     4538

 COOLING
  YESTERDAY        0                         0      0        0
  MONTH TO DATE    0                         0      0        0
  SINCE DEC 1      0                         0      0        0
  SINCE JAN 1      0                         0      0        0
..................................................................


WIND (MPH)
  HIGHEST WIND SPEED    20   HIGHEST WIND DIRECTION    NW (300)
  HIGHEST GUST SPEED    24   HIGHEST GUST DIRECTION    NW (310)
  AVERAGE WIND SPEED    11.5


SKY COVER
  AVERAGE SKY COVER 0.0


WEATHER CONDITIONS
 THE FOLLOWING WEATHER WAS RECORDED YESTERDAY.
  NO SIGNIFICANT WEATHER WAS OBSERVED.


RELATIVE HUMIDITY (PERCENT)
 HIGHEST    92          1000 PM
 LOWEST     46           200 PM
 AVERAGE    69

..........................................................


THE ALLIANCE NE AIRPORT CLIMATE NORMALS FOR TODAY
                         NORMAL    RECORD    YEAR
 MAXIMUM TEMPERATURE (F)   40        77      1962
 MINIMUM TEMPERATURE (F)   12       -40      1899
                                             2006


SUNRISE AND SUNSET
FEBRUARY 11 2016......SUNRISE   653 AM MST   SUNSET   518 PM MST
FEBRUARY 12 2016......SUNRISE   652 AM MST   SUNSET   520 PM MST


-  INDICATES NEGATIVE NUMBERS.
R  INDICATES RECORD WAS SET OR TIED.
MM INDICATES DATA IS MISSING.
T  INDICATES TRACE AMOUNT.




$$
