000
CDUS45 KCYS 272121
CLIAIA


CLIMATE REPORT
NATIONAL WEATHER SERVICE CHEYENNE WY
321 PM MDT WED AUG 27 2014


...................................

...THE ALLIANCE NE AIRPORT CLIMATE SUMMARY FOR AUGUST 27 2014...
VALID AS OF 0300 PM LOCAL TIME.

CLIMATE NORMAL PERIOD 1981 TO 2010
CLIMATE RECORD PERIOD 1896 TO 2014


WEATHER ITEM   OBSERVED TIME   RECORD YEAR NORMAL DEPARTURE LAST
                VALUE   (LST)  VALUE       VALUE  FROM      YEAR
                                                  NORMAL
..................................................................
TEMPERATURE (F)
 TODAY
  MAXIMUM         77   1213 PM 101    2012  84     -7       98
  MINIMUM         60    527 AM  38    2004  52      8       58
  AVERAGE         69                        68      1       78

PRECIPITATION (IN)
  TODAY            0.18          1.36 1952   0.06   0.12     0.00
  MONTH TO DATE    1.12                      1.49  -0.37     2.34
  SINCE JAN 1     13.47                     12.20   1.27     9.06

DEGREE DAYS
 HEATING
  TODAY            0                         1     -1        0
  MONTH TO DATE    2                        16    -14        0
  SINCE JUN 1    128                       121      7       70
  SINCE JUL 1     29                        28      1        8

 COOLING
  TODAY            4                         4      0       13
  MONTH TO DATE  185                       175     10      211
  SINCE JUN 1    443                       497    -54      585
  SINCE JAN 1    457                       507    -50      607
..................................................................


WIND (MPH)
  HIGHEST WIND SPEED    21   HIGHEST WIND DIRECTION     W (290)
  HIGHEST GUST SPEED    24   HIGHEST GUST DIRECTION     W (290)
  AVERAGE WIND SPEED     8.0


SKY COVER
  AVERAGE SKY COVER 0.5


WEATHER CONDITIONS
 THE FOLLOWING WEATHER WAS RECORDED TODAY.
  THUNDERSTORM
  HEAVY RAIN
  RAIN
  LIGHT RAIN
  FOG


RELATIVE HUMIDITY (PERCENT)
 HIGHEST   100           300 AM
 LOWEST     60          1100 AM
 AVERAGE    80

..........................................................


THE ALLIANCE NE AIRPORT CLIMATE NORMALS FOR TOMORROW
                         NORMAL    RECORD    YEAR
 MAXIMUM TEMPERATURE (F)   84       103      2012
 MINIMUM TEMPERATURE (F)   51        33      2004


SUNRISE AND SUNSET
AUGUST 27 2014........SUNRISE   612 AM MDT   SUNSET   733 PM MDT
AUGUST 28 2014........SUNRISE   613 AM MDT   SUNSET   731 PM MDT


-  INDICATES NEGATIVE NUMBERS.
R  INDICATES RECORD WAS SET OR TIED.
MM INDICATES DATA IS MISSING.
T  INDICATES TRACE AMOUNT.




$$
