000
CDUS45 KCYS 270334
CLIAIA


CLIMATE REPORT
NATIONAL WEATHER SERVICE CHEYENNE WY
934 PM MDT MON SEP 26 2016


...................................

...THE ALLIANCE NE AIRPORT CLIMATE SUMMARY FOR SEPTEMBER 26 2016...
VALID TODAY AS OF 0900 PM LOCAL TIME.

CLIMATE NORMAL PERIOD 1981 TO 2010
CLIMATE RECORD PERIOD 1896 TO 2016


WEATHER ITEM   OBSERVED TIME   RECORD YEAR NORMAL DEPARTURE LAST
                VALUE   (LST)  VALUE       VALUE  FROM      YEAR
                                                  NORMAL
..................................................................
TEMPERATURE (F)
 TODAY
  MAXIMUM         75    228 PM  90    2014  71      4       81
                                      1956
  MINIMUM         30    551 AM  15    1926  38     -8       56
  AVERAGE         53                        54     -1       69

PRECIPITATION (IN)
  TODAY            0.00          0.75 1930   0.04  -0.04     0.00
  MONTH TO DATE    1.44                      1.22   0.22     1.15
  SINCE JAN 1     15.27                     13.63   1.64    19.72

DEGREE DAYS
 HEATING
  TODAY           12                        11      1        0
  MONTH TO DATE  115                       161    -46       63
  SINCE SEP 1    115                       161    -46       63
  SINCE JUL 1    153                       198    -45      115

 COOLING
  TODAY            0                         0      0        4
  MONTH TO DATE   34                        38     -4       88
  SINCE SEP 1     34                        38     -4       88
  SINCE JAN 1    587                       561     26      566
..................................................................


WIND (MPH)
  HIGHEST WIND SPEED    21   HIGHEST WIND DIRECTION    NW (310)
  HIGHEST GUST SPEED    29   HIGHEST GUST DIRECTION     N (340)
  AVERAGE WIND SPEED     9.5


SKY COVER
  AVERAGE SKY COVER 0.0


WEATHER CONDITIONS
 THE FOLLOWING WEATHER WAS RECORDED TODAY.
  NO SIGNIFICANT WEATHER WAS OBSERVED.


RELATIVE HUMIDITY (PERCENT)
 HIGHEST   100           200 AM
 LOWEST     29          1200 PM
 AVERAGE    65

..........................................................


THE ALLIANCE NE AIRPORT CLIMATE NORMALS FOR TOMORROW
                         NORMAL    RECORD    YEAR
 MAXIMUM TEMPERATURE (F)   71        92      1952
 MINIMUM TEMPERATURE (F)   37        17      1908


SUNRISE AND SUNSET
SEPTEMBER 26 2016.....SUNRISE   643 AM MDT   SUNSET   640 PM MDT
SEPTEMBER 27 2016.....SUNRISE   644 AM MDT   SUNSET   639 PM MDT


-  INDICATES NEGATIVE NUMBERS.
R  INDICATES RECORD WAS SET OR TIED.
MM INDICATES DATA IS MISSING.
T  INDICATES TRACE AMOUNT.




$$
