000
CDAK48 PAKN 201205
CLIAKN

CLIMATE REPORT
NATIONAL WEATHER SERVICE KING SALMON, AK
305 AM AKST SAT DEC 20 2014

...................................
...THE KING SALMON AP CLIMATE SUMMARY FOR DECEMBER 19 2014...

CLIMATE NORMAL PERIOD  1981 TO  2010
CLIMATE RECORD PERIOD  1917 TO  2014

WEATHER ITEM   OBSERVED TIME    RECORD YEAR NORMAL DEPARTURE LAST
               VALUE    (LST)   VALUE       VALUE  FROM      YEAR
                                                   NORMAL
...................................................................
TEMPERATURE
YESTERDAY
 MAXIMUM            39  0307 PM    46  2000     26      13     35
 MINIMUM            24  0336 AM   -38  2001     11      13     32
 AVERAGE            32                          18      14     34

PRECIPITATION
(INCHES)
 YESTERDAY        0.00           0.46  1990   0.04   -0.04   0.09
 MONTH TO DATE    0.50                        0.83   -0.33   0.58
 SINCE DEC 1      0.50                        0.83   -0.33   0.58
 SINCE JAN 1     20.95                       19.09    1.86  23.99

SNOWFALL
(INCHES)
 YESTERDAY         0.0            4.5  1977    0.2    -0.2    0.0
 MONTH TO DATE     1.0                         6.4    -5.4    2.7
 SINCE DEC 1       1.0                         6.4    -5.4    2.7
 SINCE JUL 1       4.5                        16.2   -11.7   14.3
 SNOW DEPTH (IN)     T                                          2

DEGREE DAYS
 HEATING
  YESTERDAY         33                          47     -14     31
  MONTH TO DATE    620                         869    -249    869
  SINCE DEC 1      620                         869    -249    866
  SINCE JUL 1     3371                        4244    -873   3770

 COOLING
  YESTERDAY          0                           0       0      0
  MONTH TO DATE      0                           0       0      0
  SINCE DEC 1        0                           0       0      0
  SINCE JAN 1        0                           0       0      4
...................................................................

WIND (MPH)
 HIGHEST WIND SPEED    21     HIGHEST WIND DIRECTION     30
 HIGHEST GUST SPEED    27     HIGHEST GUST DIRECTION     30
 AVERAGE WIND SPEED  12.4

SKY COVER
  POSSIBLE SUNSHINE    MM          AVERAGE SKY COVER     MM

WEATHER CONDITIONS
 THE FOLLOWING WEATHER WAS RECORDED YESTERDAY.
  NO SIGNIFICANT WEATHER WAS OBSERVED.

RELATIVE HUMIDITY
 HIGHEST RH     MM PERCENT       MM
 LOWEST  RH     MM PERCENT       MM
 AVERAGE RH     MM PERCENT       MM
...................................................................

THE KING SALMON CLIMATE NORMALS FOR TODAY
                           NORMAL    RECORD   YEAR
 MAXIMUM TEMPERATURE (F)     26        46     1983
 MINIMUM TEMPERATURE (F)     10       -29     1965

SUNRISE AND SUNSET
 DEC 20 2014..........SUNRISE 10:17 AM      SUNSET  4:33 PM
 DEC 21 2014..........SUNRISE 10:17 AM      SUNSET  4:33 PM

-  INDICATES NEGATIVE NUMBERS.
R  INDICATES RECORD HAS BEEN SET OR TIED.
MM INDICATES DATA IS MISSING.
T  INDICATES TRACE OF PRECIPITATION.

&&
-------------------------------------------------------------------

AMOUNT OF DAYLIGHT TODAY  (HOUR:MIN)........6 HOURS 16 MINUTES
LOSS SINCE YESTERDAY (HOUR:MIN:SEC).........-0:00:15

$$
AM DEC 14
