000
CDAK48 PAKN 280021
CLIAKN

CLIMATE REPORT
NATIONAL WEATHER SERVICE KING SALMON, AK
421 PM AKDT WED AUG 27 2014

...................................
...THE KING SALMON AP CLIMATE SUMMARY FOR AUGUST 27 2014...
VALID TODAY AS OF 2:00 PM LOCAL TIME

CLIMATE NORMAL PERIOD  1981 TO  2010
CLIMATE RECORD PERIOD  1949 TO  2014

WEATHER ITEM   OBSERVED TIME    RECORD YEAR NORMAL DEPARTURE LAST
               VALUE    (LST)   VALUE       VALUE  FROM      YEAR
                                                   NORMAL
...................................................................
TEMPERATURE
TODAY
 MAXIMUM            56  0128 PM    76  1987     61      -5     61
 MINIMUM            44  0227 AM    33  1984     46      -2     48
 AVERAGE            50                          53      -3     55

PRECIPITATION
(INCHES)
 TODAY            0.22           0.89  1974   0.11    0.11   0.01
 MONTH TO DATE    3.35                        2.55    0.80   5.21
 SINCE JUN 1      8.98                        6.50    2.48   7.56
 SINCE JAN 1     14.11                       11.20    2.91  13.92

SNOWFALL
(INCHES)
 TODAY             0.0            0.0  2014    0.0     0.0    0.0
 MONTH TO DATE     0.0                         0.0     0.0    0.0
 SINCE JUN 1       0.0                         0.0     0.0    0.0
 SINCE JUL 1       0.0                         0.0     0.0    0.0
 SNOW DEPTH (IN)     0                                          0

DEGREE DAYS
 HEATING
  TODAY             15                          12       3     10
  MONTH TO DATE    177                         274     -97    236
  SINCE JUN 1      846                         971    -125    740
  SINCE JUL 1      415                         564    -149    458

 COOLING
  TODAY              0                           0       0      0
  MONTH TO DATE      0                           0       0      0
  SINCE JUN 1        0                           0       0      4
  SINCE JAN 1        0                           0       0      4
...................................................................

WIND (MPH)
 HIGHEST WIND SPEED    16     HIGHEST WIND DIRECTION     90
 HIGHEST GUST SPEED    21     HIGHEST GUST DIRECTION    110
 AVERAGE WIND SPEED    MM

SKY COVER
  POSSIBLE SUNSHINE  MM            AVERAGE SKY COVER MM

WEATHER CONDITIONS
 THE FOLLOWING WEATHER WAS RECORDED TODAY.
FOG
RAIN


RELATIVE HUMIDITY
 HIGHEST RH     MM PERCENT       MM
 LOWEST  RH     MM PERCENT       MM
 AVERAGE RH     MM PERCENT       MM
...................................................................

THE KING SALMON CLIMATE NORMALS FOR TOMORROW
                        NORMAL    RECORD   YEAR
 MAXIMUM TEMPERATURE      61        78     1962
 MINIMUM TEMPERATURE      45        31     1960

SUNRISE AND SUNSET
 AUG 27 2014..........SUNRISE  7:15 AM      SUNSET  9:41 PM
 AUG 28 2014..........SUNRISE  7:17 AM      SUNSET  9:38 PM

-  INDICATES NEGATIVE NUMBERS.
R  INDICATES RECORD HAS BEEN SET OR TIED.
MM INDICATES DATA IS MISSING.
T  INDICATES TRACE OF PRECIPITATION.

&&
-------------------------------------------------------------------

AMOUNT OF DAYLIGHT TODAY  (HOUR:MIN)........14 HOURS 26 MINUTES
GAIN/LOSS SINCE YESTERDAY (HOUR:MIN:SEC)....-0:05:01

$$
FS AUG 14
