000
CDAK48 PAKN 051109
CLIAKN

CLIMATE REPORT
NATIONAL WEATHER SERVICE KING SALMON, AK
310 AM AKDT SUN JUL 5 2015

...................................
...THE KING SALMON AP CLIMATE SUMMARY FOR JULY 4 2015...

CLIMATE NORMAL PERIOD  1981 TO  2010
CLIMATE RECORD PERIOD  1917 TO  2015

WEATHER ITEM   OBSERVED TIME    RECORD YEAR NORMAL DEPARTURE LAST
               VALUE    (LST)   VALUE       VALUE  FROM      YEAR
                                                   NORMAL
...................................................................
TEMPERATURE
YESTERDAY
 MAXIMUM            66  0503 PM    84  1997     64       2     73
 MINIMUM            53  0726 AM    37  2013     46       7     44
 AVERAGE            60                          55       5     59

PRECIPITATION
(INCHES)
 YESTERDAY        0.18           0.59  2012   0.07    0.11   0.00
 MONTH TO DATE    0.18                        0.25   -0.07   0.00
 SINCE JUN 1      1.02                        1.90   -0.88   3.25
 SINCE JAN 1      8.26                        6.60    1.66   8.38

SNOWFALL
(INCHES)
 YESTERDAY         0.0            0.0  2015    0.0     0.0    0.0
 MONTH TO DATE     0.0                         0.0     0.0    0.0
 SINCE JUN 1       0.0                         0.0     0.0    0.0
 SINCE JUL 1       0.0                         0.0     0.0    0.0
 SNOW DEPTH (IN)     0                                          0

DEGREE DAYS
 HEATING
  YESTERDAY          5                          10      -5      6
  MONTH TO DATE     23                          41     -18     29
  SINCE JUN 1      272                         448    -176    460
  SINCE JUL 1       23                          41     -18     29

 COOLING
  YESTERDAY          0                           0       0      0
  MONTH TO DATE      0                           0       0      0
  SINCE JUN 1        2                           0       2      0
  SINCE JAN 1        2                           0       2      0
...................................................................

WIND (MPH)
 HIGHEST WIND SPEED    28     HIGHEST WIND DIRECTION    170
 HIGHEST GUST SPEED    35     HIGHEST GUST DIRECTION    110
 AVERAGE WIND SPEED  12.5

SKY COVER
  POSSIBLE SUNSHINE    MM          AVERAGE SKY COVER     MM

WEATHER CONDITIONS
 THE FOLLOWING WEATHER WAS RECORDED YESTERDAY.
  RAIN


RELATIVE HUMIDITY
 HIGHEST RH     MM PERCENT       MM
 LOWEST  RH     MM PERCENT       MM
 AVERAGE RH     MM PERCENT       MM
...................................................................

THE KING SALMON CLIMATE NORMALS FOR TODAY
                           NORMAL    RECORD   YEAR
 MAXIMUM TEMPERATURE (F)     64        80     1949
 MINIMUM TEMPERATURE (F)     47        31     2013

SUNRISE AND SUNSET
 JUL 5 2015..........SUNRISE  5:27 AM      SUNSET 11:35 PM
 JUL 6 2015..........SUNRISE  5:29 AM      SUNSET 11:34 PM

-  INDICATES NEGATIVE NUMBERS.
R  INDICATES RECORD HAS BEEN SET OR TIED.
MM INDICATES DATA IS MISSING.
T  INDICATES TRACE OF PRECIPITATION.

&&
-------------------------------------------------------------------

AMOUNT OF DAYLIGHT TODAY  (HOUR:MIN)........18 HOURS 8 MINUTES
LOSS SINCE YESTERDAY (HOUR:MIN:SEC).........-0:02:06

$$
AM JUL 15
