000
CDAK48 PAKN 281309
CLIAKN


CLIMATE REPORT
NATIONAL WEATHER SERVICE ANCHORAGE, AK
509 AM AKDT FRI APR 28 2017


...................................

...THE KING SALMON CLIMATE SUMMARY FOR APRIL 27 2017...

CLIMATE NORMAL PERIOD 1981 TO 2010
CLIMATE RECORD PERIOD 1917 TO 2017


WEATHER ITEM   OBSERVED TIME   RECORD YEAR NORMAL DEPARTURE LAST
                VALUE   (LST)  VALUE       VALUE  FROM      YEAR
                                                  NORMAL
..................................................................
TEMPERATURE (F)
 YESTERDAY
  MAXIMUM         52   1224 PM  61    2012  47      5       54
  MINIMUM         24    618 AM   8    1975  29     -5       32
  AVERAGE         38                        38      0       43

PRECIPITATION (IN)
  YESTERDAY        T             0.54 1933   0.03  -0.03     0.00
  MONTH TO DATE    0.73                      0.86  -0.13     0.83
  SINCE MAR 1      0.78                      1.56  -0.78     2.78
  SINCE JAN 1      1.98                      3.34  -1.36     4.22

SNOWFALL (IN)
  YESTERDAY        0.0          MM      MM   0.1   -0.1      0.0
  MONTH TO DATE    2.9                       3.7   -0.8      0.0
  SINCE MAR 1      3.3                      10.1   -6.8      0.0
  SINCE JUL 1     26.0                      45.6  -19.6     13.1
  SNOW DEPTH       0

DEGREE DAYS
 HEATING
  YESTERDAY       27                        27      0       22
  MONTH TO DATE  700                       862   -162      594
  SINCE MAR 1   2324                      2128    196     1543
  SINCE JUL 1   9457                      9748   -291     7234

 COOLING
  YESTERDAY        0                         0      0        0
  MONTH TO DATE    0                         0      0        0
  SINCE MAR 1      0                         0      0        0
  SINCE JAN 1      0                         0      0        0
..................................................................


WIND (MPH)
  RESULTANT WIND SPEED   2   RESULTANT WIND DIRECTION  SW (210)
  HIGHEST WIND SPEED    14   HIGHEST WIND DIRECTION     W (270)
  HIGHEST GUST SPEED    17   HIGHEST GUST DIRECTION     W (280)
  AVERAGE WIND SPEED     5.2



WEATHER CONDITIONS
 THE FOLLOWING WEATHER WAS RECORDED YESTERDAY.
  NO SIGNIFICANT WEATHER WAS OBSERVED.


RELATIVE HUMIDITY (PERCENT)
 HIGHEST   100
 LOWEST     56
 AVERAGE    78

..........................................................


THE KING SALMON CLIMATE NORMALS FOR TODAY
                         NORMAL    RECORD    YEAR
 MAXIMUM TEMPERATURE (F)   48        68      2005
 MINIMUM TEMPERATURE (F)   30         8      1975
                                             1964


SUNRISE AND SUNSET
APRIL 28 2017.........SUNRISE   637 AM AKDT  SUNSET  1012 PM AKDT
APRIL 29 2017.........SUNRISE   635 AM AKDT  SUNSET  1015 PM AKDT


-  INDICATES NEGATIVE NUMBERS.
R  INDICATES RECORD WAS SET OR TIED.
MM INDICATES DATA IS MISSING.
T  INDICATES TRACE AMOUNT.




$$
