000
CDAK48 PAFC 220942
CLIAKN


CLIMATE REPORT
NATIONAL WEATHER SERVICE ANCHORAGE, AK
142 AM AKDT TUE AUG 22 2017


...................................

...THE KING SALMON CLIMATE SUMMARY FOR AUGUST 21 2017...

CLIMATE NORMAL PERIOD 1981 TO 2010
CLIMATE RECORD PERIOD 1917 TO 2017


WEATHER ITEM   OBSERVED TIME   RECORD YEAR NORMAL DEPARTURE LAST
                VALUE   (LST)  VALUE       VALUE  FROM      YEAR
                                                  NORMAL
..................................................................
TEMPERATURE (F)
 YESTERDAY
  MAXIMUM         67        MM  80    1977  62      5       58
  MINIMUM         45        MM  32    1971  46     -1       54
  AVERAGE         56                        54      2       56

PRECIPITATION (IN)
  YESTERDAY        0.00          0.93 2013   0.09  -0.09     0.81
  MONTH TO DATE    1.88                      1.94  -0.06     3.94
  SINCE JUN 1      6.12                      5.89   0.23     9.71
  SINCE JAN 1      9.19                     10.59  -1.40    17.12

SNOWFALL (IN)
  YESTERDAY        0.0          MM      MM   0.0    0.0      0.0
  MONTH TO DATE    0.0                       0.0    0.0      0.0
  SINCE JUN 1      0.0                       T      0.0      0.0
  SINCE JUL 1      0.0                       0.0    0.0      0.0
  SNOW DEPTH       0

DEGREE DAYS
 HEATING
  YESTERDAY        9                        11     -2        9
  MONTH TO DATE  164                       207    -43      113
  SINCE JUN 1    704                       907   -203      538
  SINCE JUL 1    374                       500   -126      279

 COOLING
  YESTERDAY        0                         0      0        0
  MONTH TO DATE    0                         0      0        0
  SINCE JUN 1      1                         0      1        0
  SINCE JAN 1      1                         0      1        0
..................................................................


WIND (MPH)
  RESULTANT WIND SPEED  14   RESULTANT WIND DIRECTION  NW (330)
  HIGHEST WIND SPEED    23   HIGHEST WIND DIRECTION     N (340)
  HIGHEST GUST SPEED    32   HIGHEST GUST DIRECTION     N (340)
  AVERAGE WIND SPEED    14.2



WEATHER CONDITIONS
 THE FOLLOWING WEATHER WAS RECORDED YESTERDAY.
  HAZE


RELATIVE HUMIDITY (PERCENT)
 HIGHEST    86
 LOWEST     44
 AVERAGE    65

..........................................................


THE KING SALMON CLIMATE NORMALS FOR TODAY
                         NORMAL    RECORD    YEAR
 MAXIMUM TEMPERATURE (F)   62        76      1987
 MINIMUM TEMPERATURE (F)   46        33      1981
                                             1980


SUNRISE AND SUNSET
AUGUST 22 2017........SUNRISE   704 AM AKDT  SUNSET   953 PM AKDT
AUGUST 23 2017........SUNRISE   706 AM AKDT  SUNSET   951 PM AKDT


-  INDICATES NEGATIVE NUMBERS.
R  INDICATES RECORD WAS SET OR TIED.
MM INDICATES DATA IS MISSING.
T  INDICATES TRACE AMOUNT.




$$
