042
CDAK48 PAKN 261304
CLIAKN


CLIMATE REPORT
NATIONAL WEATHER SERVICE ANCHORAGE, AK
504 AM AKDT SUN MAR 26 2017


...................................

...THE KING SALMON CLIMATE SUMMARY FOR MARCH 25 2017...

CLIMATE NORMAL PERIOD 1981 TO 2010
CLIMATE RECORD PERIOD 1917 TO 2017


WEATHER ITEM   OBSERVED TIME   RECORD YEAR NORMAL DEPARTURE LAST
                VALUE   (LST)  VALUE       VALUE  FROM      YEAR
                                                  NORMAL
..................................................................
TEMPERATURE (F)
 YESTERDAY
  MAXIMUM         27    438 PM  54    1934  35     -8       43
  MINIMUM          2    737 AM -20    1975  18    -16       31
  AVERAGE         15                        26    -11       37

PRECIPITATION (IN)
  YESTERDAY        0.00          0.28 1933   0.02  -0.02     0.25
  MONTH TO DATE    0.00                      0.56  -0.56     0.83
  SINCE MAR 1      0.00                      0.56  -0.56     0.83
  SINCE JAN 1      1.20                      2.34  -1.14     2.27

SNOWFALL (IN)
  YESTERDAY        0.0          MM      MM   0.2   -0.2     MM
  MONTH TO DATE    0.0                       5.3   -5.3      0.0
  SINCE MAR 1      0.0                       5.3   -5.3      0.0
  SINCE JUL 1     22.7                      40.8  -18.1     13.1
  SNOW DEPTH       0

DEGREE DAYS
 HEATING
  YESTERDAY       50                        39     11       28
  MONTH TO DATE 1363                      1038    325      794
  SINCE MAR 1   1363                      1038    325      794
  SINCE JUL 1   8496                      8658   -162     6485

 COOLING
  YESTERDAY        0                         0      0        0
  MONTH TO DATE    0                         0      0        0
  SINCE MAR 1      0                         0      0        0
  SINCE JAN 1      0                         0      0        0
..................................................................


WIND (MPH)
  RESULTANT WIND SPEED  10   RESULTANT WIND DIRECTION   N (0)
  HIGHEST WIND SPEED    17   HIGHEST WIND DIRECTION     N (20)
  HIGHEST GUST SPEED    21   HIGHEST GUST DIRECTION     N (20)
  AVERAGE WIND SPEED     9.7



WEATHER CONDITIONS
 THE FOLLOWING WEATHER WAS RECORDED YESTERDAY.
  NO SIGNIFICANT WEATHER WAS OBSERVED.


RELATIVE HUMIDITY (PERCENT)
 HIGHEST    87
 LOWEST     46
 AVERAGE    67

..........................................................


THE KING SALMON CLIMATE NORMALS FOR TODAY
                         NORMAL    RECORD    YEAR
 MAXIMUM TEMPERATURE (F)   35        59      1934
 MINIMUM TEMPERATURE (F)   18       -18      2013


SUNRISE AND SUNSET
MARCH 26 2017.........SUNRISE   810 AM AKDT  SUNSET   856 PM AKDT
MARCH 27 2017.........SUNRISE   807 AM AKDT  SUNSET   858 PM AKDT


-  INDICATES NEGATIVE NUMBERS.
R  INDICATES RECORD WAS SET OR TIED.
MM INDICATES DATA IS MISSING.
T  INDICATES TRACE AMOUNT.




$$
