000
CDAK48 PAKN 241205
CLIAKN

CLIMATE REPORT
NATIONAL WEATHER SERVICE KING SALMON, AK
405 AM AKDT WED AUG 24 2016

...................................
...THE KING SALMON AP CLIMATE SUMMARY FOR AUGUST 23 2016...

CLIMATE NORMAL PERIOD  1981 TO  2010
CLIMATE RECORD PERIOD  1917 TO  2016

WEATHER ITEM   OBSERVED TIME    RECORD YEAR NORMAL DEPARTURE LAST
               VALUE    (LST)   VALUE       VALUE  FROM      YEAR
                                                   NORMAL
...................................................................
TEMPERATURE
YESTERDAY
 MAXIMUM            70  0416 PM    76  1979     62       8     64
 MINIMUM            55  0557 AM    33  2011     46       9     50
 AVERAGE            63                          54       9     57

PRECIPITATION
(INCHES)
 YESTERDAY        0.16           1.25  1928   0.10    0.06      T
 MONTH TO DATE    4.71                        2.14    2.57   1.35
 SINCE JUN 1     10.51                        6.09    4.42   5.30
 SINCE JAN 1     17.92                       10.79    7.13  12.54

SNOWFALL
(INCHES)
 YESTERDAY         0.0            0.0  2016    0.0     0.0    0.0
 MONTH TO DATE     0.0                         0.0     0.0    0.0
 SINCE JUN 1       0.0                         0.0     0.0    0.0
 SINCE JUL 1       0.0                         0.0     0.0    0.0
 SNOW DEPTH (IN)     0                                          0

DEGREE DAYS
 HEATING
  YESTERDAY          2                          11      -9      8
  MONTH TO DATE    126                         229    -103    180
  SINCE JUN 1      573                         926    -353    659
  SINCE JUL 1      302                         519    -217    410

 COOLING
  YESTERDAY          0                           0       0      0
  MONTH TO DATE      0                           0       0      0
  SINCE JUN 1        0                           0       0      2
  SINCE JAN 1        0                           0       0      2
...................................................................

WIND (MPH)
 HIGHEST WIND SPEED    21     HIGHEST WIND DIRECTION    180
 HIGHEST GUST SPEED    26     HIGHEST GUST DIRECTION    180
 AVERAGE WIND SPEED   5.6

SKY COVER
  POSSIBLE SUNSHINE    MM          AVERAGE SKY COVER     MM

WEATHER CONDITIONS
 THE FOLLOWING WEATHER WAS RECORDED YESTERDAY.
  FOG
RAIN


RELATIVE HUMIDITY
 HIGHEST RH     MM PERCENT       MM
 LOWEST  RH     MM PERCENT       MM
 AVERAGE RH     MM PERCENT       MM
...................................................................

THE KING SALMON CLIMATE NORMALS FOR TODAY
                           NORMAL    RECORD   YEAR
 MAXIMUM TEMPERATURE (F)     62        78     1957
 MINIMUM TEMPERATURE (F)     46        32     1961

SUNRISE AND SUNSET
 AUG 24 2016..........SUNRISE  7:09 AM      SUNSET  9:48 PM
 AUG 25 2016..........SUNRISE  7:12 AM      SUNSET  9:45 PM

-  INDICATES NEGATIVE NUMBERS.
R  INDICATES RECORD HAS BEEN SET OR TIED.
MM INDICATES DATA IS MISSING.
T  INDICATES TRACE OF PRECIPITATION.

&&
-------------------------------------------------------------------

AMOUNT OF DAYLIGHT TODAY  (HOUR:MIN)........14 HOURS 39 MINUTES
GAIN/LOSS SINCE YESTERDAY (HOUR:MIN:SEC)....-0:05:00

$$
FS AUG 16
