000
CDUS45 KBOU 301226
CLIAKO


CLIMATE REPORT
NATIONAL WEATHER SERVICE BOULDER, CO
626 AM MDT THU JUL 30 2015


...................................

...THE AKRON CO CLIMATE SUMMARY FOR JULY 29 2015...

CLIMATE NORMAL PERIOD 1981 TO 2010
CLIMATE RECORD PERIOD 9999 TO 9999


WEATHER ITEM   OBSERVED TIME   RECORD YEAR NORMAL DEPARTURE LAST
                VALUE   (LST)  VALUE       VALUE  FROM      YEAR
                                                  NORMAL
..................................................................
TEMPERATURE (F)
 YESTERDAY
  MAXIMUM         82    348 PM 100    2005  88     -6
  MINIMUM         57    310 AM  47    1917  60     -3
  AVERAGE         70                        74     -4

PRECIPITATION (IN)
  YESTERDAY        0.00          1.05 2014   0.08  -0.08     1.05
  MONTH TO DATE    1.82                      2.37  -0.55     2.17
  SINCE JUN 1      2.87                      4.83  -1.96     5.99
  SINCE JAN 1     10.88                     11.01  -0.13    10.69

DEGREE DAYS
 HEATING
  YESTERDAY        0
  MONTH TO DATE    4

 COOLING
  YESTERDAY        5
  MONTH TO DATE  215
..................................................................


WIND (MPH)
  HIGHEST WIND SPEED    28   HIGHEST WIND DIRECTION     S (160)
  HIGHEST GUST SPEED    39   HIGHEST GUST DIRECTION    SE (140)




RELATIVE HUMIDITY (PERCENT)
 HIGHEST    72
 LOWEST     28
 AVERAGE    50

..........................................................


THE AKRON CO CLIMATE NORMALS FOR TODAY
                         NORMAL    RECORD    YEAR
 MAXIMUM TEMPERATURE (F)   88       101      2005
 MINIMUM TEMPERATURE (F)   60        43      1971


SUNRISE AND SUNSET
JULY 30 2015..........SUNRISE   549 AM MDT   SUNSET   809 PM MDT
JULY 31 2015..........SUNRISE   550 AM MDT   SUNSET   808 PM MDT


-  INDICATES NEGATIVE NUMBERS.
R  INDICATES RECORD WAS SET OR TIED.
MM INDICATES DATA IS MISSING.
T  INDICATES TRACE AMOUNT.




$$
