000
CDUS45 KBOU 241108
CLIAKO

CLIMATE REPORT
NATIONAL WEATHER SERVICE BOULDER, CO
125 AM MDT THU JUL 24 2014


...................................

...THE AKRON CO CLIMATE SUMMARY FOR JULY 23 2014...

CLIMATE NORMAL PERIOD 1981 TO 2010

WEATHER ITEM   OBSERVED TIME   RECORD YEAR NORMAL DEPARTURE LAST
                VALUE   (LST)  VALUE       VALUE  FROM      YEAR
                                                  NORMAL
..................................................................
TEMPERATURE (F)
 YESTERDAY
  MAXIMUM         92    347 PM 103    2005  89      3
  MINIMUM         66    942 AM  48    1950  60      6
  AVERAGE         79                        74      5

PRECIPITATION (IN)
  YESTERDAY        T             0.77 1993   0.09  -0.09     0.00
  MONTH TO DATE    1.12                      1.83  -0.71     3.01
  SINCE JUN 1      4.94                      4.29   0.65     4.21
  SINCE JAN 1      9.64                     10.47  -0.83     8.10

DEGREE DAYS
 HEATING
  YESTERDAY        0
  MONTH TO DATE   10

 COOLING
  YESTERDAY       14
  MONTH TO DATE  205
..................................................................


WIND (MPH)
  HIGHEST WIND SPEED    30   HIGHEST WIND DIRECTION    SE (150)
  HIGHEST GUST SPEED    40   HIGHEST GUST DIRECTION     S (160)




RELATIVE HUMIDITY (PERCENT)
 HIGHEST    93
 LOWEST     32
 AVERAGE    63

..........................................................


THE AKRON CO CLIMATE NORMALS FOR TODAY
                         NORMAL    RECORD    YEAR
 MAXIMUM TEMPERATURE (F)   89       106      1940
 MINIMUM TEMPERATURE (F)   60        51      1991


SUNRISE AND SUNSET
JULY 24 2014..........SUNRISE   544 AM MDT   SUNSET   815 PM MDT
JULY 25 2014..........SUNRISE   545 AM MDT   SUNSET   814 PM MDT


-  INDICATES NEGATIVE NUMBERS.
R  INDICATES RECORD WAS SET OR TIED.
MM INDICATES DATA IS MISSING.
T  INDICATES TRACE AMOUNT.




$$
