000
CDUS45 KBOU 270725
CLIAKO


CLIMATE REPORT
NATIONAL WEATHER SERVICE DENVER/BOULDER CO
125 AM MDT FRI MAY 27 2016


...................................

...THE AKRON CO CLIMATE SUMMARY FOR MAY 26 2016...

CLIMATE NORMAL PERIOD 1981 TO 2010
CLIMATE RECORD PERIOD 9999 TO 9999


WEATHER ITEM   OBSERVED TIME   RECORD YEAR NORMAL DEPARTURE LAST
                VALUE   (LST)  VALUE       VALUE  FROM      YEAR
                                                  NORMAL
..................................................................
TEMPERATURE (F)
 YESTERDAY
  MAXIMUM         72    137 PM  97    1942  74     -2
  MINIMUM         47   1013 PM  31    1992  47      0
  AVERAGE         60                        60      0

PRECIPITATION (IN)
  YESTERDAY        0.68          2.02 1967   0.11   0.57     0.00
  MONTH TO DATE    2.03                      2.40  -0.37     5.53
  SINCE MAR 1      5.31                      4.92   0.39     7.24
  SINCE JAN 1      5.42                      5.66  -0.24     7.52

DEGREE DAYS
 HEATING
  YESTERDAY        5
  MONTH TO DATE  289

 COOLING
  YESTERDAY        0
  MONTH TO DATE    5
..................................................................


WIND (MPH)
  HIGHEST WIND SPEED    38   HIGHEST WIND DIRECTION     N (340)
  HIGHEST GUST SPEED    42   HIGHEST GUST DIRECTION     N (340)




RELATIVE HUMIDITY (PERCENT)
 HIGHEST    93
 LOWEST     35
 AVERAGE    64

..........................................................


THE AKRON CO CLIMATE NORMALS FOR TODAY
                         NORMAL    RECORD    YEAR
 MAXIMUM TEMPERATURE (F)   74        92      2006
 MINIMUM TEMPERATURE (F)   47        33      1950


SUNRISE AND SUNSET
MAY 27 2016...........SUNRISE   528 AM MDT   SUNSET   813 PM MDT
MAY 28 2016...........SUNRISE   527 AM MDT   SUNSET   814 PM MDT


-  INDICATES NEGATIVE NUMBERS.
R  INDICATES RECORD WAS SET OR TIED.
MM INDICATES DATA IS MISSING.
T  INDICATES TRACE AMOUNT.




$$
