000
CDUS45 KBOU 050725
CLIAKO


CLIMATE REPORT
NATIONAL WEATHER SERVICE BOULDER, CO
1225 AM MST THU MAR 5 2015


...................................

...THE AKRON CO CLIMATE SUMMARY FOR MARCH 4 2015...

CLIMATE NORMAL PERIOD 1981 TO 2010
CLIMATE RECORD PERIOD 9999 TO 9999


WEATHER ITEM   OBSERVED TIME   RECORD YEAR NORMAL DEPARTURE LAST
                VALUE   (LST)  VALUE       VALUE  FROM      YEAR
                                                  NORMAL
..................................................................
TEMPERATURE (F)
 YESTERDAY
  MAXIMUM         23    428 PM  75    2009  49    -26
  MINIMUM          8    733 AM -15    1960  24    -16
  AVERAGE         16                        36    -20

PRECIPITATION (IN)
  YESTERDAY        0.01          0.50 1981   0.02  -0.01     0.03
  MONTH TO DATE    0.01                      0.08  -0.07     0.03
  SINCE MAR 1      0.01                      0.08  -0.07     0.03
  SINCE JAN 1      0.29                      0.82  -0.53     0.46

DEGREE DAYS
 HEATING
  YESTERDAY       49
  MONTH TO DATE  170

 COOLING
  YESTERDAY        0
  MONTH TO DATE    0
..................................................................


WIND (MPH)
  HIGHEST WIND SPEED    17   HIGHEST WIND DIRECTION    NE (30)
  HIGHEST GUST SPEED    20   HIGHEST GUST DIRECTION    NE (30)




RELATIVE HUMIDITY (PERCENT)
 HIGHEST    92
 LOWEST     45
 AVERAGE    69

..........................................................


THE AKRON CO CLIMATE NORMALS FOR TODAY
                         NORMAL    RECORD    YEAR
 MAXIMUM TEMPERATURE (F)   49        72      2000
 MINIMUM TEMPERATURE (F)   24       -15      1943


SUNRISE AND SUNSET
MARCH  5 2015.........SUNRISE   621 AM MST   SUNSET   549 PM MST
MARCH  6 2015.........SUNRISE   619 AM MST   SUNSET   550 PM MST


-  INDICATES NEGATIVE NUMBERS.
R  INDICATES RECORD WAS SET OR TIED.
MM INDICATES DATA IS MISSING.
T  INDICATES TRACE AMOUNT.




$$
