000
CDUS45 KBOU 020725
CLIAKO


CLIMATE REPORT
NATIONAL WEATHER SERVICE BOULDER, CO
125 AM MDT TUE SEP 2 2014


...................................

...THE AKRON CO CLIMATE SUMMARY FOR SEPTEMBER 1 2014...

CLIMATE NORMAL PERIOD 1981 TO 2010
CLIMATE RECORD PERIOD 9999 TO 9999


WEATHER ITEM   OBSERVED TIME   RECORD YEAR NORMAL DEPARTURE LAST
                VALUE   (LST)  VALUE       VALUE  FROM      YEAR
                                                  NORMAL
..................................................................
TEMPERATURE (F)
 YESTERDAY
  MAXIMUM         79    414 PM  98    1995  83     -4
  MINIMUM         50    114 AM  40    1952  55     -5
  AVERAGE         65                        69     -4

PRECIPITATION (IN)
  YESTERDAY        0.00          1.23 1951   0.05  -0.05     0.00
  MONTH TO DATE    0.00                      0.05  -0.05     0.00
  SINCE SEP 1      0.00                      0.05  -0.05     0.00
  SINCE JAN 1     15.60                     13.54   2.06    11.42

DEGREE DAYS
 HEATING
  YESTERDAY        0
  MONTH TO DATE    0

 COOLING
  YESTERDAY        0
  MONTH TO DATE    0
..................................................................


WIND (MPH)
  HIGHEST WIND SPEED    12   HIGHEST WIND DIRECTION    NW (320)
  HIGHEST GUST SPEED    13   HIGHEST GUST DIRECTION     S (190)




RELATIVE HUMIDITY (PERCENT)
 HIGHEST    89
 LOWEST     23
 AVERAGE    56

..........................................................


THE AKRON CO CLIMATE NORMALS FOR TODAY
                         NORMAL    RECORD    YEAR
 MAXIMUM TEMPERATURE (F)   83        98      1958
 MINIMUM TEMPERATURE (F)   55        38      1952


SUNRISE AND SUNSET
SEPTEMBER  2 2014.....SUNRISE   621 AM MDT   SUNSET   723 PM MDT
SEPTEMBER  3 2014.....SUNRISE   622 AM MDT   SUNSET   721 PM MDT


-  INDICATES NEGATIVE NUMBERS.
R  INDICATES RECORD WAS SET OR TIED.
MM INDICATES DATA IS MISSING.
T  INDICATES TRACE AMOUNT.




$$
