000
CDUS45 KBOU 270725
CLIAKO


CLIMATE REPORT
NATIONAL WEATHER SERVICE DENVER/BOULDER CO
125 AM MDT SAT MAY 27 2017


...................................

...THE AKRON CO CLIMATE SUMMARY FOR MAY 26 2017...

CLIMATE NORMAL PERIOD 1981 TO 2010
CLIMATE RECORD PERIOD 9999 TO 9999


WEATHER ITEM   OBSERVED TIME   RECORD YEAR NORMAL DEPARTURE LAST
                VALUE   (LST)  VALUE       VALUE  FROM      YEAR
                                                  NORMAL
..................................................................
TEMPERATURE (F)
 YESTERDAY
  MAXIMUM         67    120 PM  97    1942  74     -7
  MINIMUM         42    531 AM  31    1992  47     -5
  AVERAGE         55                        60     -5

PRECIPITATION (IN)
  YESTERDAY        0.01          2.02 1967   0.11  -0.10     0.68
  MONTH TO DATE    2.82                      2.40   0.42     2.03
  SINCE MAR 1      6.54                      4.92   1.62     5.31
  SINCE JAN 1      6.65                      5.66   0.99     5.42

DEGREE DAYS
 HEATING
  YESTERDAY       10
  MONTH TO DATE  257

 COOLING
  YESTERDAY        0
  MONTH TO DATE    9
..................................................................


WIND (MPH)
  HIGHEST WIND SPEED    26   HIGHEST WIND DIRECTION    SE (150)
  HIGHEST GUST SPEED    32   HIGHEST GUST DIRECTION    SE (150)




RELATIVE HUMIDITY (PERCENT)
 HIGHEST    89
 LOWEST     52
 AVERAGE    71

..........................................................


THE AKRON CO CLIMATE NORMALS FOR TODAY
                         NORMAL    RECORD    YEAR
 MAXIMUM TEMPERATURE (F)   74        92      2006
 MINIMUM TEMPERATURE (F)   47        33      1950


SUNRISE AND SUNSET
MAY 27 2017...........SUNRISE   528 AM MDT   SUNSET   813 PM MDT
MAY 28 2017...........SUNRISE   527 AM MDT   SUNSET   813 PM MDT


-  INDICATES NEGATIVE NUMBERS.
R  INDICATES RECORD WAS SET OR TIED.
MM INDICATES DATA IS MISSING.
T  INDICATES TRACE AMOUNT.




$$
