000
CDUS45 KBOU 170725
CLIAKO


CLIMATE REPORT
NATIONAL WEATHER SERVICE BOULDER, CO
125 AM MDT WED SEP 17 2014


...................................

...THE AKRON CO CLIMATE SUMMARY FOR SEPTEMBER 16 2014...

CLIMATE NORMAL PERIOD 1981 TO 2010
CLIMATE RECORD PERIOD 9999 TO 9999


WEATHER ITEM   OBSERVED TIME   RECORD YEAR NORMAL DEPARTURE LAST
                VALUE   (LST)  VALUE       VALUE  FROM      YEAR
                                                  NORMAL
..................................................................
TEMPERATURE (F)
 YESTERDAY
  MAXIMUM         87    204 PM  95    2000  77     10
  MINIMUM         51    140 AM  29    1965  49      2
  AVERAGE         69                        63      6

PRECIPITATION (IN)
  YESTERDAY        0.00          0.74 1958   0.03  -0.03     0.00
  MONTH TO DATE    0.31                      0.66  -0.35     1.69
  SINCE SEP 1      0.31                      0.66  -0.35     1.69
  SINCE JAN 1     15.91                     14.15   1.76    13.11

DEGREE DAYS
 HEATING
  YESTERDAY        0
  MONTH TO DATE   89

 COOLING
  YESTERDAY        4
  MONTH TO DATE   33
..................................................................


WIND (MPH)
  HIGHEST WIND SPEED    29   HIGHEST WIND DIRECTION    NW (320)
  HIGHEST GUST SPEED    35   HIGHEST GUST DIRECTION    NW (310)




RELATIVE HUMIDITY (PERCENT)
 HIGHEST    96
 LOWEST     15
 AVERAGE    56

..........................................................


THE AKRON CO CLIMATE NORMALS FOR TODAY
                         NORMAL    RECORD    YEAR
 MAXIMUM TEMPERATURE (F)   76        96      2000
 MINIMUM TEMPERATURE (F)   49        28      1965


SUNRISE AND SUNSET
SEPTEMBER 17 2014.....SUNRISE   636 AM MDT   SUNSET   658 PM MDT
SEPTEMBER 18 2014.....SUNRISE   637 AM MDT   SUNSET   657 PM MDT


-  INDICATES NEGATIVE NUMBERS.
R  INDICATES RECORD WAS SET OR TIED.
MM INDICATES DATA IS MISSING.
T  INDICATES TRACE AMOUNT.




$$
