000
CDUS45 KBOU 230725
CLIAKO


CLIMATE REPORT
NATIONAL WEATHER SERVICE DENVER/BOULDER CO
125 AM MDT SAT SEP 23 2017


...................................

...THE AKRON CO CLIMATE SUMMARY FOR SEPTEMBER 22 2017...

CLIMATE NORMAL PERIOD 1981 TO 2010
CLIMATE RECORD PERIOD 9999 TO 9999


WEATHER ITEM   OBSERVED TIME   RECORD YEAR NORMAL DEPARTURE LAST
                VALUE   (LST)  VALUE       VALUE  FROM      YEAR
                                                  NORMAL
..................................................................
TEMPERATURE (F)
 YESTERDAY
  MAXIMUM         86    159 PM  93    1953  74     12
  MINIMUM         48    607 AM  30    1995  46      2
  AVERAGE         67                        60      7

PRECIPITATION (IN)
  YESTERDAY        0.00          1.92 1941   0.04  -0.04     0.00
  MONTH TO DATE    0.16                      0.87  -0.71     1.31
  SINCE SEP 1      0.16                      0.87  -0.71     1.31
  SINCE JAN 1     11.95                     14.36  -2.41    16.04

DEGREE DAYS
 HEATING
  YESTERDAY        0
  MONTH TO DATE   25

 COOLING
  YESTERDAY        2
  MONTH TO DATE  126
..................................................................


WIND (MPH)
  HIGHEST WIND SPEED    28   HIGHEST WIND DIRECTION     S (160)
  HIGHEST GUST SPEED    37   HIGHEST GUST DIRECTION     S (170)




RELATIVE HUMIDITY (PERCENT)
 HIGHEST    66
 LOWEST     14
 AVERAGE    40

..........................................................


THE AKRON CO CLIMATE NORMALS FOR TODAY
                         NORMAL    RECORD    YEAR
 MAXIMUM TEMPERATURE (F)   74        92      1958
 MINIMUM TEMPERATURE (F)   46        30      1946


SUNRISE AND SUNSET
SEPTEMBER 23 2017.....SUNRISE   642 AM MDT   SUNSET   648 PM MDT
SEPTEMBER 24 2017.....SUNRISE   643 AM MDT   SUNSET   646 PM MDT


-  INDICATES NEGATIVE NUMBERS.
R  INDICATES RECORD WAS SET OR TIED.
MM INDICATES DATA IS MISSING.
T  INDICATES TRACE AMOUNT.




$$
