000
CDUS45 KBOU 240735
CLIAKO


CLIMATE REPORT
NATIONAL WEATHER SERVICE DENVER/BOULDER CO
1233 AM MST FRI NOV 24 2017


...................................

...THE AKRON CO CLIMATE SUMMARY FOR NOVEMBER 23 2017...

CLIMATE NORMAL PERIOD 1981 TO 2010
CLIMATE RECORD PERIOD 9999 TO 9999


WEATHER ITEM   OBSERVED TIME   RECORD YEAR NORMAL DEPARTURE LAST
                VALUE   (LST)  VALUE       VALUE  FROM      YEAR
                                                  NORMAL
..................................................................
TEMPERATURE (F)
 YESTERDAY
  MAXIMUM         71R   156 PM  66    1988  46     25
  MINIMUM         38    126 AM   0    1952  22     16
  AVERAGE         55                        34     21

PRECIPITATION (IN)
  YESTERDAY        0.00          0.22 1992   0.02  -0.02     0.00
  MONTH TO DATE    0.07                      0.46  -0.39     0.07
  SINCE SEP 1      1.88                      2.73  -0.85     1.90
  SINCE JAN 1     13.67                     16.22  -2.55    16.63

SNOWFALL (IN)
  YESTERDAY        0.0
  SNOW DEPTH       0

DEGREE DAYS
 HEATING
  YESTERDAY       10
  MONTH TO DATE  514

 COOLING
  YESTERDAY        0
  MONTH TO DATE    0
..................................................................


WIND (MPH)
  HIGHEST WIND SPEED    18   HIGHEST WIND DIRECTION     W (280)
  HIGHEST GUST SPEED    24   HIGHEST GUST DIRECTION     W (280)




RELATIVE HUMIDITY (PERCENT)
 HIGHEST    79
 LOWEST     19
 AVERAGE    49

..........................................................


THE AKRON CO CLIMATE NORMALS FOR TODAY
                         NORMAL    RECORD    YEAR
 MAXIMUM TEMPERATURE (F)   45        72      1990
 MINIMUM TEMPERATURE (F)   22        -6      1993


SUNRISE AND SUNSET
NOVEMBER 24 2017......SUNRISE   649 AM MST   SUNSET   430 PM MST
NOVEMBER 25 2017......SUNRISE   650 AM MST   SUNSET   430 PM MST


-  INDICATES NEGATIVE NUMBERS.
R  INDICATES RECORD WAS SET OR TIED.
MM INDICATES DATA IS MISSING.
T  INDICATES TRACE AMOUNT.




$$
