000
CDUS45 KBOU 200739
CLIAKO


CLIMATE REPORT
NATIONAL WEATHER SERVICE DENVER/BOULDER CO
1236 AM MST TUE FEB 20 2018


...................................

...THE AKRON CO CLIMATE SUMMARY FOR FEBRUARY 19 2018...

CLIMATE NORMAL PERIOD 1981 TO 2010
CLIMATE RECORD PERIOD 9999 TO 9999


WEATHER ITEM   OBSERVED TIME   RECORD YEAR NORMAL DEPARTURE LAST
                VALUE   (LST)  VALUE       VALUE  FROM      YEAR
                                                  NORMAL
..................................................................
TEMPERATURE (F)
 YESTERDAY
  MAXIMUM         14   1214 AM  70    1986  44    -30
  MINIMUM          2   1159 PM -11    1942  20    -18
  AVERAGE          8                        32    -24

PRECIPITATION (IN)
  YESTERDAY        0.02          0.52 1951   0.02   0.00     0.00
  MONTH TO DATE    0.40                      0.27   0.13      T
  SINCE DEC 1      1.13                      0.97   0.16     0.25
  SINCE JAN 1      1.11                      0.57   0.54     0.11

SNOWFALL (IN)
  YESTERDAY       MM
  SNOW DEPTH       0

DEGREE DAYS
 HEATING
  YESTERDAY       57
  MONTH TO DATE  692

 COOLING
  YESTERDAY        0
  MONTH TO DATE    0
..................................................................


WIND (MPH)
  HIGHEST WIND SPEED    23   HIGHEST WIND DIRECTION     N (10)
  HIGHEST GUST SPEED    28   HIGHEST GUST DIRECTION     N (10)




RELATIVE HUMIDITY (PERCENT)
 HIGHEST    96
 LOWEST     83
 AVERAGE    90

..........................................................


THE AKRON CO CLIMATE NORMALS FOR TODAY
                         NORMAL    RECORD    YEAR
 MAXIMUM TEMPERATURE (F)   45        71      1958
 MINIMUM TEMPERATURE (F)   21        -2      1953


SUNRISE AND SUNSET
FEBRUARY 20 2018......SUNRISE   639 AM MST   SUNSET   534 PM MST
FEBRUARY 21 2018......SUNRISE   638 AM MST   SUNSET   536 PM MST


-  INDICATES NEGATIVE NUMBERS.
R  INDICATES RECORD WAS SET OR TIED.
MM INDICATES DATA IS MISSING.
T  INDICATES TRACE AMOUNT.




$$
