000
CDUS41 KALY 280627
CLIALB


CLIMATE REPORT
NATIONAL WEATHER SERVICE ALBANY NY
226 AM EDT WED JUN 28 2017


...................................

...THE ALBANY NY CLIMATE SUMMARY FOR JUNE 27 2017...

CLIMATE NORMAL PERIOD 1981 TO 2010
CLIMATE RECORD PERIOD 1874 TO 2017


WEATHER ITEM   OBSERVED TIME   RECORD YEAR NORMAL DEPARTURE LAST
                VALUE   (LST)  VALUE       VALUE  FROM      YEAR
                                                  NORMAL
..................................................................
TEMPERATURE (F)
 YESTERDAY
  MAXIMUM         71    140 PM  97    1941  81    -10       84
  MINIMUM         53   1013 PM  45    1970  60     -7       68
  AVERAGE         62                        70     -8       76

PRECIPITATION (IN)
  YESTERDAY        0.12          1.10 2002   0.12   0.00      T
  MONTH TO DATE    4.58                      3.43   1.15     2.02
  SINCE JUN 1      4.58                      3.43   1.15     2.02
  SINCE JAN 1     23.49                     18.21   5.28    12.78

DEGREE DAYS
 HEATING
  YESTERDAY        3                         1      2        0
  MONTH TO DATE   51                        52     -1       38
  SINCE JUN 1     51                        52     -1       38
  SINCE JUL 1   5868                      6680   -812     5454

 COOLING
  YESTERDAY        0                         6     -6       11
  MONTH TO DATE  130                        99     31      121
  SINCE JUN 1    130                        99     31      121
  SINCE JAN 1    180                       129     51      196
..................................................................


WIND (MPH)
  HIGHEST WIND SPEED    25   HIGHEST WIND DIRECTION     W (280)
  HIGHEST GUST SPEED    35   HIGHEST GUST DIRECTION     W (280)
  AVERAGE WIND SPEED     4.7


SKY COVER
  AVERAGE SKY COVER 0.7



RELATIVE HUMIDITY (PERCENT)
 HIGHEST    93
 LOWEST     59
 AVERAGE    76

..........................................................


THE ALBANY NY CLIMATE NORMALS FOR TODAY
                         NORMAL    RECORD    YEAR
 MAXIMUM TEMPERATURE (F)   81        99      1901
 MINIMUM TEMPERATURE (F)   60        45      1970


SUNRISE AND SUNSET
JUNE 28 2017..........SUNRISE   519 AM EDT   SUNSET   837 PM EDT
JUNE 29 2017..........SUNRISE   520 AM EDT   SUNSET   837 PM EDT


-  INDICATES NEGATIVE NUMBERS.
R  INDICATES RECORD WAS SET OR TIED.
MM INDICATES DATA IS MISSING.
T  INDICATES TRACE AMOUNT.




$$
