000
CDUS41 KALY 042048
CLIALB


CLIMATE REPORT
NATIONAL WEATHER SERVICE ALBANY NY
448 PM EDT TUE AUG 4 2015


...................................

...THE ALBANY NY CLIMATE SUMMARY FOR AUGUST 4 2015...
VALID TODAY AS OF 0400 PM LOCAL TIME.

CLIMATE NORMAL PERIOD 1981 TO 2010
CLIMATE RECORD PERIOD 1874 TO 2015


WEATHER ITEM   OBSERVED TIME   RECORD YEAR NORMAL DEPARTURE LAST
                VALUE   (LST)  VALUE       VALUE  FROM      YEAR
                                                  NORMAL
..................................................................
TEMPERATURE (F)
 TODAY
  MAXIMUM         84    335 PM  98    1955  82      2       82
  MINIMUM         67    608 AM  46    1966  61      6       66
  AVERAGE         76                        72      4       74

PRECIPITATION (IN)
  TODAY            0.02          1.40 1915   0.12  -0.10     0.07
  MONTH TO DATE    0.52                      0.51   0.01     0.07
  SINCE JUN 1     10.64                      8.42   2.22    11.71
  SINCE JAN 1     19.36                     23.20  -3.84    25.27

DEGREE DAYS
 HEATING
  TODAY            0                         0      0        0
  MONTH TO DATE    0                         0      0        0
  SINCE JUN 1     52                        57     -5       12
  SINCE JUL 1      1                         5     -4        0

 COOLING
  TODAY           11                         7      4        9
  MONTH TO DATE   40                        28     12       31
  SINCE JUN 1    406                       364     42      416
  SINCE JAN 1    529                       394    135      451
..................................................................


WIND (MPH)
  HIGHEST WIND SPEED    18   HIGHEST WIND DIRECTION    NW (310)
  HIGHEST GUST SPEED    23   HIGHEST GUST DIRECTION    NW (310)
  AVERAGE WIND SPEED     3.9


SKY COVER
  AVERAGE SKY COVER 0.6



RELATIVE HUMIDITY (PERCENT)
 HIGHEST    93           300 AM
 LOWEST     40           300 PM
 AVERAGE    67

..........................................................


THE ALBANY NY CLIMATE NORMALS FOR TOMORROW
                         NORMAL    RECORD    YEAR
 MAXIMUM TEMPERATURE (F)   82        99      1955
 MINIMUM TEMPERATURE (F)   61        43      1972


SUNRISE AND SUNSET
AUGUST  4 2015........SUNRISE   550 AM EDT   SUNSET   812 PM EDT
AUGUST  5 2015........SUNRISE   551 AM EDT   SUNSET   811 PM EDT


-  INDICATES NEGATIVE NUMBERS.
R  INDICATES RECORD WAS SET OR TIED.
MM INDICATES DATA IS MISSING.
T  INDICATES TRACE AMOUNT.




$$
