000
CDUS41 KALY 160623
CLIALB


CLIMATE REPORT
NATIONAL WEATHER SERVICE ALBANY NY
122 AM EST SAT DEC 16 2017


...................................

...THE ALBANY NY CLIMATE SUMMARY FOR DECEMBER 15 2017...

CLIMATE NORMAL PERIOD 1981 TO 2010
CLIMATE RECORD PERIOD 1874 TO 2017


WEATHER ITEM   OBSERVED TIME   RECORD YEAR NORMAL DEPARTURE LAST
                VALUE   (LST)  VALUE       VALUE  FROM      YEAR
                                                  NORMAL
..................................................................
TEMPERATURE (F)
 YESTERDAY
  MAXIMUM         22   1031 PM  61    2015  36    -14       27
                                      1901
  MINIMUM          7    349 AM  -8    1874  21    -14        6
  AVERAGE         15                        29    -14       17

PRECIPITATION (IN)
  YESTERDAY        T             1.40 1901   0.10  -0.10     0.02
  MONTH TO DATE    0.85                      1.54  -0.69     0.83
  SINCE DEC 1      0.85                      1.54  -0.69     0.83
  SINCE JAN 1     39.08                     37.96   1.12    32.46

SNOWFALL (IN)
  YESTERDAY        T             8.2  1968   0.4   -0.4      0.2
  MONTH TO DATE    5.0                       5.6   -0.6      5.9
  SINCE DEC 1      5.0                       5.6   -0.6      5.9
  SINCE JUL 1      5.0                       8.7   -3.7      8.2
  SNOW DEPTH       1

DEGREE DAYS
 HEATING
  YESTERDAY       50                        36     14       48
  MONTH TO DATE  521                       505     16      494
  SINCE DEC 1    521                       505     16      494
  SINCE JUL 1   1635                      1909   -274     1650

 COOLING
  YESTERDAY        0                         0      0        0
  MONTH TO DATE    0                         0      0        0
  SINCE DEC 1      0                         0      0        0
  SINCE JAN 1    714                       598    116      902
..................................................................


WIND (MPH)
  HIGHEST WIND SPEED    13   HIGHEST WIND DIRECTION     S (200)
  HIGHEST GUST SPEED    21   HIGHEST GUST DIRECTION    SE (130)
  AVERAGE WIND SPEED     4.8


SKY COVER
  AVERAGE SKY COVER 0.8



RELATIVE HUMIDITY (PERCENT)
 HIGHEST    83
 LOWEST     57
 AVERAGE    70

..........................................................


THE ALBANY NY CLIMATE NORMALS FOR TODAY
                         NORMAL    RECORD    YEAR
 MAXIMUM TEMPERATURE (F)   36        55      1971
 MINIMUM TEMPERATURE (F)   21       -11      1917


SUNRISE AND SUNSET
DECEMBER 16 2017......SUNRISE   719 AM EST   SUNSET   422 PM EST
DECEMBER 17 2017......SUNRISE   720 AM EST   SUNSET   423 PM EST


-  INDICATES NEGATIVE NUMBERS.
R  INDICATES RECORD WAS SET OR TIED.
MM INDICATES DATA IS MISSING.
T  INDICATES TRACE AMOUNT.




$$
