000
CDUS41 KALY 250622
CLIALB


CLIMATE REPORT
NATIONAL WEATHER SERVICE ALBANY NY
121 AM EST SUN JAN 25 2015


...................................

...THE ALBANY NY CLIMATE SUMMARY FOR JANUARY 24 2015...

CLIMATE NORMAL PERIOD 1981 TO 2010
CLIMATE RECORD PERIOD 1874 TO 2015


WEATHER ITEM   OBSERVED TIME   RECORD YEAR NORMAL DEPARTURE LAST
                VALUE   (LST)  VALUE       VALUE  FROM      YEAR
                                                  NORMAL
..................................................................
TEMPERATURE (F)
 YESTERDAY
  MAXIMUM         34    419 PM  54    1999  31      3       17
  MINIMUM         22   1222 AM -17    1948  14      8        1
  AVERAGE         28                        22      6        9

PRECIPITATION (IN)
  YESTERDAY        0.06          0.94 1923   0.08  -0.02      T
  MONTH TO DATE    1.74                      2.01  -0.27     2.25
  SINCE DEC 1      7.11                      4.94   2.17     5.63
  SINCE JAN 1      1.74                      2.01  -0.27     2.25

SNOWFALL (IN)
  YESTERDAY        0.8           7.6  1948   0.6    0.2       T
  MONTH TO DATE    7.1                      13.9   -6.8     13.2
  SINCE DEC 1     19.3                      27.6   -8.3     33.2
  SINCE JUL 1     31.6                      30.4    1.2     35.3
  SNOW DEPTH       0

DEGREE DAYS
 HEATING
  YESTERDAY       37                        43     -6       56
  MONTH TO DATE 1048                      1023     25     1053
  SINCE DEC 1   2046                      2154   -108     2207
  SINCE JUL 1   3321                      3558   -237     3577

 COOLING
  YESTERDAY        0                         0      0        0
  MONTH TO DATE    0                         0      0        0
  SINCE DEC 1      0                         0      0        0
  SINCE JAN 1      0                         0      0        0
..................................................................


WIND (MPH)
  HIGHEST WIND SPEED    28   HIGHEST WIND DIRECTION     W (290)
  HIGHEST GUST SPEED    34   HIGHEST GUST DIRECTION     W (290)
  AVERAGE WIND SPEED     7.0


SKY COVER
  AVERAGE SKY COVER 1.0



RELATIVE HUMIDITY (PERCENT)
 HIGHEST    85
 LOWEST     61
 AVERAGE    73

..........................................................


THE ALBANY NY CLIMATE NORMALS FOR TODAY
                         NORMAL    RECORD    YEAR
 MAXIMUM TEMPERATURE (F)   31        61      1938
 MINIMUM TEMPERATURE (F)   14       -12      1963


SUNRISE AND SUNSET
JANUARY 25 2015.......SUNRISE   716 AM EST   SUNSET   459 PM EST
JANUARY 26 2015.......SUNRISE   716 AM EST   SUNSET   500 PM EST


-  INDICATES NEGATIVE NUMBERS.
R  INDICATES RECORD WAS SET OR TIED.
MM INDICATES DATA IS MISSING.
T  INDICATES TRACE AMOUNT.




$$
