000
CDUS41 KALY 020628
CLIALB


CLIMATE REPORT
NATIONAL WEATHER SERVICE ALBANY NY
227 AM EDT TUE SEP 2 2014


...................................

...THE ALBANY NY CLIMATE SUMMARY FOR SEPTEMBER 1 2014...

CLIMATE NORMAL PERIOD 1981 TO 2010
CLIMATE RECORD PERIOD 1874 TO 2014


WEATHER ITEM   OBSERVED TIME   RECORD YEAR NORMAL DEPARTURE LAST
                VALUE   (LST)  VALUE       VALUE  FROM      YEAR
                                                  NORMAL
..................................................................
TEMPERATURE (F)
 YESTERDAY
  MAXIMUM         88    246 PM  96    1953  77     11       84
  MINIMUM         70    551 AM  41    1967  57     13       69
  AVERAGE         79                        67     12       77

PRECIPITATION (IN)
  YESTERDAY        0.00          2.47 1952   0.09  -0.09     0.01
  MONTH TO DATE    0.00                      0.09  -0.09     0.01
  SINCE SEP 1      0.00                      0.09  -0.09     0.01
  SINCE JAN 1     26.78                     26.24   0.54    31.52

DEGREE DAYS
 HEATING
  YESTERDAY        0                         1     -1        0
  MONTH TO DATE    0                         1     -1        0
  SINCE SEP 1      0                         1     -1        0
  SINCE JUL 1      8                        24    -16        6

 COOLING
  YESTERDAY       14                         4     10       12
  MONTH TO DATE   14                         4     10       12
  SINCE SEP 1     14                         4     10       12
  SINCE JAN 1    581                       547     34      710
..................................................................


WIND (MPH)
  HIGHEST WIND SPEED    10   HIGHEST WIND DIRECTION    NW (310)
  HIGHEST GUST SPEED    14   HIGHEST GUST DIRECTION    NW (300)
  AVERAGE WIND SPEED     4.1


SKY COVER
  AVERAGE SKY COVER 0.6



RELATIVE HUMIDITY (PERCENT)
 HIGHEST   100
 LOWEST     43
 AVERAGE    72

..........................................................


THE ALBANY NY CLIMATE NORMALS FOR TODAY
                         NORMAL    RECORD    YEAR
 MAXIMUM TEMPERATURE (F)   77       100      1953
 MINIMUM TEMPERATURE (F)   57        39      1991


SUNRISE AND SUNSET
SEPTEMBER  2 2014.....SUNRISE   621 AM EDT   SUNSET   728 PM EDT
SEPTEMBER  3 2014.....SUNRISE   622 AM EDT   SUNSET   726 PM EDT


-  INDICATES NEGATIVE NUMBERS.
R  INDICATES RECORD WAS SET OR TIED.
MM INDICATES DATA IS MISSING.
T  INDICATES TRACE AMOUNT.




$$
