000
CDUS41 KALY 252153
CLIALB


CLIMATE REPORT
NATIONAL WEATHER SERVICE ALBANY NY
453 PM EST SAT FEB 25 2017


...................................

...THE ALBANY NY CLIMATE SUMMARY FOR FEBRUARY 25 2017...
VALID TODAY AS OF 0400 PM LOCAL TIME.

CLIMATE NORMAL PERIOD 1981 TO 2010
CLIMATE RECORD PERIOD 1874 TO 2017


WEATHER ITEM   OBSERVED TIME   RECORD YEAR NORMAL DEPARTURE LAST
                VALUE   (LST)  VALUE       VALUE  FROM      YEAR
                                                  NORMAL
..................................................................
TEMPERATURE (F)
 TODAY
  MAXIMUM         70R   129 PM  67    1976  37     33       58
  MINIMUM         59    241 AM -14    1914  20     39       33
  AVERAGE         65                        28     37       46

PRECIPITATION (IN)
  TODAY            0.00          1.17 1916   0.08  -0.08     0.48
  MONTH TO DATE    2.14                      1.93   0.21     4.03
  SINCE DEC 1      7.02                      7.45  -0.43     8.94
  SINCE JAN 1      5.27                      4.52   0.75     5.27

SNOWFALL (IN)
  TODAY           MM            16.8  1966   0.4   MM         T
  MONTH TO DATE   22.2                      10.9   11.3      4.8
  SINCE DEC 1     38.9                      42.5   -3.6     10.3
  SINCE JUL 1     41.2                      45.6   -4.4     10.3
  SNOW DEPTH      MM

DEGREE DAYS
 HEATING
  TODAY            0                        37    -37       19
  MONTH TO DATE  792                       986   -194      870
  SINCE DEC 1   2919                      3433   -514     2728
  SINCE JUL 1   4075                      4837   -762     3811

 COOLING
  TODAY            0                         0      0        0
  MONTH TO DATE    0                         0      0        0
  SINCE DEC 1      0                         0      0        0
  SINCE JAN 1      0                         0      0        0
..................................................................


WIND (MPH)
  HIGHEST WIND SPEED    29   HIGHEST WIND DIRECTION     S (190)
  HIGHEST GUST SPEED    39   HIGHEST GUST DIRECTION     S (170)
  AVERAGE WIND SPEED    17.3


SKY COVER
  AVERAGE SKY COVER 0.7



RELATIVE HUMIDITY (PERCENT)
 HIGHEST    78           200 AM
 LOWEST     53           300 PM
 AVERAGE    66

..........................................................


THE ALBANY NY CLIMATE NORMALS FOR TOMORROW
                         NORMAL    RECORD    YEAR
 MAXIMUM TEMPERATURE (F)   38        63      1976
 MINIMUM TEMPERATURE (F)   20       -11      1950


SUNRISE AND SUNSET
FEBRUARY 25 2017......SUNRISE   637 AM EST   SUNSET   540 PM EST
FEBRUARY 26 2017......SUNRISE   635 AM EST   SUNSET   541 PM EST


-  INDICATES NEGATIVE NUMBERS.
R  INDICATES RECORD WAS SET OR TIED.
MM INDICATES DATA IS MISSING.
T  INDICATES TRACE AMOUNT.




$$
