000
CDUS41 KALY 170623
CLIALB


CLIMATE REPORT
NATIONAL WEATHER SERVICE ALBANY NY
222 AM EDT TUE OCT 17 2017


...................................

...THE ALBANY NY CLIMATE SUMMARY FOR OCTOBER 16 2017...

CLIMATE NORMAL PERIOD 1981 TO 2010
CLIMATE RECORD PERIOD 1874 TO 2017


WEATHER ITEM   OBSERVED TIME   RECORD YEAR NORMAL DEPARTURE LAST
                VALUE   (LST)  VALUE       VALUE  FROM      YEAR
                                                  NORMAL
..................................................................
TEMPERATURE (F)
 YESTERDAY
  MAXIMUM         60   1204 AM  88    1947  60      0       68
  MINIMUM         39   1159 PM  25    1978  39      0       45
  AVERAGE         50                        50      0       57

PRECIPITATION (IN)
  YESTERDAY        0.00          1.80 1955   0.12  -0.12      T
  MONTH TO DATE    0.92                      1.95  -1.03     0.11
  SINCE SEP 1      3.65                      5.25  -1.60     2.29
  SINCE JAN 1     35.45                     31.40   4.05    25.74

SNOWFALL (IN)
  YESTERDAY        0.0           T    2009   0.0    0.0      0.0
  MONTH TO DATE    0.0                       0.1   -0.1      0.0
  SINCE SEP 1      0.0                       0.1   -0.1      0.0
  SINCE JUL 1      0.0                       0.1   -0.1      0.0
  SNOW DEPTH       0

DEGREE DAYS
 HEATING
  YESTERDAY       15                        16     -1        8
  MONTH TO DATE   96                       206   -110      151
  SINCE SEP 1    189                       350   -161      217
  SINCE JUL 1    208                       373   -165      218

 COOLING
  YESTERDAY        0                         0      0        0
  MONTH TO DATE   15                         0     15        0
  SINCE SEP 1    135                        51     84      108
  SINCE JAN 1    710                       594    116      896
..................................................................


WIND (MPH)
  HIGHEST WIND SPEED    26   HIGHEST WIND DIRECTION     W (290)
  HIGHEST GUST SPEED    32   HIGHEST GUST DIRECTION     W (290)
  AVERAGE WIND SPEED    13.5


SKY COVER
  AVERAGE SKY COVER 0.7



RELATIVE HUMIDITY (PERCENT)
 HIGHEST    76
 LOWEST     42
 AVERAGE    59

..........................................................


THE ALBANY NY CLIMATE NORMALS FOR TODAY
                         NORMAL    RECORD    YEAR
 MAXIMUM TEMPERATURE (F)   59        85      1947
 MINIMUM TEMPERATURE (F)   39        21      1940


SUNRISE AND SUNSET
OCTOBER 17 2017.......SUNRISE   711 AM EDT   SUNSET   609 PM EDT
OCTOBER 18 2017.......SUNRISE   712 AM EDT   SUNSET   608 PM EDT


-  INDICATES NEGATIVE NUMBERS.
R  INDICATES RECORD WAS SET OR TIED.
MM INDICATES DATA IS MISSING.
T  INDICATES TRACE AMOUNT.




$$
