000
CDUS43 KDMX 310642 RRA
CLIALO

CLIMATE REPORT
NATIONAL WEATHER SERVICE DES MOINES IA
142 AM CDT TUE MAY 31 2016

...................................

...THE WATERLOO IA CLIMATE SUMMARY FOR MAY 30 2016...

CLIMATE NORMAL PERIOD 1981 TO 2010
CLIMATE RECORD PERIOD 1895 TO 2016


WEATHER ITEM   OBSERVED TIME   RECORD YEAR NORMAL DEPARTURE LAST
                VALUE   (LST)  VALUE       VALUE  FROM      YEAR
                                                  NORMAL
..................................................................
TEMPERATURE (F)
 YESTERDAY
  MAXIMUM         83    357 PM 100    1934  77      6       66
  MINIMUM         54    500 AM  35    1930  54      0       49
  AVERAGE         69                        65      4       58

PRECIPITATION (IN)
  YESTERDAY        0.73          0.96 2007   0.16   0.57     0.02
  MONTH TO DATE    2.59                      4.37  -1.78     4.87
  SINCE MAR 1      8.07                     10.14  -2.07     8.83
  SINCE JAN 1      9.79                     11.96  -2.17    10.86

SNOWFALL (IN)
  YESTERDAY        0.0          MM      MM   0.0    0.0      0.0
  MONTH TO DATE    0.0                       0.0    0.0      0.0
  SINCE MAR 1      2.9                       6.4   -3.5      0.7
  SINCE JUL 1     46.0                      35.3   10.7     29.2
  SNOW DEPTH       0

DEGREE DAYS
 HEATING
  YESTERDAY        0                         3     -3        7
  MONTH TO DATE  210                       185     25      159
  SINCE MAR 1   1429                      1582   -153     1522
  SINCE JUL 1   6128                      7001   -873     7283

 COOLING
  YESTERDAY        4                         3      1        0
  MONTH TO DATE   54                        47      7       47
  SINCE MAR 1     57                        55      2       47
  SINCE JAN 1     57                        55      2       47
..................................................................


WIND (MPH)
  HIGHEST WIND SPEED    22   HIGHEST WIND DIRECTION     S (160)
  HIGHEST GUST SPEED    38   HIGHEST GUST DIRECTION     S (180)
  AVERAGE WIND SPEED     5.9


SKY COVER
  POSSIBLE SUNSHINE  MM
  AVERAGE SKY COVER 0.4


WEATHER CONDITIONS
 THE FOLLOWING WEATHER WAS RECORDED YESTERDAY.
  THUNDERSTORM
  HEAVY RAIN
  RAIN
  LIGHT RAIN
  FOG
  FOG W/VISIBILITY <= 1/4 MILE
  HAZE


RELATIVE HUMIDITY (PERCENT)
 HIGHEST   100           200 AM
 LOWEST     45           100 PM
 AVERAGE    73

..........................................................


THE WATERLOO IA CLIMATE NORMALS FOR TODAY
                         NORMAL    RECORD    YEAR
 MAXIMUM TEMPERATURE (F)   77       108      1934
 MINIMUM TEMPERATURE (F)   54        32      1897


SUNRISE AND SUNSET
MAY 31 2016...........SUNRISE   535 AM CDT   SUNSET   840 PM CDT
JUNE  1 2016..........SUNRISE   535 AM CDT   SUNSET   841 PM CDT


-  INDICATES NEGATIVE NUMBERS.
R  INDICATES RECORD WAS SET OR TIED.
MM INDICATES DATA IS MISSING.
T  INDICATES TRACE AMOUNT.




$$
