000
CDUS43 KDMX 040652 RRA
CLIALO

CLIMATE REPORT
NATIONAL WEATHER SERVICE DES MOINES IA
1252 AM CST SUN DEC 4 2016

...................................

...THE WATERLOO IA CLIMATE SUMMARY FOR DECEMBER 3 2016...

CLIMATE NORMAL PERIOD 1981 TO 2010
CLIMATE RECORD PERIOD 1895 TO 2016


WEATHER ITEM   OBSERVED TIME   RECORD YEAR NORMAL DEPARTURE LAST
                VALUE   (LST)  VALUE       VALUE  FROM      YEAR
                                                  NORMAL
..................................................................
TEMPERATURE (F)
 YESTERDAY
  MAXIMUM         40    205 PM  67    2012  36      4       44
  MINIMUM         30    305 AM -18    1919  18     12       23
  AVERAGE         35                        27      8       34

PRECIPITATION (IN)
  YESTERDAY        0.01          1.13 2011   0.05  -0.04     0.00
  MONTH TO DATE    0.01                      0.15  -0.14     0.06
  SINCE DEC 1      0.01                      0.15  -0.14     0.06
  SINCE JAN 1     39.98                     33.55   6.43    33.11

SNOWFALL (IN)
  YESTERDAY        T             7.6  1990   0.3   -0.3      0.0
  MONTH TO DATE    T                         0.9   -0.9      0.2
  SINCE DEC 1      T                         0.9   -0.9      0.2
  SINCE JUL 1      T                         4.3   -4.3     12.9
  SNOW DEPTH       0

DEGREE DAYS
 HEATING
  YESTERDAY       30                        38     -8       31
  MONTH TO DATE   91                       113    -22       97
  SINCE DEC 1     91                       113    -22       97
  SINCE JUL 1   1080                      1596   -516     1312

 COOLING
  YESTERDAY        0                         0      0        0
  MONTH TO DATE    0                         0      0        0
  SINCE DEC 1      0                         0      0        0
  SINCE JAN 1    869                       799     70      746
..................................................................


WIND (MPH)
  HIGHEST WIND SPEED    15   HIGHEST WIND DIRECTION    SE (150)
  HIGHEST GUST SPEED    20   HIGHEST GUST DIRECTION    SE (140)
  AVERAGE WIND SPEED     4.4


SKY COVER
  POSSIBLE SUNSHINE  MM
  AVERAGE SKY COVER 0.9


WEATHER CONDITIONS
 THE FOLLOWING WEATHER WAS RECORDED YESTERDAY.
  LIGHT SNOW
  FOG


RELATIVE HUMIDITY (PERCENT)
 HIGHEST    96           800 PM
 LOWEST     54           100 PM
 AVERAGE    75

..........................................................


THE WATERLOO IA CLIMATE NORMALS FOR TODAY
                         NORMAL    RECORD    YEAR
 MAXIMUM TEMPERATURE (F)   35        67      1998
 MINIMUM TEMPERATURE (F)   17        -7      1991


SUNRISE AND SUNSET
DECEMBER  4 2016......SUNRISE   723 AM CST   SUNSET   437 PM CST
DECEMBER  5 2016......SUNRISE   724 AM CST   SUNSET   436 PM CST


-  INDICATES NEGATIVE NUMBERS.
R  INDICATES RECORD WAS SET OR TIED.
MM INDICATES DATA IS MISSING.
T  INDICATES TRACE AMOUNT.

$$

SMALL
