000
CDUS43 KDMX 250642 RRA
CLIALO

CLIMATE REPORT
NATIONAL WEATHER SERVICE DES MOINES IA
1242 AM CST SAT FEB 25 2017

...................................

...THE WATERLOO IA CLIMATE SUMMARY FOR FEBRUARY 24 2017...

CLIMATE NORMAL PERIOD 1981 TO 2010
CLIMATE RECORD PERIOD 1895 TO 2017


WEATHER ITEM   OBSERVED TIME   RECORD YEAR NORMAL DEPARTURE LAST
                VALUE   (LST)  VALUE       VALUE  FROM      YEAR
                                                  NORMAL
..................................................................
TEMPERATURE (F)
 YESTERDAY
  MAXIMUM         35   1203 AM  62    1930  36     -1       39
  MINIMUM         22   1159 PM -16    1993  18      4       33
  AVERAGE         29                        27      2       36

PRECIPITATION (IN)
  YESTERDAY        0.28          0.57 2007   0.04   0.24      T
  MONTH TO DATE    1.01                      0.81   0.20     0.86
  SINCE DEC 1      5.77                      2.84   2.93     7.56
  SINCE JAN 1      3.90                      1.64   2.26     1.64

SNOWFALL (IN)
  YESTERDAY        1.2           4.1  1940   0.3    0.9       T
  MONTH TO DATE    1.4                       6.6   -5.2     11.3
  SINCE DEC 1     15.6                      24.7   -9.1     28.8
  SINCE JUL 1     15.6                      28.1  -12.5     41.5
  SNOW DEPTH       0

DEGREE DAYS
 HEATING
  YESTERDAY       36                        38     -2       29
  MONTH TO DATE  745                      1015   -270      970
  SINCE DEC 1   3345                      3786   -441     3352
  SINCE JUL 1   4334                      5269   -935     4567

 COOLING
  YESTERDAY        0                         0      0        0
  MONTH TO DATE    0                         0      0        0
  SINCE DEC 1      0                         0      0        0
  SINCE JAN 1      0                         0      0        0
..................................................................


WIND (MPH)
  HIGHEST WIND SPEED    31   HIGHEST WIND DIRECTION    NE (40)
  HIGHEST GUST SPEED    39   HIGHEST GUST DIRECTION    NE (30)
  AVERAGE WIND SPEED    19.6


SKY COVER
  POSSIBLE SUNSHINE  MM
  AVERAGE SKY COVER 1.0


WEATHER CONDITIONS
 THE FOLLOWING WEATHER WAS RECORDED YESTERDAY.
  THUNDERSTORM
  HEAVY RAIN
  RAIN
  LIGHT RAIN
  LT FREEZING RAIN
  LIGHT SNOW
  FOG
  HAZE


RELATIVE HUMIDITY (PERCENT)
 HIGHEST    96           100 AM
 LOWEST     77          1100 PM
 AVERAGE    87

..........................................................


THE WATERLOO IA CLIMATE NORMALS FOR TODAY
                         NORMAL    RECORD    YEAR
 MAXIMUM TEMPERATURE (F)   36        65      2000
 MINIMUM TEMPERATURE (F)   19       -19      1940


SUNRISE AND SUNSET
FEBRUARY 25 2017......SUNRISE   651 AM CST   SUNSET   555 PM CST
FEBRUARY 26 2017......SUNRISE   649 AM CST   SUNSET   556 PM CST


-  INDICATES NEGATIVE NUMBERS.
R  INDICATES RECORD WAS SET OR TIED.
MM INDICATES DATA IS MISSING.
T  INDICATES TRACE AMOUNT.

$$

SMALL
