000
CDUS43 KDMX 290630 RRA
CLIALO

CLIMATE REPORT
NATIONAL WEATHER SERVICE DES MOINES IA
129 AM CDT THU JUN 29 2017

...................................

...THE WATERLOO IA CLIMATE SUMMARY FOR JUNE 28 2017...

CLIMATE NORMAL PERIOD 1981 TO 2010
CLIMATE RECORD PERIOD 1895 TO 2017


WEATHER ITEM   OBSERVED TIME   RECORD YEAR NORMAL DEPARTURE LAST
                VALUE   (LST)  VALUE       VALUE  FROM      YEAR
                                                  NORMAL
..................................................................
TEMPERATURE (F)
 YESTERDAY
  MAXIMUM         82    245 PM 107    1934  84     -2       75
  MINIMUM         62    246 AM  42    1925  62      0       57
  AVERAGE         72                        73     -1       66

PRECIPITATION (IN)
  YESTERDAY        0.17          3.07 1948   0.17   0.00     0.00
  MONTH TO DATE    5.28                      4.63   0.65     8.52
  SINCE JUN 1      5.28                      4.63   0.65     8.52
  SINCE JAN 1     18.30                     16.75   1.55    19.01

SNOWFALL (IN)
  YESTERDAY        0.0          MM      MM   0.0    0.0      0.0
  MONTH TO DATE    0.0                       0.0    0.0      0.0
  SINCE JUN 1      0.0                       0.0    0.0      0.0
  SINCE JUL 1     26.2                      35.3   -9.1     46.0
  SNOW DEPTH       0

DEGREE DAYS
 HEATING
  YESTERDAY        0                         0      0        0
  MONTH TO DATE   17                        23     -6        4
  SINCE JUN 1     17                        23     -6        4
  SINCE JUL 1   6050                      7027   -977     6133

 COOLING
  YESTERDAY        7                         8     -1        1
  MONTH TO DATE  193                       161     32      213
  SINCE JUN 1    193                       161     32      213
  SINCE JAN 1    229                       217     12      276
..................................................................


WIND (MPH)
  HIGHEST WIND SPEED    33   HIGHEST WIND DIRECTION    SW (230)
  HIGHEST GUST SPEED    45   HIGHEST GUST DIRECTION    SW (230)
  AVERAGE WIND SPEED    15.7


SKY COVER
  POSSIBLE SUNSHINE  MM
  AVERAGE SKY COVER 0.7


WEATHER CONDITIONS
 THE FOLLOWING WEATHER WAS RECORDED YESTERDAY.
  THUNDERSTORM
  HEAVY RAIN
  LIGHT RAIN
  FOG


RELATIVE HUMIDITY (PERCENT)
 HIGHEST    93           800 AM
 LOWEST     52          1200 AM
 AVERAGE    73

..........................................................


THE WATERLOO IA CLIMATE NORMALS FOR TODAY
                         NORMAL    RECORD    YEAR
 MAXIMUM TEMPERATURE (F)   84       105      1931
 MINIMUM TEMPERATURE (F)   62        44      1923


SUNRISE AND SUNSET
JUNE 29 2017..........SUNRISE   535 AM CDT   SUNSET   851 PM CDT
JUNE 30 2017..........SUNRISE   536 AM CDT   SUNSET   851 PM CDT


-  INDICATES NEGATIVE NUMBERS.
R  INDICATES RECORD WAS SET OR TIED.
MM INDICATES DATA IS MISSING.
T  INDICATES TRACE AMOUNT.

$$
