000
CDUS45 KPUB 301036
CLIALS


CLIMATE REPORT
NATIONAL WEATHER SERVICE PUEBLO
436 AM MDT SAT AUG 30 2014


...................................

...THE ALAMOSA CO CLIMATE SUMMARY FOR AUGUST 29 2014...

CLIMATE NORMAL PERIOD 1981 TO 2010
CLIMATE RECORD PERIOD 1932 TO 2014


WEATHER ITEM   OBSERVED TIME   RECORD YEAR NORMAL DEPARTURE LAST
                VALUE   (LST)  VALUE       VALUE  FROM      YEAR
                                                  NORMAL
..................................................................
TEMPERATURE (F)
 YESTERDAY
  MAXIMUM         76    247 PM  87    2013  78     -2       87
                                      1990
  MINIMUM         35    538 AM  32    1956  44     -9       46
  AVERAGE         56                        61     -5       67

PRECIPITATION (IN)
  YESTERDAY        T             0.40 2011   0.04  -0.04     0.00
  MONTH TO DATE    0.53                      1.19  -0.66     2.44
  SINCE JUN 1      2.07                      2.65  -0.58     3.78
  SINCE JAN 1      3.88                      4.87  -0.99     4.84

SNOWFALL (IN)
  YESTERDAY        0.0           0.0  2002   0.0    0.0      0.0
  MONTH TO DATE    0.0                       0.0    0.0      0.0
  SINCE JUN 1      0.0                       0.0    0.0      0.0
  SINCE JUL 1      0.0                       0.0    0.0      0.0
  SNOW DEPTH       0

DEGREE DAYS
 HEATING
  YESTERDAY        9                         4      5        0
  MONTH TO DATE   90                        74     16       47
  SINCE JUN 1    238                       287    -49      177
  SINCE JUL 1    112                       119     -7       75

 COOLING
  YESTERDAY        0                         0      0        2
  MONTH TO DATE    3                        12     -9       26
  SINCE JUN 1     60                        50     10       91
  SINCE JAN 1     60                        50     10       91
..................................................................


WIND (MPH)
  HIGHEST WIND SPEED    25   HIGHEST WIND DIRECTION     N (360)
  HIGHEST GUST SPEED    33   HIGHEST GUST DIRECTION     N (360)
  AVERAGE WIND SPEED     5.8


SKY COVER
  POSSIBLE SUNSHINE  MM
  AVERAGE SKY COVER 0.2


WEATHER CONDITIONS
 THE FOLLOWING WEATHER WAS RECORDED YESTERDAY.
  LIGHT RAIN


RELATIVE HUMIDITY (PERCENT)
 HIGHEST    92           400 AM
 LOWEST     18           300 PM
 AVERAGE    55

..........................................................


THE ALAMOSA CO CLIMATE NORMALS FOR TODAY
                         NORMAL    RECORD    YEAR
 MAXIMUM TEMPERATURE (F)   78        87      2013
 MINIMUM TEMPERATURE (F)   43        30      1944


SUNRISE AND SUNSET
AUGUST 30 2014........SUNRISE   632 AM MDT   SUNSET   735 PM MDT
AUGUST 31 2014........SUNRISE   633 AM MDT   SUNSET   734 PM MDT


-  INDICATES NEGATIVE NUMBERS.
R  INDICATES RECORD WAS SET OR TIED.
MM INDICATES DATA IS MISSING.
T  INDICATES TRACE AMOUNT.




$$
