000
CDUS45 KPUB 280029
CLIALS


CLIMATE REPORT
NATIONAL WEATHER SERVICE PUEBLO
529 PM MST SAT DEC 27 2014


...................................

...THE ALAMOSA CO CLIMATE SUMMARY FOR DECEMBER 27 2014...
VALID TODAY AS OF 0500 PM LOCAL TIME.

CLIMATE NORMAL PERIOD 1981 TO 2010
CLIMATE RECORD PERIOD 1932 TO 2014


WEATHER ITEM   OBSERVED TIME   RECORD YEAR NORMAL DEPARTURE LAST
                VALUE   (LST)  VALUE       VALUE  FROM      YEAR
                                                  NORMAL
..................................................................
TEMPERATURE (F)
 TODAY
  MAXIMUM         23    244 PM  58    1980  34    -11       22
  MINIMUM         -8    656 AM -23    2007  -2     -6      -11
                                      1990
                                      1932
  AVERAGE          8                        16     -8        6

PRECIPITATION (IN)
  TODAY            0.00          0.32 1979   0.01  -0.01     0.00
  MONTH TO DATE    0.21                      0.31  -0.10     0.04
  SINCE DEC 1      0.21                      0.31  -0.10     0.04
  SINCE JAN 1      5.54                      7.27  -1.73    10.05

SNOWFALL (IN)
  TODAY            0.0           4.5  1979   0.1   -0.1      0.0
  MONTH TO DATE    1.5                       4.0   -2.5      1.0
  SINCE DEC 1      1.5                       4.0   -2.5      1.0
  SINCE JUL 1      3.1                       9.8   -6.7     22.6
  SNOW DEPTH       T

DEGREE DAYS
 HEATING
  TODAY           57                        49      8       59
  MONTH TO DATE 1079                      1266   -187     1546
  SINCE DEC 1   1079                      1266   -187     1546
  SINCE JUL 1   2922                      3441   -519     3646

 COOLING
  TODAY            0                         0      0        0
  MONTH TO DATE    0                         0      0        0
  SINCE DEC 1      0                         0      0        0
  SINCE JAN 1     60                        51      9      113
..................................................................


WIND (MPH)
  HIGHEST WIND SPEED     9   HIGHEST WIND DIRECTION    NE (30)
  HIGHEST GUST SPEED    11   HIGHEST GUST DIRECTION     E (80)
  AVERAGE WIND SPEED     3.1


SKY COVER
  POSSIBLE SUNSHINE  MM
  AVERAGE SKY COVER 0.4


WEATHER CONDITIONS
 THE FOLLOWING WEATHER WAS RECORDED TODAY.
  FOG
  FOG W/VISIBILITY <= 1/4 MILE


RELATIVE HUMIDITY (PERCENT)
 HIGHEST    91           300 AM
 LOWEST     47           200 PM
 AVERAGE    69

..........................................................


THE ALAMOSA CO CLIMATE NORMALS FOR TOMORROW
                         NORMAL    RECORD    YEAR
 MAXIMUM TEMPERATURE (F)   34        51      1980
 MINIMUM TEMPERATURE (F)   -2       -29      2007


SUNRISE AND SUNSET
DECEMBER 27 2014......SUNRISE   717 AM MST   SUNSET   453 PM MST
DECEMBER 28 2014......SUNRISE   717 AM MST   SUNSET   453 PM MST


-  INDICATES NEGATIVE NUMBERS.
R  INDICATES RECORD WAS SET OR TIED.
MM INDICATES DATA IS MISSING.
T  INDICATES TRACE AMOUNT.




$$
