000
CDUS45 KPUB 091145
CLIALS


CLIMATE REPORT
NATIONAL WEATHER SERVICE PUEBLO
445 AM MST FRI DEC 9 2016


...................................

...THE ALAMOSA CO CLIMATE SUMMARY FOR DECEMBER 8 2016...

CLIMATE NORMAL PERIOD 1981 TO 2010
CLIMATE RECORD PERIOD 1932 TO 2016


WEATHER ITEM   OBSERVED TIME   RECORD YEAR NORMAL DEPARTURE LAST
                VALUE   (LST)  VALUE       VALUE  FROM      YEAR
                                                  NORMAL
..................................................................
TEMPERATURE (F)
 YESTERDAY
  MAXIMUM         29    358 PM  61    1958  36     -7       50
  MINIMUM         -9    421 AM -42    1978   2    -11       11
  AVERAGE         10                        19     -9       31

PRECIPITATION (IN)
  YESTERDAY        0.00          0.24 2003   0.01  -0.01     0.00
  MONTH TO DATE    0.07                      0.09  -0.02      T
  SINCE DEC 1      0.07                      0.09  -0.02      T
  SINCE JAN 1      8.16                      7.05   1.11     9.17

SNOWFALL (IN)
  YESTERDAY        0.0           4.1  1971   0.2   -0.2      0.0
  MONTH TO DATE    1.4                       1.2    0.2      0.0
  SINCE DEC 1      1.4                       1.2    0.2      0.0
  SINCE JUL 1      2.4                       7.0   -4.6      4.3
  SNOW DEPTH       0

DEGREE DAYS
 HEATING
  YESTERDAY       55                        46      9       34
  MONTH TO DATE  396                       355     41      325
  SINCE DEC 1    396                       355     41      325
  SINCE JUL 1   2260                      2530   -270     2103

 COOLING
  YESTERDAY        0                         0      0        0
  MONTH TO DATE    0                         0      0        0
  SINCE DEC 1      0                         0      0        0
  SINCE JAN 1    115                        51     64       74
..................................................................


WIND (MPH)
  HIGHEST WIND SPEED     8   HIGHEST WIND DIRECTION    NW (310)
  HIGHEST GUST SPEED    13   HIGHEST GUST DIRECTION    NE (60)
  AVERAGE WIND SPEED     2.8


SKY COVER
  POSSIBLE SUNSHINE  MM
  AVERAGE SKY COVER 0.2


WEATHER CONDITIONS
 THE FOLLOWING WEATHER WAS RECORDED YESTERDAY.
  NO SIGNIFICANT WEATHER WAS OBSERVED.


RELATIVE HUMIDITY (PERCENT)
 HIGHEST    87           700 AM
 LOWEST     42           300 PM
 AVERAGE    65

..........................................................


THE ALAMOSA CO CLIMATE NORMALS FOR TODAY
                         NORMAL    RECORD    YEAR
 MAXIMUM TEMPERATURE (F)   36        54      1970
 MINIMUM TEMPERATURE (F)    2       -39      1978


SUNRISE AND SUNSET
DECEMBER  9 2016......SUNRISE   707 AM MST   SUNSET   445 PM MST
DECEMBER 10 2016......SUNRISE   707 AM MST   SUNSET   446 PM MST


-  INDICATES NEGATIVE NUMBERS.
R  INDICATES RECORD WAS SET OR TIED.
MM INDICATES DATA IS MISSING.
T  INDICATES TRACE AMOUNT.




$$
