000
CDUS44 KAMA 260628
CLIAMA


CLIMATE REPORT
NATIONAL WEATHER SERVICE AMARILLO TX
126 AM CDT SAT JUL 26 2014


...................................

...THE AMARILLO CLIMATE SUMMARY FOR JULY 25 2014...

CLIMATE NORMAL PERIOD 1981 TO 2010
CLIMATE RECORD PERIOD 1892 TO 2014


WEATHER ITEM   OBSERVED TIME   RECORD YEAR NORMAL DEPARTURE LAST
                VALUE   (LST)  VALUE       VALUE  FROM      YEAR
                                                  NORMAL
..................................................................
TEMPERATURE (F)
 YESTERDAY
  MAXIMUM        100    310 PM 103    1954  91      9       81
  MINIMUM         73    651 AM  54    1911  65      8       64
  AVERAGE         87                        78      9       73

PRECIPITATION (IN)
  YESTERDAY        0.00          0.82 1913   0.10  -0.10     0.31
  MONTH TO DATE    1.48                      2.24  -0.76     1.86
  SINCE JUN 1      6.88                      5.40   1.48     4.66
  SINCE JAN 1     11.59                     11.76  -0.17    10.95

SNOWFALL (IN)
  YESTERDAY        0.0           0.0    MM   0.0    0.0      0.0
  MONTH TO DATE    0.0                       0.0    0.0      0.0
  SINCE JUN 1      0.0                       0.0    0.0      0.0
  SINCE JUL 1      0.0                       0.0    0.0      0.0
  SNOW DEPTH       0

DEGREE DAYS
 HEATING
  YESTERDAY        0                         0      0        0
  MONTH TO DATE    0                         0      0        0
  SINCE JUN 1      4                         7     -3        0
  SINCE JUL 1      0                         0      0        0

 COOLING
  YESTERDAY       22                        13      9        8
  MONTH TO DATE  300                       333    -33      326
  SINCE JUN 1    618                       621     -3      717
  SINCE JAN 1    815                       746     69      965
..................................................................


WIND (MPH)
  RESULTANT WIND SPEED  17   RESULTANT WIND DIRECTION   S (190)
  HIGHEST WIND SPEED    25   HIGHEST WIND DIRECTION    SW (210)
  HIGHEST GUST SPEED    32   HIGHEST GUST DIRECTION    SW (210)
  AVERAGE WIND SPEED    18.0


SKY COVER
  AVERAGE SKY COVER 0.0


WEATHER CONDITIONS
 THE FOLLOWING WEATHER WAS RECORDED YESTERDAY.
  NO SIGNIFICANT WEATHER WAS OBSERVED.


RELATIVE HUMIDITY (PERCENT)
 HIGHEST    64           400 AM
 LOWEST     22           400 PM
 AVERAGE    43

..........................................................


THE AMARILLO CLIMATE NORMALS FOR TODAY
                         NORMAL    RECORD    YEAR
 MAXIMUM TEMPERATURE (F)   91       102      2011
                                             1940
 MINIMUM TEMPERATURE (F)   65        55      2004


SUNRISE AND SUNSET
JULY 26 2014..........SUNRISE   651 AM CDT   SUNSET   855 PM CDT
JULY 27 2014..........SUNRISE   652 AM CDT   SUNSET   854 PM CDT


-  INDICATES NEGATIVE NUMBERS.
R  INDICATES RECORD WAS SET OR TIED.
MM INDICATES DATA IS MISSING.
T  INDICATES TRACE AMOUNT.




$$
