000
CDUS44 KAMA 302132
CLIAMA


CLIMATE REPORT
NATIONAL WEATHER SERVICE AMARILLO TX
430 PM CDT MON MAY 30 2016


...................................

...THE AMARILLO CLIMATE SUMMARY FOR MAY 30 2016...
VALID TODAY AS OF 0400 PM LOCAL TIME.

CLIMATE NORMAL PERIOD 1981 TO 2010
CLIMATE RECORD PERIOD 1892 TO 2016


WEATHER ITEM   OBSERVED TIME   RECORD YEAR NORMAL DEPARTURE LAST
                VALUE   (LST)  VALUE       VALUE  FROM      YEAR
                                                  NORMAL
..................................................................
TEMPERATURE (F)
 TODAY
  MAXIMUM         81    259 PM 101    1998  83     -2       69
  MINIMUM         50    609 AM  42    1947  56     -6       54
  AVERAGE         66                        70     -4       62

PRECIPITATION (IN)
  TODAY            0.00          2.11 1961   0.10  -0.10     0.00
  MONTH TO DATE    1.50                      2.18  -0.68     9.29
  SINCE MAR 1      5.10                      4.97   0.13    12.47
  SINCE JAN 1      5.79                      6.25  -0.46    14.55

SNOWFALL (IN)
  TODAY            0.0           0.0    MM   0.0    0.0      0.0
  MONTH TO DATE    T                         0.2   -0.2      0.0
  SINCE MAR 1      1.3                       3.8   -2.5      0.1
  SINCE JUL 1     13.4                      17.8   -4.4     23.9
  SNOW DEPTH       0

DEGREE DAYS
 HEATING
  TODAY            0                         1     -1        3
  MONTH TO DATE  126                        82     44      106
  SINCE MAR 1    720                       893   -173      734
  SINCE JUL 1   3461                      4170   -709     3859

 COOLING
  TODAY            1                         6     -5        0
  MONTH TO DATE   73                        98    -25       27
  SINCE MAR 1     83                       119    -36       49
  SINCE JAN 1     84                       119    -35       49
..................................................................


WIND (MPH)
  RESULTANT WIND SPEED   6   RESULTANT WIND DIRECTION  SW (210)
  HIGHEST WIND SPEED    18   HIGHEST WIND DIRECTION     S (190)
  HIGHEST GUST SPEED    25   HIGHEST GUST DIRECTION     S (180)
  AVERAGE WIND SPEED     8.8


SKY COVER
  AVERAGE SKY COVER 0.1


WEATHER CONDITIONS
 THE FOLLOWING WEATHER WAS RECORDED TODAY.
  NO SIGNIFICANT WEATHER WAS OBSERVED.


RELATIVE HUMIDITY (PERCENT)
 HIGHEST    96           400 AM
 LOWEST     51           300 PM
 AVERAGE    74

..........................................................


THE AMARILLO CLIMATE NORMALS FOR TOMORROW
                         NORMAL    RECORD    YEAR
 MAXIMUM TEMPERATURE (F)   84       100      1953
 MINIMUM TEMPERATURE (F)   57        44      1983
                                             1975
                                             1903


SUNRISE AND SUNSET
MAY 30 2016...........SUNRISE   634 AM CDT   SUNSET   855 PM CDT
MAY 31 2016...........SUNRISE   634 AM CDT   SUNSET   856 PM CDT


-  INDICATES NEGATIVE NUMBERS.
R  INDICATES RECORD WAS SET OR TIED.
MM INDICATES DATA IS MISSING.
T  INDICATES TRACE AMOUNT.




$$
