389
CDUS44 KAMA 191514
CLIAMA


CLIMATE REPORT
NATIONAL WEATHER SERVICE AMARILLO TX
914 AM CST MON FEB 19 2018


...................................

...THE AMARILLO CLIMATE SUMMARY FOR FEBRUARY 19 2018...
VALID AS OF 0900 AM LOCAL TIME.

CLIMATE NORMAL PERIOD 1981 TO 2010
CLIMATE RECORD PERIOD 1892 TO 2018


WEATHER ITEM   OBSERVED TIME   RECORD YEAR NORMAL DEPARTURE LAST
                VALUE   (LST)  VALUE       VALUE  FROM      YEAR
                                                  NORMAL
..................................................................
TEMPERATURE (F)
 TODAY
  MINIMUM         46    759 AM   3    1905  27     19       42

PRECIPITATION (IN)
  TODAY            0.00          0.25 1987   0.02  -0.02      T
                                      1936
  MONTH TO DATE    0.01                      0.39  -0.38     0.51
  SINCE DEC 1      0.01                      1.82  -1.81     3.95
  SINCE JAN 1      0.01                      1.11  -1.10     3.68

SNOWFALL (IN)
  TODAY            0.0           2.7  1987   0.1   -0.1      0.0
  MONTH TO DATE    T                         2.4   -2.4      1.1
  SINCE DEC 1      T                        10.8  -10.8      8.0
  SINCE JUL 1      T                        13.5  -13.5      8.0
  SNOW DEPTH       0

..................................................................


WIND (MPH)
  RESULTANT WIND SPEED  11   RESULTANT WIND DIRECTION  SW (210)
  HIGHEST WIND SPEED    24   HIGHEST WIND DIRECTION    SW (230)
  HIGHEST GUST SPEED    31   HIGHEST GUST DIRECTION    SW (230)
  AVERAGE WIND SPEED    12.9


SKY COVER
  AVERAGE SKY COVER 0.0


WEATHER CONDITIONS
 THE FOLLOWING WEATHER WAS RECORDED TODAY.
  NO SIGNIFICANT WEATHER WAS OBSERVED.


RELATIVE HUMIDITY (PERCENT)
 HIGHEST    86           700 AM
 LOWEST     53           100 AM
 AVERAGE    70

..........................................................


THE AMARILLO CLIMATE NORMALS FOR TOMORROW
                         NORMAL    RECORD    YEAR
 MAXIMUM TEMPERATURE (F)   55        83      1981
 MINIMUM TEMPERATURE (F)   27         4      1955


SUNRISE AND SUNSET
FEBRUARY 19 2018......SUNRISE   728 AM CST   SUNSET   633 PM CST
FEBRUARY 20 2018......SUNRISE   727 AM CST   SUNSET   634 PM CST


-  INDICATES NEGATIVE NUMBERS.
R  INDICATES RECORD WAS SET OR TIED.
MM INDICATES DATA IS MISSING.
T  INDICATES TRACE AMOUNT.




$$
