000
CDUS44 KAMA 050628
CLIAMA


CLIMATE REPORT
NATIONAL WEATHER SERVICE AMARILLO TX
127 AM CDT SAT SEP 5 2015


...................................

...THE AMARILLO CLIMATE SUMMARY FOR SEPTEMBER 4 2015...

CLIMATE NORMAL PERIOD 1981 TO 2010
CLIMATE RECORD PERIOD 1892 TO 2015


WEATHER ITEM   OBSERVED TIME   RECORD YEAR NORMAL DEPARTURE LAST
                VALUE   (LST)  VALUE       VALUE  FROM      YEAR
                                                  NORMAL
..................................................................
TEMPERATURE (F)
 YESTERDAY
  MAXIMUM         92    332 PM 102    2000  87      5       91
                                      1983
                                      1945
  MINIMUM         71    712 AM  47    1984  61     10       67
                                      1974
                                      1961
  AVERAGE         82                        74      8       79

PRECIPITATION (IN)
  YESTERDAY        0.00          2.51 1936   0.07  -0.07     0.00
  MONTH TO DATE    0.00                      0.28  -0.28     0.38
  SINCE SEP 1      0.00                      0.28  -0.28     0.38
  SINCE JAN 1     28.71                     15.55  13.16    14.07

SNOWFALL (IN)
  YESTERDAY        0.0           0.0    MM   0.0    0.0      0.0
  MONTH TO DATE    0.0                       0.0    0.0       T
  SINCE SEP 1      0.0                       0.0    0.0       T
  SINCE JUL 1      0.0                       0.0    0.0       T
  SNOW DEPTH       0

DEGREE DAYS
 HEATING
  YESTERDAY        0                         0      0        0
  MONTH TO DATE    0                         0      0        0
  SINCE SEP 1      0                         0      0        0
  SINCE JUL 1      0                         1     -1        0

 COOLING
  YESTERDAY       17                         9      8       14
  MONTH TO DATE   59                        37     22       63
  SINCE SEP 1     59                        37     22       63
  SINCE JAN 1   1205                      1229    -24     1393
..................................................................


WIND (MPH)
  RESULTANT WIND SPEED  14   RESULTANT WIND DIRECTION   S (180)
  HIGHEST WIND SPEED    22   HIGHEST WIND DIRECTION     S (160)
  HIGHEST GUST SPEED    33   HIGHEST GUST DIRECTION     S (180)
  AVERAGE WIND SPEED    14.1


SKY COVER
  AVERAGE SKY COVER 0.2


WEATHER CONDITIONS
 THE FOLLOWING WEATHER WAS RECORDED YESTERDAY.
  FOG


RELATIVE HUMIDITY (PERCENT)
 HIGHEST    57           500 AM
 LOWEST     29           500 PM
 AVERAGE    43

..........................................................


THE AMARILLO CLIMATE NORMALS FOR TODAY
                         NORMAL    RECORD    YEAR
 MAXIMUM TEMPERATURE (F)   86       103      1995
 MINIMUM TEMPERATURE (F)   61        48      2011


SUNRISE AND SUNSET
SEPTEMBER  5 2015.....SUNRISE   722 AM CDT   SUNSET   808 PM CDT
SEPTEMBER  6 2015.....SUNRISE   723 AM CDT   SUNSET   807 PM CDT


-  INDICATES NEGATIVE NUMBERS.
R  INDICATES RECORD WAS SET OR TIED.
MM INDICATES DATA IS MISSING.
T  INDICATES TRACE AMOUNT.




$$
