000
CDUS44 KAMA 142135
CLIAMA


CLIMATE REPORT
NATIONAL WEATHER SERVICE AMARILLO TX
435 PM CDT SUN SEP 14 2014


...................................

...THE AMARILLO CLIMATE SUMMARY FOR SEPTEMBER 14 2014...
VALID TODAY AS OF 0400 PM LOCAL TIME.

CLIMATE NORMAL PERIOD 1981 TO 2010
CLIMATE RECORD PERIOD 1892 TO 2014


WEATHER ITEM   OBSERVED TIME   RECORD YEAR NORMAL DEPARTURE LAST
                VALUE   (LST)  VALUE       VALUE  FROM      YEAR
                                                  NORMAL
..................................................................
TEMPERATURE (F)
 TODAY
  MAXIMUM         73    127 PM  99    1918  83    -10       87
  MINIMUM         55    342 AM  40    1989  57     -2       65
  AVERAGE         64                        70     -6       76

PRECIPITATION (IN)
  TODAY            0.02          1.35 1994   0.06  -0.04     0.01
  MONTH TO DATE    2.50                      0.94   1.56     0.01
  SINCE SEP 1      2.50                      0.94   1.56     0.01
  SINCE JAN 1     16.19                     16.21  -0.02    12.38

SNOWFALL (IN)
  TODAY            0.0           0.0    MM   0.0    0.0      0.0
  MONTH TO DATE    T                         0.0    0.0      0.0
  SINCE SEP 1      T                         0.0    0.0      0.0
  SINCE JUL 1      T                         0.0    0.0      0.0
  SNOW DEPTH       0

DEGREE DAYS
 HEATING
  TODAY            1                         1      0        0
  MONTH TO DATE   24                         5     19        0
  SINCE SEP 1     24                         5     19        0
  SINCE JUL 1     24                         6     18        0

 COOLING
  TODAY            0                         6     -6       11
  MONTH TO DATE  101                       112    -11      193
  SINCE SEP 1    101                       112    -11      193
  SINCE JAN 1   1431                      1304    127     1689
..................................................................


WIND (MPH)
  RESULTANT WIND SPEED  16   RESULTANT WIND DIRECTION   S (200)
  HIGHEST WIND SPEED    24   HIGHEST WIND DIRECTION    SW (210)
  HIGHEST GUST SPEED    29   HIGHEST GUST DIRECTION    SW (210)
  AVERAGE WIND SPEED    16.0


SKY COVER
  AVERAGE SKY COVER 0.6


WEATHER CONDITIONS
 THE FOLLOWING WEATHER WAS RECORDED TODAY.
  LIGHT RAIN
  FOG


RELATIVE HUMIDITY (PERCENT)
 HIGHEST   100           400 AM
 LOWEST     66          1100 AM
 AVERAGE    83

..........................................................


THE AMARILLO CLIMATE NORMALS FOR TOMORROW
                         NORMAL    RECORD    YEAR
 MAXIMUM TEMPERATURE (F)   83        98      2010
 MINIMUM TEMPERATURE (F)   57        39      1993


SUNRISE AND SUNSET
SEPTEMBER 14 2014.....SUNRISE   729 AM CDT   SUNSET   755 PM CDT
SEPTEMBER 15 2014.....SUNRISE   730 AM CDT   SUNSET   754 PM CDT


-  INDICATES NEGATIVE NUMBERS.
R  INDICATES RECORD WAS SET OR TIED.
MM INDICATES DATA IS MISSING.
T  INDICATES TRACE AMOUNT.




$$
