000
CDUS42 KJAX 260550
CLIAMG


CLIMATE REPORT
NATIONAL WEATHER SERVICE JACKSONVILLE FL
150 AM EDT THU MAR 26 2015


...................................

...THE ALMA CLIMATE SUMMARY FOR MARCH 25 2015...

CLIMATE NORMAL PERIOD 1981 TO 2010
CLIMATE RECORD PERIOD 1948 TO 2015


WEATHER ITEM   OBSERVED TIME   RECORD YEAR NORMAL DEPARTURE LAST
                VALUE   (LST)  VALUE       VALUE  FROM      YEAR
                                                  NORMAL
..................................................................
TEMPERATURE (F)
 YESTERDAY
  MAXIMUM         73        MM  89    1954  74     -1       68
  MINIMUM         57        MM  32    1968  50      7       43
  AVERAGE         65                        62      3       56

PRECIPITATION (IN)
  YESTERDAY        0.05          1.14 1994   0.14  -0.09     0.10
  MONTH TO DATE    2.44                      3.89  -1.45     2.98
  SINCE MAR 1      2.44                      3.89  -1.45     2.98
  SINCE JAN 1      8.27                     11.95  -3.68     6.50

SNOWFALL (IN)
  YESTERDAY        0.0           0.0    MM   0.0    0.0      0.0
  MONTH TO DATE    0.0                       0.0    0.0      0.0
  SINCE MAR 1      0.0                       0.0    0.0      0.0
  SINCE JUL 1      0.0                       0.1   -0.1       T
  SNOW DEPTH       0

DEGREE DAYS
 HEATING
  YESTERDAY        0                         4     -4        9
  MONTH TO DATE   91                       164    -73      232
  SINCE MAR 1     91                       164    -73      232
  SINCE JUL 1   1766                      1565    201     1699

 COOLING
  YESTERDAY        0                         1     -1        0
  MONTH TO DATE   49                        25     24        1
  SINCE MAR 1     49                        25     24        1
  SINCE JAN 1     52                        41     11        9
..................................................................


WIND (MPH)
  HIGHEST WIND SPEED     6   HIGHEST WIND DIRECTION     N (350)
  HIGHEST GUST SPEED    MM   HIGHEST GUST DIRECTION    MM
  AVERAGE WIND SPEED     2.4


SKY COVER
  POSSIBLE SUNSHINE  MM
  AVERAGE SKY COVER 0.7


WEATHER CONDITIONS
 THE FOLLOWING WEATHER WAS RECORDED YESTERDAY.
  RAIN
  LIGHT RAIN
  FOG


RELATIVE HUMIDITY (PERCENT)
 HIGHEST   100          1000 PM
 LOWEST     68           500 PM
 AVERAGE    84

..........................................................


THE ALMA CLIMATE NORMALS FOR TODAY
                         NORMAL    RECORD    YEAR
 MAXIMUM TEMPERATURE (F)   74        86      1965
 MINIMUM TEMPERATURE (F)   50        31      2014


SUNRISE AND SUNSET
MARCH 26 2015.........SUNRISE   727 AM EDT   SUNSET   745 PM EDT
MARCH 27 2015.........SUNRISE   725 AM EDT   SUNSET   746 PM EDT


-  INDICATES NEGATIVE NUMBERS.
R  INDICATES RECORD WAS SET OR TIED.
MM INDICATES DATA IS MISSING.
T  INDICATES TRACE AMOUNT.




$$
