000
CDUS42 KJAX 190552
CLIAMG


CLIMATE REPORT
NATIONAL WEATHER SERVICE JACKSONVILLE
151 AM EDT SAT APR 19 2014


...................................

...THE ALMA CLIMATE SUMMARY FOR APRIL 18 2014...

CLIMATE NORMAL PERIOD 1981 TO 2010
CLIMATE RECORD PERIOD 1948 TO 2014


WEATHER ITEM   OBSERVED TIME   RECORD YEAR NORMAL DEPARTURE LAST
                VALUE   (LST)  VALUE       VALUE  FROM      YEAR
                                                  NORMAL
..................................................................
TEMPERATURE (F)
 YESTERDAY
  MAXIMUM         59   1026 AM  92    1967  79    -20       85
  MINIMUM         54    252 PM  37    1999  54      0       60
  AVERAGE         57                        67    -10       73

PRECIPITATION (IN)
  YESTERDAY        2.00R         1.04 1969   0.09   1.91     0.00
  MONTH TO DATE    7.56                      1.87   5.69     1.83
  SINCE MAR 1     10.78                      6.62   4.16     4.12
  SINCE JAN 1     14.30                     14.68  -0.38    14.23

SNOWFALL (IN)
  YESTERDAY        0.0           0.0    MM   0.0    0.0      0.0
  MONTH TO DATE    0.0                       0.0    0.0      0.0
  SINCE MAR 1      0.0                       0.0    0.0       T
  SINCE JUL 1      T                         0.1   -0.1       T
  SNOW DEPTH       0

DEGREE DAYS
 HEATING
  YESTERDAY        8                         2      6        0
  MONTH TO DATE   45                        48     -3       47
  SINCE MAR 1    324                       236     88      415
  SINCE JUL 1   1791                      1637    154     1574

 COOLING
  YESTERDAY        0                         3     -3        8
  MONTH TO DATE   33                        47    -14       47
  SINCE MAR 1     37                        85    -48       53
  SINCE JAN 1     45                       101    -56       80
..................................................................


WIND (MPH)
  HIGHEST WIND SPEED    15   HIGHEST WIND DIRECTION     E (70)
  HIGHEST GUST SPEED    23   HIGHEST GUST DIRECTION     E (70)
  AVERAGE WIND SPEED     5.8


SKY COVER
  POSSIBLE SUNSHINE  MM
  AVERAGE SKY COVER 0.8


WEATHER CONDITIONS
 THE FOLLOWING WEATHER WAS RECORDED YESTERDAY.
  HEAVY RAIN
  RAIN
  LIGHT RAIN
  FOG
  HAZE


RELATIVE HUMIDITY (PERCENT)
 HIGHEST    93           900 AM
 LOWEST     72          1200 AM
 AVERAGE    83

..........................................................


THE ALMA CLIMATE NORMALS FOR TODAY
                         NORMAL    RECORD    YEAR
 MAXIMUM TEMPERATURE (F)   79        91      1968
 MINIMUM TEMPERATURE (F)   54        35      1983


SUNRISE AND SUNSET
APRIL 19 2014.........SUNRISE   657 AM EDT   SUNSET   802 PM EDT
APRIL 20 2014.........SUNRISE   656 AM EDT   SUNSET   802 PM EDT


-  INDICATES NEGATIVE NUMBERS.
R  INDICATES RECORD WAS SET OR TIED.
MM INDICATES DATA IS MISSING.
T  INDICATES TRACE AMOUNT.




$$
