000
CDUS42 KJAX 190526
CLIAMG


CLIMATE REPORT
NATIONAL WEATHER SERVICE JACKSONVILLE FL
1225 AM EST MON FEB 19 2018


...................................

...THE ALMA CLIMATE SUMMARY FOR FEBRUARY 18 2018...

CLIMATE NORMAL PERIOD 1981 TO 2010
CLIMATE RECORD PERIOD 1948 TO 2018


WEATHER ITEM   OBSERVED TIME   RECORD YEAR NORMAL DEPARTURE LAST
                VALUE   (LST)  VALUE       VALUE  FROM      YEAR
                                                  NORMAL
..................................................................
TEMPERATURE (F)
 YESTERDAY
  MAXIMUM         80    336 PM  83    1956  66     14       68
  MINIMUM         60    150 AM  14    1958  44     16       46
  AVERAGE         70                        55     15       57

PRECIPITATION (IN)
  YESTERDAY        0.00          2.34 1964   0.13  -0.13      T
  MONTH TO DATE    1.73                      2.39  -0.66     0.48
  SINCE DEC 1      5.14                      9.94  -4.80    12.29
  SINCE JAN 1      3.28                      6.65  -3.37     7.57

SNOWFALL (IN)
  YESTERDAY        0.0           0.0    MM   0.0    0.0      0.0
  MONTH TO DATE    0.0                       0.0    0.0      0.0
  SINCE DEC 1      3.0                       0.1    2.9      0.0
  SINCE JUL 1      3.0                       0.1    2.9      0.0
  SNOW DEPTH       0

DEGREE DAYS
 HEATING
  YESTERDAY        0                        11    -11        8
  MONTH TO DATE   99                       216   -117      123
  SINCE DEC 1   1021                      1061    -40      644
  SINCE JUL 1   1232                      1305    -73      832

 COOLING
  YESTERDAY        5                         0      5        0
  MONTH TO DATE   31                         0     31        9
  SINCE DEC 1     49                        16     33       48
  SINCE JAN 1     36                         5     31       35
..................................................................


WIND (MPH)
  HIGHEST WIND SPEED    13   HIGHEST WIND DIRECTION     E (100)
  HIGHEST GUST SPEED    20   HIGHEST GUST DIRECTION     E (100)
  AVERAGE WIND SPEED     5.7


SKY COVER
  POSSIBLE SUNSHINE  MM
  AVERAGE SKY COVER 0.8


WEATHER CONDITIONS
 THE FOLLOWING WEATHER WAS RECORDED YESTERDAY.
  FOG


RELATIVE HUMIDITY (PERCENT)
 HIGHEST    93           300 AM
 LOWEST     62           400 PM
 AVERAGE    78

..........................................................


THE ALMA CLIMATE NORMALS FOR TODAY
                         NORMAL    RECORD    YEAR
 MAXIMUM TEMPERATURE (F)   66        81      2011
                                             1951
 MINIMUM TEMPERATURE (F)   44        19      1958


SUNRISE AND SUNSET
FEBRUARY 19 2018......SUNRISE   708 AM EST   SUNSET   620 PM EST
FEBRUARY 20 2018......SUNRISE   707 AM EST   SUNSET   621 PM EST


-  INDICATES NEGATIVE NUMBERS.
R  INDICATES RECORD WAS SET OR TIED.
MM INDICATES DATA IS MISSING.
T  INDICATES TRACE AMOUNT.




$$
