000
CDUS42 KJAX 240536
CLIAMG


CLIMATE REPORT
NATIONAL WEATHER SERVICE JACKSONVILLE FL
1236 AM EST TUE JAN 24 2017


...................................

...THE ALMA CLIMATE SUMMARY FOR JANUARY 23 2017...

CLIMATE NORMAL PERIOD 1981 TO 2010
CLIMATE RECORD PERIOD 1948 TO 2017


WEATHER ITEM   OBSERVED TIME   RECORD YEAR NORMAL DEPARTURE LAST
                VALUE   (LST)  VALUE       VALUE  FROM      YEAR
                                                  NORMAL
..................................................................
TEMPERATURE (F)
 YESTERDAY
  MAXIMUM         62    406 PM  79    1974  62      0       42
  MINIMUM         51    734 AM  20    2011  40     11       32
                                      1960
  AVERAGE         57                        51      6       37

PRECIPITATION (IN)
  YESTERDAY        0.03          2.51 1998   0.15  -0.12     0.00
  MONTH TO DATE    7.03                      3.09   3.94     4.39
  SINCE DEC 1     11.75                      6.38   5.37     6.36
  SINCE JAN 1      7.03                      3.09   3.94     4.39

SNOWFALL (IN)
  YESTERDAY        0.0           0.0    MM   0.0    0.0      0.0
  MONTH TO DATE    0.0                       0.0    0.0      0.0
  SINCE DEC 1      0.0                       0.1   -0.1      0.0
  SINCE JUL 1      0.0                       0.1   -0.1      0.0
  SNOW DEPTH       0

DEGREE DAYS
 HEATING
  YESTERDAY        8                        14     -6       28
  MONTH TO DATE  157                       340   -183      383
  SINCE DEC 1    425                       736   -311      524
  SINCE JUL 1    613                       980   -367      642

 COOLING
  YESTERDAY        0                         0      0        0
  MONTH TO DATE   26                         0     26        0
  SINCE DEC 1     39                        11     28       97
  SINCE JAN 1     26                         0     26        0
..................................................................


WIND (MPH)
  HIGHEST WIND SPEED    21   HIGHEST WIND DIRECTION    SW (240)
  HIGHEST GUST SPEED    29   HIGHEST GUST DIRECTION     W (280)
  AVERAGE WIND SPEED    11.2


SKY COVER
  POSSIBLE SUNSHINE  MM
  AVERAGE SKY COVER 0.5


WEATHER CONDITIONS
 THE FOLLOWING WEATHER WAS RECORDED YESTERDAY.
  LIGHT RAIN
  FOG


RELATIVE HUMIDITY (PERCENT)
 HIGHEST   100          1200 PM
 LOWEST     67          1100 PM
 AVERAGE    84

..........................................................


THE ALMA CLIMATE NORMALS FOR TODAY
                         NORMAL    RECORD    YEAR
 MAXIMUM TEMPERATURE (F)   62        80      2002
 MINIMUM TEMPERATURE (F)   40        15      1963


SUNRISE AND SUNSET
JANUARY 24 2017.......SUNRISE   727 AM EST   SUNSET   558 PM EST
JANUARY 25 2017.......SUNRISE   727 AM EST   SUNSET   559 PM EST


-  INDICATES NEGATIVE NUMBERS.
R  INDICATES RECORD WAS SET OR TIED.
MM INDICATES DATA IS MISSING.
T  INDICATES TRACE AMOUNT.




$$
