000
CDUS42 KJAX 300533
CLIAMG


CLIMATE REPORT
NATIONAL WEATHER SERVICE JACKSONVILLE FL
133 AM EDT SAT MAY 30 2015


...................................

...THE ALMA CLIMATE SUMMARY FOR MAY 29 2015...

CLIMATE NORMAL PERIOD 1981 TO 2010
CLIMATE RECORD PERIOD 1948 TO 2015


WEATHER ITEM   OBSERVED TIME   RECORD YEAR NORMAL DEPARTURE LAST
                VALUE   (LST)  VALUE       VALUE  FROM      YEAR
                                                  NORMAL
..................................................................
TEMPERATURE (F)
 YESTERDAY
  MAXIMUM         88        MM  98    1967  88      0       91
  MINIMUM         60        MM  52    1951  66     -6       65
  AVERAGE         74                        77     -3       78

PRECIPITATION (IN)
  YESTERDAY        0.00          2.00 2012   0.11  -0.11     0.68
  MONTH TO DATE    1.28                      2.25  -0.97     2.97
  SINCE MAR 1      7.44                      9.81  -2.37    13.85
  SINCE JAN 1     13.27                     17.87  -4.60    17.37

SNOWFALL (IN)
  YESTERDAY        0.0           0.0    MM   0.0    0.0      0.0
  MONTH TO DATE    0.0                       0.0    0.0      0.0
  SINCE MAR 1      0.0                       0.0    0.0      0.0
  SINCE JUL 1      0.0                       0.1   -0.1       T
  SNOW DEPTH       0

DEGREE DAYS
 HEATING
  YESTERDAY        0                         0      0        0
  MONTH TO DATE    4                         3      1        3
  SINCE MAR 1    145                       255   -110      340
  SINCE JUL 1   1820                      1656    164     1807

 COOLING
  YESTERDAY        9                        12     -3       13
  MONTH TO DATE  274                       251     23      257
  SINCE MAR 1    498                       389    109      351
  SINCE JAN 1    501                       405     96      359
..................................................................


WIND (MPH)
  HIGHEST WIND SPEED    12   HIGHEST WIND DIRECTION    SE (130)
  HIGHEST GUST SPEED    20   HIGHEST GUST DIRECTION     E (100)
  AVERAGE WIND SPEED     4.9


SKY COVER
  POSSIBLE SUNSHINE  MM
  AVERAGE SKY COVER 0.3


WEATHER CONDITIONS
 THE FOLLOWING WEATHER WAS RECORDED YESTERDAY.
  FOG


RELATIVE HUMIDITY (PERCENT)
 HIGHEST   100           400 AM
 LOWEST     40           300 PM
 AVERAGE    70

..........................................................


THE ALMA CLIMATE NORMALS FOR TODAY
                         NORMAL    RECORD    YEAR
 MAXIMUM TEMPERATURE (F)   88        95      2004
                                             1981
 MINIMUM TEMPERATURE (F)   66        51      1971


SUNRISE AND SUNSET
MAY 30 2015...........SUNRISE   626 AM EDT   SUNSET   829 PM EDT
MAY 31 2015...........SUNRISE   626 AM EDT   SUNSET   829 PM EDT


-  INDICATES NEGATIVE NUMBERS.
R  INDICATES RECORD WAS SET OR TIED.
MM INDICATES DATA IS MISSING.
T  INDICATES TRACE AMOUNT.




$$
