000
CDUS42 KJAX 112228
CLIAMG


CLIMATE REPORT
NATIONAL WEATHER SERVICE JACKSONVILLE FL
527 PM EST MON DEC 11 2017


...................................

...THE ALMA CLIMATE SUMMARY FOR DECEMBER 11 2017...
VALID TODAY AS OF 0500 PM LOCAL TIME.

CLIMATE NORMAL PERIOD 1981 TO 2010
CLIMATE RECORD PERIOD 1948 TO 2017


WEATHER ITEM   OBSERVED TIME   RECORD YEAR NORMAL DEPARTURE LAST
                VALUE   (LST)  VALUE       VALUE  FROM      YEAR
                                                  NORMAL
..................................................................
TEMPERATURE (F)
 TODAY
  MAXIMUM         63    340 PM  82    1961  64     -1       70
  MINIMUM         29    632 AM  21    1981  43    -14       39
  AVERAGE         46                        53     -7       55

PRECIPITATION (IN)
  TODAY            0.00          2.98 1986   0.10  -0.10     0.00
  MONTH TO DATE    1.66                      1.07   0.59     3.77
  SINCE DEC 1      1.66                      1.07   0.59     3.77
  SINCE JAN 1     40.50                     44.43  -3.93    43.54

SNOWFALL (IN)
  TODAY            0.0           0.0    MM   0.0    0.0      0.0
  MONTH TO DATE    0.0                       0.0    0.0      0.0
  SINCE DEC 1      0.0                       0.0    0.0      0.0
  SINCE JUL 1      0.0                       0.0    0.0      0.0
  SNOW DEPTH       0

DEGREE DAYS
 HEATING
  TODAY           19                        12      7       10
  MONTH TO DATE  122                       121      1      116
  SINCE DEC 1    122                       121      1      116
  SINCE JUL 1    333                       365    -32      304

 COOLING
  TODAY            0                         0      0        0
  MONTH TO DATE   10                         7      3        4
  SINCE DEC 1     10                         7      3        4
  SINCE JAN 1   2864                      2472    392     2704
..................................................................


WIND (MPH)
  HIGHEST WIND SPEED    13   HIGHEST WIND DIRECTION    SW (220)
  HIGHEST GUST SPEED    16   HIGHEST GUST DIRECTION     W (250)
  AVERAGE WIND SPEED     3.8


SKY COVER
  POSSIBLE SUNSHINE  MM
  AVERAGE SKY COVER 0.0


WEATHER CONDITIONS
 THE FOLLOWING WEATHER WAS RECORDED TODAY.
  FOG


RELATIVE HUMIDITY (PERCENT)
 HIGHEST    92           100 AM
 LOWEST     32           200 PM
 AVERAGE    62

..........................................................


THE ALMA CLIMATE NORMALS FOR TOMORROW
                         NORMAL    RECORD    YEAR
 MAXIMUM TEMPERATURE (F)   64        80      2007
                                             1949
 MINIMUM TEMPERATURE (F)   42        15      1962


SUNRISE AND SUNSET
DECEMBER 11 2017......SUNRISE   719 AM EST   SUNSET   527 PM EST
DECEMBER 12 2017......SUNRISE   720 AM EST   SUNSET   528 PM EST


-  INDICATES NEGATIVE NUMBERS.
R  INDICATES RECORD WAS SET OR TIED.
MM INDICATES DATA IS MISSING.
T  INDICATES TRACE AMOUNT.




$$
