000
CDUS44 KBMX 010940
CLIANB


CLIMATE REPORT
NATIONAL WEATHER SERVICE BIRMINGHAM, AL
439 AM CDT WED OCT 1 2014


...................................

...THE ANNISTON CLIMATE SUMMARY FOR SEPTEMBER 30 2014...

CLIMATE NORMAL PERIOD 1981 TO 2010
CLIMATE RECORD PERIOD 1903 TO 2014


WEATHER ITEM   OBSERVED TIME   RECORD YEAR NORMAL DEPARTURE LAST
                VALUE   (LST)  VALUE       VALUE  FROM      YEAR
                                                  NORMAL
..................................................................
TEMPERATURE (F)
 YESTERDAY
  MAXIMUM         86    249 PM  94    1904  80      6       78
  MINIMUM         62   1156 PM  34    1967  57      5       59
  AVERAGE         74                        68      6       69

PRECIPITATION (IN)
  YESTERDAY        0.00          2.38 1973   0.10  -0.10     0.00
  MONTH TO DATE    1.50                      2.93  -1.43     2.71
  SINCE SEP 1      1.50                      2.93  -1.43     2.71
  SINCE JAN 1     34.14                     37.85  -3.71    60.49

DEGREE DAYS
 HEATING
  YESTERDAY        0
  MONTH TO DATE    0
  SINCE SEP 1      0
  SINCE JUL 1      0
..................................................................


WIND (MPH)
  HIGHEST WIND SPEED     9   HIGHEST WIND DIRECTION    NE (50)
  HIGHEST GUST SPEED    13   HIGHEST GUST DIRECTION    NE (30)
  AVERAGE WIND SPEED     3.7


SKY COVER
  AVERAGE SKY COVER 0.5


WEATHER CONDITIONS
 THE FOLLOWING WEATHER WAS RECORDED YESTERDAY.
  NO SIGNIFICANT WEATHER WAS OBSERVED.


RELATIVE HUMIDITY (PERCENT)
 HIGHEST   100
 LOWEST     40
 AVERAGE    70

..........................................................


THE ANNISTON CLIMATE NORMALS FOR TODAY
                         NORMAL    RECORD    YEAR
 MAXIMUM TEMPERATURE (F)   79        93      1954
 MINIMUM TEMPERATURE (F)   57        39      1972


SUNRISE AND SUNSET
OCTOBER  1 2014.......SUNRISE   638 AM CDT   SUNSET   628 PM CDT
OCTOBER  2 2014.......SUNRISE   638 AM CDT   SUNSET   626 PM CDT


-  INDICATES NEGATIVE NUMBERS.
R  INDICATES RECORD WAS SET OR TIED.
MM INDICATES DATA IS MISSING.
T  INDICATES TRACE AMOUNT.




$$
