000
CDUS44 KBMX 280935
CLIANB


CLIMATE REPORT
NATIONAL WEATHER SERVICE BIRMINGHAM, AL
435 AM CDT THU AUG 28 2014


...................................

...THE ANNISTON CLIMATE SUMMARY FOR AUGUST 27 2014...

CLIMATE NORMAL PERIOD 1981 TO 2010
CLIMATE RECORD PERIOD 1903 TO 2014


WEATHER ITEM   OBSERVED TIME   RECORD YEAR NORMAL DEPARTURE LAST
                VALUE   (LST)  VALUE       VALUE  FROM      YEAR
                                                  NORMAL
..................................................................
TEMPERATURE (F)
 YESTERDAY
  MAXIMUM         92    231 PM 101    1954  89      3       87
  MINIMUM         64    516 AM  53    1952  69     -5       61
  AVERAGE         78                        79     -1       74

PRECIPITATION (IN)
  YESTERDAY        0.00          2.02 1986   0.10  -0.10     0.00
  MONTH TO DATE    3.26                      2.90   0.36     4.90
  SINCE JUN 1      8.94                     11.60  -2.66    24.29
  SINCE JAN 1     32.46                     34.53  -2.07    57.22

..................................................................


WIND (MPH)
  HIGHEST WIND SPEED     9   HIGHEST WIND DIRECTION     E (110)
  HIGHEST GUST SPEED    13   HIGHEST GUST DIRECTION     E (100)
  AVERAGE WIND SPEED     3.0


SKY COVER
  AVERAGE SKY COVER 0.0


WEATHER CONDITIONS
 THE FOLLOWING WEATHER WAS RECORDED YESTERDAY.
  NO SIGNIFICANT WEATHER WAS OBSERVED.


RELATIVE HUMIDITY (PERCENT)
 HIGHEST    93
 LOWEST     30
 AVERAGE    62

..........................................................


THE ANNISTON CLIMATE NORMALS FOR TODAY
                         NORMAL    RECORD    YEAR
 MAXIMUM TEMPERATURE (F)   89       101      1990
 MINIMUM TEMPERATURE (F)   68        50      1952


SUNRISE AND SUNSET
AUGUST 28 2014........SUNRISE   615 AM CDT   SUNSET   714 PM CDT
AUGUST 29 2014........SUNRISE   615 AM CDT   SUNSET   713 PM CDT


-  INDICATES NEGATIVE NUMBERS.
R  INDICATES RECORD WAS SET OR TIED.
MM INDICATES DATA IS MISSING.
T  INDICATES TRACE AMOUNT.




$$
