000
CDUS44 KBMX 300833
CLIANB


CLIMATE REPORT
NATIONAL WEATHER SERVICE BIRMINGHAM, AL
333 AM CDT SAT JUL 30 2016


...................................

...THE ANNISTON CLIMATE SUMMARY FOR JULY 29 2016...

CLIMATE NORMAL PERIOD 1981 TO 2010
CLIMATE RECORD PERIOD 1903 TO 2016


WEATHER ITEM   OBSERVED TIME   RECORD YEAR NORMAL DEPARTURE LAST
                VALUE   (LST)  VALUE       VALUE  FROM      YEAR
                                                  NORMAL
..................................................................
TEMPERATURE (F)
 YESTERDAY
  MAXIMUM         91    103 PM 102    1952  90      1       95
  MINIMUM         71    504 AM  62    2014  70      1       73
  AVERAGE         81                        80      1       84

PRECIPITATION (IN)
  YESTERDAY        0.27          1.57 2003   0.14   0.13      T
  MONTH TO DATE    3.01                      4.33  -1.32     4.85
  SINCE JUN 1      4.57                      8.41  -3.84     7.48
  SINCE JAN 1     24.29                     31.34  -7.05    32.00

..................................................................


WIND (MPH)
  HIGHEST WIND SPEED    18   HIGHEST WIND DIRECTION     W (250)
  HIGHEST GUST SPEED    26   HIGHEST GUST DIRECTION    SW (240)
  AVERAGE WIND SPEED     5.0


SKY COVER
  AVERAGE SKY COVER 0.3


WEATHER CONDITIONS
 THE FOLLOWING WEATHER WAS RECORDED YESTERDAY.
  THUNDERSTORM
  HEAVY RAIN
  LIGHT RAIN
  FOG
  HAZE


RELATIVE HUMIDITY (PERCENT)
 HIGHEST    94
 LOWEST     47
 AVERAGE    71

..........................................................


THE ANNISTON CLIMATE NORMALS FOR TODAY
                         NORMAL    RECORD    YEAR
 MAXIMUM TEMPERATURE (F)   90       100      1986
                                             1952
 MINIMUM TEMPERATURE (F)   70        54      2014


SUNRISE AND SUNSET
JULY 30 2016..........SUNRISE   555 AM CDT   SUNSET   745 PM CDT
JULY 31 2016..........SUNRISE   555 AM CDT   SUNSET   744 PM CDT


-  INDICATES NEGATIVE NUMBERS.
R  INDICATES RECORD WAS SET OR TIED.
MM INDICATES DATA IS MISSING.
T  INDICATES TRACE AMOUNT.




$$
