000
CDUS44 KBMX 210834
CLIANB


CLIMATE REPORT
NATIONAL WEATHER SERVICE BIRMINGHAM, AL
233 AM CST SAT JAN 21 2017


...................................

...THE ANNISTON CLIMATE SUMMARY FOR JANUARY 20 2017...

CLIMATE NORMAL PERIOD 1981 TO 2010
CLIMATE RECORD PERIOD 1903 TO 2017


WEATHER ITEM   OBSERVED TIME   RECORD YEAR NORMAL DEPARTURE LAST
                VALUE   (LST)  VALUE       VALUE  FROM      YEAR
                                                  NORMAL
..................................................................
TEMPERATURE (F)
 YESTERDAY
  MAXIMUM         73R   407 PM  72    1982  54     19       47
                                      1954
  MINIMUM         54   1041 PM  -2    1985  33     21       33
  AVERAGE         64                        43     21       40

PRECIPITATION (IN)
  YESTERDAY        0.02          2.81 1990   0.15  -0.13     0.08
  MONTH TO DATE    4.41                      2.74   1.67     1.09
  SINCE DEC 1      7.05                      6.86   0.19    10.38
  SINCE JAN 1      4.41                      2.74   1.67     1.09

SNOWFALL (IN)
  YESTERDAY        0.0                       0.0            MM
  MONTH TO DATE    0.0                       0.3             0.0
  SINCE DEC 1      0.0                       0.3             0.0
  SINCE JUL 1      0.0                       0.3             0.0

DEGREE DAYS
 HEATING
  YESTERDAY        1
  MONTH TO DATE  242
  SINCE DEC 1    736
  SINCE JUL 1   1009
..................................................................


WIND (MPH)
  HIGHEST WIND SPEED    17   HIGHEST WIND DIRECTION    SW (240)
  HIGHEST GUST SPEED    23   HIGHEST GUST DIRECTION    SW (240)
  AVERAGE WIND SPEED     6.8


SKY COVER
  AVERAGE SKY COVER 0.6


WEATHER CONDITIONS
 THE FOLLOWING WEATHER WAS RECORDED YESTERDAY.
  LIGHT RAIN
  FOG


RELATIVE HUMIDITY (PERCENT)
 HIGHEST   100
 LOWEST     53
 AVERAGE    77

..........................................................


THE ANNISTON CLIMATE NORMALS FOR TODAY
                         NORMAL    RECORD    YEAR
 MAXIMUM TEMPERATURE (F)   54        72      1974
 MINIMUM TEMPERATURE (F)   33        -5      1985


SUNRISE AND SUNSET
JANUARY 21 2017.......SUNRISE   646 AM CST   SUNSET   504 PM CST
JANUARY 22 2017.......SUNRISE   645 AM CST   SUNSET   505 PM CST


-  INDICATES NEGATIVE NUMBERS.
R  INDICATES RECORD WAS SET OR TIED.
MM INDICATES DATA IS MISSING.
T  INDICATES TRACE AMOUNT.




$$
