000
CDUS44 KBMX 250743
CLIANB


CLIMATE REPORT
NATIONAL WEATHER SERVICE BIRMINGHAM, AL
243 AM CDT SUN JUN 25 2017


...................................

...THE ANNISTON CLIMATE SUMMARY FOR JUNE 24 2017...

CLIMATE NORMAL PERIOD 1981 TO 2010
CLIMATE RECORD PERIOD 1903 TO 2017


WEATHER ITEM   OBSERVED TIME   RECORD YEAR NORMAL DEPARTURE LAST
                VALUE   (LST)  VALUE       VALUE  FROM      YEAR
                                                  NORMAL
..................................................................
TEMPERATURE (F)
 YESTERDAY
  MAXIMUM         85    331 PM  98    1981  89     -4       97
  MINIMUM         71   1159 PM  53    1972  68      3       69
  AVERAGE         78                        78      0       83

PRECIPITATION (IN)
  YESTERDAY        0.23          2.24 2013   0.14   0.09     0.00
  MONTH TO DATE    6.29                      3.22   3.07     1.56
  SINCE JUN 1      6.29                      3.22   3.07     1.56
  SINCE JAN 1     32.21                     26.15   6.06    21.28

..................................................................


WIND (MPH)
  HIGHEST WIND SPEED    17   HIGHEST WIND DIRECTION     W (280)
  HIGHEST GUST SPEED    23   HIGHEST GUST DIRECTION     W (280)
  AVERAGE WIND SPEED     5.1


SKY COVER
  AVERAGE SKY COVER 0.6


WEATHER CONDITIONS
 THE FOLLOWING WEATHER WAS RECORDED YESTERDAY.
  THUNDERSTORM
  RAIN
  LIGHT RAIN
  FOG


RELATIVE HUMIDITY (PERCENT)
 HIGHEST   100
 LOWEST     70
 AVERAGE    85

..........................................................


THE ANNISTON CLIMATE NORMALS FOR TODAY
                         NORMAL    RECORD    YEAR
 MAXIMUM TEMPERATURE (F)   89       100      2016
 MINIMUM TEMPERATURE (F)   68        53      1967


SUNRISE AND SUNSET
JUNE 25 2017..........SUNRISE   535 AM CDT   SUNSET   757 PM CDT
JUNE 26 2017..........SUNRISE   535 AM CDT   SUNSET   757 PM CDT


-  INDICATES NEGATIVE NUMBERS.
R  INDICATES RECORD WAS SET OR TIED.
MM INDICATES DATA IS MISSING.
T  INDICATES TRACE AMOUNT.




$$
