056
CDUS44 KBMX 091120
CLIANB


CLIMATE REPORT
NATIONAL WEATHER SERVICE BIRMINGHAM, AL
519 AM CST TUE FEB 9 2016


...................................

...THE ANNISTON CLIMATE SUMMARY FOR FEBRUARY 8 2016...

CLIMATE NORMAL PERIOD 1981 TO 2010
CLIMATE RECORD PERIOD 1903 TO 2016


WEATHER ITEM   OBSERVED TIME   RECORD YEAR NORMAL DEPARTURE LAST
                VALUE   (LST)  VALUE       VALUE  FROM      YEAR
                                                  NORMAL
..................................................................
TEMPERATURE (F)
 YESTERDAY
  MAXIMUM         54   1221 PM  80    1957  56     -2       68
  MINIMUM         31    247 AM  16    1947  35     -4       34
  AVERAGE         43                        46     -3       51

PRECIPITATION (IN)
  YESTERDAY        0.00          1.50 1948   0.17  -0.17     0.00
  MONTH TO DATE    0.94                      1.40  -0.46     0.59
  SINCE DEC 1     13.42                     10.04   3.38    12.31
  SINCE JAN 1      4.13                      5.92  -1.79     6.09

SNOWFALL (IN)
  YESTERDAY        0.0                       0.0             0.0
  MONTH TO DATE    0.0                       0.2             0.0
  SINCE DEC 1      T                         0.9             0.0
  SINCE JUL 1      T                         0.9             0.0

DEGREE DAYS
 HEATING
  YESTERDAY       22
  MONTH TO DATE  124
  SINCE DEC 1   1103
  SINCE JUL 1   1394
..................................................................


WIND (MPH)
  HIGHEST WIND SPEED    24   HIGHEST WIND DIRECTION     W (280)
  HIGHEST GUST SPEED    30   HIGHEST GUST DIRECTION     W (270)
  AVERAGE WIND SPEED    10.3


SKY COVER
  AVERAGE SKY COVER 0.6


WEATHER CONDITIONS
 THE FOLLOWING WEATHER WAS RECORDED YESTERDAY.
  NO SIGNIFICANT WEATHER WAS OBSERVED.


RELATIVE HUMIDITY (PERCENT)
 HIGHEST    78
 LOWEST     26
 AVERAGE    52

..........................................................


THE ANNISTON CLIMATE NORMALS FOR TODAY
                         NORMAL    RECORD    YEAR
 MAXIMUM TEMPERATURE (F)   57        80      1965
 MINIMUM TEMPERATURE (F)   35        13      1971


SUNRISE AND SUNSET
FEBRUARY  9 2016......SUNRISE   634 AM CST   SUNSET   522 PM CST
FEBRUARY 10 2016......SUNRISE   633 AM CST   SUNSET   523 PM CST


-  INDICATES NEGATIVE NUMBERS.
R  INDICATES RECORD WAS SET OR TIED.
MM INDICATES DATA IS MISSING.
T  INDICATES TRACE AMOUNT.




$$
