000
CDUS44 KBMX 202212
CLIANB


CLIMATE REPORT
NATIONAL WEATHER SERVICE BIRMINGHAM, AL
412 PM CST THU NOV 20 2014


...................................

...THE ANNISTON CLIMATE SUMMARY FOR NOVEMBER 20 2014...
VALID AS OF 0400 PM LOCAL TIME.

CLIMATE NORMAL PERIOD 1981 TO 2010
CLIMATE RECORD PERIOD 1903 TO 2014


WEATHER ITEM   OBSERVED TIME   RECORD YEAR NORMAL DEPARTURE LAST
                VALUE   (LST)  VALUE       VALUE  FROM      YEAR
                                                  NORMAL
..................................................................
TEMPERATURE (F)
 TODAY
  MAXIMUM         62    238 PM  78    1979  64     -2       62
  MINIMUM         27    107 AM  20    1903  41    -14       39
  AVERAGE         45

PRECIPITATION (IN)
  TODAY            0.00          1.47 1986   0.17  -0.17     0.00
  MONTH TO DATE    4.75                      2.95   1.80     1.02
  SINCE SEP 1     10.07                      9.00   1.07     6.61
  SINCE JAN 1     42.71                     43.92  -1.21    64.39

DEGREE DAYS
 HEATING
  TODAY           20
  MONTH TO DATE  369
  SINCE SEP 1    480
  SINCE JUL 1    480
..................................................................


WIND (MPH)
  HIGHEST WIND SPEED    15   HIGHEST WIND DIRECTION     W (250)
  HIGHEST GUST SPEED    18   HIGHEST GUST DIRECTION     W (260)
  AVERAGE WIND SPEED     6.8


SKY COVER
  AVERAGE SKY COVER 0.3


WEATHER CONDITIONS
 THE FOLLOWING WEATHER WAS RECORDED TODAY.
  NO SIGNIFICANT WEATHER WAS OBSERVED.


RELATIVE HUMIDITY (PERCENT)
 HIGHEST    92
 LOWEST     36
 AVERAGE    64

..........................................................


THE ANNISTON CLIMATE NORMALS FOR TOMORROW
                         NORMAL    RECORD    YEAR
 MAXIMUM TEMPERATURE (F)   63        77      2011
                                             1960
 MINIMUM TEMPERATURE (F)   40        22      2000


SUNRISE AND SUNSET
NOVEMBER 20 2014......SUNRISE   620 AM CST   SUNSET   438 PM CST
NOVEMBER 21 2014......SUNRISE   621 AM CST   SUNSET   438 PM CST


-  INDICATES NEGATIVE NUMBERS.
R  INDICATES RECORD WAS SET OR TIED.
MM INDICATES DATA IS MISSING.
T  INDICATES TRACE AMOUNT.




$$
