000
CDUS44 KBMX 162107
CLIANB


CLIMATE REPORT
NATIONAL WEATHER SERVICE BIRMINGHAM, AL
406 PM CDT TUE SEP 16 2014


...................................

...THE ANNISTON CLIMATE SUMMARY FOR SEPTEMBER 16 2014...
VALID AS OF 0400 PM LOCAL TIME.

CLIMATE NORMAL PERIOD 1981 TO 2010
CLIMATE RECORD PERIOD 1903 TO 2014


WEATHER ITEM   OBSERVED TIME   RECORD YEAR NORMAL DEPARTURE LAST
                VALUE   (LST)  VALUE       VALUE  FROM      YEAR
                                                  NORMAL
..................................................................
TEMPERATURE (F)
 TODAY
  MAXIMUM         85    255 PM  99    1980  84      1       88
  MINIMUM         71    734 AM  48    1961  63      8       64
  AVERAGE         78

PRECIPITATION (IN)
  TODAY            T             4.48 2004   0.09  -0.09     0.00
  MONTH TO DATE    1.39                      1.59  -0.20     1.77
  SINCE SEP 1      1.39                      1.59  -0.20     1.77
  SINCE JAN 1     34.03                     36.51  -2.48    59.55

DEGREE DAYS
 HEATING
  TODAY            0
  MONTH TO DATE    0
  SINCE SEP 1      0
  SINCE JUL 1      0
..................................................................


WIND (MPH)
  HIGHEST WIND SPEED     7   HIGHEST WIND DIRECTION     S (180)
  HIGHEST GUST SPEED     9   HIGHEST GUST DIRECTION     S (200)
  AVERAGE WIND SPEED     2.0


SKY COVER
  AVERAGE SKY COVER 0.8


WEATHER CONDITIONS
 THE FOLLOWING WEATHER WAS RECORDED TODAY.
  FOG
  FOG W/VISIBILITY <= 1/4 MILE


RELATIVE HUMIDITY (PERCENT)
 HIGHEST   100
 LOWEST     69
 AVERAGE    85

..........................................................


THE ANNISTON CLIMATE NORMALS FOR TOMORROW
                         NORMAL    RECORD    YEAR
 MAXIMUM TEMPERATURE (F)   84        98      2010
 MINIMUM TEMPERATURE (F)   63        47      1999
                                             1961


SUNRISE AND SUNSET
SEPTEMBER 16 2014.....SUNRISE   627 AM CDT   SUNSET   648 PM CDT
SEPTEMBER 17 2014.....SUNRISE   628 AM CDT   SUNSET   647 PM CDT


-  INDICATES NEGATIVE NUMBERS.
R  INDICATES RECORD WAS SET OR TIED.
MM INDICATES DATA IS MISSING.
T  INDICATES TRACE AMOUNT.




$$
