000
CDUS44 KBMX 280942
CLIANB


CLIMATE REPORT
NATIONAL WEATHER SERVICE BIRMINGHAM, AL
440 AM CDT MON JUL 28 2014


...................................

...THE ANNISTON CLIMATE SUMMARY FOR JULY 27 2014...

CLIMATE NORMAL PERIOD 1981 TO 2010
CLIMATE RECORD PERIOD 1903 TO 2014


WEATHER ITEM   OBSERVED TIME   RECORD YEAR NORMAL DEPARTURE LAST
                VALUE   (LST)  VALUE       VALUE  FROM      YEAR
                                                  NORMAL
..................................................................
TEMPERATURE (F)
 YESTERDAY
  MAXIMUM         96    157 PM 100    1993  90      6       83
                                      1952
  MINIMUM         69    531 AM  57    1905  70     -1       69
  AVERAGE         83                        80      3       76

PRECIPITATION (IN)
  YESTERDAY        0.00          3.33 1985   0.15  -0.15     0.00
  MONTH TO DATE    0.47                      4.05  -3.58    10.65
  SINCE JUN 1      5.58                      8.13  -2.55    17.34
  SINCE JAN 1     29.10                     31.06  -1.96    50.27

..................................................................


WIND (MPH)
  HIGHEST WIND SPEED    16   HIGHEST WIND DIRECTION     W (250)
  HIGHEST GUST SPEED    21   HIGHEST GUST DIRECTION    SW (240)
  AVERAGE WIND SPEED     6.1


SKY COVER
  AVERAGE SKY COVER 0.1


WEATHER CONDITIONS
 THE FOLLOWING WEATHER WAS RECORDED YESTERDAY.
  FOG


RELATIVE HUMIDITY (PERCENT)
 HIGHEST    97
 LOWEST     42
 AVERAGE    70

..........................................................


THE ANNISTON CLIMATE NORMALS FOR TODAY
                         NORMAL    RECORD    YEAR
 MAXIMUM TEMPERATURE (F)   90       103      1952
 MINIMUM TEMPERATURE (F)   70        57      1905


SUNRISE AND SUNSET
JULY 28 2014..........SUNRISE   553 AM CDT   SUNSET   747 PM CDT
JULY 29 2014..........SUNRISE   554 AM CDT   SUNSET   746 PM CDT


-  INDICATES NEGATIVE NUMBERS.
R  INDICATES RECORD WAS SET OR TIED.
MM INDICATES DATA IS MISSING.
T  INDICATES TRACE AMOUNT.




$$
