000
CDAK48 PAFC 281241
CLIANC


CLIMATE REPORT
NATIONAL WEATHER SERVICE ANCHORAGE, AK
441 AM AKDT SAT MAY 28 2016


...................................

...THE ANCHORAGE AK CLIMATE SUMMARY FOR MAY 27 2016...

CLIMATE NORMAL PERIOD 1981 TO 2010
CLIMATE RECORD PERIOD 1952 TO 2016


WEATHER ITEM   OBSERVED TIME   RECORD YEAR NORMAL DEPARTURE LAST
                VALUE   (LST)  VALUE       VALUE  FROM      YEAR
                                                  NORMAL
..................................................................
TEMPERATURE (F)
 YESTERDAY
  MAXIMUM         72        MM  76    2010  59     13       59
                                      2006
  MINIMUM         50        MM  33    1964  43      7       39
  AVERAGE         61                        51     10       49

PRECIPITATION (IN)
  YESTERDAY        0.00          0.75 1969   0.03  -0.03
  MONTH TO DATE    0.30                      0.61  -0.31
  SINCE MAR 1      1.55                      1.68  -0.13
  SINCE JAN 1      2.13                      3.13  -1.00

SNOWFALL (IN)
  YESTERDAY        0.0           0.0    MM   0.0    0.0      0.0
  MONTH TO DATE    0.0                       0.3   -0.3      0.0
  SINCE MAR 1     10.7                      14.2   -3.5      4.6
  SINCE JUL 1     38.3                      74.5  -36.2     25.1
  SNOW DEPTH       0

DEGREE DAYS
 HEATING
  YESTERDAY        4                              -10
  MONTH TO DATE  366                             -114
  SINCE MAR 1   1975                             -543
  SINCE JUL 1   8311                            -1536

 COOLING
  YESTERDAY        0                                0
  MONTH TO DATE    0                                0
  SINCE MAR 1      0                                0
  SINCE JAN 1      0                                0
..................................................................


WIND (MPH)
  HIGHEST WIND SPEED     9   HIGHEST WIND DIRECTION    SW (220)
  HIGHEST GUST SPEED    MM   HIGHEST GUST DIRECTION    MM
  AVERAGE WIND SPEED     3.5




RELATIVE HUMIDITY (PERCENT)
 HIGHEST    68
 LOWEST     34
 AVERAGE    51

..........................................................


THE ANCHORAGE AK CLIMATE NORMALS FOR TODAY
                         NORMAL    RECORD    YEAR
 MAXIMUM TEMPERATURE (F)   60        74      2013
                                             1979
 MINIMUM TEMPERATURE (F)   43        33      1958


SUNRISE AND SUNSET
MAY 28 2016...........SUNRISE   443 AM AKDT  SUNSET  1114 PM AKDT
MAY 29 2016...........SUNRISE   441 AM AKDT  SUNSET  1116 PM AKDT


-  INDICATES NEGATIVE NUMBERS.
R  INDICATES RECORD WAS SET OR TIED.
MM INDICATES DATA IS MISSING.
T  INDICATES TRACE AMOUNT.




$$
