000
CDAK48 PAFC 301257
CLIANC


CLIMATE REPORT
NATIONAL WEATHER SERVICE ANCHORAGE, AK
457 AM AKDT THU OCT 30 2014


...................................

...THE ANCHORAGE AK CLIMATE SUMMARY FOR OCTOBER 29 2014...

CLIMATE NORMAL PERIOD 1981 TO 2010
CLIMATE RECORD PERIOD 1915 TO 2014


WEATHER ITEM   OBSERVED RECORD YEAR NORMAL DEPARTURE LAST
                VALUE   VALUE       VALUE  FROM      YEAR
                                           NORMAL
...........................................................
TEMPERATURE (F)
 YESTERDAY
  MAXIMUM         30     56    1920  34     -4       50
  MINIMUM         18      0    1917  22     -4       37
  AVERAGE         24                 28     -4       44

PRECIPITATION (IN)
  YESTERDAY        0.00   0.53 2006   0.05  -0.05
  MONTH TO DATE    1.20               1.95  -0.75
  SINCE SEP 1      5.21               4.94   0.27
  SINCE JAN 1     17.52              14.23   3.29

SNOWFALL (IN)
  YESTERDAY        0.0    6.5  1939   0.3   -0.3
  MONTH TO DATE    3.8                7.2   -3.4
  SINCE SEP 1      3.8                7.6   -3.8
  SINCE JUL 1      3.8                7.6   -3.8
  SNOW DEPTH       1

DEGREE DAYS
 HEATING
  YESTERDAY       41                         4
  MONTH TO DATE  850                        -9
  SINCE SEP 1   1279                       -74
  SINCE JUL 1   1628                      -175

 COOLING
  YESTERDAY        0                         0
  MONTH TO DATE    0                         0
  SINCE SEP 1      0                         0
  SINCE JAN 1      3                         1
...........................................................


WIND (MPH)
  HIGHEST WIND SPEED     8   HIGHEST WIND DIRECTION    NE (30)
  HIGHEST GUST SPEED    MM   HIGHEST GUST DIRECTION    MM
  AVERAGE WIND SPEED     3.5




RELATIVE HUMIDITY (PERCENT)
 HIGHEST    88
 LOWEST     50
 AVERAGE    69

..........................................................


THE ANCHORAGE AK CLIMATE NORMALS FOR TODAY
                         NORMAL    RECORD    YEAR
 MAXIMUM TEMPERATURE (F)   33        54      1926
 MINIMUM TEMPERATURE (F)   22        -3      1982
                                             1956


SUNRISE AND SUNSET
OCTOBER 30 2014.......SUNRISE   923 AM AKDT  SUNSET   604 PM AKDT
OCTOBER 31 2014.......SUNRISE   926 AM AKDT  SUNSET   601 PM AKDT


-  INDICATES NEGATIVE NUMBERS.
R  INDICATES RECORD WAS SET OR TIED.
MM INDICATES DATA IS MISSING.
T  INDICATES TRACE AMOUNT.




$$
