000
CDAK48 PAFC 231251
CLIANC

CLIMATE REPORT
NATIONAL WEATHER SERVICE ANCHORAGE, AK
450 AM AKDT SAT JUL 23 2016


...................................

...THE ANCHORAGE AK CLIMATE SUMMARY FOR JULY 22 2016...

CLIMATE NORMAL PERIOD 1981 TO 2010
CLIMATE RECORD PERIOD 1952 TO 2016


WEATHER ITEM   OBSERVED TIME   RECORD YEAR NORMAL DEPARTURE LAST
                VALUE   (LST)  VALUE       VALUE  FROM      YEAR
                                                  NORMAL
..................................................................
TEMPERATURE (F)
 YESTERDAY
  MAXIMUM         64        MM  79    1955  66     -2       64
  MINIMUM         58        MM  46    1959  53      5       54
  AVERAGE         61                        59      2       59

PRECIPITATION (IN)
  YESTERDAY        0.40          0.49 2008   0.07   0.33
  MONTH TO DATE    1.24                      1.19   0.05
  SINCE JUN 1      2.95                      2.16   0.79
  SINCE JAN 1      5.11                      5.40  -0.29

SNOWFALL (IN)
  YESTERDAY        0.0           0.0    MM   0.0    0.0      0.0
  MONTH TO DATE    0.0                       0.0    0.0      0.0
  SINCE JUN 1      0.0                       0.0    0.0      0.0
  SINCE JUL 1      0.0                       0.0    0.0      0.0
  SNOW DEPTH       0

DEGREE DAYS
 HEATING
  YESTERDAY        4                               -2
  MONTH TO DATE   48                              -93
  SINCE JUN 1    220                             -214
  SINCE JUL 1     48                              -93

 COOLING
  YESTERDAY        0                                0
  MONTH TO DATE   13                               13
  SINCE JUN 1     13                               13
  SINCE JAN 1     13                               13
..................................................................


WIND (MPH)
  HIGHEST WIND SPEED    15   HIGHEST WIND DIRECTION    SE (150)
  HIGHEST GUST SPEED    30   HIGHEST GUST DIRECTION    SE (140)
  AVERAGE WIND SPEED     8.8




RELATIVE HUMIDITY (PERCENT)
 HIGHEST    93
 LOWEST     72
 AVERAGE    83

..........................................................


THE ANCHORAGE AK CLIMATE NORMALS FOR TODAY
                         NORMAL    RECORD    YEAR
 MAXIMUM TEMPERATURE (F)   66        77      2013
 MINIMUM TEMPERATURE (F)   53        46      1975
                                             1974


SUNRISE AND SUNSET
JULY 23 2016..........SUNRISE   512 AM AKDT  SUNSET  1059 PM AKDT
JULY 24 2016..........SUNRISE   515 AM AKDT  SUNSET  1057 PM AKDT

CIVIL TWILIGHT
JULY 23 2016            START   356 AM AKDT     END  1215 AM AKDT
JULY 24 2016            START   400 AM AKDT     END  1211 AM AKDT



-  INDICATES NEGATIVE NUMBERS.
R  INDICATES RECORD WAS SET OR TIED.
MM INDICATES DATA IS MISSING.
T  INDICATES TRACE AMOUNT.




$$
&&
------------------------------------------------------
AMOUNT OF DAYLIGHT TODAY  (HOUR:MIN)........17:47
GAIN/LOSS SINCE YESTERDAY (HOUR:MIN:SEC)....-0:04:46

-
