000
CDAK48 PAFC 051247
CLIANC

CLIMATE REPORT
NATIONAL WEATHER SERVICE ANCHORAGE, AK
445 AM AKDT SAT SEP 5 2015


...................................

...THE ANCHORAGE AK CLIMATE SUMMARY FOR SEPTEMBER 4 2015...

CLIMATE NORMAL PERIOD 1981 TO 2010
CLIMATE RECORD PERIOD 1952 TO 2015


WEATHER ITEM   OBSERVED RECORD YEAR NORMAL DEPARTURE LAST
                VALUE   VALUE       VALUE  FROM      YEAR
                                           NORMAL
...........................................................
TEMPERATURE (F)
 YESTERDAY
  MAXIMUM         55     70    1974  59     -4       51
  MINIMUM         48     29    1980  46      2       44
  AVERAGE         52                 52      0       48

PRECIPITATION (IN)
  YESTERDAY        0.09   0.82 2013   0.10  -0.01
  MONTH TO DATE    0.36               0.42  -0.06
  SINCE JUN 1      4.60               6.47  -1.87
  SINCE JAN 1      7.66               9.71  -2.05

SNOWFALL (IN)
  YESTERDAY        0.0    0.0    MM   0.0    0.0
  MONTH TO DATE    0.0                0.0    0.0
  SINCE JUN 1      0.0                0.0    0.0
  SINCE JUL 1      0.0                0.0    0.0
  SNOW DEPTH       0

DEGREE DAYS
 HEATING
  YESTERDAY       13                         0
  MONTH TO DATE   54                         5
  SINCE SEP 1     54                         5
  SINCE JUL 1    336                      -163

 COOLING
  YESTERDAY        0                         0
  MONTH TO DATE    0                         0
  SINCE SEP 1      0                         0
  SINCE JAN 1     34                        32
...........................................................


WIND (MPH)
  HIGHEST WIND SPEED     6   HIGHEST WIND DIRECTION    SE (130)
  HIGHEST GUST SPEED    MM   HIGHEST GUST DIRECTION    MM
  AVERAGE WIND SPEED     1.4




RELATIVE HUMIDITY (PERCENT)
 HIGHEST   100
 LOWEST     83
 AVERAGE    92

..........................................................


THE ANCHORAGE AK CLIMATE NORMALS FOR TODAY
                         NORMAL    RECORD    YEAR
 MAXIMUM TEMPERATURE (F)   59        73      1957
 MINIMUM TEMPERATURE (F)   45        32      1983
                                             1980


SUNRISE AND SUNSET
SEPTEMBER  5 2015.....SUNRISE   702 AM AKDT  SUNSET   854 PM AKDT
SEPTEMBER  6 2015.....SUNRISE   704 AM AKDT  SUNSET   851 PM AKDT

CIVIL TWILIGHT
SEPTEMBER 5 2015        START   616 AM AKDT     END   940 PM AKDT
SEPTEMBER 6 2015        START   619 AM AKDT     END   937 PM AKDT



-  INDICATES NEGATIVE NUMBERS.
R  INDICATES RECORD WAS SET OR TIED.
MM INDICATES DATA IS MISSING.
T  INDICATES TRACE AMOUNT.




$$
&&
------------------------------------------------------
AMOUNT OF DAYLIGHT TODAY  (HOUR:MIN)........13:52
GAIN/LOSS SINCE YESTERDAY (HOUR:MIN:SEC)....-0:05:38
