000
CDAK48 PAFC 281245
CLIANC


CLIMATE REPORT
NATIONAL WEATHER SERVICE ANCHORAGE, AK
444 AM AKDT SUN MAY 28 2017


...................................

...THE ANCHORAGE AK CLIMATE SUMMARY FOR MAY 27 2017...

CLIMATE NORMAL PERIOD 1981 TO 2010
CLIMATE RECORD PERIOD 1952 TO 2017


WEATHER ITEM   OBSERVED TIME   RECORD YEAR NORMAL DEPARTURE LAST
                VALUE   (LST)  VALUE       VALUE  FROM      YEAR
                                                  NORMAL
..................................................................
TEMPERATURE (F)
 YESTERDAY
  MAXIMUM         50    358 PM  76    2010  59     -9       72
                                      2006
  MINIMUM         42    426 AM  33    1964  43     -1       50
  AVERAGE         46                        51     -5       61

PRECIPITATION (IN)
  YESTERDAY        0.00          0.75 1969   0.03  -0.03
  MONTH TO DATE    0.93                      0.61   0.32
  SINCE MAR 1      2.00                      1.68   0.32
  SINCE JAN 1      4.70                      3.13   1.57

SNOWFALL (IN)
  YESTERDAY        0.0           0.0    MM   0.0    0.0      0.0
  MONTH TO DATE    0.0                       0.3   -0.3      0.0
  SINCE MAR 1     10.3                      14.2   -3.9     10.7
  SINCE JUL 1     82.4                      74.5    7.9     38.3
  SNOW DEPTH       0

DEGREE DAYS
 HEATING
  YESTERDAY       19                                5
  MONTH TO DATE  456                              -24
  SINCE MAR 1   2598                               80
  SINCE JUL 1   9636                             -211

 COOLING
  YESTERDAY        0                                0
  MONTH TO DATE    0                                0
  SINCE MAR 1      0                                0
  SINCE JAN 1      0                                0
..................................................................


WIND (MPH)
  HIGHEST WIND SPEED    18   HIGHEST WIND DIRECTION     S (170)
  HIGHEST GUST SPEED    34   HIGHEST GUST DIRECTION     S (160)
  AVERAGE WIND SPEED    10.1




RELATIVE HUMIDITY (PERCENT)
 HIGHEST    70
 LOWEST     53
 AVERAGE    62

..........................................................


THE ANCHORAGE AK CLIMATE NORMALS FOR TODAY
                         NORMAL    RECORD    YEAR
 MAXIMUM TEMPERATURE (F)   60        74      2013
                                             1979
 MINIMUM TEMPERATURE (F)   43        33      1958


SUNRISE AND SUNSET
MAY 28 2017...........SUNRISE   443 AM AKDT  SUNSET  1113 PM AKDT
MAY 29 2017...........SUNRISE   441 AM AKDT  SUNSET  1115 PM AKDT


-  INDICATES NEGATIVE NUMBERS.
R  INDICATES RECORD WAS SET OR TIED.
MM INDICATES DATA IS MISSING.
T  INDICATES TRACE AMOUNT.




$$
