000
CDAK48 PAFC 230935
CLIANC

CLIMATE REPORT
NATIONAL WEATHER SERVICE ANCHORAGE, AK
133 AM AKDT SUN JUL 23 2017


...................................

...THE ANCHORAGE AK CLIMATE SUMMARY FOR JULY 22 2017...

CLIMATE NORMAL PERIOD 1981 TO 2010
CLIMATE RECORD PERIOD 1952 TO 2017


WEATHER ITEM   OBSERVED TIME   RECORD YEAR NORMAL DEPARTURE LAST
                VALUE   (LST)  VALUE       VALUE  FROM      YEAR
                                                  NORMAL
..................................................................
TEMPERATURE (F)
 YESTERDAY
  MAXIMUM         73    623 PM  79    1955  66      7       64
  MINIMUM         50    501 AM  46    1959  53     -3       58
  AVERAGE         62                        59      3       61

PRECIPITATION (IN)
  YESTERDAY        0.00          0.49 2008   0.07  -0.07
  MONTH TO DATE    1.88                      1.19   0.69
  SINCE JUN 1      2.75                      2.16   0.59
  SINCE JAN 1      7.58                      5.40   2.18

SNOWFALL (IN)
  YESTERDAY        0.0           0.0    MM   0.0    0.0      0.0
  MONTH TO DATE    0.0                       0.0    0.0      0.0
  SINCE JUN 1      0.0                       0.0    0.0      0.0
  SINCE JUL 1      0.0                       0.0    0.0      0.0
  SNOW DEPTH       0

DEGREE DAYS
 HEATING
  YESTERDAY        3                               -3
  MONTH TO DATE  113                              -28
  SINCE JUN 1    396                              -38
  SINCE JUL 1    113                              -28

 COOLING
  YESTERDAY        0                                0
  MONTH TO DATE    1                                1
  SINCE JUN 1      1                                1
  SINCE JAN 1      1                                1
..................................................................


WIND (MPH)
  HIGHEST WIND SPEED    10   HIGHEST WIND DIRECTION     S (200)
  HIGHEST GUST SPEED    14   HIGHEST GUST DIRECTION    SW (230)
  AVERAGE WIND SPEED     3.6




RELATIVE HUMIDITY (PERCENT)
 HIGHEST    93
 LOWEST     49
 AVERAGE    71

..........................................................


THE ANCHORAGE AK CLIMATE NORMALS FOR TODAY
                         NORMAL    RECORD    YEAR
 MAXIMUM TEMPERATURE (F)   66        77      2013
 MINIMUM TEMPERATURE (F)   53        46      1975
                                             1974


SUNRISE AND SUNSET
JULY 23 2017..........SUNRISE   512 AM AKDT  SUNSET  1100 PM AKDT
JULY 24 2017..........SUNRISE   514 AM AKDT  SUNSET  1058 PM AKDT

CIVIL TWILIGHT
JULY 23 2017            START    355 AM GMT     END   1216 AM GMT
JULY 24 2017            START    359 AM GMT     END   1212 AM GMT



-  INDICATES NEGATIVE NUMBERS.
R  INDICATES RECORD WAS SET OR TIED.
MM INDICATES DATA IS MISSING.
T  INDICATES TRACE AMOUNT.




$$
&&
------------------------------------------------------
AMOUNT OF DAYLIGHT TODAY  (HOUR:MIN)........17:48
GAIN/LOSS SINCE YESTERDAY (HOUR:MIN:SEC)....-0:04:45
