000
CDUS43 KAPX 230529
CLIANJ


CLIMATE REPORT
NATIONAL WEATHER SERVICE GAYLORD MI
128 AM EDT WED JUL 23 2014


...................................

...THE SAULT STE MARIE MI CLIMATE SUMMARY FOR JULY 22 2014...

CLIMATE NORMAL PERIOD 1981 TO 2010
CLIMATE RECORD PERIOD 1888 TO 2014


WEATHER ITEM   OBSERVED TIME   RECORD YEAR NORMAL DEPARTURE LAST
                VALUE   (LST)  VALUE       VALUE  FROM      YEAR
                                                  NORMAL
..................................................................
TEMPERATURE (F)
 YESTERDAY
  MAXIMUM         81   1109 AM  90    1940  77      4       80
                                      1917
  MINIMUM         51   1051 PM  42    1992  55     -4       58
                                      1981
  AVERAGE         66                        66      0       69

PRECIPITATION (IN)
  YESTERDAY        0.07          1.58 1994   0.10  -0.03     0.14
  MONTH TO DATE    0.66                      1.95  -1.29     2.32
  SINCE JUN 1      3.58                      4.65  -1.07     5.57
  SINCE JAN 1     15.62                     15.09   0.53    19.83

DEGREE DAYS
 HEATING
  YESTERDAY        0                         2     -2        0
  MONTH TO DATE   75                        54     21       18
  SINCE JUN 1    184                       234    -50      164
  SINCE JUL 1     75                        54     21       18

 COOLING
  YESTERDAY        1                         3     -2        4
  MONTH TO DATE   21                        57    -36      115
  SINCE JUN 1     58                        87    -29      154
  SINCE JAN 1     60                        92    -32      163
..................................................................


WIND (MPH)
  HIGHEST WIND SPEED    23   HIGHEST WIND DIRECTION    NW (300)
  HIGHEST GUST SPEED    34   HIGHEST GUST DIRECTION    NW (310)
  AVERAGE WIND SPEED     9.0




RELATIVE HUMIDITY (PERCENT)
 HIGHEST    89
 LOWEST     62
 AVERAGE    76

..........................................................


THE SAULT STE MARIE MI CLIMATE NORMALS FOR TODAY
                         NORMAL    RECORD    YEAR
 MAXIMUM TEMPERATURE (F)   77        92      1989
 MINIMUM TEMPERATURE (F)   55        39      1981


SUNRISE AND SUNSET
JULY 23 2014..........SUNRISE   608 AM EDT   SUNSET   919 PM EDT
JULY 24 2014..........SUNRISE   609 AM EDT   SUNSET   918 PM EDT


-  INDICATES NEGATIVE NUMBERS.
R  INDICATES RECORD WAS SET OR TIED.
MM INDICATES DATA IS MISSING.
T  INDICATES TRACE AMOUNT.




$$
