000
CDUS43 KAPX 012130
CLIANJ


CLIMATE REPORT
NATIONAL WEATHER SERVICE GAYLORD MI
530 PM EDT TUE SEP 1 2015


...................................

...THE SAULT STE MARIE MI CLIMATE SUMMARY FOR SEPTEMBER 1 2015...
VALID TODAY AS OF 0500 PM LOCAL TIME.

CLIMATE NORMAL PERIOD 1981 TO 2010
CLIMATE RECORD PERIOD 1888 TO 2015


WEATHER ITEM   OBSERVED TIME   RECORD YEAR NORMAL DEPARTURE LAST
                VALUE   (LST)  VALUE       VALUE  FROM      YEAR
                                                  NORMAL
..................................................................
TEMPERATURE (F)
 TODAY
  MAXIMUM         84    358 PM  93    1953  72     12       72
  MINIMUM         63    106 AM  36    1974  52     11       59
  AVERAGE         74                        62     12       66

PRECIPITATION (IN)
  TODAY            0.00          1.71 1982   0.12  -0.12     0.58
  MONTH TO DATE    0.00                      0.12  -0.12     0.58
  SINCE SEP 1      0.00                      0.12  -0.12     0.58
  SINCE JAN 1     17.25                     19.29  -2.04    19.50

DEGREE DAYS
 HEATING
  TODAY            0                         4     -4        0
  MONTH TO DATE    0                         4     -4        0
  SINCE SEP 1      0                         4     -4        0
  SINCE JUL 1    101                       151    -50      181

 COOLING
  TODAY            9                         1      8        1
  MONTH TO DATE    9                         1      8        1
  SINCE SEP 1      9                         1      8        1
  SINCE JAN 1    201                       179     22      109
..................................................................


WIND (MPH)
  RESULTANT WIND SPEED   4   RESULTANT WIND DIRECTION   S (180)
  HIGHEST WIND SPEED    16   HIGHEST WIND DIRECTION    SW (220)
  HIGHEST GUST SPEED    21   HIGHEST GUST DIRECTION     S (200)
  AVERAGE WIND SPEED     5.0


SKY COVER
  POSSIBLE SUNSHINE  MM
  AVERAGE SKY COVER 0.8


WEATHER CONDITIONS
 THE FOLLOWING WEATHER WAS RECORDED TODAY.
  FOG
  FOG W/VISIBILITY <= 1/4 MILE
  HAZE


RELATIVE HUMIDITY (PERCENT)
 HIGHEST   100           100 AM
 LOWEST     65           300 PM
 AVERAGE    83

..........................................................


THE SAULT STE MARIE MI CLIMATE NORMALS FOR TOMORROW
                         NORMAL    RECORD    YEAR
 MAXIMUM TEMPERATURE (F)   72        87      2008
                                             1973
 MINIMUM TEMPERATURE (F)   52        31      1976


SUNRISE AND SUNSET
SEPTEMBER  1 2015.....SUNRISE   657 AM EDT   SUNSET   817 PM EDT
SEPTEMBER  2 2015.....SUNRISE   658 AM EDT   SUNSET   815 PM EDT


-  INDICATES NEGATIVE NUMBERS.
R  INDICATES RECORD WAS SET OR TIED.
MM INDICATES DATA IS MISSING.
T  INDICATES TRACE AMOUNT.




$$
