000
CDUS43 KAPX 210541
CLIANJ


CLIMATE REPORT
NATIONAL WEATHER SERVICE GAYLORD MI
1240 AM EST FRI NOV 21 2014


...................................

...THE SAULT STE MARIE MI CLIMATE SUMMARY FOR NOVEMBER 20 2014...

CLIMATE NORMAL PERIOD 1981 TO 2010
CLIMATE RECORD PERIOD 1888 TO 2014


WEATHER ITEM   OBSERVED TIME   RECORD YEAR NORMAL DEPARTURE LAST
                VALUE   (LST)  VALUE       VALUE  FROM      YEAR
                                                  NORMAL
..................................................................
TEMPERATURE (F)
 YESTERDAY
  MAXIMUM         20        MM  58    1982  38    -18       39
  MINIMUM         11        MM   0    1895  27    -16       27
  AVERAGE         16                        32    -16       33

PRECIPITATION (IN)
  YESTERDAY        0.71          1.21 1983   0.11   0.60     0.00
  MONTH TO DATE    4.47                      2.26   2.21     5.77
  SINCE SEP 1     16.06                      9.88   6.18    17.12
  SINCE JAN 1     34.98                     29.05   5.93    45.41

SNOWFALL (IN)
  YESTERDAY       11.6 R         3.3  1948   0.6   11.0      0.0
  MONTH TO DATE   53.9                       8.0   45.9      8.0
  SINCE OCT 1     53.9                       9.6   44.3     14.7
  SINCE JUL 1     53.9                       9.6   44.3     14.7
  SNOW DEPTH      21

DEGREE DAYS
 HEATING
  YESTERDAY       49                        33     16       32
  MONTH TO DATE  733                       578    155      556
  SINCE SEP 1   1590                      1436    154     1358
  SINCE JUL 1   1771                      1583    188     1474
..................................................................


WIND (MPH)
  HIGHEST WIND SPEED    27   HIGHEST WIND DIRECTION     W (280)
  HIGHEST GUST SPEED    44   HIGHEST GUST DIRECTION     W (270)
  AVERAGE WIND SPEED    11.2




RELATIVE HUMIDITY (PERCENT)
 HIGHEST    96
 LOWEST     59
 AVERAGE    78

..........................................................


THE SAULT STE MARIE MI CLIMATE NORMALS FOR TODAY
                         NORMAL    RECORD    YEAR
 MAXIMUM TEMPERATURE (F)   38        63      1913
 MINIMUM TEMPERATURE (F)   26        -1      1895


SUNRISE AND SUNSET
NOVEMBER 21 2014......SUNRISE   748 AM EST   SUNSET   459 PM EST
NOVEMBER 22 2014......SUNRISE   749 AM EST   SUNSET   458 PM EST


-  INDICATES NEGATIVE NUMBERS.
R  INDICATES RECORD WAS SET OR TIED.
MM INDICATES DATA IS MISSING.
T  INDICATES TRACE AMOUNT.




$$
