000
CDUS43 KAPX 260543
CLIANJ


CLIMATE REPORT
NATIONAL WEATHER SERVICE GAYLORD MI
1240 AM EST FRI DEC 26 2014


...................................

...THE SAULT STE MARIE MI CLIMATE SUMMARY FOR DECEMBER 25 2014...

CLIMATE NORMAL PERIOD 1981 TO 2010
CLIMATE RECORD PERIOD 1888 TO 2014


WEATHER ITEM   OBSERVED TIME   RECORD YEAR NORMAL DEPARTURE LAST
                VALUE   (LST)  VALUE       VALUE  FROM      YEAR
                                                  NORMAL
..................................................................
TEMPERATURE (F)
 YESTERDAY
  MAXIMUM         37   1253 PM  47    1982  26     11       20
                                      1895
  MINIMUM         33    732 AM -25    1980  12     21       -2
  AVERAGE         35                        19     16        9

PRECIPITATION (IN)
  YESTERDAY        0.02          0.74 1893   0.09  -0.07     0.19
  MONTH TO DATE    2.24                      2.32  -0.08     2.37
  SINCE DEC 1      2.24                      2.32  -0.08     2.37
  SINCE JAN 1     39.42                     32.48   6.94    48.35

SNOWFALL (IN)
  YESTERDAY        0.1           8.0  1992   1.1   -1.0      2.9
  MONTH TO DATE   21.7                      26.9   -5.2     27.3
  SINCE OCT 1     87.1                      43.6   43.5     49.0
  SINCE JUL 1     87.1                      43.6   43.5     49.0
  SNOW DEPTH      10

DEGREE DAYS
 HEATING
  YESTERDAY       30                        46    -16       56
  MONTH TO DATE  967                      1045    -78     1297
  SINCE DEC 1    967                      1045    -78     1297
  SINCE JUL 1   3129                      2977    152     3190
..................................................................


WIND (MPH)
  HIGHEST WIND SPEED    21   HIGHEST WIND DIRECTION     W (260)
  HIGHEST GUST SPEED    31   HIGHEST GUST DIRECTION     W (280)
  AVERAGE WIND SPEED    12.8




RELATIVE HUMIDITY (PERCENT)
 HIGHEST   100
 LOWEST     75
 AVERAGE    88

..........................................................


THE SAULT STE MARIE MI CLIMATE NORMALS FOR TODAY
                         NORMAL    RECORD    YEAR
 MAXIMUM TEMPERATURE (F)   26        43      1936
 MINIMUM TEMPERATURE (F)   12       -31      1993


SUNRISE AND SUNSET
DECEMBER 26 2014......SUNRISE   820 AM EST   SUNSET   456 PM EST
DECEMBER 27 2014......SUNRISE   820 AM EST   SUNSET   457 PM EST


-  INDICATES NEGATIVE NUMBERS.
R  INDICATES RECORD WAS SET OR TIED.
MM INDICATES DATA IS MISSING.
T  INDICATES TRACE AMOUNT.




$$
