000
CDUS43 KAPX 230539
CLIANJ


CLIMATE REPORT
NATIONAL WEATHER SERVICE GAYLORD MI
138 AM EDT SUN APR 23 2017


...................................

...THE SAULT STE MARIE MI CLIMATE SUMMARY FOR APRIL 22 2017...

CLIMATE NORMAL PERIOD 1981 TO 2010
CLIMATE RECORD PERIOD 1888 TO 2017


WEATHER ITEM   OBSERVED TIME   RECORD YEAR NORMAL DEPARTURE LAST
                VALUE   (LST)  VALUE       VALUE  FROM      YEAR
                                                  NORMAL
..................................................................
TEMPERATURE (F)
 YESTERDAY
  MAXIMUM         63    523 PM  82    1985  53     10       52
  MINIMUM         31    230 AM  20    1986  34     -3       33
                                      1982
                                      1950
  AVERAGE         47                        44      3       43

PRECIPITATION (IN)
  YESTERDAY        0.00          0.60 1921   0.07  -0.07     0.00
  MONTH TO DATE    2.40                      1.79   0.61     1.57
  SINCE MAR 1      4.35                      3.74   0.61     4.22
  SINCE JAN 1     10.31                      7.27   3.04     7.93

SNOWFALL (IN)
  YESTERDAY        0.0           3.2  1972   0.2   -0.2      0.0
  MONTH TO DATE    0.5                       5.9   -5.4     16.8
  SINCE OCT 1    137.4                     119.5   17.9     91.1
  SINCE JUL 1    137.4                     119.5   17.9     91.1
  SNOW DEPTH       0

DEGREE DAYS
 HEATING
  YESTERDAY       18                        22     -4       22
  MONTH TO DATE  496                       584    -88      659
  SINCE MAR 1   1694                      1784    -90     1667
  SINCE JUL 1   6568                      7910  -1342     6808

 COOLING
  YESTERDAY        0                         0      0        0
  MONTH TO DATE    0                         0      0        0
  SINCE MAR 1      0                         0      0        0
  SINCE JAN 1      0                         0      0        0
..................................................................


WIND (MPH)
  HIGHEST WIND SPEED    14   HIGHEST WIND DIRECTION     W (260)
  HIGHEST GUST SPEED    18   HIGHEST GUST DIRECTION     W (260)
  AVERAGE WIND SPEED     5.6




RELATIVE HUMIDITY (PERCENT)
 HIGHEST    89
 LOWEST     23
 AVERAGE    56

..........................................................


THE SAULT STE MARIE MI CLIMATE NORMALS FOR TODAY
                         NORMAL    RECORD    YEAR
 MAXIMUM TEMPERATURE (F)   54        76      1913
 MINIMUM TEMPERATURE (F)   34        20      1986
                                             1956
                                             1930


SUNRISE AND SUNSET
APRIL 23 2017.........SUNRISE   636 AM EDT   SUNSET   836 PM EDT
APRIL 24 2017.........SUNRISE   634 AM EDT   SUNSET   838 PM EDT


-  INDICATES NEGATIVE NUMBERS.
R  INDICATES RECORD WAS SET OR TIED.
MM INDICATES DATA IS MISSING.
T  INDICATES TRACE AMOUNT.




$$
