000
CDUS43 KAPX 200535
CLIANJ


CLIMATE REPORT
NATIONAL WEATHER SERVICE GAYLORD MI
1235 AM EST TUE FEB 20 2018


...................................

...THE SAULT STE MARIE MI CLIMATE SUMMARY FOR FEBRUARY 19 2018...

CLIMATE NORMAL PERIOD 1981 TO 2010
CLIMATE RECORD PERIOD 1888 TO 2018


WEATHER ITEM   OBSERVED TIME   RECORD YEAR NORMAL DEPARTURE LAST
                VALUE   (LST)  VALUE       VALUE  FROM      YEAR
                                                  NORMAL
..................................................................
TEMPERATURE (F)
 YESTERDAY
  MAXIMUM         39    345 PM  46    1994  27     12       44
  MINIMUM         19   1159 PM -23    1910  10      9       29
  AVERAGE         29                        18     11       37

PRECIPITATION (IN)
  YESTERDAY        0.03          1.10 2013   0.05  -0.02     0.00
  MONTH TO DATE    0.71                      0.91  -0.20     2.06
  SINCE DEC 1      6.22                      5.89   0.33     8.97
  SINCE JAN 1      2.50                      3.10  -0.60     4.72

SNOWFALL (IN)
  YESTERDAY        0.3           9.5  2013   0.5   -0.2      0.0
  MONTH TO DATE   10.6                      13.5   -2.9     32.7
  SINCE OCT 1     85.5                      95.1   -9.6    117.7
  SINCE JUL 1     85.5                      95.1   -9.6    117.7
  SNOW DEPTH      17

DEGREE DAYS
 HEATING
  YESTERDAY       36                        47    -11       28
  MONTH TO DATE  963                       918     45      802
  SINCE DEC 1   3924                      3786    138     3300
  SINCE JUL 1   5509                      5718   -209     4570
..................................................................


WIND (MPH)
  HIGHEST WIND SPEED    17   HIGHEST WIND DIRECTION     E (70)
  HIGHEST GUST SPEED    24   HIGHEST GUST DIRECTION     E (70)
  AVERAGE WIND SPEED     6.4




RELATIVE HUMIDITY (PERCENT)
 HIGHEST    82
 LOWEST     69
 AVERAGE    76

..........................................................


THE SAULT STE MARIE MI CLIMATE NORMALS FOR TODAY
                         NORMAL    RECORD    YEAR
 MAXIMUM TEMPERATURE (F)   27        47      1983
 MINIMUM TEMPERATURE (F)   10       -27      1934


SUNRISE AND SUNSET
FEBRUARY 20 2018......SUNRISE   733 AM EST   SUNSET   610 PM EST
FEBRUARY 21 2018......SUNRISE   731 AM EST   SUNSET   612 PM EST


-  INDICATES NEGATIVE NUMBERS.
R  INDICATES RECORD WAS SET OR TIED.
MM INDICATES DATA IS MISSING.
T  INDICATES TRACE AMOUNT.




$$
