000
CDUS43 KAPX 062232
CLIANJ


CLIMATE REPORT
NATIONAL WEATHER SERVICE GAYLORD MI
531 PM EST FRI MAR 6 2015


...................................

...THE SAULT STE MARIE MI CLIMATE SUMMARY FOR MARCH 6 2015...
VALID TODAY AS OF 0500 PM LOCAL TIME.

CLIMATE NORMAL PERIOD 1981 TO 2010
CLIMATE RECORD PERIOD 1888 TO 2015


WEATHER ITEM   OBSERVED TIME   RECORD YEAR NORMAL DEPARTURE LAST
                VALUE   (LST)  VALUE       VALUE  FROM      YEAR
                                                  NORMAL
..................................................................
TEMPERATURE (F)
 TODAY
  MAXIMUM         25    457 PM  51    1974  31     -6       22
  MINIMUM        -10    644 AM -27    1890  14    -24       -5
  AVERAGE          8                        22    -14        9

PRECIPITATION (IN)
  TODAY            0.00          0.64 1946   0.05  -0.05     0.00
  MONTH TO DATE    0.35                      0.33   0.02     0.02
  SINCE MAR 1      0.35                      0.33   0.02     0.02
  SINCE JAN 1      3.72                      3.86  -0.14     3.38

SNOWFALL (IN)
  TODAY            0.0           7.6  1959   0.5             0.0
  MONTH TO DATE    5.6                       3.2             0.5
  SINCE OCT 1    154.3                     103.4           106.6
  SINCE JUL 1    154.3                     103.4           106.6

DEGREE DAYS
 HEATING
  TODAY           57                        43     14       56
  MONTH TO DATE  335                       260     75      368
  SINCE MAR 1    335                       260     75      368
  SINCE JUL 1   7114                      6386    728     7148

 COOLING
  TODAY            0                         0      0        0
  MONTH TO DATE    0                         0      0        0
  SINCE MAR 1      0                         0      0        0
  SINCE JAN 1      0                         0      0        0
..................................................................


WIND (MPH)
  RESULTANT WIND SPEED   4   RESULTANT WIND DIRECTION   S (190)
  HIGHEST WIND SPEED    23   HIGHEST WIND DIRECTION    SW (210)
  HIGHEST GUST SPEED    33   HIGHEST GUST DIRECTION    SW (220)
  AVERAGE WIND SPEED     7.4


SKY COVER
  POSSIBLE SUNSHINE  MM
  AVERAGE SKY COVER 0.2


WEATHER CONDITIONS
 THE FOLLOWING WEATHER WAS RECORDED TODAY.
  HAZE


RELATIVE HUMIDITY (PERCENT)
 HIGHEST    88          1000 AM
 LOWEST     56          1200 PM
 AVERAGE    72

..........................................................


THE SAULT STE MARIE MI CLIMATE NORMALS FOR TOMORROW
                         NORMAL    RECORD    YEAR
 MAXIMUM TEMPERATURE (F)   31        60      2000
 MINIMUM TEMPERATURE (F)   14       -20      1913
                                             1890


SUNRISE AND SUNSET
MARCH  6 2015.........SUNRISE   708 AM EST   SUNSET   630 PM EST
MARCH  7 2015.........SUNRISE   706 AM EST   SUNSET   632 PM EST


-  INDICATES NEGATIVE NUMBERS.
R  INDICATES RECORD WAS SET OR TIED.
MM INDICATES DATA IS MISSING.
T  INDICATES TRACE AMOUNT.




$$
