000
CDUS43 KAPX 120530
CLIANJ


CLIMATE REPORT
NATIONAL WEATHER SERVICE GAYLORD MI
129 AM EDT SAT JUL 12 2014


...................................

...THE SAULT STE MARIE MI CLIMATE SUMMARY FOR JULY 11 2014...

CLIMATE NORMAL PERIOD 1981 TO 2010
CLIMATE RECORD PERIOD 1888 TO 2014


WEATHER ITEM   OBSERVED TIME   RECORD YEAR NORMAL DEPARTURE LAST
                VALUE   (LST)  VALUE       VALUE  FROM      YEAR
                                                  NORMAL
..................................................................
TEMPERATURE (F)
 YESTERDAY
  MAXIMUM         76   1124 AM  96    1936  76      0       71
  MINIMUM         50    542 AM  36    1985  54     -4       53
  AVERAGE         63                        65     -2       62

PRECIPITATION (IN)
  YESTERDAY        0.02          1.44 2011   0.08  -0.06     0.00
  MONTH TO DATE    0.52                      0.94  -0.42     0.24
  SINCE JUN 1      3.44                      3.64  -0.20     3.49
  SINCE JAN 1     15.48                     14.08   1.40    17.75

DEGREE DAYS
 HEATING
  YESTERDAY        2                         2      0        3
  MONTH TO DATE   51                        32     19        7
  SINCE JUN 1    160                       212    -52      153
  SINCE JUL 1     51                        32     19        7

 COOLING
  YESTERDAY        0                         3     -3        0
  MONTH TO DATE    4                        24    -20       40
  SINCE JUN 1     41                        54    -13       79
  SINCE JAN 1     43                        59    -16       88
..................................................................


WIND (MPH)
  HIGHEST WIND SPEED    17   HIGHEST WIND DIRECTION     S (200)
  HIGHEST GUST SPEED    23   HIGHEST GUST DIRECTION     S (190)
  AVERAGE WIND SPEED     6.6




RELATIVE HUMIDITY (PERCENT)
 HIGHEST    86
 LOWEST     46
 AVERAGE    66

..........................................................


THE SAULT STE MARIE MI CLIMATE NORMALS FOR TODAY
                         NORMAL    RECORD    YEAR
 MAXIMUM TEMPERATURE (F)   76        96      1936
 MINIMUM TEMPERATURE (F)   54        40      1985


SUNRISE AND SUNSET
JULY 12 2014..........SUNRISE   557 AM EDT   SUNSET   929 PM EDT
JULY 13 2014..........SUNRISE   558 AM EDT   SUNSET   928 PM EDT


-  INDICATES NEGATIVE NUMBERS.
R  INDICATES RECORD WAS SET OR TIED.
MM INDICATES DATA IS MISSING.
T  INDICATES TRACE AMOUNT.




$$
