000
CDUS43 KAPX 280637
CLIANJ


CLIMATE REPORT
NATIONAL WEATHER SERVICE GAYLORD MI
237 AM EDT SUN AUG 28 2016


...................................

...THE SAULT STE MARIE MI CLIMATE SUMMARY FOR AUGUST 27 2016...

CLIMATE NORMAL PERIOD 1981 TO 2010
CLIMATE RECORD PERIOD 1888 TO 2016


WEATHER ITEM   OBSERVED TIME   RECORD YEAR NORMAL DEPARTURE LAST
                VALUE   (LST)  VALUE       VALUE  FROM      YEAR
                                                  NORMAL
..................................................................
TEMPERATURE (F)
 YESTERDAY
  MAXIMUM         66   1159 PM  93    1976  73     -7       68
                                      1948
  MINIMUM         56    645 AM  35    1915  53      3       52
  AVERAGE         61                        63     -2       60

PRECIPITATION (IN)
  YESTERDAY        0.93          1.44 1978   0.10   0.83     0.01
  MONTH TO DATE    4.32                      2.73   1.59     2.50
  SINCE JUN 1      9.53                      8.29   1.24     8.28
  SINCE JAN 1     20.08                     18.73   1.35    16.98

DEGREE DAYS
 HEATING
  YESTERDAY        4                         3      1        5
  MONTH TO DATE   12                        61    -49       46
  SINCE JUN 1    198                       310   -112      288
  SINCE JUL 1     35                       130    -95      100

 COOLING
  YESTERDAY        0                         1     -1        0
  MONTH TO DATE  143                        63     80       82
  SINCE JUN 1    309                       171    138      181
  SINCE JAN 1    320                       176    144      183
..................................................................


WIND (MPH)
  HIGHEST WIND SPEED     8   HIGHEST WIND DIRECTION     E (110)
  HIGHEST GUST SPEED    13   HIGHEST GUST DIRECTION     E (100)
  AVERAGE WIND SPEED     3.6




RELATIVE HUMIDITY (PERCENT)
 HIGHEST   100
 LOWEST     78
 AVERAGE    89

..........................................................


THE SAULT STE MARIE MI CLIMATE NORMALS FOR TODAY
                         NORMAL    RECORD    YEAR
 MAXIMUM TEMPERATURE (F)   73        93      1973
 MINIMUM TEMPERATURE (F)   53        37      1982
                                             1941


SUNRISE AND SUNSET
AUGUST 28 2016........SUNRISE   653 AM EDT   SUNSET   823 PM EDT
AUGUST 29 2016........SUNRISE   654 AM EDT   SUNSET   821 PM EDT


-  INDICATES NEGATIVE NUMBERS.
R  INDICATES RECORD WAS SET OR TIED.
MM INDICATES DATA IS MISSING.
T  INDICATES TRACE AMOUNT.




$$
