000
CDUS43 KAPX 020537
CLIANJ


CLIMATE REPORT
NATIONAL WEATHER SERVICE GAYLORD MI
137 AM EDT TUE JUN 2 2015


...................................

...THE SAULT STE MARIE MI CLIMATE SUMMARY FOR JUNE 1 2015...

CLIMATE NORMAL PERIOD 1981 TO 2010
CLIMATE RECORD PERIOD 1888 TO 2015


WEATHER ITEM   OBSERVED TIME   RECORD YEAR NORMAL DEPARTURE LAST
                VALUE   (LST)  VALUE       VALUE  FROM      YEAR
                                                  NORMAL
..................................................................
TEMPERATURE (F)
 YESTERDAY
  MAXIMUM         67    230 PM  92    1919  67      0       78
  MINIMUM         38    156 AM  32    1998  45     -7       54
                                      1971
  AVERAGE         53                        56     -3       66

PRECIPITATION (IN)
  YESTERDAY        0.00          1.48 1889   0.09  -0.09      T
  MONTH TO DATE    0.00                      0.09  -0.09      T
  SINCE JUN 1      0.00                      0.09  -0.09      T
  SINCE JAN 1      8.70                     10.53  -1.83    12.04

DEGREE DAYS
 HEATING
  YESTERDAY       12                         9      3        0
  MONTH TO DATE   12                         9      3        0
  SINCE JUN 1     12                         9      3        0
  SINCE JUL 1   9282                      8492    790     9617

 COOLING
  YESTERDAY        0                         0      0        1
  MONTH TO DATE    0                         0      0        1
  SINCE JUN 1      0                         0      0        1
  SINCE JAN 1      2                         5     -3        3
..................................................................


WIND (MPH)
  HIGHEST WIND SPEED    13   HIGHEST WIND DIRECTION     W (290)
  HIGHEST GUST SPEED    18   HIGHEST GUST DIRECTION    NW (300)
  AVERAGE WIND SPEED     4.4




RELATIVE HUMIDITY (PERCENT)
 HIGHEST    85
 LOWEST     30
 AVERAGE    58

..........................................................


THE SAULT STE MARIE MI CLIMATE NORMALS FOR TODAY
                         NORMAL    RECORD    YEAR
 MAXIMUM TEMPERATURE (F)   68        88      1919
 MINIMUM TEMPERATURE (F)   45        28      1964


SUNRISE AND SUNSET
JUNE  2 2015..........SUNRISE   548 AM EDT   SUNSET   923 PM EDT
JUNE  3 2015..........SUNRISE   547 AM EDT   SUNSET   924 PM EDT


-  INDICATES NEGATIVE NUMBERS.
R  INDICATES RECORD WAS SET OR TIED.
MM INDICATES DATA IS MISSING.
T  INDICATES TRACE AMOUNT.




$$
