000
CDUS43 KAPX 200528
CLIANJ


CLIMATE REPORT
NATIONAL WEATHER SERVICE GAYLORD MI
128 AM EDT SAT SEP 20 2014


...................................

...THE SAULT STE MARIE MI CLIMATE SUMMARY FOR SEPTEMBER 19 2014...

CLIMATE NORMAL PERIOD 1981 TO 2010
CLIMATE RECORD PERIOD 1888 TO 2014


WEATHER ITEM   OBSERVED TIME   RECORD YEAR NORMAL DEPARTURE LAST
                VALUE   (LST)  VALUE       VALUE  FROM      YEAR
                                                  NORMAL
..................................................................
TEMPERATURE (F)
 YESTERDAY
  MAXIMUM         61    453 PM  84    1985  65     -4       74
  MINIMUM         39   1254 AM  28    1979  47     -8       60
  AVERAGE         50                        56     -6       67

PRECIPITATION (IN)
  YESTERDAY        0.19          1.18 1912   0.13   0.06     0.00
  MONTH TO DATE    3.22                      2.37   0.85     5.83
  SINCE SEP 1      3.22                      2.37   0.85     5.83
  SINCE JAN 1     22.14                     21.54   0.60    34.12

DEGREE DAYS
 HEATING
  YESTERDAY       15                         9      6        0
  MONTH TO DATE  174                       127     47      145
  SINCE SEP 1    174                       127     47      145
  SINCE JUL 1    355                       274     81      261

 COOLING
  YESTERDAY        0                         0      0        2
  MONTH TO DATE    4                        15    -11       14
  SINCE SEP 1      4                        15    -11       14
  SINCE JAN 1    112                       193    -81      266
..................................................................


WIND (MPH)
  HIGHEST WIND SPEED    18   HIGHEST WIND DIRECTION    SE (140)
  HIGHEST GUST SPEED    26   HIGHEST GUST DIRECTION    SE (120)
  AVERAGE WIND SPEED     8.8




RELATIVE HUMIDITY (PERCENT)
 HIGHEST    93
 LOWEST     67
 AVERAGE    80

..........................................................


THE SAULT STE MARIE MI CLIMATE NORMALS FOR TODAY
                         NORMAL    RECORD    YEAR
 MAXIMUM TEMPERATURE (F)   65        85      1914
                                             1895
 MINIMUM TEMPERATURE (F)   46        30      1981


SUNRISE AND SUNSET
SEPTEMBER 20 2014.....SUNRISE   722 AM EDT   SUNSET   739 PM EDT
SEPTEMBER 21 2014.....SUNRISE   723 AM EDT   SUNSET   737 PM EDT


-  INDICATES NEGATIVE NUMBERS.
R  INDICATES RECORD WAS SET OR TIED.
MM INDICATES DATA IS MISSING.
T  INDICATES TRACE AMOUNT.




$$
