000
CDAK47 PANT 270000
CLIANN

CLIMATE REPORT
NATIONAL WEATHER SERVICE ANNETTE, AK
305 PM AKST WED NOV 26 2014

...................................
...THE ANNETTE WSO AP CLIMATE SUMMARY FOR NOVEMBER 26 2014...
VALID TODAY AS OF 2:00 PM LOCAL TIME

CLIMATE NORMAL PERIOD  1981 TO  2010
CLIMATE RECORD PERIOD  1948 TO  2014

WEATHER ITEM   OBSERVED TIME    RECORD YEAR NORMAL DEPARTURE LAST
               VALUE    (LST)   VALUE       VALUE  FROM      YEAR
                                                   NORMAL
...................................................................
TEMPERATURE
TODAY
 MAXIMUM            44  0145 PM    54  2002     43       1     50
 MINIMUM            32  0241 AM    -3  1985     34      -2     44
 AVERAGE            38                          39      -1     47

PRECIPITATION
(INCHES)
 TODAY            0.00           1.94  1993   0.39   -0.39   0.27
 MONTH TO DATE    8.81                       10.79   -1.98   9.92
 SINCE SEP 1     32.88                       34.50   -1.62  26.13
 SINCE JAN 1     94.96                       89.41    5.55  77.73

SNOWFALL
(INCHES)
 TODAY             0.0            0.9  2011    0.1    -0.1    0.0
 MONTH TO DATE     0.0                         2.8    -2.8    5.7
 SINCE SEP 1       0.0                         2.9    -2.9    5.7
 SINCE JUL 1       0.0                         2.9    -2.9    5.7
 SNOW DEPTH (IN)    MM                                          0

DEGREE DAYS
 HEATING
  TODAY             27                          27       0     18
  MONTH TO DATE    596                         642     -46    650
  SINCE SEP 1     1297                        1541    -244   1422
  SINCE JUL 1     1866                        1942     -76   1724

 COOLING
  TODAY              0                           0       0      0
  MONTH TO DATE      0                           0       0      0
  SINCE SEP 1        0                           0       0      0
  SINCE JAN 1       MM                           0      MM     22
...................................................................

WIND (MPH)
 HIGHEST WIND SPEED    12     HIGHEST WIND DIRECTION    320
 HIGHEST GUST SPEED    16     HIGHEST GUST DIRECTION    330
 AVERAGE WIND SPEED   0.0

SKY COVER
  POSSIBLE SUNSHINE  MM            AVERAGE SKY COVER MM

WEATHER CONDITIONS
 THE FOLLOWING WEATHER WAS RECORDED TODAY.
NO SIGNIFICANT WEATHER WAS OBSERVED.

RELATIVE HUMIDITY
 HIGHEST RH     MM PERCENT       MM
 LOWEST  RH     MM PERCENT       MM
 AVERAGE RH     MM PERCENT       MM
...................................................................

THE ANNETTE CLIMATE NORMALS FOR TOMORROW
                        NORMAL    RECORD   YEAR
 MAXIMUM TEMPERATURE      43        55     1959
 MINIMUM TEMPERATURE      34         3     1985

SUNRISE AND SUNSET
 NOV 26 2014..........SUNRISE  7:40 AM      SUNSET  3:28 PM
 NOV 27 2014..........SUNRISE  7:42 AM      SUNSET  3:27 PM

-  INDICATES NEGATIVE NUMBERS.
R  INDICATES RECORD HAS BEEN SET OR TIED.
MM INDICATES DATA IS MISSING.
T  INDICATES TRACE OF PRECIPITATION.

&&
-------------------------------------------------------------------

AMOUNT OF DAYLIGHT TODAY  (HOUR:MIN)........7 HOURS 48 MINUTES
GAIN/LOSS SINCE YESTERDAY (HOUR:MIN:SEC)....-0:02:52

$$
JZ NOV 14
