110
CDAK47 PAJK 251234
CLIANN
CLIMATE REPORT
NATIONAL WEATHER SERVICE JUNEAU, AK
333 AM AKST SAT NOV 55 2017


...................................

...THE ANNETTE ISLAND CLIMATE SUMMARY FOR NOVEMBER 24 2017...

CLIMATE NORMAL PERIOD 1981 TO 2010
CLIMATE RECORD PERIOD 1941 TO 2017


WEATHER ITEM   OBSERVED RECORD YEAR NORMAL DEPARTURE LAST
                VALUE   VALUE       VALUE  FROM      YEAR
                                           NORMAL
...........................................................
TEMPERATURE (F)
 YESTERDAY
  MAXIMUM         45     57    1992  43      2       48
                               1943
  MINIMUM         38     13    1955  34      4       33
  AVERAGE         42                 39      3       41

PRECIPITATION (IN)
  YESTERDAY        0.32   2.95 1993   0.39  -0.07     0.22
  MONTH TO DATE    5.03              10.01  -4.98     8.38
  SINCE JAN 1     85.52              88.63  -3.11    84.75

SNOWFALL (IN)
  YESTERDAY        0.0    3.8  2011   0.1   -0.1      0.0
  MONTH TO DATE    0.0                2.5   -2.5      0.0
  SINCE JUL 1      0.0                2.6   -2.6      0.0
  SNOW DEPTH       0

DEGREE DAYS
 HEATING
  YESTERDAY       23                 26     -3       24
  MONTH TO DATE  627                589     38      445
...........................................................


WIND (MPH)
  HIGHEST WIND SPEED    17   HIGHEST WIND DIRECTION     S (160)
  HIGHEST GUST SPEED    37   HIGHEST GUST DIRECTION     S (160)
  AVERAGE WIND SPEED    11.2


SKY COVER
  AVERAGE SKY COVER 0.9


WEATHER CONDITIONS
 THE FOLLOWING WEATHER WAS RECORDED YESTERDAY.
  HEAVY RAIN
  RAIN
  LIGHT RAIN
  FOG


..........................................................


THE ANNETTE ISLAND CLIMATE NORMALS FOR TODAY
                         NORMAL    RECORD    YEAR
 MAXIMUM TEMPERATURE (F)   43        57      1943
 MINIMUM TEMPERATURE (F)   34         1      1985


SUNRISE AND SUNSET
NOVEMBER 25 2017......SUNRISE   738 AM AKST  SUNSET   328 PM AKST
NOVEMBER 26 2017......SUNRISE   740 AM AKST  SUNSET   327 PM AKST


-  INDICATES NEGATIVE NUMBERS.
R  INDICATES RECORD WAS SET OR TIED.
MM INDICATES DATA IS MISSING.
T  INDICATES TRACE AMOUNT.




$$
--------------------------------------------------------------

AMOUNT OF DAYLIGHT TODAY (HOUR:MIN)......... 7 HOURS 50 MINUTES
GAIN/LOSS SINCE YESTERDAY (HOUR:MIN:SEC).... -0:02:56

$$
