000
CDAK47 PANT 240001
CLIANN

CLIMATE REPORT
NATIONAL WEATHER SERVICE ANNETTE, AK
401 PM AKDT TUE AUG 23 2016

...................................
...THE ANNETTE WSO AP CLIMATE SUMMARY FOR AUGUST 23 2016...
VALID TODAY AS OF 2:00 PM LOCAL TIME

CLIMATE NORMAL PERIOD  1981 TO  2010
CLIMATE RECORD PERIOD  1948 TO  2016

WEATHER ITEM   OBSERVED TIME    RECORD YEAR NORMAL DEPARTURE LAST
               VALUE    (LST)   VALUE       VALUE  FROM      YEAR
                                                   NORMAL
...................................................................
TEMPERATURE
TODAY
 MAXIMUM            76  0200 PM    78  1987     64      12     64
 MINIMUM            56  1211 AM    45  1976     52       4     54
 AVERAGE            66                          58       8     59

PRECIPITATION
(INCHES)
 TODAY            0.00           3.27  2008   0.25   -0.25   0.18
 MONTH TO DATE    2.04                        4.80   -2.76   4.96
 SINCE JUN 1     10.05                       14.33   -4.28  16.59
 SINCE JAN 1     59.79                       52.75    7.04  60.07

SNOWFALL
(INCHES)
 TODAY             0.0            0.0  2016    0.0     0.0    0.0
 MONTH TO DATE     0.0                         0.0     0.0    0.0
 SINCE JUN 1       0.0                         0.0     0.0    0.0
 SINCE JUL 1       0.0                         0.0     0.0    0.0
 SNOW DEPTH (IN)     0                                          0

DEGREE DAYS
 HEATING
  TODAY              0                           7      -7      6
  MONTH TO DATE     50                         135     -85    118
  SINCE JUN 1      440                         639    -199    425
  SINCE JUL 1      171                         341    -170    237

 COOLING
  TODAY              1                           0       1      0
  MONTH TO DATE     24                           0      24      0
  SINCE JUN 1       44                           0      44     37
  SINCE JAN 1       46                           0      46     37
...................................................................

WIND (MPH)
 HIGHEST WIND SPEED    10     HIGHEST WIND DIRECTION    300
 HIGHEST GUST SPEED    12     HIGHEST GUST DIRECTION    300
 AVERAGE WIND SPEED    MM

SKY COVER
  POSSIBLE SUNSHINE  MM            AVERAGE SKY COVER MM

WEATHER CONDITIONS
 THE FOLLOWING WEATHER WAS RECORDED TODAY.
NO SIGNIFICANT WEATHER WAS OBSERVED.

RELATIVE HUMIDITY
 HIGHEST RH     MM PERCENT       MM
 LOWEST  RH     MM PERCENT       MM
 AVERAGE RH     MM PERCENT       MM
...................................................................

THE ANNETTE CLIMATE NORMALS FOR TOMORROW
                        NORMAL    RECORD   YEAR
 MAXIMUM TEMPERATURE      64        83     1987
 MINIMUM TEMPERATURE      52        46     2011

SUNRISE AND SUNSET
 AUG 23 2016..........SUNRISE  5:37 AM      SUNSET  8:00 PM
 AUG 24 2016..........SUNRISE  5:39 AM      SUNSET  7:57 PM

-  INDICATES NEGATIVE NUMBERS.
R  INDICATES RECORD HAS BEEN SET OR TIED.
MM INDICATES DATA IS MISSING.
T  INDICATES TRACE OF PRECIPITATION.

&&
-------------------------------------------------------------------

AMOUNT OF DAYLIGHT TODAY  (HOUR:MIN)........14 HOURS 23 MINUTES
GAIN/LOSS SINCE YESTERDAY (HOUR:MIN:SEC)....-0:04:16

$$
JZ AUG 16
