000
CDAK47 PANT 260930
CLIANN

CLIMATE REPORT
NATIONAL WEATHER SERVICE ANNETTE, AK
130 AM AKDT TUE MAY 26 2015

...................................
...THE ANNETTE WSO AP CLIMATE SUMMARY FOR MAY 25 2015...

CLIMATE NORMAL PERIOD  1981 TO  2010
CLIMATE RECORD PERIOD  1948 TO  2015

WEATHER ITEM   OBSERVED TIME    RECORD YEAR NORMAL DEPARTURE LAST
               VALUE    (LST)   VALUE       VALUE  FROM      YEAR
                                                   NORMAL
...................................................................
TEMPERATURE
YESTERDAY
 MAXIMUM            73  0151 PM    77  2008     58      15     56
 MINIMUM            51  1157 PM    37  2000     46       5     46
 AVERAGE            62                          52      10     51

PRECIPITATION
(INCHES)
 YESTERDAY        0.00           2.90  1979   0.17   -0.17   0.09
 MONTH TO DATE    0.50                        4.56   -4.06   4.94
 SINCE MAR 1     22.42                       19.38    3.04  28.68
 SINCE JAN 1     43.48                       37.42    6.06  40.78

SNOWFALL
(INCHES)
 YESTERDAY         0.0            0.0  2015    0.0     0.0    0.0
 MONTH TO DATE     0.0                         0.1    -0.1    0.0
 SINCE MAR 1         T                         8.4    -8.4    0.3
 SINCE JUL 1      10.2                        34.9   -24.7   25.4
 SNOW DEPTH (IN)     0                                          0

DEGREE DAYS
 HEATING
  YESTERDAY          3                          13     -10     14
  MONTH TO DATE    261                         387    -126    343
  SINCE MAR 1     1497                        1794    -297   1849
  SINCE JUL 1     5581                        6332    -751   6338

 COOLING
  YESTERDAY          0                           0       0      0
  MONTH TO DATE      0                           0       0      0
  SINCE MAR 1        0                           0       0      0
  SINCE JAN 1        0                           0       0      0
...................................................................

WIND (MPH)
 HIGHEST WIND SPEED    13     HIGHEST WIND DIRECTION    330
 HIGHEST GUST SPEED    17     HIGHEST GUST DIRECTION    320
 AVERAGE WIND SPEED   5.6

SKY COVER
  POSSIBLE SUNSHINE    MM          AVERAGE SKY COVER     MM

WEATHER CONDITIONS
 THE FOLLOWING WEATHER WAS RECORDED YESTERDAY.
  NO SIGNIFICANT WEATHER WAS OBSERVED.

RELATIVE HUMIDITY
 HIGHEST RH     MM PERCENT       MM
 LOWEST  RH     MM PERCENT       MM
 AVERAGE RH     MM PERCENT       MM
...................................................................

THE ANNETTE CLIMATE NORMALS FOR TODAY
                           NORMAL    RECORD   YEAR
 MAXIMUM TEMPERATURE (F)     58        78     1993
 MINIMUM TEMPERATURE (F)     46        36     1973

SUNRISE AND SUNSET
 MAY 26 2015..........SUNRISE  4:22 AM      SUNSET  9:07 PM
 MAY 27 2015..........SUNRISE  4:21 AM      SUNSET  9:08 PM

-  INDICATES NEGATIVE NUMBERS.
R  INDICATES RECORD HAS BEEN SET OR TIED.
MM INDICATES DATA IS MISSING.
T  INDICATES TRACE OF PRECIPITATION.

&&
-------------------------------------------------------------------

AMOUNT OF DAYLIGHT TODAY  (HOUR:MIN)........16 HOURS 45 MINUTES
GAIN/LOSS SINCE YESTERDAY (HOUR:MIN:SEC)....+0:02:49

$$
JH MAY 15
