000
CDAK47 PANT 270908
CLIANN

CLIMATE REPORT
NATIONAL WEATHER SERVICE ANNETTE, AK
108 AM AKDT FRI MAY 27 2016

...................................
...THE ANNETTE WSO AP CLIMATE SUMMARY FOR MAY 26 2016...

CLIMATE NORMAL PERIOD  1981 TO  2010
CLIMATE RECORD PERIOD  1948 TO  2016

WEATHER ITEM   OBSERVED TIME    RECORD YEAR NORMAL DEPARTURE LAST
               VALUE    (LST)   VALUE       VALUE  FROM      YEAR
                                                   NORMAL
...................................................................
TEMPERATURE
YESTERDAY
 MAXIMUM            63  1217 PM    78  1993     58       5     68
 MINIMUM            44  0156 AM    36  1973     46      -2     50
 AVERAGE            54                          52       2     59

PRECIPITATION
(INCHES)
 YESTERDAY        0.03           1.21  1999   0.17   -0.14   0.00
 MONTH TO DATE    6.19                        4.73    1.46   0.50
 SINCE MAR 1     24.60                       19.55    5.05  22.42
 SINCE JAN 1     49.64                       37.59   12.05  43.48

SNOWFALL
(INCHES)
 YESTERDAY         0.0            0.0  2016    0.0     0.0    0.0
 MONTH TO DATE     0.0                         0.1    -0.1    0.0
 SINCE MAR 1       0.0                         8.4    -8.4    0.0
 SINCE JUL 1       5.0                        34.9   -29.9   10.2
 SNOW DEPTH (IN)     0                                          0

DEGREE DAYS
 HEATING
  YESTERDAY         11                          13      -2      6
  MONTH TO DATE    251                         400    -149    267
  SINCE MAR 1     1513                        1807    -294   1503
  SINCE JUL 1     5591                        6345    -754     MM

 COOLING
  YESTERDAY          0                           0       0      0
  MONTH TO DATE      2                           0       2      0
  SINCE MAR 1        2                           0       2      0
  SINCE JAN 1        2                           0       2      0
...................................................................

WIND (MPH)
 HIGHEST WIND SPEED    10     HIGHEST WIND DIRECTION    210
 HIGHEST GUST SPEED    15     HIGHEST GUST DIRECTION    210
 AVERAGE WIND SPEED   4.0

SKY COVER
  POSSIBLE SUNSHINE    MM          AVERAGE SKY COVER     MM

WEATHER CONDITIONS
 THE FOLLOWING WEATHER WAS RECORDED YESTERDAY.
  RAIN


RELATIVE HUMIDITY
 HIGHEST RH     MM PERCENT       MM
 LOWEST  RH     MM PERCENT       MM
 AVERAGE RH     MM PERCENT       MM
...................................................................

THE ANNETTE CLIMATE NORMALS FOR TODAY
                           NORMAL    RECORD   YEAR
 MAXIMUM TEMPERATURE (F)     59        84     1998
 MINIMUM TEMPERATURE (F)     46        38     1966

SUNRISE AND SUNSET
 MAY 27 2016..........SUNRISE  4:20 AM      SUNSET  9:09 PM
 MAY 28 2016..........SUNRISE  4:19 AM      SUNSET  9:11 PM

-  INDICATES NEGATIVE NUMBERS.
R  INDICATES RECORD HAS BEEN SET OR TIED.
MM INDICATES DATA IS MISSING.
T  INDICATES TRACE OF PRECIPITATION.

&&
-------------------------------------------------------------------

AMOUNT OF DAYLIGHT TODAY  (HOUR:MIN)........16 HOURS 49 MINUTES
GAIN/LOSS SINCE YESTERDAY (HOUR:MIN:SEC)....+0:02:41

$$
MM MAY 16
