000
CDAK47 PANT 210930
CLIANN

CLIMATE REPORT
NATIONAL WEATHER SERVICE ANNETTE, AK
1230 AM AKST FRI NOV 21 2014

...................................
...THE ANNETTE WSO AP CLIMATE SUMMARY FOR NOVEMBER 20 2014...

CLIMATE NORMAL PERIOD  1981 TO  2010
CLIMATE RECORD PERIOD  1948 TO  2014

WEATHER ITEM   OBSERVED TIME    RECORD YEAR NORMAL DEPARTURE LAST
               VALUE    (LST)   VALUE       VALUE  FROM      YEAR
                                                   NORMAL
...................................................................
TEMPERATURE
YESTERDAY
 MAXIMUM            48  1159 PM    57  1949     44       4     42
 MINIMUM            45  0818 AM    12  1996     35      10     29
 AVERAGE            47                          39       8     36

PRECIPITATION
(INCHES)
 YESTERDAY        0.98           2.98  1956   0.39    0.59   0.07
 MONTH TO DATE    6.01                        8.46   -2.45   5.63
 SINCE SEP 1     30.08                       32.17   -2.09  21.84
 SINCE JAN 1     92.16                       87.08    5.08  73.44

SNOWFALL
(INCHES)
 YESTERDAY         0.0            3.5  1960    0.2    -0.2      T
 MONTH TO DATE     0.0                         1.9    -1.9    5.7
 SINCE SEP 1       0.0                         2.0    -2.0    5.7
 SINCE JUL 1       0.0                         2.0    -2.0    5.7
 SNOW DEPTH (IN)     0                                          4

DEGREE DAYS
 HEATING
  YESTERDAY         18                          26      -8     29
  MONTH TO DATE    453                         485     -32    527
  SINCE SEP 1     1154                        1384    -230   1299
  SINCE JUL 1     1723                        1785     -62   1601

 COOLING
  YESTERDAY          0                           0       0      0
  MONTH TO DATE      0                           0       0      0
  SINCE SEP 1        0                           0       0      0
  SINCE JAN 1       MM                           0      MM     22
...................................................................

WIND (MPH)
 HIGHEST WIND SPEED    18     HIGHEST WIND DIRECTION    130
 HIGHEST GUST SPEED    25     HIGHEST GUST DIRECTION    120
 AVERAGE WIND SPEED   8.8

SKY COVER
  POSSIBLE SUNSHINE    MM          AVERAGE SKY COVER     MM

WEATHER CONDITIONS
 THE FOLLOWING WEATHER WAS RECORDED YESTERDAY.
  FOG
RAIN


RELATIVE HUMIDITY
 HIGHEST RH     MM PERCENT       MM
 LOWEST  RH     MM PERCENT       MM
 AVERAGE RH     MM PERCENT       MM
...................................................................

THE ANNETTE CLIMATE NORMALS FOR TODAY
                           NORMAL    RECORD   YEAR
 MAXIMUM TEMPERATURE (F)     44        55     1949
 MINIMUM TEMPERATURE (F)     35        10     1963

SUNRISE AND SUNSET
 NOV 21 2014..........SUNRISE  7:31 AM      SUNSET  3:34 PM
 NOV 22 2014..........SUNRISE  7:33 AM      SUNSET  3:33 PM

-  INDICATES NEGATIVE NUMBERS.
R  INDICATES RECORD HAS BEEN SET OR TIED.
MM INDICATES DATA IS MISSING.
T  INDICATES TRACE OF PRECIPITATION.

&&
-------------------------------------------------------------------

AMOUNT OF DAYLIGHT TODAY  (HOUR:MIN)........8 HOURS 3 MINUTES
GAIN/LOSS SINCE YESTERDAY (HOUR:MIN:SEC)....-0:03:15

$$
JH NOV 14
