000
CDAK47 PANT 170920
CLIANN

CLIMATE REPORT
NATIONAL WEATHER SERVICE ANNETTE, AK
1220 AM AKST WED DEC 17 2014

...................................
...THE ANNETTE WSO AP CLIMATE SUMMARY FOR DECEMBER 16 2014...

CLIMATE NORMAL PERIOD  1981 TO  2010
CLIMATE RECORD PERIOD  1948 TO  2014

WEATHER ITEM   OBSERVED TIME    RECORD YEAR NORMAL DEPARTURE LAST
               VALUE    (LST)   VALUE       VALUE  FROM      YEAR
                                                   NORMAL
...................................................................
TEMPERATURE
YESTERDAY
 MAXIMUM            45  0240 AM    51  1953     41       4     46
 MINIMUM            40  1159 PM     5  1964     33       7     31
 AVERAGE            43                          37       6     39

PRECIPITATION
(INCHES)
 YESTERDAY        0.60           1.75  2013   0.34    0.26   1.75
 MONTH TO DATE    6.96                        5.74    1.22   7.95
 SINCE DEC 1      6.96                        5.74    1.22   7.95
 SINCE JAN 1    102.94                       96.65    6.29  89.16

SNOWFALL
(INCHES)
 YESTERDAY         0.0            2.4  2000    0.2    -0.2    0.0
 MONTH TO DATE     0.4                         3.7    -3.3    0.1
 SINCE DEC 1       0.4                         3.7    -3.3    0.1
 SINCE JUL 1       4.6                         7.3    -2.7    5.8
 SNOW DEPTH (IN)     0                                          0

DEGREE DAYS
 HEATING
  YESTERDAY         22                          28      -6     26
  MONTH TO DATE    339                         441    -102    489
  SINCE DEC 1      339                         441    -102    489
  SINCE JUL 1     2344                        2491    -147   2303

 COOLING
  YESTERDAY          0                           0       0      0
  MONTH TO DATE      0                           0       0      0
  SINCE DEC 1        0                           0       0      0
  SINCE JAN 1       MM                           0      MM     22
...................................................................

WIND (MPH)
 HIGHEST WIND SPEED    18     HIGHEST WIND DIRECTION    120
 HIGHEST GUST SPEED    27     HIGHEST GUST DIRECTION    120
 AVERAGE WIND SPEED   8.7

SKY COVER
  POSSIBLE SUNSHINE    MM          AVERAGE SKY COVER     MM

WEATHER CONDITIONS
 THE FOLLOWING WEATHER WAS RECORDED YESTERDAY.
  FOG
RAIN


RELATIVE HUMIDITY
 HIGHEST RH     MM PERCENT       MM
 LOWEST  RH     MM PERCENT       MM
 AVERAGE RH     MM PERCENT       MM
...................................................................

THE ANNETTE CLIMATE NORMALS FOR TODAY
                           NORMAL    RECORD   YEAR
 MAXIMUM TEMPERATURE (F)     41        57     1981
 MINIMUM TEMPERATURE (F)     33        19     1964

SUNRISE AND SUNSET
 DEC 17 2014..........SUNRISE  8:08 AM      SUNSET  3:18 PM
 DEC 18 2014..........SUNRISE  8:08 AM      SUNSET  3:19 PM

-  INDICATES NEGATIVE NUMBERS.
R  INDICATES RECORD HAS BEEN SET OR TIED.
MM INDICATES DATA IS MISSING.
T  INDICATES TRACE OF PRECIPITATION.

&&
-------------------------------------------------------------------

AMOUNT OF DAYLIGHT TODAY  (HOUR:MIN)........7 HOURS 10 MINUTES
GAIN/LOSS SINCE YESTERDAY (HOUR:MIN:SEC)....-0:00:35

$$
MRC DEC 14
