000
CDUS41 KCTP 290621
CLIAOO


CLIMATE REPORT
NATIONAL WEATHER SERVICE STATE COLLEGE PA
221 AM EDT WED JUL 29 2015


...................................

...THE ALTOONA CLIMATE SUMMARY FOR JULY 28 2015...

CLIMATE NORMAL PERIOD 1981 TO 2010
CLIMATE RECORD PERIOD 1948 TO 2015


WEATHER ITEM   OBSERVED TIME   RECORD YEAR NORMAL DEPARTURE LAST
                VALUE   (LST)  VALUE       VALUE  FROM      YEAR
                                                  NORMAL
..................................................................
TEMPERATURE (F)
 YESTERDAY
  MAXIMUM         87    328 PM  97    1952  82      5       73
  MINIMUM         65   1148 PM  48    1962  60      5       58
  AVERAGE         76                        71      5       66

PRECIPITATION (IN)
  YESTERDAY        0.00          2.02 1951   0.10  -0.10     0.12
  MONTH TO DATE    5.35                      2.96   2.39     3.33
  SINCE JUN 1     12.96                      6.44   6.52    10.10
  SINCE JAN 1     22.46                     20.62   1.84    23.60

DEGREE DAYS
 HEATING
  YESTERDAY        0                         0      0        0
  MONTH TO DATE    3                         1      2        4
  SINCE JUN 1     42                        59    -17       19
  SINCE JUL 1      3                         1      2        4

 COOLING
  YESTERDAY       11                         6      5        1
  MONTH TO DATE  159                       167     -8      167
  SINCE JUN 1    307                       276     31      304
  SINCE JAN 1    411                       309    102      351
..................................................................


WIND (MPH)
  HIGHEST WIND SPEED     7   HIGHEST WIND DIRECTION    NE (30)
  HIGHEST GUST SPEED    11   HIGHEST GUST DIRECTION    NE (40)
  AVERAGE WIND SPEED     1.3


SKY COVER
  POSSIBLE SUNSHINE  MM
  AVERAGE SKY COVER 0.4


WEATHER CONDITIONS
 THE FOLLOWING WEATHER WAS RECORDED YESTERDAY.
  FOG
  FOG W/VISIBILITY <= 1/4 MILE
  HAZE


RELATIVE HUMIDITY (PERCENT)
 HIGHEST   100           600 AM
 LOWEST     48           200 PM
 AVERAGE    74

..........................................................


THE ALTOONA CLIMATE NORMALS FOR TODAY
                         NORMAL    RECORD    YEAR
 MAXIMUM TEMPERATURE (F)   81        94      2002
 MINIMUM TEMPERATURE (F)   60        50      1965


SUNRISE AND SUNSET
JULY 29 2015..........SUNRISE   608 AM EDT   SUNSET   831 PM EDT
JULY 30 2015..........SUNRISE   609 AM EDT   SUNSET   830 PM EDT


-  INDICATES NEGATIVE NUMBERS.
R  INDICATES RECORD WAS SET OR TIED.
MM INDICATES DATA IS MISSING.
T  INDICATES TRACE AMOUNT.




$$
