000
CDUS41 KCTP 280635
CLIAOO


CLIMATE REPORT
NATIONAL WEATHER SERVICE STATE COLLEGE PA
235 AM EDT MON JUL 28 2014


...................................

...THE ALTOONA CLIMATE SUMMARY FOR JULY 27 2014...

CLIMATE NORMAL PERIOD 1981 TO 2010
CLIMATE RECORD PERIOD 1948 TO 2014


WEATHER ITEM   OBSERVED TIME   RECORD YEAR NORMAL DEPARTURE LAST
                VALUE   (LST)  VALUE       VALUE  FROM      YEAR
                                                  NORMAL
..................................................................
TEMPERATURE (F)
 YESTERDAY
  MAXIMUM         86    227 PM  93    1955  82      4       74
  MINIMUM         65   1014 PM  49    1977  60      5       58
  AVERAGE         76                        71      5       66

PRECIPITATION (IN)
  YESTERDAY        0.56          0.93 1982   0.10   0.46     0.01
  MONTH TO DATE    3.21                      2.86   0.35     1.86
  SINCE JUN 1      9.98                      6.34   3.64     5.15
  SINCE JAN 1     23.48                     20.52   2.96    16.00

DEGREE DAYS
 HEATING
  YESTERDAY        0                         0      0        0
  MONTH TO DATE    4                         1      3        2
  SINCE JUN 1     19                        59    -40       22
  SINCE JUL 1      4                         1      3        2

 COOLING
  YESTERDAY       11                         6      5        1
  MONTH TO DATE  166                       161      5      253
  SINCE JUN 1    303                       270     33      381
  SINCE JAN 1    350                       303     47      455
..................................................................


WIND (MPH)
  HIGHEST WIND SPEED    15   HIGHEST WIND DIRECTION     W (280)
  HIGHEST GUST SPEED    20   HIGHEST GUST DIRECTION    NW (310)
  AVERAGE WIND SPEED     6.2


SKY COVER
  POSSIBLE SUNSHINE  MM
  AVERAGE SKY COVER 0.5


WEATHER CONDITIONS
 THE FOLLOWING WEATHER WAS RECORDED YESTERDAY.
  THUNDERSTORM
  HEAVY RAIN
  RAIN
  LIGHT RAIN
  FOG
  HAZE


RELATIVE HUMIDITY (PERCENT)
 HIGHEST    93           400 AM
 LOWEST     51           100 PM
 AVERAGE    72

..........................................................


THE ALTOONA CLIMATE NORMALS FOR TODAY
                         NORMAL    RECORD    YEAR
 MAXIMUM TEMPERATURE (F)   82        97      1952
 MINIMUM TEMPERATURE (F)   60        48      1962


SUNRISE AND SUNSET
JULY 28 2014..........SUNRISE   607 AM EDT   SUNSET   832 PM EDT
JULY 29 2014..........SUNRISE   608 AM EDT   SUNSET   831 PM EDT


-  INDICATES NEGATIVE NUMBERS.
R  INDICATES RECORD WAS SET OR TIED.
MM INDICATES DATA IS MISSING.
T  INDICATES TRACE AMOUNT.




$$
