000
CDUS41 KCTP 040613
CLIAOO


CLIMATE REPORT
NATIONAL WEATHER SERVICE STATE COLLEGE PA
212 AM EDT FRI SEP 4 2015


...................................

...THE ALTOONA CLIMATE SUMMARY FOR SEPTEMBER 3 2015...

CLIMATE NORMAL PERIOD 1981 TO 2010
CLIMATE RECORD PERIOD 1948 TO 2015


WEATHER ITEM   OBSERVED TIME   RECORD YEAR NORMAL DEPARTURE LAST
                VALUE   (LST)  VALUE       VALUE  FROM      YEAR
                                                  NORMAL
..................................................................
TEMPERATURE (F)
 YESTERDAY
  MAXIMUM         88    242 PM  97    1953  77     11       80
  MINIMUM         64    616 AM  43    1958  55      9       62
  AVERAGE         76                        66     10       71

PRECIPITATION (IN)
  YESTERDAY        0.00          1.01 2003   0.13  -0.13     0.00
  MONTH TO DATE    0.34                      0.35  -0.01     0.09
  SINCE SEP 1      0.34                      0.35  -0.01     0.09
  SINCE JAN 1     24.50                     21.27   3.23    28.71

DEGREE DAYS
 HEATING
  YESTERDAY        0                         2     -2        0
  MONTH TO DATE    0                         6     -6        0
  SINCE SEP 1      0                         6     -6        0
  SINCE JUL 1     14                        30    -16       34

 COOLING
  YESTERDAY       11                         3      8        6
  MONTH TO DATE   32                         9     23       27
  SINCE SEP 1     32                         9     23       27
  SINCE JAN 1    617                       482    135      479
..................................................................


WIND (MPH)
  HIGHEST WIND SPEED     9   HIGHEST WIND DIRECTION     N (350)
  HIGHEST GUST SPEED    14   HIGHEST GUST DIRECTION    NW (310)
  AVERAGE WIND SPEED     2.6


SKY COVER
  POSSIBLE SUNSHINE  MM
  AVERAGE SKY COVER 0.1


WEATHER CONDITIONS
 THE FOLLOWING WEATHER WAS RECORDED YESTERDAY.
  FOG
  HAZE


RELATIVE HUMIDITY (PERCENT)
 HIGHEST    93           100 AM
 LOWEST     40           200 PM
 AVERAGE    67

..........................................................


THE ALTOONA CLIMATE NORMALS FOR TODAY
                         NORMAL    RECORD    YEAR
 MAXIMUM TEMPERATURE (F)   76        90      1953
 MINIMUM TEMPERATURE (F)   55        46      1989


SUNRISE AND SUNSET
SEPTEMBER  4 2015.....SUNRISE   643 AM EDT   SUNSET   741 PM EDT
SEPTEMBER  5 2015.....SUNRISE   644 AM EDT   SUNSET   739 PM EDT


-  INDICATES NEGATIVE NUMBERS.
R  INDICATES RECORD WAS SET OR TIED.
MM INDICATES DATA IS MISSING.
T  INDICATES TRACE AMOUNT.




$$
