000
CDUS41 KCTP 250633
CLIAOO


CLIMATE REPORT
NATIONAL WEATHER SERVICE STATE COLLEGE PA
233 AM EDT FRI JUL 25 2014


...................................

...THE ALTOONA CLIMATE SUMMARY FOR JULY 24 2014...

CLIMATE NORMAL PERIOD 1981 TO 2010
CLIMATE RECORD PERIOD 1948 TO 2014


WEATHER ITEM   OBSERVED TIME   RECORD YEAR NORMAL DEPARTURE LAST
                VALUE   (LST)  VALUE       VALUE  FROM      YEAR
                                                  NORMAL
..................................................................
TEMPERATURE (F)
 YESTERDAY
  MAXIMUM         76    433 PM  94    2001  82     -6       75
  MINIMUM         55   1125 PM  50    1957  60     -5       55
  AVERAGE         66                        71     -5       65

PRECIPITATION (IN)
  YESTERDAY        T             0.72 1955   0.10  -0.10      T
  MONTH TO DATE    2.65                      2.55   0.10     1.85
  SINCE JUN 1      9.42                      6.03   3.39     5.14
  SINCE JAN 1     22.92                     20.21   2.71    15.99

DEGREE DAYS
 HEATING
  YESTERDAY        0                         0      0        0
  MONTH TO DATE    4                         1      3        0
  SINCE JUN 1     19                        59    -40       20
  SINCE JUL 1      4                         1      3        0

 COOLING
  YESTERDAY        1                         6     -5        0
  MONTH TO DATE  147                       143      4      252
  SINCE JUN 1    284                       252     32      380
  SINCE JAN 1    331                       285     46      454
..................................................................


WIND (MPH)
  HIGHEST WIND SPEED    15   HIGHEST WIND DIRECTION     N (10)
  HIGHEST GUST SPEED    20   HIGHEST GUST DIRECTION     N (20)
  AVERAGE WIND SPEED     6.2


SKY COVER
  POSSIBLE SUNSHINE  MM
  AVERAGE SKY COVER 0.5


WEATHER CONDITIONS
 THE FOLLOWING WEATHER WAS RECORDED YESTERDAY.
  LIGHT RAIN
  HAZE


RELATIVE HUMIDITY (PERCENT)
 HIGHEST    93          1000 PM
 LOWEST     46           300 PM
 AVERAGE    70

..........................................................


THE ALTOONA CLIMATE NORMALS FOR TODAY
                         NORMAL    RECORD    YEAR
 MAXIMUM TEMPERATURE (F)   82        96      2001
 MINIMUM TEMPERATURE (F)   60        48      1957


SUNRISE AND SUNSET
JULY 25 2014..........SUNRISE   605 AM EDT   SUNSET   835 PM EDT
JULY 26 2014..........SUNRISE   605 AM EDT   SUNSET   834 PM EDT


-  INDICATES NEGATIVE NUMBERS.
R  INDICATES RECORD WAS SET OR TIED.
MM INDICATES DATA IS MISSING.
T  INDICATES TRACE AMOUNT.




$$
