000
CDUS41 KCTP 202131
CLIAOO


CLIMATE REPORT
NATIONAL WEATHER SERVICE STATE COLLEGE PA
530 PM EDT SUN AUG 20 2017


...................................

...THE ALTOONA CLIMATE SUMMARY FOR AUGUST 20 2017...
VALID TODAY AS OF 0500 PM LOCAL TIME.

CLIMATE NORMAL PERIOD 1981 TO 2010
CLIMATE RECORD PERIOD 1948 TO 2017


WEATHER ITEM   OBSERVED TIME   RECORD YEAR NORMAL DEPARTURE LAST
                VALUE   (LST)  VALUE       VALUE  FROM      YEAR
                                                  NORMAL
..................................................................
TEMPERATURE (F)
 TODAY
  MAXIMUM         80    324 PM  97    1962  80      0       85
  MINIMUM         55    606 AM  45    1949  58     -3       63
  AVERAGE         68                        69     -1       74

PRECIPITATION (IN)
  TODAY            0.00          1.56 1997   0.09  -0.09      T
  MONTH TO DATE    3.19                      1.90   1.29     2.15
  SINCE JUN 1     12.87                      8.64   4.23     6.44
  SINCE JAN 1     30.16                     22.82   7.34    16.42

DEGREE DAYS
 HEATING
  TODAY            0                         1     -1        0
  MONTH TO DATE    9                        12     -3        0
  SINCE JUN 1     46                        80    -34       27
  SINCE JUL 1     15                        22     -7        4

 COOLING
  TODAY            3                         5     -2        9
  MONTH TO DATE   71                       111    -40      201
  SINCE JUN 1    448                       405     43      621
  SINCE JAN 1    521                       438     83      672
..................................................................


WIND (MPH)
  HIGHEST WIND SPEED     6   HIGHEST WIND DIRECTION     S (160)
  HIGHEST GUST SPEED     8   HIGHEST GUST DIRECTION    SE (150)
  AVERAGE WIND SPEED     1.5


SKY COVER
  POSSIBLE SUNSHINE  MM
  AVERAGE SKY COVER 0.1


WEATHER CONDITIONS
 THE FOLLOWING WEATHER WAS RECORDED TODAY.
  FOG


RELATIVE HUMIDITY (PERCENT)
 HIGHEST   100          1200 AM
 LOWEST     51           300 PM
 AVERAGE    76

..........................................................


THE ALTOONA CLIMATE NORMALS FOR TOMORROW
                         NORMAL    RECORD    YEAR
 MAXIMUM TEMPERATURE (F)   80        91      1955
 MINIMUM TEMPERATURE (F)   58        44      2000


SUNRISE AND SUNSET
AUGUST 20 2017........SUNRISE   629 AM EDT   SUNSET   803 PM EDT
AUGUST 21 2017........SUNRISE   630 AM EDT   SUNSET   802 PM EDT


-  INDICATES NEGATIVE NUMBERS.
R  INDICATES RECORD WAS SET OR TIED.
MM INDICATES DATA IS MISSING.
T  INDICATES TRACE AMOUNT.




$$
