000
CDUS41 KCTP 210636
CLIAOO


CLIMATE REPORT
NATIONAL WEATHER SERVICE STATE COLLEGE PA
236 AM EDT MON APR 21 2014


...................................

...THE ALTOONA CLIMATE SUMMARY FOR APRIL 20 2014...

CLIMATE NORMAL PERIOD 1981 TO 2010
CLIMATE RECORD PERIOD 1948 TO 2014


WEATHER ITEM   OBSERVED TIME   RECORD YEAR NORMAL DEPARTURE LAST
                VALUE   (LST)  VALUE       VALUE  FROM      YEAR
                                                  NORMAL
..................................................................
TEMPERATURE (F)
 YESTERDAY
  MAXIMUM         65    441 PM  87    1954  62      3       50
  MINIMUM         37    537 AM  27    1983  40     -3       32
  AVERAGE         51                        51      0       41

PRECIPITATION (IN)
  YESTERDAY        0.00          1.16 2008   0.11  -0.11      T
  MONTH TO DATE    2.05                      2.13  -0.08     2.14
  SINCE MAR 1      4.10                      5.20  -1.10     4.33
  SINCE JAN 1      7.46                      9.41  -1.95     8.00

DEGREE DAYS
 HEATING
  YESTERDAY       14                        15     -1       24
  MONTH TO DATE  319                       360    -41      288
  SINCE MAR 1   1266                      1219     47     1261
  SINCE JUL 1   6010                      5774    236     5583

 COOLING
  YESTERDAY        0                         0      0        0
  MONTH TO DATE    6                         0      6       11
  SINCE MAR 1      6                         1      5       11
  SINCE JAN 1      6                         1      5       11
..................................................................


WIND (MPH)
  HIGHEST WIND SPEED    15   HIGHEST WIND DIRECTION     S (170)
  HIGHEST GUST SPEED    19   HIGHEST GUST DIRECTION     S (170)
  AVERAGE WIND SPEED     6.1


SKY COVER
  POSSIBLE SUNSHINE  MM
  AVERAGE SKY COVER 0.0


WEATHER CONDITIONS
 THE FOLLOWING WEATHER WAS RECORDED YESTERDAY.
  NO SIGNIFICANT WEATHER WAS OBSERVED.


RELATIVE HUMIDITY (PERCENT)
 HIGHEST    65           700 AM
 LOWEST     26           200 PM
 AVERAGE    46

..........................................................


THE ALTOONA CLIMATE NORMALS FOR TODAY
                         NORMAL    RECORD    YEAR
 MAXIMUM TEMPERATURE (F)   62        86      1985
 MINIMUM TEMPERATURE (F)   40        26      1956


SUNRISE AND SUNSET
APRIL 21 2014.........SUNRISE   626 AM EDT   SUNSET   758 PM EDT
APRIL 22 2014.........SUNRISE   625 AM EDT   SUNSET   759 PM EDT


-  INDICATES NEGATIVE NUMBERS.
R  INDICATES RECORD WAS SET OR TIED.
MM INDICATES DATA IS MISSING.
T  INDICATES TRACE AMOUNT.




$$
