000
CDUS41 KCTP 220606
CLIAOO


CLIMATE REPORT
NATIONAL WEATHER SERVICE STATE COLLEGE PA
206 AM EDT SUN OCT 22 2017


...................................

...THE ALTOONA CLIMATE SUMMARY FOR OCTOBER 21 2017...

CLIMATE NORMAL PERIOD 1981 TO 2010
CLIMATE RECORD PERIOD 1948 TO 2017


WEATHER ITEM   OBSERVED TIME   RECORD YEAR NORMAL DEPARTURE LAST
                VALUE   (LST)  VALUE       VALUE  FROM      YEAR
                                                  NORMAL
..................................................................
TEMPERATURE (F)
 YESTERDAY
  MAXIMUM         75    236 PM  79    1984  60     15       66
  MINIMUM         42    642 AM  22    1952  40      2       46
  AVERAGE         59                        50      9       56

PRECIPITATION (IN)
  YESTERDAY        0.00          1.12 1970   0.08  -0.08     0.17
  MONTH TO DATE    1.96                      1.72   0.24     1.42
  SINCE SEP 1      3.46                      5.18  -1.72     4.60
  SINCE JAN 1     33.88                     26.10   7.78    22.26

DEGREE DAYS
 HEATING
  YESTERDAY        6                        15     -9        9
  MONTH TO DATE   98                       266   -168      177
  SINCE SEP 1    208                       414   -206      232
  SINCE JUL 1    242                       437   -195      236

 COOLING
  YESTERDAY        0                         0      0        0
  MONTH TO DATE   47                         0     47       11
  SINCE SEP 1    113                        47     66      129
  SINCE JAN 1    655                       522    133      873
..................................................................


WIND (MPH)
  HIGHEST WIND SPEED    13   HIGHEST WIND DIRECTION     S (160)
  HIGHEST GUST SPEED    19   HIGHEST GUST DIRECTION     S (180)
  AVERAGE WIND SPEED     3.9


SKY COVER
  POSSIBLE SUNSHINE  MM
  AVERAGE SKY COVER 0.0


WEATHER CONDITIONS
 THE FOLLOWING WEATHER WAS RECORDED YESTERDAY.
  NO SIGNIFICANT WEATHER WAS OBSERVED.


RELATIVE HUMIDITY (PERCENT)
 HIGHEST    82           700 AM
 LOWEST     27          1200 PM
 AVERAGE    55

..........................................................


THE ALTOONA CLIMATE NORMALS FOR TODAY
                         NORMAL    RECORD    YEAR
 MAXIMUM TEMPERATURE (F)   59        78      2015
 MINIMUM TEMPERATURE (F)   39        29      1992


SUNRISE AND SUNSET
OCTOBER 22 2017.......SUNRISE   732 AM EDT   SUNSET   623 PM EDT
OCTOBER 23 2017.......SUNRISE   733 AM EDT   SUNSET   622 PM EDT


-  INDICATES NEGATIVE NUMBERS.
R  INDICATES RECORD WAS SET OR TIED.
MM INDICATES DATA IS MISSING.
T  INDICATES TRACE AMOUNT.




$$
