000
CDUS41 KCTP 310648
CLIAOO


CLIMATE REPORT
NATIONAL WEATHER SERVICE STATE COLLEGE PA
248 AM EDT TUE MAY 31 2016


...................................

...THE ALTOONA CLIMATE SUMMARY FOR MAY 30 2016...

CLIMATE NORMAL PERIOD 1981 TO 2010
CLIMATE RECORD PERIOD 1948 TO 2016


WEATHER ITEM   OBSERVED TIME   RECORD YEAR NORMAL DEPARTURE LAST
                VALUE   (LST)  VALUE       VALUE  FROM      YEAR
                                                  NORMAL
..................................................................
TEMPERATURE (F)
 YESTERDAY
  MAXIMUM         85    240 PM  91    2006  73     12       87
  MINIMUM         60    605 AM  34    1966  52      8       64
  AVERAGE         73                        62     11       76

PRECIPITATION (IN)
  YESTERDAY        0.00          2.06 1972   0.12  -0.12      T
  MONTH TO DATE    3.23                      3.59  -0.36     1.16
  SINCE MAR 1      6.14                      9.85  -3.71     6.98
  SINCE JAN 1      9.98                     14.06  -4.08     9.50

DEGREE DAYS
 HEATING
  YESTERDAY        0                         5     -5        0
  MONTH TO DATE  249                       238     11      105
  SINCE MAR 1   1344                      1586   -242     1462
  SINCE JUL 1   5168                      6142   -974     6255

 COOLING
  YESTERDAY        8                         2      6       11
  MONTH TO DATE   45                        24     21       95
  SINCE MAR 1     45                        30     15       95
  SINCE JAN 1     45                        30     15       95
..................................................................


WIND (MPH)
  HIGHEST WIND SPEED    15   HIGHEST WIND DIRECTION    NW (320)
  HIGHEST GUST SPEED    19   HIGHEST GUST DIRECTION    NW (310)
  AVERAGE WIND SPEED     4.3


SKY COVER
  POSSIBLE SUNSHINE  MM
  AVERAGE SKY COVER 0.2


WEATHER CONDITIONS
 THE FOLLOWING WEATHER WAS RECORDED YESTERDAY.
  FOG


RELATIVE HUMIDITY (PERCENT)
 HIGHEST    97           600 AM
 LOWEST     40           500 PM
 AVERAGE    69

..........................................................


THE ALTOONA CLIMATE NORMALS FOR TODAY
                         NORMAL    RECORD    YEAR
 MAXIMUM TEMPERATURE (F)   73        92      2011
 MINIMUM TEMPERATURE (F)   52        35      1966


SUNRISE AND SUNSET
MAY 31 2016...........SUNRISE   546 AM EDT   SUNSET   837 PM EDT
JUNE  1 2016..........SUNRISE   545 AM EDT   SUNSET   837 PM EDT


-  INDICATES NEGATIVE NUMBERS.
R  INDICATES RECORD WAS SET OR TIED.
MM INDICATES DATA IS MISSING.
T  INDICATES TRACE AMOUNT.




$$
