000
CDUS45 KBOU 280725
CLIAPA


CLIMATE REPORT
NATIONAL WEATHER SERVICE BOULDER, CO
1225 AM MST WED JAN 28 2015


...................................

...THE CENTENNIAL CO CLIMATE SUMMARY FOR JANUARY 27 2015...

CLIMATE NORMAL PERIOD 1981 TO 2010
CLIMATE RECORD PERIOD 9999 TO 9999


WEATHER ITEM   OBSERVED RECORD YEAR NORMAL DEPARTURE LAST
                VALUE   VALUE       VALUE  FROM      YEAR
                                           NORMAL
...........................................................
TEMPERATURE (F)
 YESTERDAY
  MAXIMUM         73     MM      MM  44     29       20
  MINIMUM         38     MM      MM  19     19       13
  AVERAGE         56                 32     24       17

PRECIPITATION (IN)
  YESTERDAY        0.00  MM      MM   0.02  -0.02     0.02
  MONTH TO DATE    0.33               0.37  -0.04     0.22
  SINCE DEC 1      0.81               0.98  -0.17     0.42
  SINCE JAN 1      0.33               0.37  -0.04     0.22

DEGREE DAYS
 HEATING
  YESTERDAY        9
  MONTH TO DATE  861

 COOLING
  YESTERDAY        0
  MONTH TO DATE    0
...........................................................


WIND (MPH)
  RESULTANT WIND SPEED   6   RESULTANT WIND DIRECTION  SW (210)
  HIGHEST WIND SPEED    16   HIGHEST WIND DIRECTION     S (200)
  HIGHEST GUST SPEED    19   HIGHEST GUST DIRECTION    SW (210)


SKY COVER
  POSSIBLE SUNSHINE  MM
  AVERAGE SKY COVER 0.3


WEATHER CONDITIONS
 THE FOLLOWING WEATHER WAS RECORDED YESTERDAY.
  NO SIGNIFICANT WEATHER WAS OBSERVED.


RELATIVE HUMIDITY (PERCENT)
 HIGHEST    50
 LOWEST     11
 AVERAGE    31

..........................................................


THE CENTENNIAL CO CLIMATE NORMALS FOR TODAY
                         NORMAL    RECORD    YEAR
 MAXIMUM TEMPERATURE (F)   44        MM        MM
 MINIMUM TEMPERATURE (F)   19        MM        MM


SUNRISE AND SUNSET
JANUARY 28 2015.......SUNRISE   711 AM MST   SUNSET   514 PM MST
JANUARY 29 2015.......SUNRISE   710 AM MST   SUNSET   516 PM MST


-  INDICATES NEGATIVE NUMBERS.
R  INDICATES RECORD WAS SET OR TIED.
MM INDICATES DATA IS MISSING.
T  INDICATES TRACE AMOUNT.




$$
