000
CDUS45 KBOU 290725
CLIAPA


CLIMATE REPORT
NATIONAL WEATHER SERVICE BOULDER, CO
125 AM MDT SAT AUG 29 2015


...................................

...THE CENTENNIAL CO CLIMATE SUMMARY FOR AUGUST 28 2015...

CLIMATE NORMAL PERIOD 1981 TO 2010
CLIMATE RECORD PERIOD 9999 TO 9999


WEATHER ITEM   OBSERVED RECORD YEAR NORMAL DEPARTURE LAST
                VALUE   VALUE       VALUE  FROM      YEAR
                                           NORMAL
...........................................................
TEMPERATURE (F)
 YESTERDAY
  MAXIMUM         82     MM      MM  81      1       72
  MINIMUM         56     MM      MM  54      2       49
  AVERAGE         69                 68      1       61

PRECIPITATION (IN)
  YESTERDAY        0.00  MM      MM   0.06  -0.06     0.17
  MONTH TO DATE    2.87               2.40   0.47     1.73
  SINCE JUN 1      9.11               6.56   2.55     6.76
  SINCE JAN 1     18.64              13.14   5.50    11.24

DEGREE DAYS
 HEATING
  YESTERDAY        0
  MONTH TO DATE   14

 COOLING
  YESTERDAY        4
  MONTH TO DATE  228
...........................................................


WIND (MPH)
  RESULTANT WIND SPEED   2   RESULTANT WIND DIRECTION   N (350)
  HIGHEST WIND SPEED    16   HIGHEST WIND DIRECTION     N (350)
  HIGHEST GUST SPEED    23   HIGHEST GUST DIRECTION     N (350)


SKY COVER
  POSSIBLE SUNSHINE  MM
  AVERAGE SKY COVER 0.4


WEATHER CONDITIONS
 THE FOLLOWING WEATHER WAS RECORDED YESTERDAY.
  NO SIGNIFICANT WEATHER WAS OBSERVED.


RELATIVE HUMIDITY (PERCENT)
 HIGHEST    86
 LOWEST     26
 AVERAGE    56

..........................................................


THE CENTENNIAL CO CLIMATE NORMALS FOR TODAY
                         NORMAL    RECORD    YEAR
 MAXIMUM TEMPERATURE (F)   81        MM        MM
 MINIMUM TEMPERATURE (F)   54        MM        MM


SUNRISE AND SUNSET
AUGUST 29 2015........SUNRISE   625 AM MDT   SUNSET   735 PM MDT
AUGUST 30 2015........SUNRISE   626 AM MDT   SUNSET   734 PM MDT


-  INDICATES NEGATIVE NUMBERS.
R  INDICATES RECORD WAS SET OR TIED.
MM INDICATES DATA IS MISSING.
T  INDICATES TRACE AMOUNT.




$$
