000
CDUS42 KMFL 060832
CLIAPF


CLIMATE REPORT
NATIONAL WEATHER SERVICE MIAMI, FL
432 AM EDT FRI MAY 6 2016


...................................

...THE NAPLES CLIMATE SUMMARY FOR MAY 5 2016...

CLIMATE NORMAL PERIOD 1981 TO 2010
CLIMATE RECORD PERIOD 1942 TO 2016


WEATHER ITEM   OBSERVED TIME   RECORD YEAR NORMAL DEPARTURE LAST
                VALUE   (LST)  VALUE       VALUE  FROM      YEAR
                                                  NORMAL
..................................................................
TEMPERATURE (F)
 YESTERDAY
  MAXIMUM         81    259 PM  92    1989  87     -6       85
  MINIMUM         72    737 AM  51    2001  66      6       69
  AVERAGE         77                        76      1       77

PRECIPITATION (IN)
  YESTERDAY        0.00          2.26 1978   0.08  -0.08     0.00
  MONTH TO DATE    0.69                      0.36   0.33     0.00
  SINCE NOV 1     14.93                     12.54   2.39     6.14
  SINCE JAN 1     10.31                      9.05   1.26     4.84

SNOWFALL (IN)
  YESTERDAY        0.0
  MONTH TO DATE    0.0
  SINCE MAR 1      0.0
  SINCE JUL 1      0.0
  SNOW DEPTH       0

DEGREE DAYS
 HEATING
  YESTERDAY        0                         0      0        0
  MONTH TO DATE    0                         0      0        0
  SINCE MAR 1      4                        27    -23        1
  SINCE JUL 1    142                       260   -118      198

 COOLING
  YESTERDAY       12                        11      1       12
  MONTH TO DATE   72                        55     17       50
  SINCE MAR 1    654                       484    170      767
  SINCE JAN 1    816                       675    141      943
..................................................................


WIND (MPH)
  HIGHEST WIND SPEED    18   HIGHEST WIND DIRECTION    NW (300)
  HIGHEST GUST SPEED    25   HIGHEST GUST DIRECTION    NW (300)
  AVERAGE WIND SPEED    13.0


SKY COVER
  AVERAGE SKY COVER 0.4


WEATHER CONDITIONS
 THE FOLLOWING WEATHER WAS RECORDED YESTERDAY.
  NO SIGNIFICANT WEATHER WAS OBSERVED.


RELATIVE HUMIDITY (PERCENT)
 HIGHEST    66
 LOWEST     42
 AVERAGE    54

..........................................................


THE NAPLES CLIMATE NORMALS FOR TODAY
                         NORMAL    RECORD    YEAR
 MAXIMUM TEMPERATURE (F)   87        94      2002
 MINIMUM TEMPERATURE (F)   67        52      1963


SUNRISE AND SUNSET
MAY  6 2016...........SUNRISE   646 AM EDT   SUNSET   802 PM EDT
MAY  7 2016...........SUNRISE   645 AM EDT   SUNSET   802 PM EDT


-  INDICATES NEGATIVE NUMBERS.
R  INDICATES RECORD WAS SET OR TIED.
MM INDICATES DATA IS MISSING.
T  INDICATES TRACE AMOUNT.




$$
