539
CDUS42 KMFL 190923
CLIAPF


CLIMATE REPORT
NATIONAL WEATHER SERVICE MIAMI, FL
422 AM EST FRI JAN 19 2018


...................................

...THE NAPLES CLIMATE SUMMARY FOR JANUARY 18 2018...

CLIMATE NORMAL PERIOD 1981 TO 2010
CLIMATE RECORD PERIOD 1942 TO 2018


WEATHER ITEM   OBSERVED TIME   RECORD YEAR NORMAL DEPARTURE LAST
                VALUE   (LST)  VALUE       VALUE  FROM      YEAR
                                                  NORMAL
..................................................................
TEMPERATURE (F)
 YESTERDAY
  MAXIMUM         58    359 PM  85    1962  75    -17       81
  MINIMUM         36    750 AM  32    1981  54    -18       61
                                      1977
  AVERAGE         47                        64    -17       71

PRECIPITATION (IN)
  YESTERDAY        0.00          1.36 2004   0.04  -0.04     0.00
  MONTH TO DATE    0.14                      0.95  -0.81     0.38
  SINCE NOV 1      1.29                      4.44  -3.15     0.73
  SINCE JAN 1      0.14                      0.95  -0.81     0.38

SNOWFALL (IN)
  YESTERDAY        0.0
  MONTH TO DATE    0.0
  SINCE DEC 1      0.0
  SINCE JUL 1      0.0
  SNOW DEPTH       0

DEGREE DAYS
 HEATING
  YESTERDAY       18                         4     14        0
  MONTH TO DATE  110                        66     44       20
  SINCE DEC 1    157                       130     27       25
  SINCE JUL 1    161                       144     17       29

 COOLING
  YESTERDAY        0                         3     -3        6
  MONTH TO DATE   28                        54    -26      104
  SINCE DEC 1    187                       174     13      371
  SINCE JAN 1     28                        54    -26      104
..................................................................


WIND (MPH)
  HIGHEST WIND SPEED    14   HIGHEST WIND DIRECTION    NE (30)
  HIGHEST GUST SPEED    20   HIGHEST GUST DIRECTION     N (350)
  AVERAGE WIND SPEED     8.3


SKY COVER
  AVERAGE SKY COVER 0.0


WEATHER CONDITIONS
 THE FOLLOWING WEATHER WAS RECORDED YESTERDAY.
  NO SIGNIFICANT WEATHER WAS OBSERVED.


RELATIVE HUMIDITY (PERCENT)
 HIGHEST    76
 LOWEST     24
 AVERAGE    50

..........................................................


THE NAPLES CLIMATE NORMALS FOR TODAY
                         NORMAL    RECORD    YEAR
 MAXIMUM TEMPERATURE (F)   75        86      1990
 MINIMUM TEMPERATURE (F)   54        29      1981


SUNRISE AND SUNSET
JANUARY 19 2018.......SUNRISE   716 AM EST   SUNSET   600 PM EST
JANUARY 20 2018.......SUNRISE   715 AM EST   SUNSET   601 PM EST


-  INDICATES NEGATIVE NUMBERS.
R  INDICATES RECORD WAS SET OR TIED.
MM INDICATES DATA IS MISSING.
T  INDICATES TRACE AMOUNT.




$$
