000
CDUS42 KMFL 230823
CLIAPF


CLIMATE REPORT
NATIONAL WEATHER SERVICE MIAMI, FL
423 AM EDT SAT AUG 23 2014


...................................

...THE NAPLES CLIMATE SUMMARY FOR AUGUST 22 2014...

CLIMATE NORMAL PERIOD 1981 TO 2010
CLIMATE RECORD PERIOD 1942 TO 2014


WEATHER ITEM   OBSERVED TIME   RECORD YEAR NORMAL DEPARTURE LAST
                VALUE   (LST)  VALUE       VALUE  FROM      YEAR
                                                  NORMAL
..................................................................
TEMPERATURE (F)
 YESTERDAY
  MAXIMUM         93   1213 PM  96    2007  91      2       92
  MINIMUM         77    616 AM  70    1976  76      1       76
                                      1972
  AVERAGE         85                        83      2       84

PRECIPITATION (IN)
  YESTERDAY        0.37          1.75 2000   0.28   0.09     0.27
  MONTH TO DATE   11.46                      6.05   5.41     5.42
  SINCE JUN 1     26.59                     22.14   4.45    23.24
  SINCE JAN 1     35.42                     33.99   1.43    33.58

SNOWFALL (IN)
  YESTERDAY        0.0
  MONTH TO DATE    0.0
  SINCE JUN 1      0.0
  SINCE JUL 1      0.0
  SNOW DEPTH      MM

DEGREE DAYS
 HEATING
  YESTERDAY        0                         0      0
  MONTH TO DATE    0                         0      0
  SINCE JUN 1      0                         0      0
  SINCE JUL 1      0                         0      0

 COOLING
  YESTERDAY       20                        18      2
  MONTH TO DATE  424                       396     28
  SINCE JUN 1   1500                      1462     38
  SINCE JAN 1   2689                      2490    199
..................................................................


WIND (MPH)
  HIGHEST WIND SPEED    23   HIGHEST WIND DIRECTION    NE (40)
  HIGHEST GUST SPEED    29   HIGHEST GUST DIRECTION    NE (40)
  AVERAGE WIND SPEED     4.0


SKY COVER
  AVERAGE SKY COVER 0.3


WEATHER CONDITIONS
 THE FOLLOWING WEATHER WAS RECORDED YESTERDAY.
  THUNDERSTORM
  HEAVY RAIN
  RAIN
  LIGHT RAIN
  FOG


RELATIVE HUMIDITY (PERCENT)
 HIGHEST    85
 LOWEST     52
 AVERAGE    69

..........................................................


THE NAPLES CLIMATE NORMALS FOR TODAY
                         NORMAL    RECORD    YEAR
 MAXIMUM TEMPERATURE (F)   91        96      1989
 MINIMUM TEMPERATURE (F)   76        70      1984


SUNRISE AND SUNSET
AUGUST 23 2014........SUNRISE   703 AM EDT   SUNSET   756 PM EDT
AUGUST 24 2014........SUNRISE   704 AM EDT   SUNSET   755 PM EDT


-  INDICATES NEGATIVE NUMBERS.
R  INDICATES RECORD WAS SET OR TIED.
MM INDICATES DATA IS MISSING.
T  INDICATES TRACE AMOUNT.




$$
