000
CDUS42 KMFL 252130
CLIAPF


CLIMATE REPORT
NATIONAL WEATHER SERVICE MIAMI, FL
430 PM EST TUE NOV 25 2014


...................................

...THE NAPLES CLIMATE SUMMARY FOR NOVEMBER 25 2014...
VALID TODAY AS OF 0400 PM LOCAL TIME.

CLIMATE NORMAL PERIOD 1981 TO 2010
CLIMATE RECORD PERIOD 1942 TO 2014


WEATHER ITEM   OBSERVED TIME   RECORD YEAR NORMAL DEPARTURE LAST
                VALUE   (LST)  VALUE       VALUE  FROM      YEAR
                                                  NORMAL
..................................................................
TEMPERATURE (F)
 TODAY
  MAXIMUM         85   1242 PM  88    1992  79      6       81
                                      1986
  MINIMUM         77    121 AM  31    1970  61     16       65
  AVERAGE         81                        70     11       73

PRECIPITATION (IN)
  TODAY            0.00          0.76 2009   0.04  -0.04     0.00
  MONTH TO DATE    0.66                      1.74  -1.08     0.10
  SINCE NOV 1      0.66                      1.74  -1.08     0.10
  SINCE JAN 1     50.02                     50.14  -0.12    48.32

SNOWFALL (IN)
  TODAY            0.0
  MONTH TO DATE    0.0
  SINCE SEP 1      0.0
  SINCE JUL 1      0.0
  SNOW DEPTH       0

DEGREE DAYS
 HEATING
  TODAY            0                         1     -1
  MONTH TO DATE   17                         6     11
  SINCE SEP 1     17                         7     10
  SINCE JUL 1     17                         7     10

 COOLING
  TODAY           16                         6     10
  MONTH TO DATE  137                       196    -59
  SINCE SEP 1   1075                      1134    -59
  SINCE JAN 1   3945                      3791    154
..................................................................


WIND (MPH)
  HIGHEST WIND SPEED    22   HIGHEST WIND DIRECTION    SE (150)
  HIGHEST GUST SPEED    32   HIGHEST GUST DIRECTION     S (160)
  AVERAGE WIND SPEED    12.9


SKY COVER
  AVERAGE SKY COVER 0.9


WEATHER CONDITIONS
 THE FOLLOWING WEATHER WAS RECORDED TODAY.
  NO SIGNIFICANT WEATHER WAS OBSERVED.


RELATIVE HUMIDITY (PERCENT)
 HIGHEST    97
 LOWEST     74
 AVERAGE    86

..........................................................


THE NAPLES CLIMATE NORMALS FOR TOMORROW
                         NORMAL    RECORD    YEAR
 MAXIMUM TEMPERATURE (F)   79        90      1948
 MINIMUM TEMPERATURE (F)   61        14      2012


SUNRISE AND SUNSET
NOVEMBER 25 2014......SUNRISE   653 AM EST   SUNSET   535 PM EST
NOVEMBER 26 2014......SUNRISE   654 AM EST   SUNSET   535 PM EST


-  INDICATES NEGATIVE NUMBERS.
R  INDICATES RECORD WAS SET OR TIED.
MM INDICATES DATA IS MISSING.
T  INDICATES TRACE AMOUNT.




$$
