000
CDUS42 KMFL 182119
CLIAPF


CLIMATE REPORT
NATIONAL WEATHER SERVICE MIAMI, FL
418 PM EST SAT NOV 18 2017


...................................

...THE NAPLES CLIMATE SUMMARY FOR NOVEMBER 18 2017...
VALID TODAY AS OF 0400 PM LOCAL TIME.

CLIMATE NORMAL PERIOD 1981 TO 2010
CLIMATE RECORD PERIOD 1942 TO 2017


WEATHER ITEM   OBSERVED TIME   RECORD YEAR NORMAL DEPARTURE LAST
                VALUE   (LST)  VALUE       VALUE  FROM      YEAR
                                                  NORMAL
..................................................................
TEMPERATURE (F)
 TODAY
  MAXIMUM         80    217 PM  91    1988  81     -1       85
  MINIMUM         62    707 AM  40    1970  62      0       60
  AVERAGE         71                        72     -1       73

PRECIPITATION (IN)
  TODAY            0.00          0.41 1987   0.05  -0.05     0.00
  MONTH TO DATE    T                         1.41  -1.41      T
  SINCE NOV 1      T                         1.41  -1.41      T
  SINCE JAN 1     68.37                     49.81  18.56    44.20

SNOWFALL (IN)
  TODAY            0.0
  MONTH TO DATE    0.0
  SINCE SEP 1      0.0
  SINCE JUL 1      0.0
  SNOW DEPTH       0

DEGREE DAYS
 HEATING
  TODAY            0                         0      0        0
  MONTH TO DATE    0                         0      0        0
  SINCE SEP 1      4                         1      3        0
  SINCE JUL 1      4                         1      3        0

 COOLING
  TODAY            6                         7     -1        8
  MONTH TO DATE  184                       152     32      158
  SINCE SEP 1   1068                      1090    -22     1160
  SINCE JAN 1   4108                      3747    361     4076
..................................................................


WIND (MPH)
  HIGHEST WIND SPEED    12   HIGHEST WIND DIRECTION     E (70)
  HIGHEST GUST SPEED    15   HIGHEST GUST DIRECTION    NE (30)
  AVERAGE WIND SPEED     5.6


SKY COVER
  AVERAGE SKY COVER 0.1


WEATHER CONDITIONS
 THE FOLLOWING WEATHER WAS RECORDED TODAY.
  NO SIGNIFICANT WEATHER WAS OBSERVED.


RELATIVE HUMIDITY (PERCENT)
 HIGHEST   100
 LOWEST     48
 AVERAGE    74

..........................................................


THE NAPLES CLIMATE NORMALS FOR TOMORROW
                         NORMAL    RECORD    YEAR
 MAXIMUM TEMPERATURE (F)   81        90      1988
 MINIMUM TEMPERATURE (F)   62        43      1981


SUNRISE AND SUNSET
NOVEMBER 18 2017......SUNRISE   648 AM EST   SUNSET   536 PM EST
NOVEMBER 19 2017......SUNRISE   649 AM EST   SUNSET   536 PM EST


-  INDICATES NEGATIVE NUMBERS.
R  INDICATES RECORD WAS SET OR TIED.
MM INDICATES DATA IS MISSING.
T  INDICATES TRACE AMOUNT.




$$
