000
CDUS42 KMFL 242018
CLIAPF


CLIMATE REPORT
NATIONAL WEATHER SERVICE MIAMI, FL
418 PM EDT SUN MAY 24 2015


...................................

...THE NAPLES CLIMATE SUMMARY FOR MAY 24 2015...
VALID TODAY AS OF 0400 PM LOCAL TIME.

CLIMATE NORMAL PERIOD 1981 TO 2010
CLIMATE RECORD PERIOD 1942 TO 2015


WEATHER ITEM   OBSERVED TIME   RECORD YEAR NORMAL DEPARTURE LAST
                VALUE   (LST)  VALUE       VALUE  FROM      YEAR
                                                  NORMAL
..................................................................
TEMPERATURE (F)
 TODAY
  MAXIMUM         92    226 PM  93    2006  89      3       87
  MINIMUM         74    625 AM  58    1981  70      4       73
  AVERAGE         83                        79      4       80

PRECIPITATION (IN)
  TODAY            0.00          2.70 1970   0.12  -0.12     0.00
  MONTH TO DATE    1.99                      2.14  -0.15     0.50
  SINCE NOV 1      8.13                     14.32  -6.19     8.46
  SINCE JAN 1      6.83                     10.83  -4.00     7.36

SNOWFALL (IN)
  TODAY            0.0
  MONTH TO DATE    0.0
  SINCE MAR 1      0.0
  SINCE JUL 1      0.0
  SNOW DEPTH       0

DEGREE DAYS
 HEATING
  TODAY            0                         0      0        0
  MONTH TO DATE    0                         0      0        0
  SINCE MAR 1      1                        27    -26        7
  SINCE JUL 1    198                       260    -62      149

 COOLING
  TODAY           18                        14      4       15
  MONTH TO DATE  346                       303     43      338
  SINCE MAR 1   1063                       732    331      799
  SINCE JAN 1   1239                       923    316     1072
..................................................................


WIND (MPH)
  HIGHEST WIND SPEED    15   HIGHEST WIND DIRECTION     E (80)
  HIGHEST GUST SPEED    22   HIGHEST GUST DIRECTION     S (180)
  AVERAGE WIND SPEED     8.6


SKY COVER
  AVERAGE SKY COVER 0.2


WEATHER CONDITIONS
 THE FOLLOWING WEATHER WAS RECORDED TODAY.
  THUNDERSTORM
  HAZE


RELATIVE HUMIDITY (PERCENT)
 HIGHEST    87
 LOWEST     49
 AVERAGE    68

..........................................................


THE NAPLES CLIMATE NORMALS FOR TOMORROW
                         NORMAL    RECORD    YEAR
 MAXIMUM TEMPERATURE (F)   89        94      2008
 MINIMUM TEMPERATURE (F)   70        62      1981


SUNRISE AND SUNSET
MAY 24 2015...........SUNRISE   637 AM EDT   SUNSET   811 PM EDT
MAY 25 2015...........SUNRISE   637 AM EDT   SUNSET   812 PM EDT


-  INDICATES NEGATIVE NUMBERS.
R  INDICATES RECORD WAS SET OR TIED.
MM INDICATES DATA IS MISSING.
T  INDICATES TRACE AMOUNT.




$$
