616
CDUS42 KMFL 130929
CLIAPF


CLIMATE REPORT
NATIONAL WEATHER SERVICE MIAMI, FL
429 AM EST SAT FEB 13 2016


...................................

...THE NAPLES CLIMATE SUMMARY FOR FEBRUARY 12 2016...

CLIMATE NORMAL PERIOD 1981 TO 2010
CLIMATE RECORD PERIOD 1942 TO 2016


WEATHER ITEM   OBSERVED TIME   RECORD YEAR NORMAL DEPARTURE LAST
                VALUE   (LST)  VALUE       VALUE  FROM      YEAR
                                                  NORMAL
..................................................................
TEMPERATURE (F)
 YESTERDAY
  MAXIMUM         72   1234 PM  86    1960  77     -5       67
  MINIMUM         48    724 AM  35    1973  57     -9       48
  AVERAGE         60                        66     -6       58

PRECIPITATION (IN)
  YESTERDAY        0.00          1.43 1993   0.09  -0.09     0.00
  MONTH TO DATE    0.20                      0.89  -0.69     1.22
  SINCE NOV 1     12.36                      6.23   6.13     2.62
  SINCE JAN 1      7.74                      2.74   5.00     1.32

SNOWFALL (IN)
  YESTERDAY        0.0
  MONTH TO DATE    0.0
  SINCE DEC 1      0.0
  SINCE JUL 1      0.0
  SNOW DEPTH       0

DEGREE DAYS
 HEATING
  YESTERDAY        5                         2      3        7
  MONTH TO DATE   46                        24     22       17
  SINCE DEC 1    113                       190    -77      105
  SINCE JUL 1    113                       204    -91      134

 COOLING
  YESTERDAY        0                         4     -4        0
  MONTH TO DATE   41                        38      3       15
  SINCE DEC 1    477                       244    233      282
  SINCE JAN 1    121                       124     -3      132
..................................................................


WIND (MPH)
  HIGHEST WIND SPEED    12   HIGHEST WIND DIRECTION     W (280)
  HIGHEST GUST SPEED    16   HIGHEST GUST DIRECTION     W (260)
  AVERAGE WIND SPEED     3.8


SKY COVER
  AVERAGE SKY COVER 0.0


WEATHER CONDITIONS
 THE FOLLOWING WEATHER WAS RECORDED YESTERDAY.
  NO SIGNIFICANT WEATHER WAS OBSERVED.


RELATIVE HUMIDITY (PERCENT)
 HIGHEST   100
 LOWEST     36
 AVERAGE    68

..........................................................


THE NAPLES CLIMATE NORMALS FOR TODAY
                         NORMAL    RECORD    YEAR
 MAXIMUM TEMPERATURE (F)   77        88      1959
 MINIMUM TEMPERATURE (F)   57        33      1955


SUNRISE AND SUNSET
FEBRUARY 13 2016......SUNRISE   704 AM EST   SUNSET   618 PM EST
FEBRUARY 14 2016......SUNRISE   704 AM EST   SUNSET   619 PM EST


-  INDICATES NEGATIVE NUMBERS.
R  INDICATES RECORD WAS SET OR TIED.
MM INDICATES DATA IS MISSING.
T  INDICATES TRACE AMOUNT.




$$
