000
CDUS43 KAPX 260527
CLIAPN


CLIMATE REPORT
NATIONAL WEATHER SERVICE GAYLORD MI
126 AM EDT FRI AUG 26 2016


...................................

...THE ALPENA MI CLIMATE SUMMARY FOR AUGUST 25 2016...

CLIMATE NORMAL PERIOD 1981 TO 2010
CLIMATE RECORD PERIOD 1916 TO 2016


WEATHER ITEM   OBSERVED TIME   RECORD YEAR NORMAL DEPARTURE LAST
                VALUE   (LST)  VALUE       VALUE  FROM      YEAR
                                                  NORMAL
..................................................................
TEMPERATURE (F)
 YESTERDAY
  MAXIMUM         86    407 PM 100    1948  76     10       63
  MINIMUM         64   1046 PM  36    1960  52     12       53
                                      1951
                                      1946
  AVERAGE         75                        64     11       58

PRECIPITATION (IN)
  YESTERDAY        0.00          1.11 2006   0.10  -0.10     0.03
  MONTH TO DATE    1.13                      2.58  -1.45     2.15
  SINCE JUN 1      5.11                      8.23  -3.12     5.96
  SINCE JAN 1     19.84                     18.13   1.71    14.51

DEGREE DAYS
 HEATING
  YESTERDAY        0                         3     -3        7
  MONTH TO DATE    4                        51    -47       21
  SINCE JUN 1    129                       238   -109      199
  SINCE JUL 1     21                        95    -74       56

 COOLING
  YESTERDAY       10                         2      8        0
  MONTH TO DATE  181                        68    113      116
  SINCE JUN 1    437                       240    197      266
  SINCE JAN 1    469                       253    216      290
..................................................................


WIND (MPH)
  HIGHEST WIND SPEED    12   HIGHEST WIND DIRECTION     W (270)
  HIGHEST GUST SPEED    17   HIGHEST GUST DIRECTION     W (260)
  AVERAGE WIND SPEED     5.1




RELATIVE HUMIDITY (PERCENT)
 HIGHEST    93
 LOWEST     37
 AVERAGE    65

..........................................................


THE ALPENA MI CLIMATE NORMALS FOR TODAY
                         NORMAL    RECORD    YEAR
 MAXIMUM TEMPERATURE (F)   76        94      1953
                                             1948
 MINIMUM TEMPERATURE (F)   52        32      1923


SUNRISE AND SUNSET
AUGUST 26 2016........SUNRISE   650 AM EDT   SUNSET   821 PM EDT
AUGUST 27 2016........SUNRISE   651 AM EDT   SUNSET   820 PM EDT


-  INDICATES NEGATIVE NUMBERS.
R  INDICATES RECORD WAS SET OR TIED.
MM INDICATES DATA IS MISSING.
T  INDICATES TRACE AMOUNT.




$$
