000
CDUS43 KAPX 300527
CLIAPN


CLIMATE REPORT
NATIONAL WEATHER SERVICE GAYLORD MI
127 AM EDT SUN APR 30 2017


...................................

...THE ALPENA MI CLIMATE SUMMARY FOR APRIL 29 2017...

CLIMATE NORMAL PERIOD 1981 TO 2010
CLIMATE RECORD PERIOD 1916 TO 2017


WEATHER ITEM   OBSERVED TIME   RECORD YEAR NORMAL DEPARTURE LAST
                VALUE   (LST)  VALUE       VALUE  FROM      YEAR
                                                  NORMAL
..................................................................
TEMPERATURE (F)
 YESTERDAY
  MAXIMUM         51    458 PM  80    2004  59     -8       55
                                      1957
                                      1941
  MINIMUM         37    707 AM  20    1950  36      1       32
                                      1945
  AVERAGE         44                        47     -3       44

PRECIPITATION (IN)
  YESTERDAY        0.00          1.61 2014   0.08  -0.08     0.00
  MONTH TO DATE    4.00                      2.31   1.69     3.42
  SINCE MAR 1      6.83                      4.17   2.66     8.94
  SINCE JAN 1     12.32                      7.15   5.17    13.42

SNOWFALL (IN)
  YESTERDAY        0.0           1.9  1956   0.0    0.0      0.0
  MONTH TO DATE    T                         5.7   -5.7     21.8
  SINCE OCT 1     66.4                      84.0  -17.6     88.8
  SINCE JUL 1     66.4                      84.0  -17.6     88.8
  SNOW DEPTH       0

DEGREE DAYS
 HEATING
  YESTERDAY       21                        18      3       21
  MONTH TO DATE  561                       684   -123      823
  SINCE MAR 1   1692                      1808   -116     1801
  SINCE JUL 1   6323                      7540  -1217     6583

 COOLING
  YESTERDAY        0                         0      0        0
  MONTH TO DATE    0                         0      0        0
  SINCE MAR 1      0                         0      0        0
  SINCE JAN 1      0                         0      0        0
..................................................................


WIND (MPH)
  HIGHEST WIND SPEED    21   HIGHEST WIND DIRECTION     N (10)
  HIGHEST GUST SPEED    28   HIGHEST GUST DIRECTION     N (340)
  AVERAGE WIND SPEED    10.3




RELATIVE HUMIDITY (PERCENT)
 HIGHEST    76
 LOWEST     41
 AVERAGE    59

..........................................................


THE ALPENA MI CLIMATE NORMALS FOR TODAY
                         NORMAL    RECORD    YEAR
 MAXIMUM TEMPERATURE (F)   59        87      2001
 MINIMUM TEMPERATURE (F)   36        22      1969
                                             1919


SUNRISE AND SUNSET
APRIL 30 2017.........SUNRISE   625 AM EDT   SUNSET   839 PM EDT
MAY  1 2017...........SUNRISE   623 AM EDT   SUNSET   840 PM EDT


-  INDICATES NEGATIVE NUMBERS.
R  INDICATES RECORD WAS SET OR TIED.
MM INDICATES DATA IS MISSING.
T  INDICATES TRACE AMOUNT.




$$
