000
CDUS43 KAPX 312245
CLIAPN


CLIMATE REPORT
NATIONAL WEATHER SERVICE GAYLORD MI
645 PM EDT FRI OCT 31 2014


...................................

...THE ALPENA MI CLIMATE SUMMARY FOR OCTOBER 31 2014...
VALID TODAY AS OF 0500 PM LOCAL TIME.

CLIMATE NORMAL PERIOD 1981 TO 2010
CLIMATE RECORD PERIOD 1916 TO 2014


WEATHER ITEM   OBSERVED TIME   RECORD YEAR NORMAL DEPARTURE LAST
                VALUE   (LST)  VALUE       VALUE  FROM      YEAR
                                                  NORMAL
..................................................................
TEMPERATURE (F)
 TODAY
  MAXIMUM         MM        MM  77    1950  50     MM       59
  MINIMUM         MM        MM  17    1925  32     MM       47
  AVERAGE         MM                        41     MM       53

PRECIPITATION (IN)
  TODAY            0.16          0.54 1932   0.07   0.09     0.51
  MONTH TO DATE    3.57                      2.61   0.96     3.79
  SINCE SEP 1      7.72                      5.53   2.19     5.38
  SINCE JAN 1     29.62                     24.31   5.31    27.45

SNOWFALL (IN)
  TODAY           MM             0.3  1934   0.0             0.0
                                      1923
  MONTH TO DATE    0.0                       0.4              T
  SINCE OCT 1      0.0                       0.4              T
  SINCE JUL 1      0.0                       0.4              T

DEGREE DAYS
 HEATING
  TODAY           MM                        24     MM       12
  MONTH TO DATE  543                       586    -43      546
  SINCE SEP 1    766                       829    -63      819
  SINCE JUL 1    890                       944    -54      930

 COOLING
  TODAY           MM                         0     MM        0
  MONTH TO DATE    0                         2     -2        0
  SINCE SEP 1     18                        25     -7       36
  SINCE JAN 1    168                       291   -123      343
..................................................................


WIND (MPH)
  RESULTANT WIND SPEED  15   RESULTANT WIND DIRECTION   N (10)
  HIGHEST WIND SPEED    25   HIGHEST WIND DIRECTION     N (20)
  HIGHEST GUST SPEED    38   HIGHEST GUST DIRECTION     N (360)
  AVERAGE WIND SPEED    17.2


SKY COVER
  POSSIBLE SUNSHINE  MM
  AVERAGE SKY COVER 1.0


WEATHER CONDITIONS
 THE FOLLOWING WEATHER WAS RECORDED TODAY.
  LIGHT RAIN
  LIGHT SNOW
  FOG


RELATIVE HUMIDITY (PERCENT)
 HIGHEST    96
 LOWEST     75
 AVERAGE    86

..........................................................


THE ALPENA MI CLIMATE NORMALS FOR TOMORROW
                         NORMAL    RECORD    YEAR
 MAXIMUM TEMPERATURE (F)   49        77      1950
 MINIMUM TEMPERATURE (F)   32        19      2010


SUNRISE AND SUNSET
OCTOBER 31 2014.......SUNRISE   811 AM EDT   SUNSET   624 PM EDT
NOVEMBER  1 2014......SUNRISE   813 AM EDT   SUNSET   622 PM EDT


-  INDICATES NEGATIVE NUMBERS.
R  INDICATES RECORD WAS SET OR TIED.
MM INDICATES DATA IS MISSING.
T  INDICATES TRACE AMOUNT.




$$
