108
CDUS43 KAPX 240529
CLIAPN


CLIMATE REPORT
NATIONAL WEATHER SERVICE GAYLORD MI
127 AM EDT SAT JUN 24 2017


...................................

...THE ALPENA MI CLIMATE SUMMARY FOR JUNE 23 2017...

CLIMATE NORMAL PERIOD 1981 TO 2010
CLIMATE RECORD PERIOD 1916 TO 2017


WEATHER ITEM   OBSERVED TIME   RECORD YEAR NORMAL DEPARTURE LAST
                VALUE   (LST)  VALUE       VALUE  FROM      YEAR
                                                  NORMAL
..................................................................
TEMPERATURE (F)
 YESTERDAY
  MAXIMUM         79    445 PM  94    1923  77      2       79
  MINIMUM         60   1159 PM  35    1963  52      8       44
                                      1918
  AVERAGE         70                        64      6       62

PRECIPITATION (IN)
  YESTERDAY        0.21          0.95 1965   0.09   0.12      T
                                      1917
  MONTH TO DATE    3.73                      1.98   1.75     1.26
  SINCE JUN 1      3.73                      1.98   1.75     1.26
  SINCE JAN 1     19.04                     11.88   7.16    15.99

DEGREE DAYS
 HEATING
  YESTERDAY        0                         3     -3        3
  MONTH TO DATE   62                       125    -63      104
  SINCE JUN 1     62                       125    -63      104
  SINCE JUL 1   6808                      8082  -1274     7057

 COOLING
  YESTERDAY        5                         2      3        0
  MONTH TO DATE   56                        36     20       45
  SINCE JUN 1     56                        36     20       45
  SINCE JAN 1     62                        49     13       77
..................................................................


WIND (MPH)
  HIGHEST WIND SPEED    18   HIGHEST WIND DIRECTION     N (360)
  HIGHEST GUST SPEED    23   HIGHEST GUST DIRECTION     N (360)
  AVERAGE WIND SPEED     6.3




RELATIVE HUMIDITY (PERCENT)
 HIGHEST   100
 LOWEST     27
 AVERAGE    64

..........................................................


THE ALPENA MI CLIMATE NORMALS FOR TODAY
                         NORMAL    RECORD    YEAR
 MAXIMUM TEMPERATURE (F)   77        97      1997
 MINIMUM TEMPERATURE (F)   52        30      1925


SUNRISE AND SUNSET
JUNE 24 2017..........SUNRISE   548 AM EDT   SUNSET   925 PM EDT
JUNE 25 2017..........SUNRISE   549 AM EDT   SUNSET   925 PM EDT


-  INDICATES NEGATIVE NUMBERS.
R  INDICATES RECORD WAS SET OR TIED.
MM INDICATES DATA IS MISSING.
T  INDICATES TRACE AMOUNT.




$$
