000
CDUS43 KAPX 230538
CLIAPN


CLIMATE REPORT
NATIONAL WEATHER SERVICE GAYLORD MI
1238 AM EST SUN NOV 23 2014


...................................

...THE ALPENA MI CLIMATE SUMMARY FOR NOVEMBER 22 2014...

CLIMATE NORMAL PERIOD 1981 TO 2010
CLIMATE RECORD PERIOD 1916 TO 2014


WEATHER ITEM   OBSERVED TIME   RECORD YEAR NORMAL DEPARTURE LAST
                VALUE   (LST)  VALUE       VALUE  FROM      YEAR
                                                  NORMAL
..................................................................
TEMPERATURE (F)
 YESTERDAY
  MAXIMUM         40        MM  62    2012  40      0       39
  MINIMUM         25        MM   3    1929  27     -2       20
  AVERAGE         33                        33      0       30

PRECIPITATION (IN)
  YESTERDAY        0.00          1.09 1952   0.07  -0.07     0.07
  MONTH TO DATE    1.37                      1.56  -0.19     1.88
  SINCE SEP 1      9.09                      7.09   2.00     7.26
  SINCE JAN 1     30.99                     25.87   5.12    29.33

SNOWFALL (IN)
  YESTERDAY        0.0           5.5  2007   0.3   -0.3      0.3
  MONTH TO DATE    2.1                       4.5   -2.4      0.6
  SINCE OCT 1      2.1                       4.9   -2.8      0.6
  SINCE JUL 1      2.1                       4.9   -2.8      0.6
  SNOW DEPTH       0

DEGREE DAYS
 HEATING
  YESTERDAY       32                        32      0       35
  MONTH TO DATE  742                       613    129      587
  SINCE SEP 1   1537                      1442     95     1406
  SINCE JUL 1   1661                      1557    104     1517
..................................................................


WIND (MPH)
  HIGHEST WIND SPEED    16   HIGHEST WIND DIRECTION    SW (220)
  HIGHEST GUST SPEED    23   HIGHEST GUST DIRECTION     S (200)
  AVERAGE WIND SPEED    10.5




RELATIVE HUMIDITY (PERCENT)
 HIGHEST   100
 LOWEST     53
 AVERAGE    77

..........................................................


THE ALPENA MI CLIMATE NORMALS FOR TODAY
                         NORMAL    RECORD    YEAR
 MAXIMUM TEMPERATURE (F)   40        65      1931
 MINIMUM TEMPERATURE (F)   26         0      1989


SUNRISE AND SUNSET
NOVEMBER 23 2014......SUNRISE   743 AM EST   SUNSET   458 PM EST
NOVEMBER 24 2014......SUNRISE   744 AM EST   SUNSET   458 PM EST


-  INDICATES NEGATIVE NUMBERS.
R  INDICATES RECORD WAS SET OR TIED.
MM INDICATES DATA IS MISSING.
T  INDICATES TRACE AMOUNT.




$$
