000
CDUS43 KAPX 200527
CLIAPN


CLIMATE REPORT
NATIONAL WEATHER SERVICE GAYLORD MI
127 AM EDT FRI OCT 20 2017


...................................

...THE ALPENA MI CLIMATE SUMMARY FOR OCTOBER 19 2017...

CLIMATE NORMAL PERIOD 1981 TO 2010
CLIMATE RECORD PERIOD 1916 TO 2017


WEATHER ITEM   OBSERVED TIME   RECORD YEAR NORMAL DEPARTURE LAST
                VALUE   (LST)  VALUE       VALUE  FROM      YEAR
                                                  NORMAL
..................................................................
TEMPERATURE (F)
 YESTERDAY
  MAXIMUM         65    300 PM  78    1953  55     10       69
  MINIMUM         50   1159 PM  20    1934  35     15       40
  AVERAGE         58                        45     13       55

PRECIPITATION (IN)
  YESTERDAY        0.00          1.02 1917   0.08  -0.08     0.00
  MONTH TO DATE    1.63                      1.68  -0.05     2.09
  SINCE SEP 1      4.63                      4.60   0.03     4.92
  SINCE JAN 1     32.06                     23.38   8.68    25.55

SNOWFALL (IN)
  YESTERDAY        0.0           2.9  1930   0.0    0.0      0.0
  MONTH TO DATE    0.0                       0.1   -0.1      0.0
  SINCE OCT 1      0.0                       0.1   -0.1      0.0
  SINCE JUL 1      0.0                       0.1   -0.1      0.0
  SNOW DEPTH       0

DEGREE DAYS
 HEATING
  YESTERDAY        7                        20    -13       10
  MONTH TO DATE  166                       320   -154      173
  SINCE SEP 1    338                       562   -224      273
  SINCE JUL 1    396                       677   -281      296

 COOLING
  YESTERDAY        0                         0      0        0
  MONTH TO DATE    5                         0      5        2
  SINCE SEP 1     87                        23     64       58
  SINCE JAN 1    357                       289     68      549
..................................................................


WIND (MPH)
  HIGHEST WIND SPEED    18   HIGHEST WIND DIRECTION     W (250)
  HIGHEST GUST SPEED    26   HIGHEST GUST DIRECTION     W (270)
  AVERAGE WIND SPEED     8.9




RELATIVE HUMIDITY (PERCENT)
 HIGHEST    77
 LOWEST     25
 AVERAGE    51

..........................................................


THE ALPENA MI CLIMATE NORMALS FOR TODAY
                         NORMAL    RECORD    YEAR
 MAXIMUM TEMPERATURE (F)   54        82      1920
 MINIMUM TEMPERATURE (F)   35        20      1944
                                             1934


SUNRISE AND SUNSET
OCTOBER 20 2017.......SUNRISE   757 AM EDT   SUNSET   640 PM EDT
OCTOBER 21 2017.......SUNRISE   758 AM EDT   SUNSET   639 PM EDT


-  INDICATES NEGATIVE NUMBERS.
R  INDICATES RECORD WAS SET OR TIED.
MM INDICATES DATA IS MISSING.
T  INDICATES TRACE AMOUNT.




$$
