000
CDUS43 KAPX 242234
CLIAPN


CLIMATE REPORT
NATIONAL WEATHER SERVICE GAYLORD MI
534 PM EST WED DEC 24 2014


...................................

...THE ALPENA MI CLIMATE SUMMARY FOR DECEMBER 24 2014...
VALID TODAY AS OF 0500 PM LOCAL TIME.

CLIMATE NORMAL PERIOD 1981 TO 2010
CLIMATE RECORD PERIOD 1916 TO 2014


WEATHER ITEM   OBSERVED TIME   RECORD YEAR NORMAL DEPARTURE LAST
                VALUE   (LST)  VALUE       VALUE  FROM      YEAR
                                                  NORMAL
..................................................................
TEMPERATURE (F)
 TODAY
  MAXIMUM         39    119 PM  51    1994  29     10       11
  MINIMUM         33   1237 AM -16    2013  16     17      -16
  AVERAGE         36                        22     14       -2

PRECIPITATION (IN)
  TODAY            0.50          0.61 1979   0.05   0.45      T
  MONTH TO DATE    1.36                      1.38  -0.02     2.04
  SINCE DEC 1      1.36                      1.38  -0.02     2.04
  SINCE JAN 1     34.47                     27.79   6.68    31.51

SNOWFALL (IN)
  TODAY            0.0           4.3  1931   0.6              T
  MONTH TO DATE    0.5                      14.5            23.0
  SINCE OCT 1     16.1                      22.6            25.6
  SINCE JUL 1     16.1                      22.6            25.6

DEGREE DAYS
 HEATING
  TODAY           29                        42    -13       67
  MONTH TO DATE  872                       935    -63     1119
  SINCE DEC 1    872                       935    -63     1119
  SINCE JUL 1   2805                      2758     47     2987
..................................................................


WIND (MPH)
  RESULTANT WIND SPEED   2   RESULTANT WIND DIRECTION  NW (330)
  HIGHEST WIND SPEED    12   HIGHEST WIND DIRECTION     N (340)
  HIGHEST GUST SPEED    16   HIGHEST GUST DIRECTION    NW (330)
  AVERAGE WIND SPEED     3.2


SKY COVER
  POSSIBLE SUNSHINE  MM
  AVERAGE SKY COVER 1.0


WEATHER CONDITIONS
 THE FOLLOWING WEATHER WAS RECORDED TODAY.
  RAIN
  LIGHT RAIN
  FOG
  FOG W/VISIBILITY <= 1/4 MILE


RELATIVE HUMIDITY (PERCENT)
 HIGHEST   100
 LOWEST     92
 AVERAGE    96

..........................................................


THE ALPENA MI CLIMATE NORMALS FOR TOMORROW
                         NORMAL    RECORD    YEAR
 MAXIMUM TEMPERATURE (F)   29        65      1982
 MINIMUM TEMPERATURE (F)   15       -18      1985


SUNRISE AND SUNSET
DECEMBER 24 2014......SUNRISE   811 AM EST   SUNSET   457 PM EST
DECEMBER 25 2014......SUNRISE   811 AM EST   SUNSET   457 PM EST


-  INDICATES NEGATIVE NUMBERS.
R  INDICATES RECORD WAS SET OR TIED.
MM INDICATES DATA IS MISSING.
T  INDICATES TRACE AMOUNT.




$$
