000
CDUS43 KAPX 300528
CLIAPN


CLIMATE REPORT
NATIONAL WEATHER SERVICE GAYLORD MI
127 AM EDT SUN AUG 30 2015


...................................

...THE ALPENA MI CLIMATE SUMMARY FOR AUGUST 29 2015...

CLIMATE NORMAL PERIOD 1981 TO 2010
CLIMATE RECORD PERIOD 1916 TO 2015


WEATHER ITEM   OBSERVED TIME   RECORD YEAR NORMAL DEPARTURE LAST
                VALUE   (LST)  VALUE       VALUE  FROM      YEAR
                                                  NORMAL
..................................................................
TEMPERATURE (F)
 YESTERDAY
  MAXIMUM         73    426 PM  95    1991  75     -2       70
                                      1953
  MINIMUM         56   1159 PM  30    1982  52      4       48
  AVERAGE         65                        63      2       59

PRECIPITATION (IN)
  YESTERDAY        0.14          1.71 2009   0.10   0.04     0.29
  MONTH TO DATE    2.29                      3.01  -0.72     4.46
  SINCE JUN 1      6.10                      8.66  -2.56     9.55
  SINCE JAN 1     14.65                     18.56  -3.91    21.05

DEGREE DAYS
 HEATING
  YESTERDAY        0                         4     -4        6
  MONTH TO DATE   39                        64    -25       55
  SINCE JUN 1    217                       251    -34      236
  SINCE JUL 1     74                       108    -34      124

 COOLING
  YESTERDAY        0                         2     -2        0
  MONTH TO DATE  116                        76     40       30
  SINCE JUN 1    266                       248     18      136
  SINCE JAN 1    290                       261     29      141
..................................................................


WIND (MPH)
  HIGHEST WIND SPEED    13   HIGHEST WIND DIRECTION     S (190)
  HIGHEST GUST SPEED    16   HIGHEST GUST DIRECTION     S (170)
  AVERAGE WIND SPEED     4.5




RELATIVE HUMIDITY (PERCENT)
 HIGHEST   100
 LOWEST     66
 AVERAGE    83

..........................................................


THE ALPENA MI CLIMATE NORMALS FOR TODAY
                         NORMAL    RECORD    YEAR
 MAXIMUM TEMPERATURE (F)   75        96      1925
 MINIMUM TEMPERATURE (F)   51        29      1934


SUNRISE AND SUNSET
AUGUST 30 2015........SUNRISE   653 AM EDT   SUNSET   816 PM EDT
AUGUST 31 2015........SUNRISE   655 AM EDT   SUNSET   814 PM EDT


-  INDICATES NEGATIVE NUMBERS.
R  INDICATES RECORD WAS SET OR TIED.
MM INDICATES DATA IS MISSING.
T  INDICATES TRACE AMOUNT.




$$
