000
CDUS43 KAPX 262226
CLIAPN


CLIMATE REPORT
NATIONAL WEATHER SERVICE GAYLORD MI
526 PM EST MON JAN 26 2015


...................................

...THE ALPENA MI CLIMATE SUMMARY FOR JANUARY 26 2015...
VALID TODAY AS OF 0500 PM LOCAL TIME.

CLIMATE NORMAL PERIOD 1981 TO 2010
CLIMATE RECORD PERIOD 1916 TO 2015


WEATHER ITEM   OBSERVED TIME   RECORD YEAR NORMAL DEPARTURE LAST
                VALUE   (LST)  VALUE       VALUE  FROM      YEAR
                                                  NORMAL
..................................................................
TEMPERATURE (F)
 TODAY
  MAXIMUM         20    429 PM  62    1944  27     -7       13
  MINIMUM         -6    433 AM -22    1939  11    -17       -5
  AVERAGE          7                        18    -11        4

PRECIPITATION (IN)
  TODAY            0.01          1.83 1978   0.05  -0.04     0.03
  MONTH TO DATE    0.71                      1.43  -0.72     1.42
  SINCE DEC 1      2.40                      3.18  -0.78     3.56
  SINCE JAN 1      0.71                      1.43  -0.72     1.42

SNOWFALL (IN)
  TODAY            0.4          16.3  1978   0.7             1.0
  MONTH TO DATE   10.0                      18.0            13.9
  SINCE OCT 1     26.1                      45.3            40.9
  SINCE JUL 1     26.1                      45.3            40.9

DEGREE DAYS
 HEATING
  TODAY           58                        46     12       61
  MONTH TO DATE 1311                      1185    126     1354
  SINCE DEC 1   2449                      2423     26     2828
  SINCE JUL 1   4382                      4246    136     4696
..................................................................


WIND (MPH)
  RESULTANT WIND SPEED   3   RESULTANT WIND DIRECTION   E (110)
  HIGHEST WIND SPEED    13   HIGHEST WIND DIRECTION     E (110)
  HIGHEST GUST SPEED    16   HIGHEST GUST DIRECTION     E (100)
  AVERAGE WIND SPEED     3.0


SKY COVER
  POSSIBLE SUNSHINE  MM
  AVERAGE SKY COVER 0.7


WEATHER CONDITIONS
 THE FOLLOWING WEATHER WAS RECORDED TODAY.
  LIGHT SNOW
  FOG
  HAZE


RELATIVE HUMIDITY (PERCENT)
 HIGHEST    91
 LOWEST     67
 AVERAGE    79

..........................................................


THE ALPENA MI CLIMATE NORMALS FOR TOMORROW
                         NORMAL    RECORD    YEAR
 MAXIMUM TEMPERATURE (F)   27        55      1944
 MINIMUM TEMPERATURE (F)   10       -26      1927


SUNRISE AND SUNSET
JANUARY 26 2015.......SUNRISE   801 AM EST   SUNSET   533 PM EST
JANUARY 27 2015.......SUNRISE   800 AM EST   SUNSET   535 PM EST


-  INDICATES NEGATIVE NUMBERS.
R  INDICATES RECORD WAS SET OR TIED.
MM INDICATES DATA IS MISSING.
T  INDICATES TRACE AMOUNT.




$$
