000
CDUS44 KLCH 030901
CLIARA


CLIMATE REPORT
NATIONAL WEATHER SERVICE LAKE CHARLES, LA
259 AM CST TUE MAR 3 2015


...................................

...THE NEW IBERIA CLIMATE SUMMARY FOR MARCH 2 2015...

CLIMATE NORMAL PERIOD 1981 TO 2010
CLIMATE RECORD PERIOD 1948 TO 2015


WEATHER ITEM   OBSERVED TIME   RECORD YEAR NORMAL DEPARTURE LAST
                VALUE   (LST)  VALUE       VALUE  FROM      YEAR
                                                  NORMAL
..................................................................
TEMPERATURE (F)
 YESTERDAY
  MAXIMUM         70    100 PM  82    2000  69      1       78
                                      1951
  MINIMUM         56   1122 PM  28    1980  49      7       59
  AVERAGE         63                        59      4       69

PRECIPITATION (IN)
  YESTERDAY        0.01          2.21 1964   0.14  -0.13      T
  MONTH TO DATE    1.54                      0.29   1.25      T
  SINCE MAR 1      1.54                      0.29   1.25      T
  SINCE JAN 1      8.00                      9.70  -1.70     8.34

SNOWFALL (IN)
  YESTERDAY        0.0           0.0    MM  MM               0.0
  MONTH TO DATE    0.0                      MM               0.0
  SINCE MAR 1      0.0                      MM               0.0
  SINCE JUL 1      0.0                      MM               0.1

DEGREE DAYS
 HEATING
  YESTERDAY        2                         7     -5        0
  MONTH TO DATE    2                        14    -12        0
  SINCE MAR 1      2                        14    -12        0
  SINCE JUL 1   1345                      1230    115     1524

 COOLING
  YESTERDAY        0                         1     -1        4
  MONTH TO DATE    2                         2      0        8
  SINCE MAR 1      2                         2      0        8
  SINCE JAN 1      6                        33    -27       26
..................................................................


WIND (MPH)
  RESULTANT WIND SPEED   4   RESULTANT WIND DIRECTION  NE (40)
  HIGHEST WIND SPEED    12   HIGHEST WIND DIRECTION     N (340)
  HIGHEST GUST SPEED    13   HIGHEST GUST DIRECTION     N (340)
  AVERAGE WIND SPEED     6.0


SKY COVER
  POSSIBLE SUNSHINE  MM
  AVERAGE SKY COVER 0.9


WEATHER CONDITIONS
 THE FOLLOWING WEATHER WAS RECORDED YESTERDAY.
  LIGHT RAIN
  FOG
  FOG W/VISIBILITY <= 1/4 MILE


RELATIVE HUMIDITY (PERCENT)
 HIGHEST   100           500 AM
 LOWEST     90           100 PM
 AVERAGE    95

..........................................................


THE NEW IBERIA CLIMATE NORMALS FOR TODAY
                         NORMAL    RECORD    YEAR
 MAXIMUM TEMPERATURE (F)   70        82      1955
 MINIMUM TEMPERATURE (F)   49        19      1980


SUNRISE AND SUNSET
MARCH  3 2015.........SUNRISE   631 AM CST   SUNSET   608 PM CST
MARCH  4 2015.........SUNRISE   630 AM CST   SUNSET   609 PM CST


-  INDICATES NEGATIVE NUMBERS.
R  INDICATES RECORD WAS SET OR TIED.
MM INDICATES DATA IS MISSING.
T  INDICATES TRACE AMOUNT.




$$
