000
CDUS44 KLCH 130830
CLIARA


CLIMATE REPORT
NATIONAL WEATHER SERVICE LAKE CHARLES, LA
229 AM CST WED DEC 13 2017


...................................

...THE NEW IBERIA CLIMATE SUMMARY FOR DECEMBER 12 2017...

CLIMATE NORMAL PERIOD 1981 TO 2010
CLIMATE RECORD PERIOD 1948 TO 2017


WEATHER ITEM   OBSERVED TIME   RECORD YEAR NORMAL DEPARTURE LAST
                VALUE   (LST)  VALUE       VALUE  FROM      YEAR
                                                  NORMAL
..................................................................
TEMPERATURE (F)
 YESTERDAY
  MAXIMUM         63    254 PM  83    2015  65     -2       79
  MINIMUM         41   1159 PM  19    1962  45     -4       62
  AVERAGE         52                        55     -3       71

PRECIPITATION (IN)
  YESTERDAY        0.00          2.27 1985   0.15  -0.15     0.02
  MONTH TO DATE    5.51                      2.21   3.30     5.07
  SINCE DEC 1      5.51                      2.21   3.30     5.07
  SINCE JAN 1     65.26                     56.90   8.36    82.35

SNOWFALL (IN)
  YESTERDAY        0.0           0.0    MM  MM               0.0
  MONTH TO DATE    2.4                      MM               0.0
  SINCE DEC 1      2.4                      MM               0.0
  SINCE JUL 1      2.4                      MM               0.0

DEGREE DAYS
 HEATING
  YESTERDAY       13                        11      2        0
  MONTH TO DATE  155                       123     32      107
  SINCE DEC 1    155                       123     32      107
  SINCE JUL 1    334                       318     16      202

 COOLING
  YESTERDAY        0                         1     -1        6
  MONTH TO DATE    4                        12     -8        6
  SINCE DEC 1      4                        12     -8        6
  SINCE JAN 1   3091                      2804    287     3149
..................................................................


WIND (MPH)
  RESULTANT WIND SPEED   7   RESULTANT WIND DIRECTION   N (340)
  HIGHEST WIND SPEED    21   HIGHEST WIND DIRECTION     N (20)
  HIGHEST GUST SPEED    26   HIGHEST GUST DIRECTION     N (20)
  AVERAGE WIND SPEED     9.4


SKY COVER
  POSSIBLE SUNSHINE  MM
  AVERAGE SKY COVER 0.0


WEATHER CONDITIONS
 THE FOLLOWING WEATHER WAS RECORDED YESTERDAY.
  NO SIGNIFICANT WEATHER WAS OBSERVED.


RELATIVE HUMIDITY (PERCENT)
 HIGHEST    83           200 AM
 LOWEST     32          1200 PM
 AVERAGE    58

..........................................................


THE NEW IBERIA CLIMATE NORMALS FOR TODAY
                         NORMAL    RECORD    YEAR
 MAXIMUM TEMPERATURE (F)   65        80      2016
                                             1975
                                             1971
 MINIMUM TEMPERATURE (F)   44        14      1962


SUNRISE AND SUNSET
DECEMBER 13 2017......SUNRISE   655 AM CST   SUNSET   509 PM CST
DECEMBER 14 2017......SUNRISE   655 AM CST   SUNSET   509 PM CST


-  INDICATES NEGATIVE NUMBERS.
R  INDICATES RECORD WAS SET OR TIED.
MM INDICATES DATA IS MISSING.
T  INDICATES TRACE AMOUNT.




$$
