000
CDUS44 KLCH 282245
CLIARA


CLIMATE REPORT
NATIONAL WEATHER SERVICE LAKE CHARLES, LA
545 PM CDT THU APR 28 2016


...................................

...THE NEW IBERIA CLIMATE SUMMARY FOR APRIL 28 2016...
VALID TODAY AS OF 0500 PM LOCAL TIME.

CLIMATE NORMAL PERIOD 1981 TO 2010
CLIMATE RECORD PERIOD 1948 TO 2016


WEATHER ITEM   OBSERVED TIME   RECORD YEAR NORMAL DEPARTURE LAST
                VALUE   (LST)  VALUE       VALUE  FROM      YEAR
                                                  NORMAL
..................................................................
TEMPERATURE (F)
 TODAY
  MAXIMUM         86    226 PM  94    1987  82      4       73
  MINIMUM         72    500 AM  47    1973  61     11       60
  AVERAGE         79                        71      8       67

PRECIPITATION (IN)
  TODAY            0.00          4.25 1962   0.10  -0.10     0.01
  MONTH TO DATE    4.72                      3.84   0.88    10.10
  SINCE MAR 1      8.44                      7.61   0.83    13.98
  SINCE JAN 1     18.67                     17.02   1.65    20.44

SNOWFALL (IN)
  TODAY            0.0           0.0    MM  MM               0.0
  MONTH TO DATE    0.0                      MM               0.0
  SINCE MAR 1      0.0                      MM                T
  SINCE JUL 1      0.0                      MM                T

DEGREE DAYS
 HEATING
  TODAY            0                         0      0        0
  MONTH TO DATE   16                        43    -27        0
  SINCE MAR 1     81                       191   -110       72
  SINCE JUL 1    997                      1407   -410     1415

 COOLING
  TODAY           14                         7      7        2
  MONTH TO DATE  159                       122     37      223
  SINCE MAR 1    264                       174     90      315
  SINCE JAN 1    274                       205     69      319
..................................................................


WIND (MPH)
  RESULTANT WIND SPEED   2   RESULTANT WIND DIRECTION   E (110)
  HIGHEST WIND SPEED    17   HIGHEST WIND DIRECTION     S (160)
  HIGHEST GUST SPEED    21   HIGHEST GUST DIRECTION    SE (150)
  AVERAGE WIND SPEED     4.1


SKY COVER
  POSSIBLE SUNSHINE  MM
  AVERAGE SKY COVER 0.9


WEATHER CONDITIONS
 THE FOLLOWING WEATHER WAS RECORDED TODAY.
  THUNDERSTORM


RELATIVE HUMIDITY (PERCENT)
 HIGHEST    93           100 AM
 LOWEST     65          1200 PM
 AVERAGE    79

..........................................................


THE NEW IBERIA CLIMATE NORMALS FOR TOMORROW
                         NORMAL    RECORD    YEAR
 MAXIMUM TEMPERATURE (F)   82        92      1955
 MINIMUM TEMPERATURE (F)   61        47      2008
                                             1996


SUNRISE AND SUNSET
APRIL 28 2016.........SUNRISE   627 AM CDT   SUNSET   743 PM CDT
APRIL 29 2016.........SUNRISE   626 AM CDT   SUNSET   744 PM CDT


-  INDICATES NEGATIVE NUMBERS.
R  INDICATES RECORD WAS SET OR TIED.
MM INDICATES DATA IS MISSING.
T  INDICATES TRACE AMOUNT.




$$
