732
CDUS44 KLCH 091245
CLIARA


CLIMATE REPORT
NATIONAL WEATHER SERVICE LAKE CHARLES, LA
645 AM CST TUE FEB 9 2016


...................................

...THE NEW IBERIA CLIMATE SUMMARY FOR FEBRUARY 8 2016...

CLIMATE NORMAL PERIOD 1981 TO 2010
CLIMATE RECORD PERIOD 1948 TO 2016


WEATHER ITEM   OBSERVED TIME   RECORD YEAR NORMAL DEPARTURE LAST
                VALUE   (LST)  VALUE       VALUE  FROM      YEAR
                                                  NORMAL
..................................................................
TEMPERATURE (F)
 YESTERDAY
  MAXIMUM         61    207 PM  83    1957  64     -3       76
  MINIMUM         37    322 AM  26    1967  44     -7       51
                                      1954
  AVERAGE         49                        54     -5       64

PRECIPITATION (IN)
  YESTERDAY        T             1.95 1990   0.14  -0.14     0.00
  MONTH TO DATE    1.41                      1.03   0.38     1.12
  SINCE DEC 1     10.70                     11.25  -0.55     7.20
  SINCE JAN 1      7.68                      6.25   1.43     5.49

SNOWFALL (IN)
  YESTERDAY       MM             0.0    MM  MM               0.0
  MONTH TO DATE    0.0                      MM               0.0
  SINCE DEC 1      0.0                      MM               0.0
  SINCE JUL 1      0.0                      MM               0.0

DEGREE DAYS
 HEATING
  YESTERDAY       16                        11      5        1
  MONTH TO DATE  104                        93     11      104
  SINCE DEC 1    690                       835   -145      789
  SINCE JUL 1    761                      1030   -269     1076

 COOLING
  YESTERDAY        0                         1     -1        0
  MONTH TO DATE    5                         4      1        0
  SINCE DEC 1     89                        38     51       24
  SINCE JAN 1      6                        16    -10        2
..................................................................


WIND (MPH)
  RESULTANT WIND SPEED  11   RESULTANT WIND DIRECTION  NW (310)
  HIGHEST WIND SPEED    33   HIGHEST WIND DIRECTION    NW (320)
  HIGHEST GUST SPEED    41   HIGHEST GUST DIRECTION    NW (330)
  AVERAGE WIND SPEED    12.8


SKY COVER
  POSSIBLE SUNSHINE  MM
  AVERAGE SKY COVER 0.0


WEATHER CONDITIONS
 THE FOLLOWING WEATHER WAS RECORDED YESTERDAY.
  LIGHT RAIN


RELATIVE HUMIDITY (PERCENT)
 HIGHEST    92           200 AM
 LOWEST     16           200 PM
 AVERAGE    54

..........................................................


THE NEW IBERIA CLIMATE NORMALS FOR TODAY
                         NORMAL    RECORD    YEAR
 MAXIMUM TEMPERATURE (F)   65        82      1957
 MINIMUM TEMPERATURE (F)   45        26      1971


SUNRISE AND SUNSET
FEBRUARY  9 2016......SUNRISE   653 AM CST   SUNSET   551 PM CST
FEBRUARY 10 2016......SUNRISE   652 AM CST   SUNSET   552 PM CST


-  INDICATES NEGATIVE NUMBERS.
R  INDICATES RECORD WAS SET OR TIED.
MM INDICATES DATA IS MISSING.
T  INDICATES TRACE AMOUNT.




$$
