000
CDUS44 KLCH 230849
CLIARA


CLIMATE REPORT
NATIONAL WEATHER SERVICE LAKE CHARLES, LA
348 AM CDT WED AUG 23 2017


...................................

...THE NEW IBERIA CLIMATE SUMMARY FOR AUGUST 22 2017...

CLIMATE NORMAL PERIOD 1981 TO 2010
CLIMATE RECORD PERIOD 1948 TO 2017


WEATHER ITEM   OBSERVED TIME   RECORD YEAR NORMAL DEPARTURE LAST
                VALUE   (LST)  VALUE       VALUE  FROM      YEAR
                                                  NORMAL
..................................................................
TEMPERATURE (F)
 YESTERDAY
  MAXIMUM         93   1149 AM  98    2011  92      1       92
  MINIMUM         73   1159 PM  59    1961  74     -1       74
                                      1956
  AVERAGE         83                        83      0       83

PRECIPITATION (IN)
  YESTERDAY        0.00          4.82 1953   0.17  -0.17     0.71
  MONTH TO DATE    7.27                      3.46   3.81    28.80
  SINCE JUN 1     25.02                     17.00   8.02    40.95
  SINCE JAN 1     43.26                     39.23   4.03    66.48

SNOWFALL (IN)
  YESTERDAY        0.0           0.0    MM  MM               0.0
  MONTH TO DATE    0.0                      MM               0.0
  SINCE JUN 1      0.0                      MM               0.0
  SINCE JUL 1      0.0                      MM               0.0

DEGREE DAYS
 HEATING
  YESTERDAY        0                         0      0        0
  MONTH TO DATE    0                         0      0        0
  SINCE JUN 1      0                         0      0        0
  SINCE JUL 1      0                         0      0        0

 COOLING
  YESTERDAY       18                        18      0       18
  MONTH TO DATE  403                       396      7      389
  SINCE JUN 1   1419                      1414      5     1490
  SINCE JAN 1   2166                      1984    182     2116
..................................................................


WIND (MPH)
  RESULTANT WIND SPEED   1   RESULTANT WIND DIRECTION   E (80)
  HIGHEST WIND SPEED    16   HIGHEST WIND DIRECTION    SW (210)
  HIGHEST GUST SPEED    20   HIGHEST GUST DIRECTION    SW (210)
  AVERAGE WIND SPEED     4.3


SKY COVER
  POSSIBLE SUNSHINE  MM
  AVERAGE SKY COVER 0.2


WEATHER CONDITIONS
 THE FOLLOWING WEATHER WAS RECORDED YESTERDAY.
  THUNDERSTORM
  FOG
  HAZE


RELATIVE HUMIDITY (PERCENT)
 HIGHEST    93          1000 PM
 LOWEST     56          1100 AM
 AVERAGE    75

..........................................................


THE NEW IBERIA CLIMATE NORMALS FOR TODAY
                         NORMAL    RECORD    YEAR
 MAXIMUM TEMPERATURE (F)   92        98      2011
                                             1980
 MINIMUM TEMPERATURE (F)   74        59      1956


SUNRISE AND SUNSET
AUGUST 23 2017........SUNRISE   640 AM CDT   SUNSET   740 PM CDT
AUGUST 24 2017........SUNRISE   640 AM CDT   SUNSET   739 PM CDT


-  INDICATES NEGATIVE NUMBERS.
R  INDICATES RECORD WAS SET OR TIED.
MM INDICATES DATA IS MISSING.
T  INDICATES TRACE AMOUNT.




$$
