000
CDUS43 KLOT 240636
CLIARR


CLIMATE REPORT
NATIONAL WEATHER SERVICE CHICAGO IL
135 AM CDT MON JUL 24 2017


...................................

...THE AURORA MUNICIPAL AIRPORT CLIMATE SUMMARY FOR JULY 23 2017...

CLIMATE NORMAL PERIOD 1981 TO 2010
CLIMATE RECORD PERIOD 1998 TO 2017


WEATHER ITEM   OBSERVED TIME   RECORD YEAR NORMAL DEPARTURE LAST
                VALUE   (LST)  VALUE       VALUE  FROM      YEAR
                                                  NORMAL
..................................................................
TEMPERATURE (F)
 YESTERDAY
  MAXIMUM         88    237 PM  94    2011  83      5       89
  MINIMUM         65   1121 PM  47    2000  60      5       71
  AVERAGE         77                        71      6       80

PRECIPITATION (IN)
  YESTERDAY        0.18          1.13 2016   0.16   0.02     1.13
  MONTH TO DATE    4.23                      3.09   1.14     5.02
  SINCE JUN 1      6.68                      7.10  -0.42     8.52
  SINCE JAN 1     24.76                     19.98   4.78    22.15

DEGREE DAYS
 HEATING
  YESTERDAY        0                         0      0        0
  MONTH TO DATE    1                         0      1        2
  SINCE JUN 1     16                        41    -25       10
  SINCE JUL 1      1                         0      1        2

 COOLING
  YESTERDAY       12                         7      5       15
  MONTH TO DATE  194                       161     33      200
  SINCE JUN 1    407                       316     91      400
  SINCE JAN 1    441                       357     84      482
..................................................................


WIND (MPH)
  RESULTANT WIND SPEED   2   RESULTANT WIND DIRECTION   W (290)
  HIGHEST WIND SPEED    32   HIGHEST WIND DIRECTION    NE (30)
  HIGHEST GUST SPEED    40   HIGHEST GUST DIRECTION    NE (30)
  AVERAGE WIND SPEED     5.3


SKY COVER
  POSSIBLE SUNSHINE  MM
  AVERAGE SKY COVER 0.3


WEATHER CONDITIONS
 THE FOLLOWING WEATHER WAS RECORDED YESTERDAY.
  THUNDERSTORM
  HEAVY RAIN
  LIGHT RAIN
  FOG


RELATIVE HUMIDITY (PERCENT)
 HIGHEST   100          1200 AM
 LOWEST     57           100 PM
 AVERAGE    79

..........................................................


THE AURORA MUNICIPAL AIRPORT CLIMATE NORMALS FOR TODAY
                         NORMAL    RECORD    YEAR
 MAXIMUM TEMPERATURE (F)   83       100      2005
 MINIMUM TEMPERATURE (F)   59        47      2000


SUNRISE AND SUNSET
JULY 24 2017..........SUNRISE   540 AM CDT   SUNSET   820 PM CDT
JULY 25 2017..........SUNRISE   541 AM CDT   SUNSET   819 PM CDT


-  INDICATES NEGATIVE NUMBERS.
R  INDICATES RECORD WAS SET OR TIED.
MM INDICATES DATA IS MISSING.
T  INDICATES TRACE AMOUNT.




$$
