000
CDUS43 KLOT 040642
CLIARR


CLIMATE REPORT
NATIONAL WEATHER SERVICE CHICAGO IL
142 AM CDT TUE AUG 4 2015


...................................

...THE AURORA MUNICIPAL AIRPORT CLIMATE SUMMARY FOR AUGUST 3 2015...

CLIMATE NORMAL PERIOD 1981 TO 2010
CLIMATE RECORD PERIOD 1998 TO 2015


WEATHER ITEM   OBSERVED TIME   RECORD YEAR NORMAL DEPARTURE LAST
                VALUE   (LST)  VALUE       VALUE  FROM      YEAR
                                                  NORMAL
..................................................................
TEMPERATURE (F)
 YESTERDAY
  MAXIMUM         80    409 PM  94    2012  82     -2       85
  MINIMUM         58   1117 PM  52    1999  59     -1       59
  AVERAGE         69                        71     -2       72

PRECIPITATION (IN)
  YESTERDAY        0.00          1.76 2010   0.16  -0.16     0.00
  MONTH TO DATE    0.20                      0.51  -0.31     0.02
  SINCE JUN 1     13.93                      8.71   5.22    11.10
  SINCE JAN 1     23.28                     21.59   1.69    19.09

DEGREE DAYS
 HEATING
  YESTERDAY        0                         0      0        0
  MONTH TO DATE    0                         0      0        0
  SINCE JUN 1     30                        50    -20       31
  SINCE JUL 1     12                         9      3       15

 COOLING
  YESTERDAY        4                         6     -2        7
  MONTH TO DATE   23                        18      5       16
  SINCE JUN 1    388                       388      0      333
  SINCE JAN 1    457                       429     28      419
..................................................................


WIND (MPH)
  RESULTANT WIND SPEED   7   RESULTANT WIND DIRECTION  NW (300)
  HIGHEST WIND SPEED    15   HIGHEST WIND DIRECTION     W (290)
  HIGHEST GUST SPEED    20   HIGHEST GUST DIRECTION     W (280)
  AVERAGE WIND SPEED     7.4


SKY COVER
  POSSIBLE SUNSHINE  MM
  AVERAGE SKY COVER 0.0


WEATHER CONDITIONS
 THE FOLLOWING WEATHER WAS RECORDED YESTERDAY.
  FOG


RELATIVE HUMIDITY (PERCENT)
 HIGHEST    93           200 AM
 LOWEST     35           200 PM
 AVERAGE    64

..........................................................


THE AURORA MUNICIPAL AIRPORT CLIMATE NORMALS FOR TODAY
                         NORMAL    RECORD    YEAR
 MAXIMUM TEMPERATURE (F)   82        93      2012
 MINIMUM TEMPERATURE (F)   59        51      2013


SUNRISE AND SUNSET
AUGUST  4 2015........SUNRISE   551 AM CDT   SUNSET   809 PM CDT
AUGUST  5 2015........SUNRISE   552 AM CDT   SUNSET   807 PM CDT


-  INDICATES NEGATIVE NUMBERS.
R  INDICATES RECORD WAS SET OR TIED.
MM INDICATES DATA IS MISSING.
T  INDICATES TRACE AMOUNT.




$$
