000
CDUS41 KBUF 211012
CLIART


CLIMATE REPORT
NATIONAL WEATHER SERVICE BUFFALO NY
511 AM EST SUN JAN 21 2018


...................................

...THE WATERTOWN NY CLIMATE SUMMARY FOR JANUARY 20 2018...

CLIMATE NORMAL PERIOD 1981 TO 2010
CLIMATE RECORD PERIOD 1949 TO 2018


WEATHER ITEM   OBSERVED TIME   RECORD YEAR NORMAL DEPARTURE LAST
                VALUE   (LST)  VALUE       VALUE  FROM      YEAR
                                                  NORMAL
..................................................................
TEMPERATURE (F)
 YESTERDAY
  MAXIMUM         39   1048 AM  57    1951  29     10       42
  MINIMUM         35   1159 PM -21    2014   9     26       34
  AVERAGE         37                        19     18       38

PRECIPITATION (IN)
  YESTERDAY        0.00          0.52 1995   0.09  -0.09     0.00
  MONTH TO DATE    1.69                      1.78  -0.09     1.27
  SINCE DEC 1      3.48                      4.93  -1.45     3.46
  SINCE JAN 1      1.69                      1.78  -0.09     1.27

DEGREE DAYS
 HEATING
  YESTERDAY       28                        46    -18       27
  MONTH TO DATE  750                       905   -155      786
  SINCE DEC 1   2161                      2102     59     1903
  SINCE JUL 1   3520                      3701   -181     3245

 COOLING
  YESTERDAY        0                         0      0        0
  MONTH TO DATE    0                         0      0        0
  SINCE DEC 1      0                         0      0        0
  SINCE JAN 1      0                         0      0        0
..................................................................


WIND (MPH)
  HIGHEST WIND SPEED    28   HIGHEST WIND DIRECTION    SW (230)
  HIGHEST GUST SPEED    39   HIGHEST GUST DIRECTION     W (260)
  AVERAGE WIND SPEED    16.7


SKY COVER
  AVERAGE SKY COVER 0.2


WEATHER CONDITIONS
 THE FOLLOWING WEATHER WAS RECORDED YESTERDAY.
  FOG


RELATIVE HUMIDITY (PERCENT)
 HIGHEST    89           600 PM
 LOWEST     50           300 AM
 AVERAGE    70

..........................................................


THE WATERTOWN NY CLIMATE NORMALS FOR TODAY
                         NORMAL    RECORD    YEAR
 MAXIMUM TEMPERATURE (F)   29        57      1951
 MINIMUM TEMPERATURE (F)    9       -33      2014


SUNRISE AND SUNSET
JANUARY 21 2018.......SUNRISE   732 AM EST   SUNSET   500 PM EST
JANUARY 22 2018.......SUNRISE   731 AM EST   SUNSET   501 PM EST


-  INDICATES NEGATIVE NUMBERS.
R  INDICATES RECORD WAS SET OR TIED.
MM INDICATES DATA IS MISSING.
T  INDICATES TRACE AMOUNT.

$$
