000
CDUS41 KBUF 111028
CLIART


CLIMATE REPORT
NATIONAL WEATHER SERVICE BUFFALO NY
526 AM EST THU FEB 11 2016


...................................

...THE WATERTOWN NY CLIMATE SUMMARY FOR FEBRUARY 10 2016...

CLIMATE NORMAL PERIOD 1981 TO 2010
CLIMATE RECORD PERIOD 1949 TO 2016


WEATHER ITEM   OBSERVED TIME   RECORD YEAR NORMAL DEPARTURE LAST
                VALUE   (LST)  VALUE       VALUE  FROM      YEAR
                                                  NORMAL
..................................................................
TEMPERATURE (F)
 YESTERDAY
  MAXIMUM         30    934 AM  52    2001  31     -1       21
  MINIMUM         19   1159 PM -31    1994   9     10       -9
  AVERAGE         25                        20      5        6

PRECIPITATION (IN)
  YESTERDAY        0.06          1.04 1970   0.08  -0.02     0.00
  MONTH TO DATE    0.67                      0.78  -0.11     0.94
  SINCE DEC 1      4.63                      6.59  -1.96     4.53
  SINCE JAN 1      2.19                      3.44  -1.25     2.81

DEGREE DAYS
 HEATING
  YESTERDAY       40                        45     -5       59
  MONTH TO DATE  324                       457   -133      567
  SINCE DEC 1   2391                      3069   -678     3091
  SINCE JUL 1   3758                      4668   -910     4444

 COOLING
  YESTERDAY        0                         0      0        0
  MONTH TO DATE    0                         0      0        0
  SINCE DEC 1      0                         0      0        0
  SINCE JAN 1      0                         0      0        0
..................................................................


WIND (MPH)
  HIGHEST WIND SPEED    15   HIGHEST WIND DIRECTION     W (290)
  HIGHEST GUST SPEED    20   HIGHEST GUST DIRECTION     W (270)
  AVERAGE WIND SPEED     7.0


SKY COVER
  AVERAGE SKY COVER 1.0


WEATHER CONDITIONS
 THE FOLLOWING WEATHER WAS RECORDED YESTERDAY.
  SNOW
  LIGHT SNOW
  FOG
  FOG W/VISIBILITY <= 1/4 MILE
  HAZE


RELATIVE HUMIDITY (PERCENT)
 HIGHEST   100           900 AM
 LOWEST     74           900 PM
 AVERAGE    87

..........................................................


THE WATERTOWN NY CLIMATE NORMALS FOR TODAY
                         NORMAL    RECORD    YEAR
 MAXIMUM TEMPERATURE (F)   31        57      1999
 MINIMUM TEMPERATURE (F)    9       -34      1979


SUNRISE AND SUNSET
FEBRUARY 11 2016......SUNRISE   710 AM EST   SUNSET   528 PM EST
FEBRUARY 12 2016......SUNRISE   708 AM EST   SUNSET   529 PM EST


-  INDICATES NEGATIVE NUMBERS.
R  INDICATES RECORD WAS SET OR TIED.
MM INDICATES DATA IS MISSING.
T  INDICATES TRACE AMOUNT.




$$
