000
CDUS41 KBUF 280705
CLIART


CLIMATE REPORT
NATIONAL WEATHER SERVICE BUFFALO NY
305 AM EDT FRI JUL 28 2017


...................................

...THE WATERTOWN NY CLIMATE SUMMARY FOR JULY 27 2017...

CLIMATE NORMAL PERIOD 1981 TO 2010
CLIMATE RECORD PERIOD 1949 TO 2017


WEATHER ITEM   OBSERVED TIME   RECORD YEAR NORMAL DEPARTURE LAST
                VALUE   (LST)  VALUE       VALUE  FROM      YEAR
                                                  NORMAL
..................................................................
TEMPERATURE (F)
 YESTERDAY
  MAXIMUM         75    336 PM  90    1990  79     -4       86
  MINIMUM         62   1159 PM  39    2001  59      3       64
  AVERAGE         69                        69      0       75

PRECIPITATION (IN)
  YESTERDAY        0.39          0.82 1975   0.09   0.30     0.00
  MONTH TO DATE    4.78                      2.28   2.50     0.40
  SINCE JUN 1     10.96                      5.13   5.83     4.00
  SINCE JAN 1     26.63                     18.28   8.35    15.00

DEGREE DAYS
 HEATING
  YESTERDAY        0                         1     -1        0
  MONTH TO DATE    3                        28    -25        5
  SINCE JUN 1    105                       135    -30      103
  SINCE JUL 1      3                        28    -25        5

 COOLING
  YESTERDAY        4                         5     -1       10
  MONTH TO DATE  119                       124     -5      170
  SINCE JUN 1    199                       186     13      217
  SINCE JAN 1    218                       197     21      247
..................................................................


WIND (MPH)
  HIGHEST WIND SPEED    16   HIGHEST WIND DIRECTION    SW (230)
  HIGHEST GUST SPEED    21   HIGHEST GUST DIRECTION    SW (230)
  AVERAGE WIND SPEED     7.3


SKY COVER
  AVERAGE SKY COVER 0.7


WEATHER CONDITIONS
 THE FOLLOWING WEATHER WAS RECORDED YESTERDAY.
  HEAVY RAIN
  RAIN
  LIGHT RAIN
  FOG
  FOG W/VISIBILITY <= 1/4 MILE
  HAZE


RELATIVE HUMIDITY (PERCENT)
 HIGHEST   100           700 AM
 LOWEST     79          1200 PM
 AVERAGE    90

..........................................................


THE WATERTOWN NY CLIMATE NORMALS FOR TODAY
                         NORMAL    RECORD    YEAR
 MAXIMUM TEMPERATURE (F)   79        94      1964
 MINIMUM TEMPERATURE (F)   59        43      2001


SUNRISE AND SUNSET
JULY 28 2017..........SUNRISE   548 AM EDT   SUNSET   832 PM EDT
JULY 29 2017..........SUNRISE   549 AM EDT   SUNSET   831 PM EDT


-  INDICATES NEGATIVE NUMBERS.
R  INDICATES RECORD WAS SET OR TIED.
MM INDICATES DATA IS MISSING.
T  INDICATES TRACE AMOUNT.




$$
