000
CDUS45 KGJT 222336
CLIASE


CLIMATE REPORT
NATIONAL WEATHER SERVICE GRAND JUNCTION CO
530 PM MDT SAT JUL 22 2017


...................................

...THE ASPEN CO CLIMATE SUMMARY FOR JULY 22 2017...
VALID TODAY AS OF 0500 PM LOCAL TIME.

CLIMATE NORMAL PERIOD 1981 TO 2010
CLIMATE RECORD PERIOD 9999 TO 9999


WEATHER ITEM   OBSERVED TIME   RECORD YEAR NORMAL DEPARTURE LAST
                VALUE   (LST)  VALUE       VALUE  FROM      YEAR
                                                  NORMAL
..................................................................
TEMPERATURE (F)
 TODAY
  MAXIMUM         82    236 PM  MM      MM  80      2       83
  MINIMUM         52    513 AM  MM      MM  48      4       48
  AVERAGE         67                        64      3       66

PRECIPITATION (IN)
  TODAY            T            MM      MM   0.06  -0.06      T
  MONTH TO DATE    1.21                      1.12   0.09     1.77
  SINCE JUN 1      1.36                      2.25  -0.89     2.29
  SINCE JAN 1      7.56                      9.19  -1.63     9.47

SNOWFALL (IN)
  TODAY           MM            MM      MM  MM     MM       MM
  MONTH TO DATE   MM                        MM     MM       MM
  SINCE JUN 1     MM                        MM     MM       MM
  SINCE JUL 1     MM                        MM     MM       MM
  SNOW DEPTH      MM

DEGREE DAYS
 HEATING
  TODAY            0                         2     -2        0
  MONTH TO DATE   15                        53    -38       31
  SINCE JUN 1    133                       282   -149      108
  SINCE JUL 1     15                        53    -38       31

 COOLING
  TODAY            2                         1      1        1
  MONTH TO DATE   50                        20     30       14
  SINCE JUN 1     62                        24     38       38
  SINCE JAN 1     62                        24     38       38
..................................................................


WIND (MPH)
  HIGHEST WIND SPEED    14   HIGHEST WIND DIRECTION     W (250)
  HIGHEST GUST SPEED    19   HIGHEST GUST DIRECTION    SE (120)
  AVERAGE WIND SPEED     4.2


SKY COVER
  POSSIBLE SUNSHINE  MM
  AVERAGE SKY COVER 0.2


WEATHER CONDITIONS
 THE FOLLOWING WEATHER WAS RECORDED TODAY.
  THUNDERSTORM


RELATIVE HUMIDITY (PERCENT)
 HIGHEST    89           500 AM
 LOWEST     26           300 PM
 AVERAGE    58

..........................................................


THE ASPEN CO CLIMATE NORMALS FOR TOMORROW
                         NORMAL    RECORD    YEAR
 MAXIMUM TEMPERATURE (F)   80        MM        MM
 MINIMUM TEMPERATURE (F)   48        MM        MM


SUNRISE AND SUNSET
JULY 22 2017..........SUNRISE   559 AM MDT   SUNSET   828 PM MDT
JULY 23 2017..........SUNRISE   600 AM MDT   SUNSET   827 PM MDT


-  INDICATES NEGATIVE NUMBERS.
R  INDICATES RECORD WAS SET OR TIED.
MM INDICATES DATA IS MISSING.
T  INDICATES TRACE AMOUNT.




$$
