345
CDUS46 KPQR 310220
CLIAST


CLIMATE REPORT
NATIONAL WEATHER SERVICE PORTLAND OREGON
720 PM PDT TUE AUG 30 2016


...................................

...THE ASTORIA OR CLIMATE SUMMARY FOR AUGUST 30 2016...
VALID TODAY AS OF 0700 PM LOCAL TIME.

CLIMATE NORMAL PERIOD 1981 TO 2010
CLIMATE RECORD PERIOD 1892 TO 2016


WEATHER ITEM   OBSERVED TIME   RECORD YEAR NORMAL DEPARTURE LAST
                VALUE   (LST)  VALUE       VALUE  FROM      YEAR
                                                  NORMAL
..................................................................
TEMPERATURE (F)
 TODAY
  MAXIMUM         69    404 PM  91    1918  69      0       68
  MINIMUM         59    703 AM  42    1920  52      7       56
  AVERAGE         64                        60      4       62

PRECIPITATION (IN)
  TODAY            0.00          1.73 1922   0.05  -0.05     0.07
  MONTH TO DATE    0.40                      1.10  -0.70     1.26
  SINCE OCT 1     83.28                     65.06  18.22    54.66
  SINCE JAN 1     40.75                     38.04   2.71    29.04

DEGREE DAYS
 HEATING
  TODAY            1                         5     -4        3
  MONTH TO DATE   60                       123    -63       48
  SINCE JUN 1    297                       515   -218      236
  SINCE JUL 1    121                       273   -152       87

 COOLING
  TODAY            0                         0      0        0
  MONTH TO DATE   44                         0     44       16
  SINCE JUN 1     52                         3     49       41
  SINCE JAN 1     55                         3     52       43
..................................................................


WIND (MPH)
  HIGHEST WIND SPEED    21   HIGHEST WIND DIRECTION    SW (220)
  HIGHEST GUST SPEED    28   HIGHEST GUST DIRECTION    SW (230)
  AVERAGE WIND SPEED     9.9


SKY COVER
  POSSIBLE SUNSHINE  MM
  AVERAGE SKY COVER 0.8


WEATHER CONDITIONS
 THE FOLLOWING WEATHER WAS RECORDED TODAY.
  NO SIGNIFICANT WEATHER WAS OBSERVED.


RELATIVE HUMIDITY (PERCENT)
 HIGHEST    80           400 AM
 LOWEST     57           400 PM
 AVERAGE    69

..........................................................


THE ASTORIA OR CLIMATE NORMALS FOR TOMORROW
                         NORMAL    RECORD    YEAR
 MAXIMUM TEMPERATURE (F)   69        88      1942
 MINIMUM TEMPERATURE (F)   52        43      1973
                                             1964


SUNRISE AND SUNSET
AUGUST 30 2016........SUNRISE   634 AM PDT   SUNSET   757 PM PDT
AUGUST 31 2016........SUNRISE   636 AM PDT   SUNSET   755 PM PDT


-  INDICATES NEGATIVE NUMBERS.
R  INDICATES RECORD WAS SET OR TIED.
MM INDICATES DATA IS MISSING.
T  INDICATES TRACE AMOUNT.




$$
