000
CDUS46 KPQR 181141
CLIAST


CLIMATE REPORT
NATIONAL WEATHER SERVICE PORTLAND OREGON
340 AM PST SAT NOV 18 2017


...................................

...THE ASTORIA OR CLIMATE SUMMARY FOR NOVEMBER 17 2017...

CLIMATE NORMAL PERIOD 1981 TO 2010
CLIMATE RECORD PERIOD 1892 TO 2017


WEATHER ITEM   OBSERVED TIME   RECORD YEAR NORMAL DEPARTURE LAST
                VALUE   (LST)  VALUE       VALUE  FROM      YEAR
                                                  NORMAL
..................................................................
TEMPERATURE (F)
 YESTERDAY
  MAXIMUM         51    309 PM  64    1908  53     -2       55
  MINIMUM         37    645 AM  28    1994  40     -3       41
                                      1955
  AVERAGE         44                        46     -2       48

PRECIPITATION (IN)
  YESTERDAY        0.04          3.41 1959   0.40  -0.36      T
  MONTH TO DATE    7.36                      5.94   1.42     6.61
  SINCE OCT 1     16.30                     11.92   4.38    22.93
  SINCE JAN 1     69.51                     52.16  17.35    65.91

DEGREE DAYS
 HEATING
  YESTERDAY       21                        18      3       17
  MONTH TO DATE  303                       287     16      155
  SINCE SEP 1    843                       873    -30      553
  SINCE JUL 1   1083                      1154    -71      674

 COOLING
  YESTERDAY        0                         0      0        0
  MONTH TO DATE    0                         0      0        0
  SINCE SEP 1     22                         5     17        7
  SINCE JAN 1     55                        12     43       62
..................................................................


WIND (MPH)
  HIGHEST WIND SPEED    13   HIGHEST WIND DIRECTION    SW (220)
  HIGHEST GUST SPEED    17   HIGHEST GUST DIRECTION    SW (230)
  AVERAGE WIND SPEED     5.4


SKY COVER
  POSSIBLE SUNSHINE  MM
  AVERAGE SKY COVER 0.6


WEATHER CONDITIONS
 THE FOLLOWING WEATHER WAS RECORDED YESTERDAY.
  LIGHT RAIN
  FOG


RELATIVE HUMIDITY (PERCENT)
 HIGHEST   100           200 AM
 LOWEST     68           100 PM
 AVERAGE    84

..........................................................


THE ASTORIA OR CLIMATE NORMALS FOR TODAY
                         NORMAL    RECORD    YEAR
 MAXIMUM TEMPERATURE (F)   53        63      1925
 MINIMUM TEMPERATURE (F)   40        24      1994


SUNRISE AND SUNSET
NOVEMBER 18 2017......SUNRISE   721 AM PST   SUNSET   440 PM PST
NOVEMBER 19 2017......SUNRISE   722 AM PST   SUNSET   439 PM PST


-  INDICATES NEGATIVE NUMBERS.
R  INDICATES RECORD WAS SET OR TIED.
MM INDICATES DATA IS MISSING.
T  INDICATES TRACE AMOUNT.




$$
