000
CDUS46 KPQR 272321
CLIAST


CLIMATE REPORT
NATIONAL WEATHER SERVICE PORTLAND OREGON
420 PM PDT FRI MAY 27 2016


...................................

...THE ASTORIA OR CLIMATE SUMMARY FOR MAY 27 2016...
VALID TODAY AS OF 0400 PM LOCAL TIME.

CLIMATE NORMAL PERIOD 1981 TO 2010
CLIMATE RECORD PERIOD 1892 TO 2016


WEATHER ITEM   OBSERVED TIME   RECORD YEAR NORMAL DEPARTURE LAST
                VALUE   (LST)  VALUE       VALUE  FROM      YEAR
                                                  NORMAL
..................................................................
TEMPERATURE (F)
 TODAY
  MAXIMUM         60    242 PM  80    2003  62     -2       64
  MINIMUM         49    111 AM  37    1940  48      1       52
  AVERAGE         55                        55      0       58

PRECIPITATION (IN)
  TODAY            0.01          1.11 2013   0.10  -0.09     0.00
  MONTH TO DATE    0.77                      2.92  -2.15     1.29
  SINCE OCT 1     79.67                     59.98  19.69    52.28
  SINCE JAN 1     37.14                     32.96   4.18    26.66

DEGREE DAYS
 HEATING
  TODAY           10                        10      0        7
  MONTH TO DATE  247                       332    -85      279
  SINCE MAR 1   1053                      1399   -346     1209
  SINCE JUL 1   3672                      4741  -1069     3749

 COOLING
  TODAY            0                         0      0        0
  MONTH TO DATE    0                         0      0        0
  SINCE MAR 1      3                         0      3        2
  SINCE JAN 1      3                         0      3        2
..................................................................


WIND (MPH)
  HIGHEST WIND SPEED    15   HIGHEST WIND DIRECTION    NW (320)
  HIGHEST GUST SPEED    21   HIGHEST GUST DIRECTION    NW (300)
  AVERAGE WIND SPEED     7.6


SKY COVER
  POSSIBLE SUNSHINE  MM
  AVERAGE SKY COVER 0.9


WEATHER CONDITIONS
 THE FOLLOWING WEATHER WAS RECORDED TODAY.
  LIGHT RAIN
  FOG


RELATIVE HUMIDITY (PERCENT)
 HIGHEST    83          1200 AM
 LOWEST     53           200 PM
 AVERAGE    68

..........................................................


THE ASTORIA OR CLIMATE NORMALS FOR TOMORROW
                         NORMAL    RECORD    YEAR
 MAXIMUM TEMPERATURE (F)   62        81      1922
 MINIMUM TEMPERATURE (F)   48        38      1973
                                             1966
                                             1943


SUNRISE AND SUNSET
MAY 27 2016...........SUNRISE   531 AM PDT   SUNSET   855 PM PDT
MAY 28 2016...........SUNRISE   530 AM PDT   SUNSET   856 PM PDT


-  INDICATES NEGATIVE NUMBERS.
R  INDICATES RECORD WAS SET OR TIED.
MM INDICATES DATA IS MISSING.
T  INDICATES TRACE AMOUNT.




$$
