000
CDUS46 KPQR 240224
CLIAST


CLIMATE REPORT
NATIONAL WEATHER SERVICE PORTLAND OREGON
724 PM PDT THU MAR 23 2017


...................................

...THE ASTORIA OR CLIMATE SUMMARY FOR MARCH 23 2017...
VALID TODAY AS OF 0700 PM LOCAL TIME.

CLIMATE NORMAL PERIOD 1981 TO 2010
CLIMATE RECORD PERIOD 1892 TO 2017


WEATHER ITEM   OBSERVED TIME   RECORD YEAR NORMAL DEPARTURE LAST
                VALUE   (LST)  VALUE       VALUE  FROM      YEAR
                                                  NORMAL
..................................................................
TEMPERATURE (F)
 TODAY
  MAXIMUM         53    233 PM  70    1934  54     -1       52
  MINIMUM         40    551 AM  29    1973  40      0       46
  AVERAGE         47                        47      0       49

PRECIPITATION (IN)
  TODAY            0.11          2.14 1952   0.24  -0.13     0.36
  MONTH TO DATE   12.13                      5.67   6.46    11.36
  SINCE OCT 1     73.88                     50.08  23.80    76.17
  SINCE JAN 1     30.01                     23.06   6.95    33.64

DEGREE DAYS
 HEATING
  TODAY           18                        18      0       16
  MONTH TO DATE  430                       436     -6      332
  SINCE MAR 1    430                       436     -6      332
  SINCE JUL 1   3413                      3778   -365     2951

 COOLING
  TODAY            0                         0      0        0
  MONTH TO DATE    0                         0      0        0
  SINCE MAR 1      0                         0      0        0
  SINCE JAN 1      0                         0      0        0
..................................................................


WIND (MPH)
  HIGHEST WIND SPEED    21   HIGHEST WIND DIRECTION     S (170)
  HIGHEST GUST SPEED    26   HIGHEST GUST DIRECTION     S (170)
  AVERAGE WIND SPEED     7.7


SKY COVER
  POSSIBLE SUNSHINE  MM
  AVERAGE SKY COVER 0.8


WEATHER CONDITIONS
 THE FOLLOWING WEATHER WAS RECORDED TODAY.
  LIGHT RAIN


RELATIVE HUMIDITY (PERCENT)
 HIGHEST    92           500 AM
 LOWEST     54           200 PM
 AVERAGE    73

..........................................................


THE ASTORIA OR CLIMATE NORMALS FOR TOMORROW
                         NORMAL    RECORD    YEAR
 MAXIMUM TEMPERATURE (F)   54        70      1934
 MINIMUM TEMPERATURE (F)   40        27      1964


SUNRISE AND SUNSET
MARCH 23 2017.........SUNRISE   712 AM PDT   SUNSET   733 PM PDT
MARCH 24 2017.........SUNRISE   710 AM PDT   SUNSET   734 PM PDT


-  INDICATES NEGATIVE NUMBERS.
R  INDICATES RECORD WAS SET OR TIED.
MM INDICATES DATA IS MISSING.
T  INDICATES TRACE AMOUNT.




$$
