292
CDUS46 KPQR 201148
CLIAST


CLIMATE REPORT
NATIONAL WEATHER SERVICE PORTLAND OREGON
448 AM PDT WED SEP 20 2017


...................................

...THE ASTORIA OR CLIMATE SUMMARY FOR SEPTEMBER 19 2017...

CLIMATE NORMAL PERIOD 1981 TO 2010
CLIMATE RECORD PERIOD 1892 TO 2017


WEATHER ITEM   OBSERVED TIME   RECORD YEAR NORMAL DEPARTURE LAST
                VALUE   (LST)  VALUE       VALUE  FROM      YEAR
                                                  NORMAL
..................................................................
TEMPERATURE (F)
 YESTERDAY
  MAXIMUM         62    317 PM  85    1939  67     -5       68
  MINIMUM         50   1133 PM  36    1983  49      1       52
  AVERAGE         56                        58     -2       60

PRECIPITATION (IN)
  YESTERDAY        0.77          1.22 1973   0.08   0.69     0.07
  MONTH TO DATE    1.58                      1.19   0.39     1.94
  SINCE OCT 1     95.51                     66.31  29.20    85.32
  SINCE JAN 1     51.64                     39.29  12.35    42.79

DEGREE DAYS
 HEATING
  YESTERDAY        9                         7      2        5
  MONTH TO DATE   79                       110    -31       68
  SINCE SEP 1     79                       110    -31       68
  SINCE JUL 1    319                       391    -72      189

 COOLING
  YESTERDAY        0                         0      0        0
  MONTH TO DATE   18                         0     18        0
  SINCE SEP 1     18                         0     18        0
  SINCE JAN 1     51                         7     44       55
..................................................................


WIND (MPH)
  HIGHEST WIND SPEED    17   HIGHEST WIND DIRECTION     W (260)
  HIGHEST GUST SPEED    26   HIGHEST GUST DIRECTION     S (200)
  AVERAGE WIND SPEED     9.7


SKY COVER
  POSSIBLE SUNSHINE  MM
  AVERAGE SKY COVER 0.7


WEATHER CONDITIONS
 THE FOLLOWING WEATHER WAS RECORDED YESTERDAY.
  THUNDERSTORM
  HEAVY RAIN
  RAIN
  LIGHT RAIN
  FOG
  HAZE


RELATIVE HUMIDITY (PERCENT)
 HIGHEST    93          1100 PM
 LOWEST     62           500 PM
 AVERAGE    78

..........................................................


THE ASTORIA OR CLIMATE NORMALS FOR TODAY
                         NORMAL    RECORD    YEAR
 MAXIMUM TEMPERATURE (F)   67        86      2014
 MINIMUM TEMPERATURE (F)   49        40      1985


SUNRISE AND SUNSET
SEPTEMBER 20 2017.....SUNRISE   700 AM PDT   SUNSET   716 PM PDT
SEPTEMBER 21 2017.....SUNRISE   702 AM PDT   SUNSET   714 PM PDT


-  INDICATES NEGATIVE NUMBERS.
R  INDICATES RECORD WAS SET OR TIED.
MM INDICATES DATA IS MISSING.
T  INDICATES TRACE AMOUNT.




$$
