000
CDUS46 KPQR 031141
CLIAST


CLIMATE REPORT
NATIONAL WEATHER SERVICE PORTLAND OREGON
440 AM PDT MON AUG 3 2015


...................................

...THE ASTORIA OR CLIMATE SUMMARY FOR AUGUST 2 2015...

CLIMATE NORMAL PERIOD 1981 TO 2010
CLIMATE RECORD PERIOD 1892 TO 2015


WEATHER ITEM   OBSERVED TIME   RECORD YEAR NORMAL DEPARTURE LAST
                VALUE   (LST)  VALUE       VALUE  FROM      YEAR
                                                  NORMAL
..................................................................
TEMPERATURE (F)
 YESTERDAY
  MAXIMUM         74   1210 PM  88    1939  68      6       66
  MINIMUM         55    343 AM  45    1969  54      1       58
  AVERAGE         65                        61      4       62

PRECIPITATION (IN)
  YESTERDAY        0.00          1.64 1956   0.03  -0.03     0.00
  MONTH TO DATE    0.00                      0.05  -0.05     0.00
  SINCE OCT 1     53.40                     64.01 -10.61    53.77
  SINCE JAN 1     27.78                     36.99  -9.21    41.61

DEGREE DAYS
 HEATING
  YESTERDAY        0                         4     -4        3
  MONTH TO DATE    0                         8     -8        3
  SINCE JUN 1    188                       400   -212      293
  SINCE JUL 1     39                       158   -119      113

 COOLING
  YESTERDAY        0                         0      0        0
  MONTH TO DATE    1                         0      1        0
  SINCE JUN 1     26                         3     23        8
  SINCE JAN 1     28                         3     25       19
..................................................................


WIND (MPH)
  HIGHEST WIND SPEED    17   HIGHEST WIND DIRECTION     W (290)
  HIGHEST GUST SPEED    21   HIGHEST GUST DIRECTION    NW (300)
  AVERAGE WIND SPEED     5.9


SKY COVER
  POSSIBLE SUNSHINE  MM
  AVERAGE SKY COVER 0.3


WEATHER CONDITIONS
 THE FOLLOWING WEATHER WAS RECORDED YESTERDAY.
  FOG


RELATIVE HUMIDITY (PERCENT)
 HIGHEST   100          1200 AM
 LOWEST     66          1200 PM
 AVERAGE    83

..........................................................


THE ASTORIA OR CLIMATE NORMALS FOR TODAY
                         NORMAL    RECORD    YEAR
 MAXIMUM TEMPERATURE (F)   68        85      1988
 MINIMUM TEMPERATURE (F)   54        43      1969


SUNRISE AND SUNSET
AUGUST  3 2015........SUNRISE   600 AM PDT   SUNSET   843 PM PDT
AUGUST  4 2015........SUNRISE   601 AM PDT   SUNSET   841 PM PDT


-  INDICATES NEGATIVE NUMBERS.
R  INDICATES RECORD WAS SET OR TIED.
MM INDICATES DATA IS MISSING.
T  INDICATES TRACE AMOUNT.




$$
