000
CDUS46 KPQR 141148
CLIAST


CLIMATE REPORT
NATIONAL WEATHER SERVICE PORTLAND OREGON
348 AM PST SUN FEB 14 2016


...................................

...THE ASTORIA OR CLIMATE SUMMARY FOR FEBRUARY 13 2016...

CLIMATE NORMAL PERIOD 1981 TO 2010
CLIMATE RECORD PERIOD 1892 TO 2016


WEATHER ITEM   OBSERVED TIME   RECORD YEAR NORMAL DEPARTURE LAST
                VALUE   (LST)  VALUE       VALUE  FROM      YEAR
                                                  NORMAL
..................................................................
TEMPERATURE (F)
 YESTERDAY
  MAXIMUM         53    950 PM  64    1931  52      1       59
  MINIMUM         47    638 AM  21    1949  37     10       41
  AVERAGE         50                        44      6       50

PRECIPITATION (IN)
  YESTERDAY        0.98          2.31 1994   0.25   0.73     0.03
  MONTH TO DATE    3.69                      3.48   0.21     5.41
  SINCE OCT 1     59.97                     40.70  19.27    40.22
  SINCE JAN 1     17.44                     13.68   3.76    14.60

DEGREE DAYS
 HEATING
  YESTERDAY       15                        21     -6       15
  MONTH TO DATE  199                       273    -74      181
  SINCE DEC 1   1363                      1625   -262     1303
  SINCE JUL 1   2363                      3038   -675     2290

 COOLING
  YESTERDAY        0                         0      0        0
  MONTH TO DATE    0                         0      0        0
  SINCE DEC 1      0                         0      0        0
  SINCE JAN 1      0                         0      0        0
..................................................................


WIND (MPH)
  HIGHEST WIND SPEED    29   HIGHEST WIND DIRECTION     S (190)
  HIGHEST GUST SPEED    38   HIGHEST GUST DIRECTION     S (180)
  AVERAGE WIND SPEED    11.9


SKY COVER
  POSSIBLE SUNSHINE  MM
  AVERAGE SKY COVER 0.8


WEATHER CONDITIONS
 THE FOLLOWING WEATHER WAS RECORDED YESTERDAY.
  RAIN
  LIGHT RAIN
  FOG


RELATIVE HUMIDITY (PERCENT)
 HIGHEST   100           900 PM
 LOWEST     74           300 AM
 AVERAGE    87

..........................................................


THE ASTORIA OR CLIMATE NORMALS FOR TODAY
                         NORMAL    RECORD    YEAR
 MAXIMUM TEMPERATURE (F)   52        64      1934
 MINIMUM TEMPERATURE (F)   37        22      1990


SUNRISE AND SUNSET
FEBRUARY 14 2016......SUNRISE   721 AM PST   SUNSET   539 PM PST
FEBRUARY 15 2016......SUNRISE   719 AM PST   SUNSET   541 PM PST


-  INDICATES NEGATIVE NUMBERS.
R  INDICATES RECORD WAS SET OR TIED.
MM INDICATES DATA IS MISSING.
T  INDICATES TRACE AMOUNT.




$$
