034
CDUS46 KPQR 180225
CLIAST


CLIMATE REPORT
NATIONAL WEATHER SERVICE PORTLAND OREGON
625 PM PST WED JAN 17 2018


...................................

...THE ASTORIA OR CLIMATE SUMMARY FOR JANUARY 17 2018...
VALID TODAY AS OF 0600 PM LOCAL TIME.

CLIMATE NORMAL PERIOD 1981 TO 2010
CLIMATE RECORD PERIOD 1892 TO 2018


WEATHER ITEM   OBSERVED TIME   RECORD YEAR NORMAL DEPARTURE LAST
                VALUE   (LST)  VALUE       VALUE  FROM      YEAR
                                                  NORMAL
..................................................................
TEMPERATURE (F)
 TODAY
  MAXIMUM         64R  1256 PM  60    1986  50     14       57
  MINIMUM         50    616 AM  16    1930  38     12       40
  AVERAGE         57                        44     13       49

PRECIPITATION (IN)
  TODAY            0.61          2.86 2015   0.35   0.26     1.84
  MONTH TO DATE    5.11                      5.88  -0.77     3.62
  SINCE OCT 1     35.90                     32.90   3.00    47.49
  SINCE JAN 1      5.11                      5.88  -0.77     3.62

DEGREE DAYS
 HEATING
  TODAY            8                        21    -13       16
  MONTH TO DATE  283                       366    -83      472
  SINCE DEC 1    977                      1059    -82     1207
  SINCE JUL 1   2269                      2472   -203     2070

 COOLING
  TODAY            0                         0      0        0
  MONTH TO DATE    0                         0      0        0
  SINCE DEC 1      0                         0      0        0
  SINCE JAN 1      0                         0      0        0
..................................................................


WIND (MPH)
  HIGHEST WIND SPEED    36   HIGHEST WIND DIRECTION     S (190)
  HIGHEST GUST SPEED    54   HIGHEST GUST DIRECTION     S (200)
  AVERAGE WIND SPEED    12.3


SKY COVER
  POSSIBLE SUNSHINE  MM
  AVERAGE SKY COVER 0.8


WEATHER CONDITIONS
 THE FOLLOWING WEATHER WAS RECORDED TODAY.
  HEAVY RAIN
  RAIN
  LIGHT RAIN
  FOG


RELATIVE HUMIDITY (PERCENT)
 HIGHEST    89           300 PM
 LOWEST     40          1000 AM
 AVERAGE    65

..........................................................


THE ASTORIA OR CLIMATE NORMALS FOR TOMORROW
                         NORMAL    RECORD    YEAR
 MAXIMUM TEMPERATURE (F)   50        61      2009
                                             1986
                                             1981
 MINIMUM TEMPERATURE (F)   38        11      1943


SUNRISE AND SUNSET
JANUARY 17 2018.......SUNRISE   753 AM PST   SUNSET   459 PM PST
JANUARY 18 2018.......SUNRISE   752 AM PST   SUNSET   501 PM PST


-  INDICATES NEGATIVE NUMBERS.
R  INDICATES RECORD WAS SET OR TIED.
MM INDICATES DATA IS MISSING.
T  INDICATES TRACE AMOUNT.




$$
