000
CDUS46 KPQR 221149
CLIAST


CLIMATE REPORT
NATIONAL WEATHER SERVICE PORTLAND OREGON
348 AM PST WED FEB 22 2017


...................................

...THE ASTORIA OR CLIMATE SUMMARY FOR FEBRUARY 21 2017...

CLIMATE NORMAL PERIOD 1981 TO 2010
CLIMATE RECORD PERIOD 1892 TO 2017


WEATHER ITEM   OBSERVED TIME   RECORD YEAR NORMAL DEPARTURE LAST
                VALUE   (LST)  VALUE       VALUE  FROM      YEAR
                                                  NORMAL
..................................................................
TEMPERATURE (F)
 YESTERDAY
  MAXIMUM         50    247 PM  68    1973  52     -2       54
                                      1908
  MINIMUM         37   1159 PM  24    1894  37      0       38
  AVERAGE         44                        44      0       46

PRECIPITATION (IN)
  YESTERDAY        0.01          2.06 1935   0.24  -0.23     0.18
  MONTH TO DATE   10.88                      5.43   5.45     6.92
  SINCE OCT 1     60.56                     42.65  17.91    63.20
  SINCE JAN 1     16.69                     15.63   1.06    20.67

DEGREE DAYS
 HEATING
  YESTERDAY       21                        20      1       19
  MONTH TO DATE  432                       440     -8      323
  SINCE DEC 1   1937                      1792    145     1487
  SINCE JUL 1   2800                      3205   -405     2487

 COOLING
  YESTERDAY        0                         0      0        0
  MONTH TO DATE    0                         0      0        0
  SINCE DEC 1      0                         0      0        0
  SINCE JAN 1      0                         0      0        0
..................................................................


WIND (MPH)
  HIGHEST WIND SPEED    17   HIGHEST WIND DIRECTION    NW (320)
  HIGHEST GUST SPEED    22   HIGHEST GUST DIRECTION    NW (320)
  AVERAGE WIND SPEED     6.7


SKY COVER
  POSSIBLE SUNSHINE  MM
  AVERAGE SKY COVER 0.7


WEATHER CONDITIONS
 THE FOLLOWING WEATHER WAS RECORDED YESTERDAY.
  LIGHT RAIN
  FOG


RELATIVE HUMIDITY (PERCENT)
 HIGHEST    96           100 AM
 LOWEST     60           500 PM
 AVERAGE    78

..........................................................


THE ASTORIA OR CLIMATE NORMALS FOR TODAY
                         NORMAL    RECORD    YEAR
 MAXIMUM TEMPERATURE (F)   52        67      1908
 MINIMUM TEMPERATURE (F)   37        29      1988
                                             1943
                                             1910


SUNRISE AND SUNSET
FEBRUARY 22 2017......SUNRISE   706 AM PST   SUNSET   552 PM PST
FEBRUARY 23 2017......SUNRISE   704 AM PST   SUNSET   554 PM PST


-  INDICATES NEGATIVE NUMBERS.
R  INDICATES RECORD WAS SET OR TIED.
MM INDICATES DATA IS MISSING.
T  INDICATES TRACE AMOUNT.




$$
