000
CDUS46 KPQR 292330
CLIAST


CLIMATE REPORT
NATIONAL WEATHER SERVICE PORTLAND OREGON
429 PM PDT FRI AUG 29 2014


...................................

...THE ASTORIA OR CLIMATE SUMMARY FOR AUGUST 29 2014...
VALID TODAY AS OF 0400 PM LOCAL TIME.

CLIMATE NORMAL PERIOD 1981 TO 2010
CLIMATE RECORD PERIOD 1892 TO 2014


WEATHER ITEM   OBSERVED TIME   RECORD YEAR NORMAL DEPARTURE LAST
                VALUE   (LST)  VALUE       VALUE  FROM      YEAR
                                                  NORMAL
..................................................................
TEMPERATURE (F)
 TODAY
  MAXIMUM         69    159 PM  90    1936  69      0       67
  MINIMUM         58    648 AM  42    1985  52      6       62
                                      1980
                                      1969
  AVERAGE         64                        60      4       65

PRECIPITATION (IN)
  TODAY            0.00          1.02 1977   0.06  -0.06     0.70
                                      1937
  MONTH TO DATE    0.57                      1.05  -0.48     1.35
  SINCE OCT 1     54.34                     65.01 -10.67    77.97
  SINCE JAN 1     42.18                     37.99   4.19    36.35

DEGREE DAYS
 HEATING
  TODAY            1                         5     -4        0
  MONTH TO DATE   48                       118    -70      102
  SINCE JUN 1    333                       510   -177      425
  SINCE JUL 1    153                       268   -115      244

 COOLING
  TODAY            0                         0      0        0
  MONTH TO DATE    6                         0      6        1
  SINCE JUN 1     14                         3     11        4
  SINCE JAN 1     25                         3     22        5
..................................................................


WIND (MPH)
  HIGHEST WIND SPEED    15   HIGHEST WIND DIRECTION    SW (240)
  HIGHEST GUST SPEED    19   HIGHEST GUST DIRECTION    SW (240)
  AVERAGE WIND SPEED     5.7


SKY COVER
  POSSIBLE SUNSHINE  MM
  AVERAGE SKY COVER 0.9


WEATHER CONDITIONS
 THE FOLLOWING WEATHER WAS RECORDED TODAY.
  FOG


RELATIVE HUMIDITY (PERCENT)
 HIGHEST   100           500 AM
 LOWEST     73           200 PM
 AVERAGE    87

..........................................................


THE ASTORIA OR CLIMATE NORMALS FOR TOMORROW
                         NORMAL    RECORD    YEAR
 MAXIMUM TEMPERATURE (F)   69        85      1936
 MINIMUM TEMPERATURE (F)   52        42      1920


SUNRISE AND SUNSET
AUGUST 29 2014........SUNRISE   632 AM PDT   SUNSET   759 PM PDT
AUGUST 30 2014........SUNRISE   634 AM PDT   SUNSET   758 PM PDT


-  INDICATES NEGATIVE NUMBERS.
R  INDICATES RECORD WAS SET OR TIED.
MM INDICATES DATA IS MISSING.
T  INDICATES TRACE AMOUNT.




$$
