000
CDUS46 KPQR 241141
CLIAST


CLIMATE REPORT
NATIONAL WEATHER SERVICE PORTLAND OREGON
441 AM PDT SUN JUL 24 2016


...................................

...THE ASTORIA OR CLIMATE SUMMARY FOR JULY 23 2016...

CLIMATE NORMAL PERIOD 1981 TO 2010
CLIMATE RECORD PERIOD 1892 TO 2016


WEATHER ITEM   OBSERVED TIME   RECORD YEAR NORMAL DEPARTURE LAST
                VALUE   (LST)  VALUE       VALUE  FROM      YEAR
                                                  NORMAL
..................................................................
TEMPERATURE (F)
 YESTERDAY
  MAXIMUM         68    523 PM  91    1924  68      0       71
  MINIMUM         57   1159 PM  44    1977  54      3       51
                                      1973
                                      1964
  AVERAGE         63                        61      2       61

PRECIPITATION (IN)
  YESTERDAY        0.01          0.82 2014   0.02  -0.01     0.00
  MONTH TO DATE    1.11                      0.83   0.28     0.07
  SINCE OCT 1     82.87                     63.76  19.11    53.08
  SINCE JAN 1     40.34                     36.74   3.60    27.46

DEGREE DAYS
 HEATING
  YESTERDAY        2                         4     -2        4
  MONTH TO DATE   52                       116    -64       31
  SINCE JUN 1    228                       358   -130      180
  SINCE JUL 1     52                       116    -64       31

 COOLING
  YESTERDAY        0                         0      0        0
  MONTH TO DATE    0                         0      0       14
  SINCE JUN 1      6                         0      6       18
  SINCE JAN 1      9                         0      9       20
..................................................................


WIND (MPH)
  HIGHEST WIND SPEED    22   HIGHEST WIND DIRECTION    SW (240)
  HIGHEST GUST SPEED    30   HIGHEST GUST DIRECTION    SW (220)
  AVERAGE WIND SPEED     7.4


SKY COVER
  POSSIBLE SUNSHINE  MM
  AVERAGE SKY COVER 0.8


WEATHER CONDITIONS
 THE FOLLOWING WEATHER WAS RECORDED YESTERDAY.
  LIGHT RAIN
  FOG


RELATIVE HUMIDITY (PERCENT)
 HIGHEST    93           400 AM
 LOWEST     55          1100 AM
 AVERAGE    74

..........................................................


THE ASTORIA OR CLIMATE NORMALS FOR TODAY
                         NORMAL    RECORD    YEAR
 MAXIMUM TEMPERATURE (F)   68        91      1928
 MINIMUM TEMPERATURE (F)   54        44      2008
                                             1973


SUNRISE AND SUNSET
JULY 24 2016..........SUNRISE   549 AM PDT   SUNSET   854 PM PDT
JULY 25 2016..........SUNRISE   550 AM PDT   SUNSET   853 PM PDT


-  INDICATES NEGATIVE NUMBERS.
R  INDICATES RECORD WAS SET OR TIED.
MM INDICATES DATA IS MISSING.
T  INDICATES TRACE AMOUNT.




$$
