000
CDUS46 KPQR 281141
CLIAST


CLIMATE REPORT
NATIONAL WEATHER SERVICE PORTLAND OREGON
341 AM PST SUN DEC 28 2014


...................................

...THE ASTORIA OR CLIMATE SUMMARY FOR DECEMBER 27 2014...

CLIMATE NORMAL PERIOD 1981 TO 2010
CLIMATE RECORD PERIOD 1892 TO 2014


WEATHER ITEM   OBSERVED TIME   RECORD YEAR NORMAL DEPARTURE LAST
                VALUE   (LST)  VALUE       VALUE  FROM      YEAR
                                                  NORMAL
..................................................................
TEMPERATURE (F)
 YESTERDAY
  MAXIMUM         51    815 AM  58    1980  48      3       46
                                      1979
  MINIMUM         45    528 PM  23    1985  37      8       31
  AVERAGE         48                        42      6       39

PRECIPITATION (IN)
  YESTERDAY        0.81          2.91 1937   0.32   0.49     0.06
  MONTH TO DATE   10.40                      8.66   1.74     4.98
  SINCE OCT 1     25.45                     25.79  -0.34    12.14
  SINCE JAN 1     72.70                     66.03   6.67    59.19

DEGREE DAYS
 HEATING
  YESTERDAY       17                        23     -6       26
  MONTH TO DATE  440                       607   -167      738
  SINCE DEC 1    440                       607   -167      738
  SINCE JUL 1   1427                      2020   -593     2091

 COOLING
  YESTERDAY        0                         0      0        0
  MONTH TO DATE    0                         0      0        0
  SINCE DEC 1      0                         0      0        0
  SINCE JAN 1     45                        12     33        9
..................................................................


WIND (MPH)
  HIGHEST WIND SPEED    29   HIGHEST WIND DIRECTION     W (280)
  HIGHEST GUST SPEED    37   HIGHEST GUST DIRECTION     W (280)
  AVERAGE WIND SPEED    10.9


SKY COVER
  POSSIBLE SUNSHINE  MM
  AVERAGE SKY COVER 1.0


WEATHER CONDITIONS
 THE FOLLOWING WEATHER WAS RECORDED YESTERDAY.
  RAIN
  LIGHT RAIN
  FOG


RELATIVE HUMIDITY (PERCENT)
 HIGHEST    93          1200 AM
 LOWEST     71           600 PM
 AVERAGE    82

..........................................................


THE ASTORIA OR CLIMATE NORMALS FOR TODAY
                         NORMAL    RECORD    YEAR
 MAXIMUM TEMPERATURE (F)   48        60      1980
 MINIMUM TEMPERATURE (F)   37        18      1978


SUNRISE AND SUNSET
DECEMBER 28 2014......SUNRISE   758 AM PST   SUNSET   437 PM PST
DECEMBER 29 2014......SUNRISE   758 AM PST   SUNSET   438 PM PST


-  INDICATES NEGATIVE NUMBERS.
R  INDICATES RECORD WAS SET OR TIED.
MM INDICATES DATA IS MISSING.
T  INDICATES TRACE AMOUNT.




$$
