000
CDUS42 KFFC 260822
CLIATL


CLIMATE REPORT
NATIONAL WEATHER SERVICE PEACHTREE CITY GA
422 AM EDT THU MAY 26 2016


...................................

...THE ATLANTA CLIMATE SUMMARY FOR MAY 25 2016...

CLIMATE NORMAL PERIOD 1981 TO 2010
CLIMATE RECORD PERIOD 1878 TO 2016


WEATHER ITEM   OBSERVED TIME   RECORD YEAR NORMAL DEPARTURE LAST
                VALUE   (LST)  VALUE       VALUE  FROM      YEAR
                                                  NORMAL
..................................................................
TEMPERATURE (F)
 YESTERDAY
  MAXIMUM         87    303 PM  93    1960  82      5       81
                                      1953
  MINIMUM         64    541 AM  46    1979  63      1       66
  AVERAGE         76                        72      4       74

PRECIPITATION (IN)
  YESTERDAY        0.00          2.06 1906   0.11  -0.11     0.55
  MONTH TO DATE    1.25                      3.01  -1.76     2.14
  SINCE MAR 1      6.61                     11.18  -4.57    12.91
  SINCE JAN 1     19.14                     20.05  -0.91    21.42

DEGREE DAYS
 HEATING
  YESTERDAY        0                         0      0        0
  MONTH TO DATE   19                        24     -5        6
  SINCE MAR 1    284                       509   -225      298
  SINCE JUL 1   1999                      2764   -765     2656

 COOLING
  YESTERDAY       11                         8      3        9
  MONTH TO DATE  133                       132      1      201
  SINCE MAR 1    245                       197     48      297
  SINCE JAN 1    245                       198     47      297
..................................................................


WIND (MPH)
  RESULTANT WIND SPEED   5   RESULTANT WIND DIRECTION   S (190)
  HIGHEST WIND SPEED    15   HIGHEST WIND DIRECTION     S (190)
  HIGHEST GUST SPEED    21   HIGHEST GUST DIRECTION     S (170)
  AVERAGE WIND SPEED     5.8


SKY COVER
  AVERAGE SKY COVER 0.3


WEATHER CONDITIONS
 THE FOLLOWING WEATHER WAS RECORDED YESTERDAY.
  NO SIGNIFICANT WEATHER WAS OBSERVED.


RELATIVE HUMIDITY (PERCENT)
 HIGHEST    67           600 AM
 LOWEST     32           100 PM
 AVERAGE    50

..........................................................


THE ATLANTA CLIMATE NORMALS FOR TODAY
                         NORMAL    RECORD    YEAR
 MAXIMUM TEMPERATURE (F)   82        94      1936
                                             1916
                                             1911
 MINIMUM TEMPERATURE (F)   63        43      1979


SUNRISE AND SUNSET
MAY 26 2016...........SUNRISE   630 AM EDT   SUNSET   840 PM EDT
MAY 27 2016...........SUNRISE   630 AM EDT   SUNSET   840 PM EDT


-  INDICATES NEGATIVE NUMBERS.
R  INDICATES RECORD WAS SET OR TIED.
MM INDICATES DATA IS MISSING.
T  INDICATES TRACE AMOUNT.




$$
