000
CDUS42 KFFC 270919
CLIATL


CLIMATE REPORT
NATIONAL WEATHER SERVICE PEACHTREE CITY GA
419 AM EST SAT DEC 27 2014


...................................

...THE ATLANTA CLIMATE SUMMARY FOR DECEMBER 26 2014...

CLIMATE NORMAL PERIOD 1981 TO 2010
CLIMATE RECORD PERIOD 1878 TO 2014


WEATHER ITEM   OBSERVED TIME   RECORD YEAR NORMAL DEPARTURE LAST
                VALUE   (LST)  VALUE       VALUE  FROM      YEAR
                                                  NORMAL
..................................................................
TEMPERATURE (F)
 YESTERDAY
  MAXIMUM         59    324 PM  72    1987  52      7       55
  MINIMUM         35    735 AM   5    1983  35      0       34
  AVERAGE         47                        43      4       45

PRECIPITATION (IN)
  YESTERDAY        0.00          2.14 1881   0.12  -0.12     0.00
  MONTH TO DATE    3.34                      3.31   0.03     6.19
  SINCE DEC 1      3.34                      3.31   0.03     6.19
  SINCE JAN 1     45.45                     49.12  -3.67    64.41

SNOWFALL (IN)
  YESTERDAY        0.0           0.1  2010   0.0    0.0      0.0
  MONTH TO DATE    0.0                       0.3   -0.3      0.0
  SINCE DEC 1      0.0                       0.3   -0.3      0.0
  SINCE JUL 1      0.0                       0.3   -0.3      0.4
  SNOW DEPTH       0

DEGREE DAYS
 HEATING
  YESTERDAY       18                        22     -4       20
  MONTH TO DATE  386                       505   -119      413
  SINCE DEC 1    386                       505   -119      413
  SINCE JUL 1    933                       973    -40      940

 COOLING
  YESTERDAY        0                         0      0        0
  MONTH TO DATE    0                         0      0        7
  SINCE DEC 1      0                         0      0        7
  SINCE JAN 1   1986                      1882    104     1762
..................................................................


WIND (MPH)
  RESULTANT WIND SPEED   1   RESULTANT WIND DIRECTION   E (110)
  HIGHEST WIND SPEED     8   HIGHEST WIND DIRECTION    NW (300)
  HIGHEST GUST SPEED     9   HIGHEST GUST DIRECTION    NW (300)
  AVERAGE WIND SPEED     1.5


SKY COVER
  AVERAGE SKY COVER 0.5


WEATHER CONDITIONS
 THE FOLLOWING WEATHER WAS RECORDED YESTERDAY.
  NO SIGNIFICANT WEATHER WAS OBSERVED.


RELATIVE HUMIDITY (PERCENT)
 HIGHEST    92           500 AM
 LOWEST     36           400 PM
 AVERAGE    64

..........................................................


THE ATLANTA CLIMATE NORMALS FOR TODAY
                         NORMAL    RECORD    YEAR
 MAXIMUM TEMPERATURE (F)   52        71      1982
                                             1889
 MINIMUM TEMPERATURE (F)   35        12      1925


SUNRISE AND SUNSET
DECEMBER 27 2014......SUNRISE   741 AM EST   SUNSET   537 PM EST
DECEMBER 28 2014......SUNRISE   741 AM EST   SUNSET   538 PM EST


-  INDICATES NEGATIVE NUMBERS.
R  INDICATES RECORD WAS SET OR TIED.
MM INDICATES DATA IS MISSING.
T  INDICATES TRACE AMOUNT.




$$
