000
CDUS42 KFFC 192037
CLIATL


CLIMATE REPORT
NATIONAL WEATHER SERVICE PEACHTREE CITY GA
437 PM EDT SAT APR 19 2014


...................................

...THE ATLANTA CLIMATE SUMMARY FOR APRIL 19 2014...
VALID TODAY AS OF 0400 PM LOCAL TIME.

CLIMATE NORMAL PERIOD 1981 TO 2010
CLIMATE RECORD PERIOD 1878 TO 2014


WEATHER ITEM   OBSERVED TIME   RECORD YEAR NORMAL DEPARTURE LAST
                VALUE   (LST)  VALUE       VALUE  FROM      YEAR
                                                  NORMAL
..................................................................
TEMPERATURE (F)
 TODAY
  MAXIMUM         63    128 PM  88    1941  73    -10       72
  MINIMUM         51    103 AM  30    1983  52     -1       45
  AVERAGE         57                        63     -6       59

PRECIPITATION (IN)
  TODAY            0.20          1.45 1940   0.11   0.09     0.42
  MONTH TO DATE    5.32                      2.14   3.18     3.76
  SINCE MAR 1      8.44                      6.95   1.49     8.34
  SINCE JAN 1     15.60                     15.82  -0.22    20.74

SNOWFALL (IN)
  TODAY            0.0           0.0  2002   0.0    0.0      0.0
                                      2001
                                      2000
  MONTH TO DATE    0.0                       0.1   -0.1      0.0
  SINCE MAR 1      0.0                       0.9   -0.9       T
  SINCE JUL 1      5.0                       3.0    2.0       T
  SNOW DEPTH       0

DEGREE DAYS
 HEATING
  TODAY            8                         4      4        6
  MONTH TO DATE  111                       109      2       79
  SINCE MAR 1    491                       451     40      564
  SINCE JUL 1   2894                      2706    188     2419

 COOLING
  TODAY            0                         2     -2        0
  MONTH TO DATE   20                        26     -6       39
  SINCE MAR 1     20                        38    -18       39
  SINCE JAN 1     22                        39    -17       44
..................................................................


WIND (MPH)
  HIGHEST WIND SPEED    25   HIGHEST WIND DIRECTION    NE (40)
  HIGHEST GUST SPEED    32   HIGHEST GUST DIRECTION    NE (50)
  AVERAGE WIND SPEED    16.2


SKY COVER
  POSSIBLE SUNSHINE  MM
  AVERAGE SKY COVER 1.0


WEATHER CONDITIONS
 THE FOLLOWING WEATHER WAS RECORDED TODAY.
  LIGHT RAIN
  FOG
  HAZE


RELATIVE HUMIDITY (PERCENT)
 HIGHEST    96           500 AM
 LOWEST     72           100 PM
 AVERAGE    84

..........................................................


THE ATLANTA CLIMATE NORMALS FOR TOMORROW
                         NORMAL    RECORD    YEAR
 MAXIMUM TEMPERATURE (F)   74        88      1994
                                             1925
 MINIMUM TEMPERATURE (F)   53        30      1983


SUNRISE AND SUNSET
APRIL 19 2014.........SUNRISE   702 AM EDT   SUNSET   812 PM EDT
APRIL 20 2014.........SUNRISE   701 AM EDT   SUNSET   813 PM EDT


-  INDICATES NEGATIVE NUMBERS.
R  INDICATES RECORD WAS SET OR TIED.
MM INDICATES DATA IS MISSING.
T  INDICATES TRACE AMOUNT.




$$
