000
CDUS42 KFFC 280817
CLIATL


CLIMATE REPORT
NATIONAL WEATHER SERVICE PEACHTREE CITY GA
417 AM EDT FRI APR 28 2017


...................................

...THE ATLANTA CLIMATE SUMMARY FOR APRIL 27 2017...

CLIMATE NORMAL PERIOD 1981 TO 2010
CLIMATE RECORD PERIOD 1878 TO 2017


WEATHER ITEM   OBSERVED TIME   RECORD YEAR NORMAL DEPARTURE LAST
                VALUE   (LST)  VALUE       VALUE  FROM      YEAR
                                                  NORMAL
..................................................................
TEMPERATURE (F)
 YESTERDAY
  MAXIMUM         80    543 PM  93    1986  75      5       84
  MINIMUM         64    407 AM  38    1978  55      9       62
  AVERAGE         72                        65      7       73

PRECIPITATION (IN)
  YESTERDAY        0.01          2.12 1964   0.12  -0.11      T
  MONTH TO DATE    5.75                      3.03   2.72     2.49
  SINCE MAR 1      8.43                      7.84   0.59     4.70
  SINCE JAN 1     18.48                     16.71   1.77    17.23

DEGREE DAYS
 HEATING
  YESTERDAY        0                         3     -3        0
  MONTH TO DATE   47                       136    -89       95
  SINCE MAR 1    310                       478   -168      265
  SINCE JUL 1   1666                      2733  -1067     1980

 COOLING
  YESTERDAY        7                         3      4        8
  MONTH TO DATE  104                        45     59       39
  SINCE MAR 1    149                        57     92       77
  SINCE JAN 1    154                        58     96       77
..................................................................


WIND (MPH)
  RESULTANT WIND SPEED  10   RESULTANT WIND DIRECTION   S (190)
  HIGHEST WIND SPEED    21   HIGHEST WIND DIRECTION    SE (150)
  HIGHEST GUST SPEED    28   HIGHEST GUST DIRECTION    SE (150)
  AVERAGE WIND SPEED    10.2


SKY COVER
  AVERAGE SKY COVER 0.7


WEATHER CONDITIONS
 THE FOLLOWING WEATHER WAS RECORDED YESTERDAY.
  THUNDERSTORM
  LIGHT RAIN


RELATIVE HUMIDITY (PERCENT)
 HIGHEST    97          1100 PM
 LOWEST     67           400 PM
 AVERAGE    82

..........................................................


THE ATLANTA CLIMATE NORMALS FOR TODAY
                         NORMAL    RECORD    YEAR
 MAXIMUM TEMPERATURE (F)   76        87      1989
                                             1981
 MINIMUM TEMPERATURE (F)   55        38      1978
                                             1928


SUNRISE AND SUNSET
APRIL 28 2017.........SUNRISE   652 AM EDT   SUNSET   819 PM EDT
APRIL 29 2017.........SUNRISE   651 AM EDT   SUNSET   820 PM EDT


-  INDICATES NEGATIVE NUMBERS.
R  INDICATES RECORD WAS SET OR TIED.
MM INDICATES DATA IS MISSING.
T  INDICATES TRACE AMOUNT.




$$
