000
CDUS42 KFFC 240023
CLIATL


CLIMATE REPORT
NATIONAL WEATHER SERVICE PEACHTREE CITY GA
823 PM EDT MON OCT 23 2017


...................................

...THE ATLANTA CLIMATE SUMMARY FOR OCTOBER 23 2017...
VALID AS OF 0800 PM LOCAL TIME.

CLIMATE NORMAL PERIOD 1981 TO 2010
CLIMATE RECORD PERIOD 1878 TO 2017


WEATHER ITEM   OBSERVED TIME   RECORD YEAR NORMAL DEPARTURE LAST
                VALUE   (LST)  VALUE       VALUE  FROM      YEAR
                                                  NORMAL
..................................................................
TEMPERATURE (F)
 TODAY
  MAXIMUM         72    328 PM  86    1941  71      1       76
                                      1935
  MINIMUM         61    707 PM  34    1937  52      9       44
  AVERAGE         67                        61      6       60

PRECIPITATION (IN)
  TODAY            1.31          1.48 1966   0.10   1.21     0.00
  MONTH TO DATE    3.29                      2.62   0.67     0.16
  SINCE SEP 1      7.54                      7.09   0.45     3.59
  SINCE JAN 1     46.48                     40.92   5.56    32.71

SNOWFALL (IN)
  TODAY            0.0           0.0  2002   0.0    0.0      0.0
                                      2001
  MONTH TO DATE    0.0                       0.0    0.0      0.0
  SINCE SEP 1      0.0                       0.0    0.0      0.0
  SINCE JUL 1      0.0                       0.0    0.0      0.0
  SNOW DEPTH       0

DEGREE DAYS
 HEATING
  TODAY            0                         5     -5        5
  MONTH TO DATE   12                        68    -56       19
  SINCE SEP 1     19                        79    -60       20
  SINCE JUL 1     19                        79    -60       20

 COOLING
  TODAY            2                         1      1        0
  MONTH TO DATE  135                        59     76      126
  SINCE SEP 1    414                       325     89      547
  SINCE JAN 1   2138                      1864    274     2497
..................................................................


WIND (MPH)
  RESULTANT WIND SPEED   6   RESULTANT WIND DIRECTION  SW (230)
  HIGHEST WIND SPEED    22   HIGHEST WIND DIRECTION     W (260)
  HIGHEST GUST SPEED    30   HIGHEST GUST DIRECTION     W (280)
  AVERAGE WIND SPEED    12.7


SKY COVER
  AVERAGE SKY COVER 0.7


WEATHER CONDITIONS
 THE FOLLOWING WEATHER WAS RECORDED TODAY.
  HEAVY RAIN
  RAIN
  LIGHT RAIN
  FOG


RELATIVE HUMIDITY (PERCENT)
 HIGHEST   100          1200 AM
 LOWEST     49           300 PM

..........................................................


THE ATLANTA CLIMATE NORMALS FOR TOMORROW
                         NORMAL    RECORD    YEAR
 MAXIMUM TEMPERATURE (F)   71        88      1939
 MINIMUM TEMPERATURE (F)   51        28      1917


SUNRISE AND SUNSET
OCTOBER 23 2017.......SUNRISE   749 AM EDT   SUNSET   654 PM EDT
OCTOBER 24 2017.......SUNRISE   750 AM EDT   SUNSET   653 PM EDT


-  INDICATES NEGATIVE NUMBERS.
R  INDICATES RECORD WAS SET OR TIED.
MM INDICATES DATA IS MISSING.
T  INDICATES TRACE AMOUNT.




$$
