000
CDUS42 KFFC 310820
CLIATL


CLIMATE REPORT
NATIONAL WEATHER SERVICE PEACHTREE CITY GA
420 AM EDT MON AUG 31 2015


...................................

...THE ATLANTA CLIMATE SUMMARY FOR AUGUST 30 2015...

CLIMATE NORMAL PERIOD 1981 TO 2010
CLIMATE RECORD PERIOD 1878 TO 2015


WEATHER ITEM   OBSERVED TIME   RECORD YEAR NORMAL DEPARTURE LAST
                VALUE   (LST)  VALUE       VALUE  FROM      YEAR
                                                  NORMAL
..................................................................
TEMPERATURE (F)
 YESTERDAY
  MAXIMUM         74    436 PM  98    1948  87    -13       88
  MINIMUM         67    948 AM  55    1986  70     -3       72
  AVERAGE         71                        78     -7       80

PRECIPITATION (IN)
  YESTERDAY        0.64          4.22 1885   0.12   0.52     0.79
  MONTH TO DATE    5.74                      3.77   1.97     5.80
  SINCE JUN 1     17.66                     12.99   4.67    15.50
  SINCE JAN 1     41.38                     33.70   7.68    33.97

DEGREE DAYS
 HEATING
  YESTERDAY        0                         0      0        0
  MONTH TO DATE    0                         0      0        0
  SINCE JUN 1      0                         2     -2        0
  SINCE JUL 1      0                         0      0        0

 COOLING
  YESTERDAY        6                        13     -7       15
  MONTH TO DATE  459                       434     25      426
  SINCE JUN 1   1422                      1276    146     1240
  SINCE JAN 1   1781                      1526    255     1523
..................................................................


WIND (MPH)
  RESULTANT WIND SPEED  10   RESULTANT WIND DIRECTION   E (70)
  HIGHEST WIND SPEED    21   HIGHEST WIND DIRECTION    NE (50)
  HIGHEST GUST SPEED    24   HIGHEST GUST DIRECTION    NE (40)
  AVERAGE WIND SPEED    10.0


SKY COVER
  AVERAGE SKY COVER 1.0


WEATHER CONDITIONS
 THE FOLLOWING WEATHER WAS RECORDED YESTERDAY.
  HEAVY RAIN
  RAIN
  LIGHT RAIN
  FOG


RELATIVE HUMIDITY (PERCENT)
 HIGHEST    87          1000 AM
 LOWEST     68          1200 AM
 AVERAGE    78

..........................................................


THE ATLANTA CLIMATE NORMALS FOR TODAY
                         NORMAL    RECORD    YEAR
 MAXIMUM TEMPERATURE (F)   86        96      1953
 MINIMUM TEMPERATURE (F)   69        55      1887


SUNRISE AND SUNSET
AUGUST 31 2015........SUNRISE   711 AM EDT   SUNSET   805 PM EDT
SEPTEMBER  1 2015.....SUNRISE   711 AM EDT   SUNSET   804 PM EDT


-  INDICATES NEGATIVE NUMBERS.
R  INDICATES RECORD WAS SET OR TIED.
MM INDICATES DATA IS MISSING.
T  INDICATES TRACE AMOUNT.




$$
