000
CDUS42 KFFC 240031
CLIATL


CLIMATE REPORT
NATIONAL WEATHER SERVICE PEACHTREE CITY GA
731 PM EST SUN NOV 23 2014


...................................

...THE ATLANTA CLIMATE SUMMARY FOR NOVEMBER 23 2014...
VALID AS OF 0700 PM LOCAL TIME.

CLIMATE NORMAL PERIOD 1981 TO 2010
CLIMATE RECORD PERIOD 1878 TO 2014


WEATHER ITEM   OBSERVED TIME   RECORD YEAR NORMAL DEPARTURE LAST
                VALUE   (LST)  VALUE       VALUE  FROM      YEAR
                                                  NORMAL
..................................................................
TEMPERATURE (F)
 TODAY
  MAXIMUM         61    659 PM  76    1979  61      0       60
  MINIMUM         46    455 AM  19    1970  42      4       40
  AVERAGE         54                        52      2       50

PRECIPITATION (IN)
  TODAY            2.18R         1.85 1948   0.15   2.03      T
  MONTH TO DATE    3.85                      3.06   0.79     0.77
  SINCE SEP 1      8.14                     10.94  -2.80     6.08
  SINCE JAN 1     42.11                     44.77  -2.66    57.12

SNOWFALL (IN)
  TODAY           MM             0.0  2001   0.0   MM        0.0
  MONTH TO DATE    0.0                       0.0    0.0      0.0
  SINCE SEP 1      0.0                       0.0    0.0      0.0
  SINCE JUL 1      0.0                       0.0    0.0      0.0
  SNOW DEPTH       0

DEGREE DAYS
 HEATING
  TODAY           11                        14     -3       15
  MONTH TO DATE  373                       235    138      252
  SINCE SEP 1    446                       364     82      349
  SINCE JUL 1    446                       364     82      350

 COOLING
  TODAY            0                         0      0        0
  MONTH TO DATE    0                        11    -11        1
  SINCE SEP 1    447                       344    103      373
  SINCE JAN 1   1985                      1883    102     1755
..................................................................


WIND (MPH)
  RESULTANT WIND SPEED  13   RESULTANT WIND DIRECTION   E (90)
  HIGHEST WIND SPEED    24   HIGHEST WIND DIRECTION     E (80)
  HIGHEST GUST SPEED    39   HIGHEST GUST DIRECTION    NE (40)
  AVERAGE WIND SPEED    13.8


SKY COVER
  AVERAGE SKY COVER 1.0


WEATHER CONDITIONS
 THE FOLLOWING WEATHER WAS RECORDED TODAY.
  HEAVY RAIN
  RAIN
  LIGHT RAIN
  FOG
  FOG W/VISIBILITY <= 1/4 MILE


RELATIVE HUMIDITY (PERCENT)
 HIGHEST   100           600 AM
 LOWEST     41          1200 AM

..........................................................


THE ATLANTA CLIMATE NORMALS FOR TOMORROW
                         NORMAL    RECORD    YEAR
 MAXIMUM TEMPERATURE (F)   61        75      1900
 MINIMUM TEMPERATURE (F)   42        14      1970
                                             1950


SUNRISE AND SUNSET
NOVEMBER 23 2014......SUNRISE   717 AM EST   SUNSET   531 PM EST
NOVEMBER 24 2014......SUNRISE   718 AM EST   SUNSET   531 PM EST


-  INDICATES NEGATIVE NUMBERS.
R  INDICATES RECORD WAS SET OR TIED.
MM INDICATES DATA IS MISSING.
T  INDICATES TRACE AMOUNT.




$$
