000
CDUS42 KFFC 030825
CLIATL


CLIMATE REPORT
NATIONAL WEATHER SERVICE PEACHTREE CITY GA
424 AM EDT FRI JUL 3 2015


...................................

...THE ATLANTA CLIMATE SUMMARY FOR JULY 2 2015...

CLIMATE NORMAL PERIOD 1981 TO 2010
CLIMATE RECORD PERIOD 1878 TO 2015


WEATHER ITEM   OBSERVED TIME   RECORD YEAR NORMAL DEPARTURE LAST
                VALUE   (LST)  VALUE       VALUE  FROM      YEAR
                                                  NORMAL
..................................................................
TEMPERATURE (F)
 YESTERDAY
  MAXIMUM         87    445 PM  99    1954  89     -2       93
  MINIMUM         68    622 AM  58    1937  71     -3       73
  AVERAGE         78                        80     -2       83

PRECIPITATION (IN)
  YESTERDAY        0.15          2.12 1992   0.17  -0.02     0.00
  MONTH TO DATE    0.76                      0.35   0.41     0.00
  SINCE JUN 1      7.67                      4.30   3.37     5.10
  SINCE JAN 1     31.39                     25.01   6.38    23.57

DEGREE DAYS
 HEATING
  YESTERDAY        0                         0      0        0
  MONTH TO DATE    0                         0      0        0
  SINCE JUN 1      0                         2     -2        0
  SINCE JUL 1      0                         0      0        0

 COOLING
  YESTERDAY       13                        15     -2       18
  MONTH TO DATE   25                        30     -5       34
  SINCE JUN 1    471                       401     70      439
  SINCE JAN 1    830                       651    179      722
..................................................................


WIND (MPH)
  RESULTANT WIND SPEED   8   RESULTANT WIND DIRECTION   W (250)
  HIGHEST WIND SPEED    20   HIGHEST WIND DIRECTION     W (270)
  HIGHEST GUST SPEED    25   HIGHEST GUST DIRECTION     W (270)
  AVERAGE WIND SPEED     9.2


SKY COVER
  AVERAGE SKY COVER 0.7


WEATHER CONDITIONS
 THE FOLLOWING WEATHER WAS RECORDED YESTERDAY.
  THUNDERSTORM
  HEAVY RAIN
  LIGHT RAIN


RELATIVE HUMIDITY (PERCENT)
 HIGHEST    90          1200 AM
 LOWEST     51           500 PM
 AVERAGE    71

..........................................................


THE ATLANTA CLIMATE NORMALS FOR TODAY
                         NORMAL    RECORD    YEAR
 MAXIMUM TEMPERATURE (F)   89       101      1925
 MINIMUM TEMPERATURE (F)   71        60      1881


SUNRISE AND SUNSET
JULY  3 2015..........SUNRISE   632 AM EDT   SUNSET   852 PM EDT
JULY  4 2015..........SUNRISE   632 AM EDT   SUNSET   852 PM EDT


-  INDICATES NEGATIVE NUMBERS.
R  INDICATES RECORD WAS SET OR TIED.
MM INDICATES DATA IS MISSING.
T  INDICATES TRACE AMOUNT.




$$
