000
CDUS44 KEWX 262247
CLIATT


CLIMATE REPORT
NATIONAL WEATHER SERVICE AUSTIN/SAN ANTONIO, TX
547 PM CDT FRI MAY 26 2017


...................................

...THE AUSTIN CAMP MABRY CLIMATE SUMMARY FOR MAY 26 2017...
VALID TODAY AS OF 0547 PM LOCAL TIME.

CLIMATE NORMAL PERIOD 1981 TO 2010
CLIMATE RECORD PERIOD 1897 TO 2017


WEATHER ITEM   OBSERVED TIME   RECORD YEAR NORMAL DEPARTURE LAST
                VALUE   (LST)  VALUE       VALUE  FROM      YEAR
                                                  NORMAL
..................................................................
TEMPERATURE (F)
 TODAY
  MAXIMUM         92    356 PM  96    2008  89      3       90
                                      1958
                                      1902
  MINIMUM         75    203 AM  47    1913  69      6       68
  AVERAGE         84                        79      5       79

PRECIPITATION (IN)
  TODAY            0.00          3.26 1957   0.16  -0.16     0.52
  MONTH TO DATE    2.36                      3.61  -1.25     5.22
  SINCE MAR 1      6.06                      8.46  -2.40    15.85
  SINCE JAN 1     12.28                     12.70  -0.42    17.53

SNOWFALL (IN)
  TODAY            0.0
  MONTH TO DATE    T
  SINCE MAR 1      T
  SINCE JUL 1      T
  SNOW DEPTH       0

DEGREE DAYS
 HEATING
  TODAY            0                         0      0        0
  MONTH TO DATE    0                         0      0        1
  SINCE MAR 1     56                       200   -144       84
  SINCE JUL 1    834                      1537   -703     1081

 COOLING
  TODAY           19                        14      5       14
  MONTH TO DATE  284                       288     -4      237
  SINCE MAR 1    670                       513    157      520
  SINCE JAN 1    787                       540    247      559
..................................................................


WIND (MPH)
  HIGHEST WIND SPEED    13   HIGHEST WIND DIRECTION     S (190)
  HIGHEST GUST SPEED    24   HIGHEST GUST DIRECTION     S (200)
  AVERAGE WIND SPEED     6.7


SKY COVER
  AVERAGE SKY COVER 1.0


WEATHER CONDITIONS
 THE FOLLOWING WEATHER WAS RECORDED TODAY.
  FOG


RELATIVE HUMIDITY (PERCENT)
 HIGHEST    87           100 AM
 LOWEST     56           300 PM
 AVERAGE    72

..........................................................


THE AUSTIN CAMP MABRY CLIMATE NORMALS FOR TOMORROW
                         NORMAL    RECORD    YEAR
 MAXIMUM TEMPERATURE (F)   89       100      2011
 MINIMUM TEMPERATURE (F)   69        45      1901


SUNRISE AND SUNSET
MAY 26 2017...........SUNRISE   631 AM CDT   SUNSET   825 PM CDT
MAY 27 2017...........SUNRISE   631 AM CDT   SUNSET   825 PM CDT


-  INDICATES NEGATIVE NUMBERS.
R  INDICATES RECORD WAS SET OR TIED.
MM INDICATES DATA IS MISSING.
T  INDICATES TRACE AMOUNT.




$$
