000
CDUS44 KEWX 222255
CLIATT


CLIMATE REPORT
NATIONAL WEATHER SERVICE AUSTIN/SAN ANTONIO, TX
555 PM CDT WED MAR 22 2017


...................................

...THE AUSTIN CAMP MABRY CLIMATE SUMMARY FOR MARCH 22 2017...
VALID TODAY AS OF 0555 PM LOCAL TIME.

CLIMATE NORMAL PERIOD 1981 TO 2010
CLIMATE RECORD PERIOD 1897 TO 2017


WEATHER ITEM   OBSERVED TIME   RECORD YEAR NORMAL DEPARTURE LAST
                VALUE   (LST)  VALUE       VALUE  FROM      YEAR
                                                  NORMAL
..................................................................
TEMPERATURE (F)
 TODAY
  MAXIMUM         83    423 PM  96    1971  74      9       78
  MINIMUM         68    746 AM  30    1915  53     15       45
  AVERAGE         76                        63     13       62

PRECIPITATION (IN)
  TODAY            0.00          1.40 1901   0.09  -0.09     0.00
  MONTH TO DATE    1.70                      1.96  -0.26     3.26
  SINCE MAR 1      1.70                      1.96  -0.26     3.26
  SINCE JAN 1      7.92                      6.20   1.72     4.94

SNOWFALL (IN)
  TODAY            0.0
  MONTH TO DATE    0.0
  SINCE MAR 1      0.0
  SINCE JUL 1      0.0
  SNOW DEPTH       0

DEGREE DAYS
 HEATING
  TODAY            0                         4     -4        3
  MONTH TO DATE   53                       131    -78       47
  SINCE MAR 1     53                       131    -78       47
  SINCE JUL 1    831                      1468   -637     1044

 COOLING
  TODAY           11                         2      9        0
  MONTH TO DATE   99                        34     65       82
  SINCE MAR 1     99                        34     65       82
  SINCE JAN 1    216                        61    155      121
..................................................................


WIND (MPH)
  HIGHEST WIND SPEED    12   HIGHEST WIND DIRECTION    SE (150)
  HIGHEST GUST SPEED    21   HIGHEST GUST DIRECTION    SE (150)
  AVERAGE WIND SPEED     7.1


SKY COVER
  AVERAGE SKY COVER 0.8


WEATHER CONDITIONS
 THE FOLLOWING WEATHER WAS RECORDED TODAY.
  NO SIGNIFICANT WEATHER WAS OBSERVED.


RELATIVE HUMIDITY (PERCENT)
 HIGHEST    87           100 AM
 LOWEST     47           400 PM
 AVERAGE    67

..........................................................


THE AUSTIN CAMP MABRY CLIMATE NORMALS FOR TOMORROW
                         NORMAL    RECORD    YEAR
 MAXIMUM TEMPERATURE (F)   74        92      1995
                                             1929
 MINIMUM TEMPERATURE (F)   53        31      1968


SUNRISE AND SUNSET
MARCH 22 2017.........SUNRISE   732 AM CDT   SUNSET   744 PM CDT
MARCH 23 2017.........SUNRISE   731 AM CDT   SUNSET   744 PM CDT


-  INDICATES NEGATIVE NUMBERS.
R  INDICATES RECORD WAS SET OR TIED.
MM INDICATES DATA IS MISSING.
T  INDICATES TRACE AMOUNT.




$$
