000
CDUS44 KEWX 220727
CLIATT


CLIMATE REPORT
NATIONAL WEATHER SERVICE AUSTIN/SAN ANTONIO, TX
126 AM CST SUN JAN 22 2017


...................................

...THE AUSTIN CAMP MABRY CLIMATE SUMMARY FOR JANUARY 21 2017...

CLIMATE NORMAL PERIOD 1981 TO 2010
CLIMATE RECORD PERIOD 1897 TO 2017


WEATHER ITEM   OBSERVED TIME   RECORD YEAR NORMAL DEPARTURE LAST
                VALUE   (LST)  VALUE       VALUE  FROM      YEAR
                                                  NORMAL
..................................................................
TEMPERATURE (F)
 YESTERDAY
  MAXIMUM         81    257 PM  82    2003  62     19       64
                                      1969
  MINIMUM         48    315 AM  17    1985  42      6       43
                                      1924
  AVERAGE         65                        52     13

PRECIPITATION (IN)
  YESTERDAY        0.02          3.42 1965   0.08  -0.06     0.01
  MONTH TO DATE    4.13                      1.52   2.61     0.34
  SINCE DEC 1      6.67                      3.92   2.75     3.34
  SINCE JAN 1      4.13                      1.52   2.61     0.34

SNOWFALL (IN)
  YESTERDAY       MM
  MONTH TO DATE    0.0
  SINCE DEC 1      0.0
  SINCE JUL 1      0.0
  SNOW DEPTH       0

DEGREE DAYS
 HEATING
  YESTERDAY        0                        14    -14       11
  MONTH TO DATE  197                       294    -97      299
  SINCE DEC 1    538                       694   -156      558
  SINCE JUL 1    598                       906   -308      718

 COOLING
  YESTERDAY        0                         0      0        0
  MONTH TO DATE   20                         0     20        0
  SINCE DEC 1     60                        13     47       20
  SINCE JAN 1     20                         0     20        0
..................................................................


WIND (MPH)
  HIGHEST WIND SPEED    21   HIGHEST WIND DIRECTION     W (290)
  HIGHEST GUST SPEED    38   HIGHEST GUST DIRECTION    NW (300)
  AVERAGE WIND SPEED     5.8


SKY COVER
  AVERAGE SKY COVER 0.5


WEATHER CONDITIONS
 THE FOLLOWING WEATHER WAS RECORDED YESTERDAY.
  FOG
  FOG W/VISIBILITY <= 1/4 MILE


RELATIVE HUMIDITY (PERCENT)
 HIGHEST   100           700 AM
 LOWEST     23           400 PM
 AVERAGE    62

..........................................................


THE AUSTIN CAMP MABRY CLIMATE NORMALS FOR TODAY
                         NORMAL    RECORD    YEAR
 MAXIMUM TEMPERATURE (F)   62        84      1969
 MINIMUM TEMPERATURE (F)   42        14      1930


SUNRISE AND SUNSET
JANUARY 22 2017.......SUNRISE   726 AM CST   SUNSET   559 PM CST
JANUARY 23 2017.......SUNRISE   726 AM CST   SUNSET   600 PM CST


-  INDICATES NEGATIVE NUMBERS.
R  INDICATES RECORD WAS SET OR TIED.
MM INDICATES DATA IS MISSING.
T  INDICATES TRACE AMOUNT.




$$
