000
CDUS44 KEWX 280727
CLIATT


CLIMATE REPORT
NATIONAL WEATHER SERVICE AUSTIN/SAN ANTONIO, TX
225 AM CDT SAT MAR 28 2015


...................................

...THE AUSTIN CAMP MABRY CLIMATE SUMMARY FOR MARCH 27 2015...

CLIMATE NORMAL PERIOD 1981 TO 2010
CLIMATE RECORD PERIOD 1897 TO 2015


WEATHER ITEM   OBSERVED TIME   RECORD YEAR NORMAL DEPARTURE LAST
                VALUE   (LST)  VALUE       VALUE  FROM      YEAR
                                                  NORMAL
..................................................................
TEMPERATURE (F)
 YESTERDAY
  MAXIMUM         82    412 PM  96    1984  75      7       82
  MINIMUM         46    634 AM  31    1955  54     -8       61
  AVERAGE         64                        64      0

PRECIPITATION (IN)
  YESTERDAY        0.00          2.69 1980   0.08  -0.08     0.01
  MONTH TO DATE    4.83                      2.43   2.40     1.27
  SINCE MAR 1      4.83                      2.43   2.40     1.27
  SINCE JAN 1     10.35                      6.67   3.68     2.10

SNOWFALL (IN)
  YESTERDAY        0.0
  MONTH TO DATE    T
  SINCE MAR 1      T
  SINCE JUL 1      T
  SNOW DEPTH       0

DEGREE DAYS
 HEATING
  YESTERDAY        1                         3     -2        0
  MONTH TO DATE  203                       149     54      222
  SINCE MAR 1    203                       149     54      222
  SINCE JUL 1   1686                      1486    200     1718

 COOLING
  YESTERDAY        0                         3     -3        7
  MONTH TO DATE   39                        47     -8       24
  SINCE MAR 1     39                        47     -8       24
  SINCE JAN 1     50                        74    -24       65
..................................................................


WIND (MPH)
  HIGHEST WIND SPEED    13   HIGHEST WIND DIRECTION     W (290)
  HIGHEST GUST SPEED    19   HIGHEST GUST DIRECTION    NW (320)
  AVERAGE WIND SPEED     3.7


SKY COVER
  AVERAGE SKY COVER 0.0


WEATHER CONDITIONS
 THE FOLLOWING WEATHER WAS RECORDED YESTERDAY.
  NO SIGNIFICANT WEATHER WAS OBSERVED.


RELATIVE HUMIDITY (PERCENT)
 HIGHEST    71           400 AM
 LOWEST     16           100 PM
 AVERAGE    44

..........................................................


THE AUSTIN CAMP MABRY CLIMATE NORMALS FOR TODAY
                         NORMAL    RECORD    YEAR
 MAXIMUM TEMPERATURE (F)   75        98      1971
 MINIMUM TEMPERATURE (F)   54        27      1955


SUNRISE AND SUNSET
MARCH 28 2015.........SUNRISE   725 AM CDT   SUNSET   747 PM CDT
MARCH 29 2015.........SUNRISE   724 AM CDT   SUNSET   748 PM CDT


-  INDICATES NEGATIVE NUMBERS.
R  INDICATES RECORD WAS SET OR TIED.
MM INDICATES DATA IS MISSING.
T  INDICATES TRACE AMOUNT.




$$
