000
CDUS43 KABR 231035
CLIATY


CLIMATE REPORT
NATIONAL WEATHER SERVICE ABERDEEN SD
535 AM CDT TUE MAY 23 2017


...................................

...THE WATERTOWN SD CLIMATE SUMMARY FOR MAY 22 2017...

CLIMATE NORMAL PERIOD 1981 TO 2010
CLIMATE RECORD PERIOD 1898 TO 2017


WEATHER ITEM   OBSERVED TIME   RECORD YEAR NORMAL DEPARTURE LAST
                VALUE   (LST)  VALUE       VALUE  FROM      YEAR
                                                  NORMAL
..................................................................
TEMPERATURE (F)
 YESTERDAY
  MAXIMUM         62   1139 AM  92    1964  69     -7       83
  MINIMUM         34    519 AM  22    1931  47    -13       52
  AVERAGE         48                        58    -10       68

PRECIPITATION (IN)
  YESTERDAY        0.01          2.48 1972   0.09  -0.08     0.00
  MONTH TO DATE    1.95                      1.80   0.15     0.74
  SINCE MAR 1      4.02                      4.93  -0.91     3.26
  SINCE JAN 1      4.80                      6.01  -1.21     4.29

DEGREE DAYS
 HEATING
  YESTERDAY       17                         8      9        0
  MONTH TO DATE  223                       237    -14      209
  SINCE MAR 1   1930                      1977    -47     1560
  SINCE JUL 1   7531                      8388   -857     6879

 COOLING
  YESTERDAY        0                         1     -1        3
  MONTH TO DATE   11                        11      0       11
  SINCE MAR 1     11                        13     -2       11
  SINCE JAN 1     11                        13     -2       11
..................................................................


WIND (MPH)
  HIGHEST WIND SPEED    21   HIGHEST WIND DIRECTION    NW (330)
  HIGHEST GUST SPEED    26   HIGHEST GUST DIRECTION     N (350)
  AVERAGE WIND SPEED     8.6


SKY COVER
  POSSIBLE SUNSHINE  MM
  AVERAGE SKY COVER 0.5


WEATHER CONDITIONS
 THE FOLLOWING WEATHER WAS RECORDED YESTERDAY.
  LIGHT RAIN
  FOG


RELATIVE HUMIDITY (PERCENT)
 HIGHEST   100           500 AM
 LOWEST     46          1200 PM
 AVERAGE    73

..........................................................


THE WATERTOWN SD CLIMATE NORMALS FOR TODAY
                         NORMAL    RECORD    YEAR
 MAXIMUM TEMPERATURE (F)   69        92      1950
 MINIMUM TEMPERATURE (F)   47        30      1917


SUNRISE AND SUNSET
MAY 23 2017...........SUNRISE   552 AM CDT   SUNSET   900 PM CDT
MAY 24 2017...........SUNRISE   551 AM CDT   SUNSET   901 PM CDT


-  INDICATES NEGATIVE NUMBERS.
R  INDICATES RECORD WAS SET OR TIED.
MM INDICATES DATA IS MISSING.
T  INDICATES TRACE AMOUNT.




$$
