000
CDUS43 KABR 031030
CLIATY


CLIMATE REPORT
NATIONAL WEATHER SERVICE ABERDEEN SD
529 AM CDT THU SEP 3 2015


...................................

...THE WATERTOWN SD CLIMATE SUMMARY FOR SEPTEMBER 2 2015...

CLIMATE NORMAL PERIOD 1981 TO 2010
CLIMATE RECORD PERIOD 1898 TO 2015


WEATHER ITEM   OBSERVED TIME   RECORD YEAR NORMAL DEPARTURE LAST
                VALUE   (LST)  VALUE       VALUE  FROM      YEAR
                                                  NORMAL
..................................................................
TEMPERATURE (F)
 YESTERDAY
  MAXIMUM         89    220 PM  98    1929  76     13       76
  MINIMUM         65    522 AM  36    1974  53     12       49
  AVERAGE         77                        65     12       63

PRECIPITATION (IN)
  YESTERDAY        0.00          1.37 1900   0.09  -0.09     0.00
  MONTH TO DATE    0.00                      0.19  -0.19      T
  SINCE SEP 1      0.00                      0.19  -0.19      T
  SINCE JAN 1     17.94                     16.42   1.52    13.62

DEGREE DAYS
 HEATING
  YESTERDAY        0                         3     -3        2
  MONTH TO DATE    0                         6     -6        2
  SINCE SEP 1      0                         6     -6        2
  SINCE JUL 1     62                        63     -1       56

 COOLING
  YESTERDAY       12                         3      9        0
  MONTH TO DATE   20                         6     14        2
  SINCE SEP 1     20                         6     14        2
  SINCE JAN 1    497                       480     17      335
..................................................................


WIND (MPH)
  HIGHEST WIND SPEED    17   HIGHEST WIND DIRECTION     S (160)
  HIGHEST GUST SPEED    22   HIGHEST GUST DIRECTION     S (160)
  AVERAGE WIND SPEED     9.9


SKY COVER
  POSSIBLE SUNSHINE  MM
  AVERAGE SKY COVER 0.0


WEATHER CONDITIONS
 THE FOLLOWING WEATHER WAS RECORDED YESTERDAY.
  FOG


RELATIVE HUMIDITY (PERCENT)
 HIGHEST    93           400 AM
 LOWEST     59           200 PM
 AVERAGE    76

..........................................................


THE WATERTOWN SD CLIMATE NORMALS FOR TODAY
                         NORMAL    RECORD    YEAR
 MAXIMUM TEMPERATURE (F)   76        97      1925
 MINIMUM TEMPERATURE (F)   53        30      1974


SUNRISE AND SUNSET
SEPTEMBER  3 2015.....SUNRISE   653 AM CDT   SUNSET   802 PM CDT
SEPTEMBER  4 2015.....SUNRISE   654 AM CDT   SUNSET   800 PM CDT


-  INDICATES NEGATIVE NUMBERS.
R  INDICATES RECORD WAS SET OR TIED.
MM INDICATES DATA IS MISSING.
T  INDICATES TRACE AMOUNT.




$$
