000
CDUS43 KABR 261030
CLIATY


CLIMATE REPORT
NATIONAL WEATHER SERVICE ABERDEEN SD
530 AM CDT TUE MAY 26 2015


...................................

...THE WATERTOWN SD CLIMATE SUMMARY FOR MAY 25 2015...

CLIMATE NORMAL PERIOD 1981 TO 2010
CLIMATE RECORD PERIOD 1898 TO 2015


WEATHER ITEM   OBSERVED TIME   RECORD YEAR NORMAL DEPARTURE LAST
                VALUE   (LST)  VALUE       VALUE  FROM      YEAR
                                                  NORMAL
..................................................................
TEMPERATURE (F)
 YESTERDAY
  MAXIMUM         61    631 PM  92    1926  70     -9       80
  MINIMUM         50   1107 PM  28    1925  48      2       54
  AVERAGE         56                        59     -3       67

PRECIPITATION (IN)
  YESTERDAY        0.26          1.05 1957   0.09   0.17     0.04
  MONTH TO DATE    3.75                      2.07   1.68     1.35
  SINCE MAR 1      4.49                      5.20  -0.71     3.91
  SINCE JAN 1      5.14                      6.28  -1.14     4.34

DEGREE DAYS
 HEATING
  YESTERDAY        9                         7      2        0
  MONTH TO DATE  272                       258     14      330
  SINCE MAR 1   1754                      1998   -244     2307
  SINCE JUL 1   8146                      8409   -263     9273

 COOLING
  YESTERDAY        0                         1     -1        2
  MONTH TO DATE    0                        14    -14        7
  SINCE MAR 1      0                        16    -16        7
  SINCE JAN 1      0                        16    -16        7
..................................................................


WIND (MPH)
  HIGHEST WIND SPEED    21   HIGHEST WIND DIRECTION    NE (30)
  HIGHEST GUST SPEED    26   HIGHEST GUST DIRECTION    NE (30)
  AVERAGE WIND SPEED     9.6


SKY COVER
  POSSIBLE SUNSHINE  MM
  AVERAGE SKY COVER 0.9


WEATHER CONDITIONS
 THE FOLLOWING WEATHER WAS RECORDED YESTERDAY.
  RAIN
  LIGHT RAIN
  FOG


RELATIVE HUMIDITY (PERCENT)
 HIGHEST   100           200 AM
 LOWEST     75           700 PM
 AVERAGE    88

..........................................................


THE WATERTOWN SD CLIMATE NORMALS FOR TODAY
                         NORMAL    RECORD    YEAR
 MAXIMUM TEMPERATURE (F)   70        91      1911
 MINIMUM TEMPERATURE (F)   48        30      1961
                                             1971


SUNRISE AND SUNSET
MAY 26 2015...........SUNRISE   550 AM CDT   SUNSET   902 PM CDT
MAY 27 2015...........SUNRISE   549 AM CDT   SUNSET   903 PM CDT


-  INDICATES NEGATIVE NUMBERS.
R  INDICATES RECORD WAS SET OR TIED.
MM INDICATES DATA IS MISSING.
T  INDICATES TRACE AMOUNT.




$$
