000
CDUS43 KABR 282230
CLIATY


CLIMATE REPORT
NATIONAL WEATHER SERVICE ABERDEEN SD
527 PM CDT MON JUL 28 2014


...................................

...THE WATERTOWN SD CLIMATE SUMMARY FOR JULY 28 2014...
VALID TODAY AS OF 0500 PM LOCAL TIME.

CLIMATE NORMAL PERIOD 1981 TO 2010
CLIMATE RECORD PERIOD 1898 TO 2014


WEATHER ITEM   OBSERVED TIME   RECORD YEAR NORMAL DEPARTURE LAST
                VALUE   (LST)  VALUE       VALUE  FROM      YEAR
                                                  NORMAL
..................................................................
TEMPERATURE (F)
 TODAY
  MAXIMUM         74    254 PM 105    1933  83     -9       72
  MINIMUM         53   1223 AM  41    1928  60     -7       42
  AVERAGE         64                        71     -7       57

PRECIPITATION (IN)
  TODAY            0.00          2.45 1953   0.09  -0.09     0.00
  MONTH TO DATE    1.25                      2.72  -1.47     2.61
  SINCE JUN 1      5.85                      6.30  -0.45     8.12
  SINCE JAN 1     10.72                     13.15  -2.43    16.11

SNOWFALL (IN)
  TODAY            0.0
  MONTH TO DATE    0.0
  SINCE OCT 1     28.2
  SINCE JUL 1      0.0
  SNOW DEPTH       0

DEGREE DAYS
 HEATING
  TODAY            1                         1      0        8
  MONTH TO DATE   32                        15     17       27
  SINCE JUN 1     95                        93      2      115
  SINCE JUL 1     32                        15     17       27

 COOLING
  TODAY            0                         7     -7        0
  MONTH TO DATE  119                       189    -70      192
  SINCE JUN 1    180                       285   -105      281
  SINCE JAN 1    221                       307    -86      303
..................................................................


WIND (MPH)
  HIGHEST WIND SPEED    17   HIGHEST WIND DIRECTION     N (350)
  HIGHEST GUST SPEED    22   HIGHEST GUST DIRECTION     N (350)
  AVERAGE WIND SPEED     9.8


SKY COVER
  POSSIBLE SUNSHINE  MM
  AVERAGE SKY COVER 0.9


WEATHER CONDITIONS
 THE FOLLOWING WEATHER WAS RECORDED TODAY.
  NO SIGNIFICANT WEATHER WAS OBSERVED.


RELATIVE HUMIDITY (PERCENT)
 HIGHEST    93          1200 AM
 LOWEST     41           300 PM
 AVERAGE    67

..........................................................


THE WATERTOWN SD CLIMATE NORMALS FOR TOMORROW
                         NORMAL    RECORD    YEAR
 MAXIMUM TEMPERATURE (F)   82       107      1933
 MINIMUM TEMPERATURE (F)   60        44      1925


SUNRISE AND SUNSET
JULY 28 2014..........SUNRISE   610 AM CDT   SUNSET   900 PM CDT
JULY 29 2014..........SUNRISE   611 AM CDT   SUNSET   859 PM CDT


-  INDICATES NEGATIVE NUMBERS.
R  INDICATES RECORD WAS SET OR TIED.
MM INDICATES DATA IS MISSING.
T  INDICATES TRACE AMOUNT.




$$
