000
CDUS43 KABR 031039
CLIATY


CLIMATE REPORT
NATIONAL WEATHER SERVICE ABERDEEN SD
438 AM CST TUE MAR 3 2015


...................................

...THE WATERTOWN SD CLIMATE SUMMARY FOR MARCH 2 2015...

CLIMATE NORMAL PERIOD 1981 TO 2010
CLIMATE RECORD PERIOD 1898 TO 2015


WEATHER ITEM   OBSERVED TIME   RECORD YEAR NORMAL DEPARTURE LAST
                VALUE   (LST)  VALUE       VALUE  FROM      YEAR
                                                  NORMAL
..................................................................
TEMPERATURE (F)
 YESTERDAY
  MAXIMUM         28    354 PM  63    1905  33     -5        4
  MINIMUM         -4    535 AM -23    1913  14    -18      -18
  AVERAGE         12                        23    -11       -7

PRECIPITATION (IN)
  YESTERDAY        0.00          0.30 1965   0.03  -0.03     0.00
  MONTH TO DATE    T                         0.06  -0.06     0.01
  SINCE MAR 1      T                         0.06  -0.06     0.01
  SINCE JAN 1      0.65                      1.14  -0.49     0.44

SNOWFALL (IN)
  YESTERDAY        0.0
  MONTH TO DATE    T
  SINCE OCT 1     20.9
  SINCE JUL 1     20.9
  SNOW DEPTH       1

DEGREE DAYS
 HEATING
  YESTERDAY       53                        42     11       72
  MONTH TO DATE  104                        84     20      144
  SINCE MAR 1    104                        84     20      144
  SINCE JUL 1   6496                      6495      1     7110

 COOLING
  YESTERDAY        0                         0      0        0
  MONTH TO DATE    0                         0      0        0
  SINCE MAR 1      0                         0      0        0
  SINCE JAN 1      0                         0      0        0
..................................................................


WIND (MPH)
  HIGHEST WIND SPEED    29   HIGHEST WIND DIRECTION     S (170)
  HIGHEST GUST SPEED    35   HIGHEST GUST DIRECTION     S (160)
  AVERAGE WIND SPEED    14.0


SKY COVER
  POSSIBLE SUNSHINE  MM
  AVERAGE SKY COVER 0.5


WEATHER CONDITIONS
 THE FOLLOWING WEATHER WAS RECORDED YESTERDAY.
  FOG


RELATIVE HUMIDITY (PERCENT)
 HIGHEST    95           800 AM
 LOWEST     63           400 PM
 AVERAGE    79

..........................................................


THE WATERTOWN SD CLIMATE NORMALS FOR TODAY
                         NORMAL    RECORD    YEAR
 MAXIMUM TEMPERATURE (F)   33        62      2000
 MINIMUM TEMPERATURE (F)   15       -20      1916


SUNRISE AND SUNSET
MARCH  3 2015.........SUNRISE   703 AM CST   SUNSET   619 PM CST
MARCH  4 2015.........SUNRISE   701 AM CST   SUNSET   620 PM CST


-  INDICATES NEGATIVE NUMBERS.
R  INDICATES RECORD WAS SET OR TIED.
MM INDICATES DATA IS MISSING.
T  INDICATES TRACE AMOUNT.




$$
