000
CDUS43 KABR 300902
CLIATY


CLIMATE REPORT
NATIONAL WEATHER SERVICE ABERDEEN SD
401 AM CDT SAT AUG 30 2014


...................................

...THE WATERTOWN SD CLIMATE SUMMARY FOR AUGUST 29 2014...

CLIMATE NORMAL PERIOD 1981 TO 2010
CLIMATE RECORD PERIOD 1898 TO 2014


WEATHER ITEM   OBSERVED TIME   RECORD YEAR NORMAL DEPARTURE LAST
                VALUE   (LST)  VALUE       VALUE  FROM      YEAR
                                                  NORMAL
..................................................................
TEMPERATURE (F)
 YESTERDAY
  MAXIMUM         78    326 PM  97    1961  77      1       93
                                      1961
  MINIMUM         63   1159 PM  35    1911  55      8       71
  AVERAGE         71                        66      5       82

PRECIPITATION (IN)
  YESTERDAY        T             2.03 1928   0.08  -0.08      T
  MONTH TO DATE    2.90                      2.61   0.29     0.53
  SINCE JUN 1      8.75                      9.21  -0.46     8.83
  SINCE JAN 1     13.62                     16.06  -2.44    16.82

DEGREE DAYS
 HEATING
  YESTERDAY        0                         2     -2        0
  MONTH TO DATE   19                        36    -17       19
  SINCE JUN 1    117                       131    -14      139
  SINCE JUL 1     54                        53      1       51

 COOLING
  YESTERDAY        6                         3      3       17
  MONTH TO DATE  106                       143    -37      184
  SINCE JUN 1    288                       445   -157      470
  SINCE JAN 1    329                       467   -138      492
..................................................................


WIND (MPH)
  HIGHEST WIND SPEED    18   HIGHEST WIND DIRECTION    NW (330)
  HIGHEST GUST SPEED    22   HIGHEST GUST DIRECTION    NW (320)
  AVERAGE WIND SPEED     6.4


SKY COVER
  POSSIBLE SUNSHINE  MM
  AVERAGE SKY COVER 0.8


WEATHER CONDITIONS
 THE FOLLOWING WEATHER WAS RECORDED YESTERDAY.
  FOG
  FOG W/VISIBILITY <= 1/4 MILE


RELATIVE HUMIDITY (PERCENT)
 HIGHEST   100          1200 AM
 LOWEST     64           500 PM
 AVERAGE    82

..........................................................


THE WATERTOWN SD CLIMATE NORMALS FOR TODAY
                         NORMAL    RECORD    YEAR
 MAXIMUM TEMPERATURE (F)   77        95      1930
 MINIMUM TEMPERATURE (F)   54        36      1915


SUNRISE AND SUNSET
AUGUST 30 2014........SUNRISE   648 AM CDT   SUNSET   809 PM CDT
AUGUST 31 2014........SUNRISE   650 AM CDT   SUNSET   807 PM CDT


-  INDICATES NEGATIVE NUMBERS.
R  INDICATES RECORD WAS SET OR TIED.
MM INDICATES DATA IS MISSING.
T  INDICATES TRACE AMOUNT.




$$
