000
CDUS43 KABR 201030
CLIATY


CLIMATE REPORT
NATIONAL WEATHER SERVICE ABERDEEN SD
430 AM CST MON NOV 20 2017


...................................

...THE WATERTOWN SD CLIMATE SUMMARY FOR NOVEMBER 19 2017...

CLIMATE NORMAL PERIOD 1981 TO 2010
CLIMATE RECORD PERIOD 1898 TO 2017


WEATHER ITEM   OBSERVED TIME   RECORD YEAR NORMAL DEPARTURE LAST
                VALUE   (LST)  VALUE       VALUE  FROM      YEAR
                                                  NORMAL
..................................................................
TEMPERATURE (F)
 YESTERDAY
  MAXIMUM         48    149 PM  65    1924  37     11       27
  MINIMUM         16    316 AM  -9    1914  19     -3       17
  AVERAGE         32                        28      4       22

PRECIPITATION (IN)
  YESTERDAY        0.00          0.73 1983   0.03  -0.03     0.00
  MONTH TO DATE    0.08                      0.53  -0.45     0.46
  SINCE SEP 1      7.66                      5.09   2.57     4.73
  SINCE JAN 1     22.87                     21.32   1.55    21.37

SNOWFALL (IN)
  YESTERDAY        0.0
  MONTH TO DATE    1.9
  SINCE OCT 1      1.9
  SINCE JUL 1      1.9
  SNOW DEPTH       0

DEGREE DAYS
 HEATING
  YESTERDAY       33                        37     -4       43
  MONTH TO DATE  685                       607     78      386
  SINCE SEP 1   1410                      1434    -24      977
  SINCE JUL 1   1438                      1491    -53     1003

 COOLING
  YESTERDAY        0                         0      0        0
  MONTH TO DATE    0                         0      0        0
  SINCE SEP 1     65                        41     24       36
  SINCE JAN 1    440                       515    -75      721
..................................................................


WIND (MPH)
  HIGHEST WIND SPEED    22   HIGHEST WIND DIRECTION    SW (230)
  HIGHEST GUST SPEED    26   HIGHEST GUST DIRECTION    SW (220)
  AVERAGE WIND SPEED    10.0


SKY COVER
  POSSIBLE SUNSHINE  MM
  AVERAGE SKY COVER 0.0


WEATHER CONDITIONS
 THE FOLLOWING WEATHER WAS RECORDED YESTERDAY.
  NO SIGNIFICANT WEATHER WAS OBSERVED.


RELATIVE HUMIDITY (PERCENT)
 HIGHEST    96           800 AM
 LOWEST     42           100 PM
 AVERAGE    69

..........................................................


THE WATERTOWN SD CLIMATE NORMALS FOR TODAY
                         NORMAL    RECORD    YEAR
 MAXIMUM TEMPERATURE (F)   36        64      1962
 MINIMUM TEMPERATURE (F)   18       -13      1921


SUNRISE AND SUNSET
NOVEMBER 20 2017......SUNRISE   733 AM CST   SUNSET   455 PM CST
NOVEMBER 21 2017......SUNRISE   734 AM CST   SUNSET   454 PM CST


-  INDICATES NEGATIVE NUMBERS.
R  INDICATES RECORD WAS SET OR TIED.
MM INDICATES DATA IS MISSING.
T  INDICATES TRACE AMOUNT.




$$
