000
CDUS43 KABR 162332
CLIATY


CLIMATE REPORT
NATIONAL WEATHER SERVICE ABERDEEN SD
531 PM CST TUE JAN 16 2018


...................................

...THE WATERTOWN SD CLIMATE SUMMARY FOR JANUARY 16 2018...
VALID TODAY AS OF 0500 PM LOCAL TIME.

CLIMATE NORMAL PERIOD 1981 TO 2010
CLIMATE RECORD PERIOD 1898 TO 2018


WEATHER ITEM   OBSERVED TIME   RECORD YEAR NORMAL DEPARTURE LAST
                VALUE   (LST)  VALUE       VALUE  FROM      YEAR
                                                  NORMAL
..................................................................
TEMPERATURE (F)
 TODAY
  MAXIMUM          9    232 PM  45    1974  22    -13       26
  MINIMUM        -13    731 AM -26    1977   3    -16        2
  AVERAGE         -2                        12    -14       14

PRECIPITATION (IN)
  TODAY            0.00          0.40 1911   0.02  -0.02     0.00
  MONTH TO DATE    0.04                      0.27  -0.23     0.57
  SINCE DEC 1      0.29                      0.80  -0.51     1.82
  SINCE JAN 1      0.04                      0.27  -0.23     0.57

SNOWFALL (IN)
  TODAY            0.0
  MONTH TO DATE    0.8
  SINCE OCT 1      7.2
  SINCE JUL 1      7.2
  SNOW DEPTH       2

DEGREE DAYS
 HEATING
  TODAY           67                        53     14       51
  MONTH TO DATE  946                       841    105      993
  SINCE DEC 1   2399                      2360     39     2588
  SINCE JUL 1   4164                      4300   -136     3959

 COOLING
  TODAY            0                         0      0        0
  MONTH TO DATE    0                         0      0        0
  SINCE DEC 1      0                         0      0        0
  SINCE JAN 1      0                         0      0        0
..................................................................


WIND (MPH)
  HIGHEST WIND SPEED    21   HIGHEST WIND DIRECTION    NW (330)
  HIGHEST GUST SPEED    24   HIGHEST GUST DIRECTION     N (340)
  AVERAGE WIND SPEED    10.0


SKY COVER
  POSSIBLE SUNSHINE  MM
  AVERAGE SKY COVER 0.4


WEATHER CONDITIONS
 THE FOLLOWING WEATHER WAS RECORDED TODAY.
  NO SIGNIFICANT WEATHER WAS OBSERVED.


RELATIVE HUMIDITY (PERCENT)
 HIGHEST    86           600 AM
 LOWEST     73           300 PM
 AVERAGE    80

..........................................................


THE WATERTOWN SD CLIMATE NORMALS FOR TOMORROW
                         NORMAL    RECORD    YEAR
 MAXIMUM TEMPERATURE (F)   22        50      1913
 MINIMUM TEMPERATURE (F)    3       -33      1943


SUNRISE AND SUNSET
JANUARY 16 2018.......SUNRISE   802 AM CST   SUNSET   515 PM CST
JANUARY 17 2018.......SUNRISE   802 AM CST   SUNSET   516 PM CST


-  INDICATES NEGATIVE NUMBERS.
R  INDICATES RECORD WAS SET OR TIED.
MM INDICATES DATA IS MISSING.
T  INDICATES TRACE AMOUNT.




$$
