996
CDUS43 KABR 242338
CLIATY


CLIMATE REPORT
NATIONAL WEATHER SERVICE ABERDEEN SD
537 PM CST TUE JAN 24 2017


...................................

...THE WATERTOWN SD CLIMATE SUMMARY FOR JANUARY 24 2017...
VALID TODAY AS OF 0500 PM LOCAL TIME.

CLIMATE NORMAL PERIOD 1981 TO 2010
CLIMATE RECORD PERIOD 1898 TO 2017


WEATHER ITEM   OBSERVED TIME   RECORD YEAR NORMAL DEPARTURE LAST
                VALUE   (LST)  VALUE       VALUE  FROM      YEAR
                                                  NORMAL
..................................................................
TEMPERATURE (F)
 TODAY
  MAXIMUM         29    459 PM  65    1981  23      6       30
  MINIMUM         27    751 AM -36    1904   3     24       13
  AVERAGE         28                        13     15       22

PRECIPITATION (IN)
  TODAY            0.00          0.14 1969   0.01  -0.01     0.00
  MONTH TO DATE    0.58                      0.40   0.18     0.21
  SINCE DEC 1      1.83                      0.93   0.90     0.53
  SINCE JAN 1      0.58                      0.40   0.18     0.21

SNOWFALL (IN)
  TODAY            0.0
  MONTH TO DATE    9.0
  SINCE OCT 1     26.7
  SINCE JUL 1     26.7
  SNOW DEPTH       7

DEGREE DAYS
 HEATING
  TODAY           37                        52    -15       43
  MONTH TO DATE 1292                      1262     30     1250
  SINCE DEC 1   2887                      2781    106     2515
  SINCE JUL 1   4258                      4721   -463     3874

 COOLING
  TODAY            0                         0      0        0
  MONTH TO DATE    0                         0      0        0
  SINCE DEC 1      0                         0      0        0
  SINCE JAN 1      0                         0      0        0
..................................................................


WIND (MPH)
  HIGHEST WIND SPEED    17   HIGHEST WIND DIRECTION     E (70)
  HIGHEST GUST SPEED    21   HIGHEST GUST DIRECTION     E (70)
  AVERAGE WIND SPEED     9.1


SKY COVER
  POSSIBLE SUNSHINE  MM
  AVERAGE SKY COVER 1.0


WEATHER CONDITIONS
 THE FOLLOWING WEATHER WAS RECORDED TODAY.
  FOG


RELATIVE HUMIDITY (PERCENT)
 HIGHEST    92          1200 AM
 LOWEST     85           100 PM
 AVERAGE    89

..........................................................


THE WATERTOWN SD CLIMATE NORMALS FOR TOMORROW
                         NORMAL    RECORD    YEAR
 MAXIMUM TEMPERATURE (F)   23        50      1944
 MINIMUM TEMPERATURE (F)    3       -33      1904


SUNRISE AND SUNSET
JANUARY 24 2017.......SUNRISE   756 AM CST   SUNSET   526 PM CST
JANUARY 25 2017.......SUNRISE   755 AM CST   SUNSET   527 PM CST


-  INDICATES NEGATIVE NUMBERS.
R  INDICATES RECORD WAS SET OR TIED.
MM INDICATES DATA IS MISSING.
T  INDICATES TRACE AMOUNT.




$$
