000
CDUS43 KABR 032243
CLIATY


CLIMATE REPORT
NATIONAL WEATHER SERVICE ABERDEEN SD
542 PM CDT FRI JUL 3 2015


...................................

...THE WATERTOWN SD CLIMATE SUMMARY FOR JULY 3 2015...
VALID TODAY AS OF 0500 PM LOCAL TIME.

CLIMATE NORMAL PERIOD 1981 TO 2010
CLIMATE RECORD PERIOD 1898 TO 2015


WEATHER ITEM   OBSERVED TIME   RECORD YEAR NORMAL DEPARTURE LAST
                VALUE   (LST)  VALUE       VALUE  FROM      YEAR
                                                  NORMAL
..................................................................
TEMPERATURE (F)
 TODAY
  MAXIMUM         81    359 PM 100    1929  82     -1       76
  MINIMUM         54    503 AM  35    1917  59     -5       53
  AVERAGE         68                        70     -2       65

PRECIPITATION (IN)
  TODAY            0.00          3.40 1905   0.11  -0.11     0.00
  MONTH TO DATE    0.06                      0.31  -0.25     0.06
  SINCE JUN 1      2.99                      3.89  -0.90     4.66
  SINCE JAN 1      8.99                     10.74  -1.75     9.53

SNOWFALL (IN)
  TODAY            0.0
  MONTH TO DATE    0.0
  SINCE OCT 1     25.3
  SINCE JUL 1      0.0
  SNOW DEPTH       0

DEGREE DAYS
 HEATING
  TODAY            0                         1     -1        0
  MONTH TO DATE    0                         3     -3       11
  SINCE JUN 1     27                        81    -54       74
  SINCE JUL 1      0                         3     -3       11

 COOLING
  TODAY            3                         6     -3        0
  MONTH TO DATE    5                        18    -13        0
  SINCE JUN 1    102                       114    -12       61
  SINCE JAN 1    110                       136    -26      102
..................................................................


WIND (MPH)
  HIGHEST WIND SPEED    10   HIGHEST WIND DIRECTION    NW (300)
  HIGHEST GUST SPEED    14   HIGHEST GUST DIRECTION     W (270)
  AVERAGE WIND SPEED     4.8


SKY COVER
  POSSIBLE SUNSHINE  MM
  AVERAGE SKY COVER 0.2


WEATHER CONDITIONS
 THE FOLLOWING WEATHER WAS RECORDED TODAY.
  FOG
  HAZE


RELATIVE HUMIDITY (PERCENT)
 HIGHEST   100           500 AM
 LOWEST     58           200 PM
 AVERAGE    79

..........................................................


THE WATERTOWN SD CLIMATE NORMALS FOR TOMORROW
                         NORMAL    RECORD    YEAR
 MAXIMUM TEMPERATURE (F)   82       102      1988
 MINIMUM TEMPERATURE (F)   59        40      1967


SUNRISE AND SUNSET
JULY  3 2015..........SUNRISE   547 AM CDT   SUNSET   918 PM CDT
JULY  4 2015..........SUNRISE   548 AM CDT   SUNSET   918 PM CDT


-  INDICATES NEGATIVE NUMBERS.
R  INDICATES RECORD WAS SET OR TIED.
MM INDICATES DATA IS MISSING.
T  INDICATES TRACE AMOUNT.




$$
