000
CDUS44 KEWX 252247
CLIAUS


CLIMATE REPORT
NATIONAL WEATHER SERVICE AUSTIN/SAN ANTONIO, TX
547 PM CDT WED MAY 25 2016


...................................

...THE AUSTIN BERGSTROM CLIMATE SUMMARY FOR MAY 25 2016...
VALID TODAY AS OF 0547 PM LOCAL TIME.

CLIMATE NORMAL PERIOD 1981 TO 2010
CLIMATE RECORD PERIOD 1943 TO 2016


WEATHER ITEM   OBSERVED TIME   RECORD YEAR NORMAL DEPARTURE LAST
                VALUE   (LST)  VALUE       VALUE  FROM      YEAR
                                                  NORMAL
..................................................................
TEMPERATURE (F)
 TODAY
  MAXIMUM         86    430 PM 100    2011  89     -3       84
  MINIMUM         75    343 AM  58    1975  66      9       66
                                      1971
  AVERAGE         81                        78      3       75

PRECIPITATION (IN)
  TODAY            T             1.78 2015   0.11  -0.11     1.78
  MONTH TO DATE    5.63                      3.23   2.40    12.01
  SINCE MAR 1     15.92                      8.28   7.64    18.40
  SINCE JAN 1     18.10                     12.79   5.31    24.14

SNOWFALL (IN)
  TODAY            0.0
  MONTH TO DATE    0.0
  SINCE MAR 1      T
  SINCE JUL 1      T
  SNOW DEPTH       0

DEGREE DAYS
 HEATING
  TODAY            0                         0      0        0
  MONTH TO DATE    3                         0      3        0
  SINCE MAR 1    146                       285   -139      265
  SINCE JUL 1   1380                      1900   -520     1979

 COOLING
  TODAY           16                        13      3       10
  MONTH TO DATE  205                       241    -36      213
  SINCE MAR 1    411                       413     -2      419
  SINCE JAN 1    434                       429      5      421
..................................................................


WIND (MPH)
  HIGHEST WIND SPEED    17   HIGHEST WIND DIRECTION     S (170)
  HIGHEST GUST SPEED    24   HIGHEST GUST DIRECTION     S (170)
  AVERAGE WIND SPEED     9.5


SKY COVER
  AVERAGE SKY COVER 0.9


WEATHER CONDITIONS
 THE FOLLOWING WEATHER WAS RECORDED TODAY.
  FOG
  HAZE


RELATIVE HUMIDITY (PERCENT)
 HIGHEST    94           200 AM
 LOWEST     74          1100 AM
 AVERAGE    84

..........................................................


THE AUSTIN BERGSTROM CLIMATE NORMALS FOR TOMORROW
                         NORMAL    RECORD    YEAR
 MAXIMUM TEMPERATURE (F)   89        96      2006
                                             1963
 MINIMUM TEMPERATURE (F)   67        58      1947


SUNRISE AND SUNSET
MAY 25 2016...........SUNRISE   632 AM CDT   SUNSET   824 PM CDT
MAY 26 2016...........SUNRISE   631 AM CDT   SUNSET   825 PM CDT


-  INDICATES NEGATIVE NUMBERS.
R  INDICATES RECORD WAS SET OR TIED.
MM INDICATES DATA IS MISSING.
T  INDICATES TRACE AMOUNT.




$$
