000
CDUS44 KEWX 270716
CLIAUS


CLIMATE REPORT
NATIONAL WEATHER SERVICE AUSTIN/SAN ANTONIO, TX
211 AM CDT WED AUG 27 2014


...................................

...THE AUSTIN BERGSTROM CLIMATE SUMMARY FOR AUGUST 26 2014...

CLIMATE NORMAL PERIOD 1981 TO 2010
CLIMATE RECORD PERIOD 1943 TO 2014


WEATHER ITEM   OBSERVED TIME   RECORD YEAR NORMAL DEPARTURE LAST
                VALUE   (LST)  VALUE       VALUE  FROM      YEAR
                                                  NORMAL
..................................................................
TEMPERATURE (F)
 YESTERDAY
  MAXIMUM        100    344 PM 103    2009  95      5       90
                                      1985
  MINIMUM         71    607 AM  60    1961  70      1       73
  AVERAGE         86                        83      3       82

PRECIPITATION (IN)
  YESTERDAY        T             3.50 1947   0.06  -0.06     0.03
  MONTH TO DATE    T                         1.25  -1.25     1.65
  SINCE JUN 1      3.73                      8.27  -4.54     3.84
  SINCE JAN 1     15.55                     22.32  -6.77    19.22

SNOWFALL (IN)
  YESTERDAY        0.0
  MONTH TO DATE    0.0
  SINCE JUN 1      0.0
  SINCE JUL 1      0.0
  SNOW DEPTH       0

DEGREE DAYS
 HEATING
  YESTERDAY        0                         0      0        0
  MONTH TO DATE    0                         0      0        0
  SINCE JUN 1      0                         0      0        0
  SINCE JUL 1      0                         0      0        0

 COOLING
  YESTERDAY       21                        18      3       17
  MONTH TO DATE  544                       489     55      553
  SINCE JUN 1   1609                      1542     67     1727
  SINCE JAN 1   2064                      2049     15     2241
..................................................................


WIND (MPH)
  HIGHEST WIND SPEED    24   HIGHEST WIND DIRECTION    NE (30)
  HIGHEST GUST SPEED    32   HIGHEST GUST DIRECTION    NE (30)
  AVERAGE WIND SPEED     5.5


SKY COVER
  AVERAGE SKY COVER 0.6


WEATHER CONDITIONS
 THE FOLLOWING WEATHER WAS RECORDED YESTERDAY.
  THUNDERSTORM
  LIGHT RAIN


RELATIVE HUMIDITY (PERCENT)
 HIGHEST    84           400 AM
 LOWEST     35           200 PM
 AVERAGE    60

..........................................................


THE AUSTIN BERGSTROM CLIMATE NORMALS FOR TODAY
                         NORMAL    RECORD    YEAR
 MAXIMUM TEMPERATURE (F)   95       108      2011
 MINIMUM TEMPERATURE (F)   70        64      2010


SUNRISE AND SUNSET
AUGUST 27 2014........SUNRISE   705 AM CDT   SUNSET   759 PM CDT
AUGUST 28 2014........SUNRISE   705 AM CDT   SUNSET   758 PM CDT


-  INDICATES NEGATIVE NUMBERS.
R  INDICATES RECORD WAS SET OR TIED.
MM INDICATES DATA IS MISSING.
T  INDICATES TRACE AMOUNT.




$$
