000
CDUS44 KEWX 302300
CLIAUS


CLIMATE REPORT
NATIONAL WEATHER SERVICE AUSTIN/SAN ANTONIO, TX
559 PM CDT SAT MAY 30 2015


...................................

...THE AUSTIN BERGSTROM CLIMATE SUMMARY FOR MAY 30 2015...
VALID TODAY AS OF 559 PM LOCAL TIME.

CLIMATE NORMAL PERIOD 1981 TO 2010
CLIMATE RECORD PERIOD 1943 TO 2015


WEATHER ITEM   OBSERVED TIME   RECORD YEAR NORMAL DEPARTURE LAST
                VALUE   (LST)  VALUE       VALUE  FROM      YEAR
                                                  NORMAL
..................................................................
TEMPERATURE (F)
 TODAY
  MAXIMUM         87    141 PM 100    2003  90     -3       93
  MINIMUM         68    410 AM  53    1984  68      0       64
  AVERAGE         78                        79     -1       79

PRECIPITATION (IN)
  TODAY            0.08          5.04 1995   0.10  -0.02     0.00
  MONTH TO DATE   13.41                      2.57  10.84     7.89
  SINCE MAR 1     19.80                      7.66  12.14    10.73
  SINCE JAN 1     25.54                     12.17  13.37    11.82

SNOWFALL (IN)
  TODAY            0.0
  MONTH TO DATE    0.0
  SINCE MAR 1      0.0
  SINCE JUL 1      T
  SNOW DEPTH       0

DEGREE DAYS
 HEATING
  TODAY            0                         0      0        0
  MONTH TO DATE    0                         0      0       13
  SINCE MAR 1    265                       285    -20      370
  SINCE JUL 1   1979                      1900     79     2187

 COOLING
  TODAY           13                        14     -1       14
  MONTH TO DATE  276                       307    -31      253
  SINCE MAR 1    482                       479      3      424
  SINCE JAN 1    484                       495    -11      441
..................................................................


WIND (MPH)
  HIGHEST WIND SPEED    16   HIGHEST WIND DIRECTION    SW (230)
  HIGHEST GUST SPEED    22   HIGHEST GUST DIRECTION    SW (240)
  AVERAGE WIND SPEED     4.3


SKY COVER
  AVERAGE SKY COVER 0.6


WEATHER CONDITIONS
 THE FOLLOWING WEATHER WAS RECORDED TODAY.
  THUNDERSTORM
  LIGHT RAIN
  HAZE


RELATIVE HUMIDITY (PERCENT)
 HIGHEST   100           200 AM
 LOWEST     59          1200 PM
 AVERAGE    80

..........................................................


THE AUSTIN BERGSTROM CLIMATE NORMALS FOR TOMORROW
                         NORMAL    RECORD    YEAR
 MAXIMUM TEMPERATURE (F)   90       100      1998
 MINIMUM TEMPERATURE (F)   68        51      1995


SUNRISE AND SUNSET
MAY 30 2015...........SUNRISE   630 AM CDT   SUNSET   826 PM CDT
MAY 31 2015...........SUNRISE   630 AM CDT   SUNSET   827 PM CDT


-  INDICATES NEGATIVE NUMBERS.
R  INDICATES RECORD WAS SET OR TIED.
MM INDICATES DATA IS MISSING.
T  INDICATES TRACE AMOUNT.




$$
