000
CDUS44 KEWX 020657
CLIAUS


CLIMATE REPORT
NATIONAL WEATHER SERVICE AUSTIN/SAN ANTONIO, TX
156 AM CDT MON MAY 2 2016


...................................

...THE AUSTIN BERGSTROM CLIMATE SUMMARY FOR MAY 1 2016...

CLIMATE NORMAL PERIOD 1981 TO 2010
CLIMATE RECORD PERIOD 1943 TO 2016


WEATHER ITEM   OBSERVED TIME   RECORD YEAR NORMAL DEPARTURE LAST
                VALUE   (LST)  VALUE       VALUE  FROM      YEAR
                                                  NORMAL
..................................................................
TEMPERATURE (F)
 YESTERDAY
  MAXIMUM         78    243 PM  95    2011  83     -5       83
                                      2002
  MINIMUM         64    457 AM  42    2005  59      5       48
  AVERAGE         71                        71      0       66

PRECIPITATION (IN)
  YESTERDAY        0.09          3.23 1956   0.13  -0.04     0.00
  MONTH TO DATE    0.09                      0.13  -0.04     0.00
  SINCE MAR 1     10.38                      5.18   5.20     6.39
  SINCE JAN 1     12.56                      9.69   2.87    12.13

SNOWFALL (IN)
  YESTERDAY        0.0
  MONTH TO DATE    0.0
  SINCE MAR 1      0.0
  SINCE JUL 1      T
  SNOW DEPTH       0

DEGREE DAYS
 HEATING
  YESTERDAY        0                         0      0        0
  MONTH TO DATE    0                         0      0        0
  SINCE MAR 1    143                       285   -142      265
  SINCE JUL 1   1377                      1900   -523     1979

 COOLING
  YESTERDAY        6                         7     -1        1
  MONTH TO DATE    6                         7     -1        1
  SINCE MAR 1    212                       179     33      207
  SINCE JAN 1    235                       195     40      209
..................................................................


WIND (MPH)
  HIGHEST WIND SPEED    23   HIGHEST WIND DIRECTION     N (20)
  HIGHEST GUST SPEED    29   HIGHEST GUST DIRECTION    NE (30)
  AVERAGE WIND SPEED    13.3


SKY COVER
  AVERAGE SKY COVER 0.6


WEATHER CONDITIONS
 THE FOLLOWING WEATHER WAS RECORDED YESTERDAY.
  THUNDERSTORM
  LIGHT RAIN


RELATIVE HUMIDITY (PERCENT)
 HIGHEST    93           300 AM
 LOWEST     54           400 PM
 AVERAGE    74

..........................................................


THE AUSTIN BERGSTROM CLIMATE NORMALS FOR TODAY
                         NORMAL    RECORD    YEAR
 MAXIMUM TEMPERATURE (F)   84        96      1964
 MINIMUM TEMPERATURE (F)   60        47      2014
                                             2011


SUNRISE AND SUNSET
MAY  2 2016...........SUNRISE   646 AM CDT   SUNSET   809 PM CDT
MAY  3 2016...........SUNRISE   645 AM CDT   SUNSET   810 PM CDT


-  INDICATES NEGATIVE NUMBERS.
R  INDICATES RECORD WAS SET OR TIED.
MM INDICATES DATA IS MISSING.
T  INDICATES TRACE AMOUNT.




$$
