000
CDUS44 KEWX 240703
CLIAUS


CLIMATE REPORT
NATIONAL WEATHER SERVICE AUSTIN/SAN ANTONIO, TX
159 AM CDT FRI MAR 24 2017


...................................

...THE AUSTIN BERGSTROM CLIMATE SUMMARY FOR MARCH 23 2017...

CLIMATE NORMAL PERIOD 1981 TO 2010
CLIMATE RECORD PERIOD 1943 TO 2017


WEATHER ITEM   OBSERVED TIME   RECORD YEAR NORMAL DEPARTURE LAST
                VALUE   (LST)  VALUE       VALUE  FROM      YEAR
                                                  NORMAL
..................................................................
TEMPERATURE (F)
 YESTERDAY
  MAXIMUM         86    234 PM  90    1995  74     12       81
  MINIMUM         66    657 AM  30    1968  49     17       65
  AVERAGE         76                        61     15       73

PRECIPITATION (IN)
  YESTERDAY        0.00          1.54 1983   0.10  -0.10     0.01
  MONTH TO DATE    1.93                      2.12  -0.19     3.26
  SINCE MAR 1      1.93                      2.12  -0.19     3.26
  SINCE JAN 1      9.24                      6.63   2.61     5.44

SNOWFALL (IN)
  YESTERDAY        0.0
  MONTH TO DATE    0.0
  SINCE MAR 1      0.0
  SINCE JUL 1      0.0
  SNOW DEPTH       0

DEGREE DAYS
 HEATING
  YESTERDAY        0                         6     -6        0
  MONTH TO DATE   73                       186   -113       71
  SINCE MAR 1     73                       186   -113       71
  SINCE JUL 1    947                      1801   -854     1305

 COOLING
  YESTERDAY       11                         2      9        8
  MONTH TO DATE  101                        25     76       58
  SINCE MAR 1    101                        25     76       58
  SINCE JAN 1    210                        41    169       81
..................................................................


WIND (MPH)
  HIGHEST WIND SPEED    32   HIGHEST WIND DIRECTION     S (180)
  HIGHEST GUST SPEED    41   HIGHEST GUST DIRECTION     S (190)
  AVERAGE WIND SPEED    18.0


SKY COVER
  AVERAGE SKY COVER 0.6


WEATHER CONDITIONS
 THE FOLLOWING WEATHER WAS RECORDED YESTERDAY.
  NO SIGNIFICANT WEATHER WAS OBSERVED.


RELATIVE HUMIDITY (PERCENT)
 HIGHEST    87          1200 AM
 LOWEST     26           500 PM
 AVERAGE    57

..........................................................


THE AUSTIN BERGSTROM CLIMATE NORMALS FOR TODAY
                         NORMAL    RECORD    YEAR
 MAXIMUM TEMPERATURE (F)   74        88      1972
 MINIMUM TEMPERATURE (F)   49        30      1952


SUNRISE AND SUNSET
MARCH 24 2017.........SUNRISE   729 AM CDT   SUNSET   745 PM CDT
MARCH 25 2017.........SUNRISE   728 AM CDT   SUNSET   745 PM CDT


-  INDICATES NEGATIVE NUMBERS.
R  INDICATES RECORD WAS SET OR TIED.
MM INDICATES DATA IS MISSING.
T  INDICATES TRACE AMOUNT.




$$
