000
CDUS43 KGRB 290719
CLIAUW

CLIMATE REPORT
NATIONAL WEATHER SERVICE GREEN BAY
117 AM CST SAT NOV 29 2014

...................................

...THE WAUSAU WI CLIMATE SUMMARY FOR NOVEMBER 28 2014...

CLIMATE NORMAL PERIOD 1981 TO 2010
CLIMATE RECORD PERIOD 1896 TO 2014

WEATHER ITEM   OBSERVED TIME   RECORD YEAR NORMAL DEPARTURE LAST
                VALUE   (LST)  VALUE       VALUE  FROM      YEAR
                                                  NORMAL
..................................................................
TEMPERATURE (F)
 YESTERDAY
  MAXIMUM         19   1159 PM  60    1909  33    -14       23
  MINIMUM          2   1204 AM  -8    1976  19    -17        6
  AVERAGE         11                        26    -15

PRECIPITATION (IN)
  YESTERDAY        0.04          1.07 1934   0.05  -0.01     0.02
  MONTH TO DATE    2.30                      1.88   0.42     2.26
  SINCE SEP 1     12.84                      8.72   4.12     9.32
  SINCE JAN 1     39.49                     30.93   8.56    36.95

SNOWFALL (IN)
  YESTERDAY        0.6           7.4  1918   0.3    0.3      0.8
  MONTH TO DATE   18.5                       6.2   12.3      5.1
  SINCE JUL 1     20.2                       7.6   12.6      5.1
  SNOW DEPTH       5

DEGREE DAYS
 HEATING
  YESTERDAY       54                        39     15       50
  MONTH TO DATE 1131                       898    233      945
  SINCE SEP 1   1945                      1716    229     1669
  SINCE JUL 1   1999                      1782    217     1725

COOLING
  YESTERDAY        0                         0      0        0
  MONTH TO DATE    0                         0      0        0
  SINCE SEP 1     12                        32    -20       56
  SINCE JAN 1    338                       407    -69      506
..................................................................

WIND (MPH)
  HIGHEST WIND SPEED    12   HIGHEST WIND DIRECTION    SE (120)
  HIGHEST GUST SPEED    15   HIGHEST GUST DIRECTION     S (160)
  AVERAGE WIND SPEED     6.5

SKY COVER
  POSSIBLE SUNSHINE  MM
  AVERAGE SKY COVER 1.0

WEATHER CONDITIONS
 THE FOLLOWING WEATHER WAS RECORDED YESTERDAY.
  LIGHT SNOW
  FOG
  HAZE

RELATIVE HUMIDITY (PERCENT)
 HIGHEST    95          1200 AM
 LOWEST     76           400 AM
 AVERAGE    86
..........................................................

THE WAUSAU WI CLIMATE NORMALS FOR TODAY
                         NORMAL    RECORD    YEAR
 MAXIMUM TEMPERATURE (F)   33        60      1998
 MINIMUM TEMPERATURE (F)   18       -11      1976
                                             1929

SUNRISE AND SUNSET
NOVEMBER 29 2014......SUNRISE   714 AM CST   SUNSET   420 PM CST
NOVEMBER 30 2014......SUNRISE   715 AM CST   SUNSET   419 PM CST

-  INDICATES NEGATIVE NUMBERS.
R  INDICATES RECORD WAS SET OR TIED.
MM INDICATES DATA IS MISSING.
T  INDICATES TRACE AMOUNT.

$$
