000
CDUS43 KGRB 170651
CLIAUW

CLIMATE REPORT
NATIONAL WEATHER SERVICE GREEN BAY
148 AM CDT TUE OCT 17 2017

...................................

...THE WAUSAU WI CLIMATE SUMMARY FOR OCTOBER 16 2017...

CLIMATE NORMAL PERIOD 1981 TO 2010
CLIMATE RECORD PERIOD 1896 TO 2017

WEATHER ITEM   OBSERVED TIME   RECORD YEAR NORMAL DEPARTURE LAST
                VALUE   (LST)  VALUE       VALUE  FROM      YEAR
                                                  NORMAL
..................................................................
TEMPERATURE (F)
 YESTERDAY
  MAXIMUM         58    307 PM  82    1953  56      2       71
  MINIMUM         33    622 AM  17    1952  37     -4       45
  AVERAGE         46                        46      0

PRECIPITATION (IN)
  YESTERDAY        0.00          1.98 1911   0.10  -0.10     0.01
  MONTH TO DATE    2.99                      1.70   1.29     1.27
  SINCE SEP 1      4.94                      5.60  -0.66     6.04
  SINCE JAN 1     34.26                     27.81   6.45    31.39

SNOWFALL (IN)
  YESTERDAY        0.0           0.2  1992   0.1   -0.1      0.0
  MONTH TO DATE    0.0                       0.5   -0.5      0.0
  SINCE JUL 1      0.0                       0.5   -0.5      0.0
  SNOW DEPTH       0

DEGREE DAYS
 HEATING
  YESTERDAY       19                        19      0        7
  MONTH TO DATE  170                       261    -91      177
  SINCE SEP 1    326                       488   -162      274
  SINCE JUL 1    384                       554   -170      296

COOLING
  YESTERDAY        0                         0      0        0
  MONTH TO DATE    1                         0      1        0
  SINCE SEP 1     67                        30     37       24
  SINCE JAN 1    339                       405    -66      511
..................................................................

WIND (MPH)
  HIGHEST WIND SPEED    18   HIGHEST WIND DIRECTION     W (250)
  HIGHEST GUST SPEED    28   HIGHEST GUST DIRECTION     W (260)
  AVERAGE WIND SPEED     6.3

SKY COVER
  POSSIBLE SUNSHINE  MM
  AVERAGE SKY COVER 0.1

WEATHER CONDITIONS
 THE FOLLOWING WEATHER WAS RECORDED YESTERDAY.
  FOG

RELATIVE HUMIDITY (PERCENT)
 HIGHEST   100           600 AM
 LOWEST     43           200 PM
 AVERAGE    72
..........................................................

THE WAUSAU WI CLIMATE NORMALS FOR TODAY
                         NORMAL    RECORD    YEAR
 MAXIMUM TEMPERATURE (F)   55        82      1910
 MINIMUM TEMPERATURE (F)   36        17      1952
                                             1948

SUNRISE AND SUNSET
OCTOBER 17 2017.......SUNRISE   717 AM CDT   SUNSET   610 PM CDT
OCTOBER 18 2017.......SUNRISE   718 AM CDT   SUNSET   608 PM CDT

-  INDICATES NEGATIVE NUMBERS.
R  INDICATES RECORD WAS SET OR TIED.
MM INDICATES DATA IS MISSING.
T  INDICATES TRACE AMOUNT.

$$
