000
CDUS43 KGRB 202120
CLIAUW


CLIMATE REPORT
NATIONAL WEATHER SERVICE GREEN BAY
420 PM CDT MON OCT 20 2014


...................................

...THE WAUSAU WI CLIMATE SUMMARY FOR OCTOBER 20 2014...
VALID TODAY AS OF 0400 PM LOCAL TIME.

CLIMATE NORMAL PERIOD 1981 TO 2010
CLIMATE RECORD PERIOD 1896 TO 2014


WEATHER ITEM   OBSERVED TIME   RECORD YEAR NORMAL DEPARTURE LAST
                VALUE   (LST)  VALUE       VALUE  FROM      YEAR
                                                  NORMAL
..................................................................
TEMPERATURE (F)
 TODAY
  MAXIMUM         52   1233 PM  81    1953  54     -2       41
  MINIMUM         40   1243 AM  17    1952  35      5       31
  AVERAGE         46                        44      2       36

PRECIPITATION (IN)
  TODAY            0.00          1.25 1934   0.10  -0.10     0.13
  MONTH TO DATE    3.88                      2.08   1.80     3.89
  SINCE SEP 1      9.87                      5.98   3.89     6.65
  SINCE JAN 1     36.52                     28.19   8.33    34.28

SNOWFALL (IN)
  TODAY            0.0           3.0  1905   0.1              T
  MONTH TO DATE    T                         0.7              T
  SINCE SEP 1      T                         0.7              T
  SINCE JUL 1      T                         0.7              T
  SNOW DEPTH       0

DEGREE DAYS
 HEATING
  TODAY           19                        20     -1       29
  MONTH TO DATE  366                       340     26      266
  SINCE SEP 1    590                       567     23      438
  SINCE JUL 1    644                       633     11      494

 COOLING
  TODAY            0                         0      0        0
  MONTH TO DATE    0                         0      0        0
  SINCE JAN 1    338                       405    -67      506
..................................................................


WIND (MPH)
  HIGHEST WIND SPEED    16   HIGHEST WIND DIRECTION    NW (330)
  HIGHEST GUST SPEED    22   HIGHEST GUST DIRECTION    NW (310)
  AVERAGE WIND SPEED     7.0


SKY COVER
  POSSIBLE SUNSHINE  MM
  AVERAGE SKY COVER 0.6


WEATHER CONDITIONS
 THE FOLLOWING WEATHER WAS RECORDED TODAY.
  FOG


RELATIVE HUMIDITY (PERCENT)
 HIGHEST    96           200 AM
 LOWEST     66           300 PM
 AVERAGE    81

..........................................................


THE WAUSAU WI CLIMATE NORMALS FOR TOMORROW
                         NORMAL    RECORD    YEAR
 MAXIMUM TEMPERATURE (F)   53        80      1953
 MINIMUM TEMPERATURE (F)   35        18      1960


SUNRISE AND SUNSET
OCTOBER 20 2014.......SUNRISE   721 AM CDT   SUNSET   605 PM CDT
OCTOBER 21 2014.......SUNRISE   722 AM CDT   SUNSET   604 PM CDT


-  INDICATES NEGATIVE NUMBERS.
R  INDICATES RECORD WAS SET OR TIED.
MM INDICATES DATA IS MISSING.
T  INDICATES TRACE AMOUNT.




$$
