000
CDUS43 KGRB 170730
CLIAUW


CLIMATE REPORT
NATIONAL WEATHER SERVICE GREEN BAY
130 AM CST TUE JAN 17 2017


...................................

...THE WAUSAU WI CLIMATE SUMMARY FOR JANUARY 16 2017...

CLIMATE NORMAL PERIOD 1981 TO 2010
CLIMATE RECORD PERIOD 1896 TO 2017


WEATHER ITEM   OBSERVED TIME   RECORD YEAR NORMAL DEPARTURE LAST
                VALUE   (LST)  VALUE       VALUE  FROM      YEAR
                                                  NORMAL
..................................................................
TEMPERATURE (F)
 YESTERDAY
  MAXIMUM         32   1159 PM  45    1973  23      9       23
  MINIMUM          1    323 AM -28    1972   6     -5       -9
  AVERAGE         17                        14      3

PRECIPITATION (IN)
  YESTERDAY        0.25          0.67 1980   0.03   0.22      T
  MONTH TO DATE    1.47                      0.55   0.92     0.61
  SINCE DEC 1      4.13                      1.91   2.22     5.56
  SINCE JAN 1      1.47                      0.55   0.92     0.61

SNOWFALL (IN)
  YESTERDAY       MM             7.9  1967   0.4   MM         T
  MONTH TO DATE   11.8                       6.9    4.9      3.6
  SINCE JUL 1     39.0                      29.1    9.9     13.2
  SNOW DEPTH       0

DEGREE DAYS
 HEATING
  YESTERDAY       48                        51     -3       58
  MONTH TO DATE  909                       810     99      775
  SINCE DEC 1   2326                      2237     89     1809
  SINCE JUL 1   3604                      4096   -492     3215

 COOLING
  YESTERDAY        0                         0      0        0
  MONTH TO DATE    0                         0      0        0
  SINCE DEC 1      0                         0      0        0
  SINCE JAN 1      0                         0      0        0
..................................................................


WIND (MPH)
  HIGHEST WIND SPEED     9   HIGHEST WIND DIRECTION     E (90)
  HIGHEST GUST SPEED    13   HIGHEST GUST DIRECTION     E (110)
  AVERAGE WIND SPEED     1.8


SKY COVER
  POSSIBLE SUNSHINE  MM
  AVERAGE SKY COVER 0.3


WEATHER CONDITIONS
 THE FOLLOWING WEATHER WAS RECORDED YESTERDAY.
  FREEZING RAIN
  LT FREEZING RAIN
  FOG
  HAZE


RELATIVE HUMIDITY (PERCENT)
 HIGHEST   100          1100 PM
 LOWEST     53           300 PM
 AVERAGE    77

..........................................................


THE WAUSAU WI CLIMATE NORMALS FOR TODAY
                         NORMAL    RECORD    YEAR
 MAXIMUM TEMPERATURE (F)   23        43      1986
 MINIMUM TEMPERATURE (F)    6       -31      1982


SUNRISE AND SUNSET
JANUARY 17 2017.......SUNRISE   731 AM CST   SUNSET   446 PM CST
JANUARY 18 2017.......SUNRISE   731 AM CST   SUNSET   448 PM CST


-  INDICATES NEGATIVE NUMBERS.
R  INDICATES RECORD WAS SET OR TIED.
MM INDICATES DATA IS MISSING.
T  INDICATES TRACE AMOUNT.




$$
