000
CDUS43 KGRB 252134
CLIAUW


CLIMATE REPORT
NATIONAL WEATHER SERVICE GREEN BAY
433 PM CDT SAT OCT 25 2014


...................................

...THE WAUSAU WI CLIMATE SUMMARY FOR OCTOBER 25 2014...
VALID TODAY AS OF 0400 PM LOCAL TIME.

CLIMATE NORMAL PERIOD 1981 TO 2010
CLIMATE RECORD PERIOD 1896 TO 2014


WEATHER ITEM   OBSERVED TIME   RECORD YEAR NORMAL DEPARTURE LAST
                VALUE   (LST)  VALUE       VALUE  FROM      YEAR
                                                  NORMAL
..................................................................
TEMPERATURE (F)
 TODAY
  MAXIMUM         61    259 PM  78    1900  52      9       50
  MINIMUM         48    727 AM  15    1933  34     14       31
  AVERAGE         55                        43     12       41

PRECIPITATION (IN)
  TODAY            0.00          2.34 2012   0.08  -0.08     0.00
  MONTH TO DATE    4.23                      2.49   1.74     3.89
  SINCE SEP 1     10.22                      6.39   3.83     6.65
  SINCE JAN 1     36.87                     28.60   8.27    34.28

SNOWFALL (IN)
  TODAY            0.0           3.0  1905   0.1             0.0
                                      1914
  MONTH TO DATE    T                         1.0              T
  SINCE SEP 1      T                         1.0              T
  SINCE JUL 1      T                         1.0              T
  SNOW DEPTH       0

DEGREE DAYS
 HEATING
  TODAY           10                        22    -12       24
  MONTH TO DATE  456                       448      8      407
  SINCE SEP 1    680                       675      5      579
  SINCE JUL 1    734                       741     -7      635

 COOLING
  TODAY            0                         0      0        0
  MONTH TO DATE    0                         0      0        0
  SINCE JAN 1    338                       405    -67      506
..................................................................


WIND (MPH)
  HIGHEST WIND SPEED    26   HIGHEST WIND DIRECTION    NW (300)
  HIGHEST GUST SPEED    33   HIGHEST GUST DIRECTION     W (280)
  AVERAGE WIND SPEED    14.2


SKY COVER
  POSSIBLE SUNSHINE  MM
  AVERAGE SKY COVER 0.2


WEATHER CONDITIONS
 THE FOLLOWING WEATHER WAS RECORDED TODAY.
  FOG


RELATIVE HUMIDITY (PERCENT)
 HIGHEST    93          1200 AM
 LOWEST     25           300 PM
 AVERAGE    59

..........................................................


THE WAUSAU WI CLIMATE NORMALS FOR TOMORROW
                         NORMAL    RECORD    YEAR
 MAXIMUM TEMPERATURE (F)   51        76      1989
                                             1927
 MINIMUM TEMPERATURE (F)   34        16      1942
                                             1933


SUNRISE AND SUNSET
OCTOBER 25 2014.......SUNRISE   727 AM CDT   SUNSET   557 PM CDT
OCTOBER 26 2014.......SUNRISE   729 AM CDT   SUNSET   556 PM CDT


-  INDICATES NEGATIVE NUMBERS.
R  INDICATES RECORD WAS SET OR TIED.
MM INDICATES DATA IS MISSING.
T  INDICATES TRACE AMOUNT.




$$
