000
CDUS43 KGRB 260700
CLIAUW


CLIMATE REPORT
NATIONAL WEATHER SERVICE GREEN BAY
1259 AM CST SUN FEB 26 2017


...................................

...THE WAUSAU WI CLIMATE SUMMARY FOR FEBRUARY 25 2017...

CLIMATE NORMAL PERIOD 1981 TO 2010
CLIMATE RECORD PERIOD 1896 TO 2017


WEATHER ITEM   OBSERVED TIME   RECORD YEAR NORMAL DEPARTURE LAST
                VALUE   (LST)  VALUE       VALUE  FROM      YEAR
                                                  NORMAL
..................................................................
TEMPERATURE (F)
 YESTERDAY
  MAXIMUM         23    508 PM  54    1976  32     -9       32
  MINIMUM         13    809 AM -26    1928  13      0       23
  AVERAGE         18                        22     -4

PRECIPITATION (IN)
  YESTERDAY        T             0.99 1951   0.04  -0.04      T
  MONTH TO DATE    1.52                      0.79   0.73     0.55
  SINCE DEC 1      6.52                      3.17   3.35     6.34
  SINCE JAN 1      3.86                      1.81   2.05     1.39

SNOWFALL (IN)
  YESTERDAY        T            11.0  1926   0.3   -0.3       T
  MONTH TO DATE    7.7                       8.5   -0.8      8.8
  SINCE JUL 1     53.8                      44.2    9.6     24.2
  SNOW DEPTH       5

DEGREE DAYS
 HEATING
  YESTERDAY       47                        43      4       37
  MONTH TO DATE  977                      1159   -182     1078
  SINCE DEC 1   3847                      4150   -303     3586
  SINCE JUL 1   5125                      6009   -884     4992

 COOLING
  YESTERDAY        0                         0      0        0
  MONTH TO DATE    0                         0      0        0
  SINCE DEC 1      0                         0      0        0
  SINCE JAN 1      0                         0      0        0
..................................................................


WIND (MPH)
  HIGHEST WIND SPEED    22   HIGHEST WIND DIRECTION    NW (310)
  HIGHEST GUST SPEED    31   HIGHEST GUST DIRECTION    NW (310)
  AVERAGE WIND SPEED    12.9


SKY COVER
  POSSIBLE SUNSHINE  MM
  AVERAGE SKY COVER 0.6


WEATHER CONDITIONS
 THE FOLLOWING WEATHER WAS RECORDED YESTERDAY.
  LIGHT SNOW
  FOG
  HAZE


RELATIVE HUMIDITY (PERCENT)
 HIGHEST    80          1200 AM
 LOWEST     50           500 PM
 AVERAGE    65

..........................................................


THE WAUSAU WI CLIMATE NORMALS FOR TODAY
                         NORMAL    RECORD    YEAR
 MAXIMUM TEMPERATURE (F)   32        59      2000
 MINIMUM TEMPERATURE (F)   14       -25      1963


SUNRISE AND SUNSET
FEBRUARY 26 2017......SUNRISE   641 AM CST   SUNSET   542 PM CST
FEBRUARY 27 2017......SUNRISE   639 AM CST   SUNSET   544 PM CST


-  INDICATES NEGATIVE NUMBERS.
R  INDICATES RECORD WAS SET OR TIED.
MM INDICATES DATA IS MISSING.
T  INDICATES TRACE AMOUNT.




$$
