000
CDUS43 KGRB 262127
CLIAUW


CLIMATE REPORT
NATIONAL WEATHER SERVICE GREEN BAY
425 PM CDT MON JUN 26 2017


...................................

...THE WAUSAU WI CLIMATE SUMMARY FOR JUNE 26 2017...
VALID TODAY AS OF 0400 PM LOCAL TIME.

CLIMATE NORMAL PERIOD 1981 TO 2010
CLIMATE RECORD PERIOD 1896 TO 2017


WEATHER ITEM   OBSERVED TIME   RECORD YEAR NORMAL DEPARTURE LAST
                VALUE   (LST)  VALUE       VALUE  FROM      YEAR
                                                  NORMAL
..................................................................
TEMPERATURE (F)
 TODAY
  MAXIMUM         63    259 PM  95    1933  79    -16       83
                                      1931
                                      1901
  MINIMUM         46    524 AM  41    1928  57    -11       68
  AVERAGE         55                        68    -13       76

PRECIPITATION (IN)
  TODAY            T             2.94 1934   0.14  -0.14     0.30
  MONTH TO DATE    4.87                      3.79   1.08     4.88
  SINCE JUN 1      4.87                      3.79   1.08     4.88
  SINCE JAN 1     20.66                     13.70   6.96    16.54

SNOWFALL (IN)
  TODAY            0.0           0.0    MM   0.0             0.0
  MONTH TO DATE    0.0                       0.0             0.0
  SINCE JUN 1      0.0                       0.0             0.0
  SINCE JUL 1     60.5                      59.6            43.4
  SNOW DEPTH       0

DEGREE DAYS
 HEATING
  TODAY           10                         1      9        0
  MONTH TO DATE   44                        83    -39       26
  SINCE JUN 1     44                        83    -39       26
  SINCE JUL 1   7257                      8243   -986     6809

 COOLING
  TODAY            0                         4     -4       11
  MONTH TO DATE   76                        66     10      104
  SINCE JAN 1     77                        85     -8      151
..................................................................


WIND (MPH)
  HIGHEST WIND SPEED    21   HIGHEST WIND DIRECTION    NW (300)
  HIGHEST GUST SPEED    29   HIGHEST GUST DIRECTION    NW (320)
  AVERAGE WIND SPEED    12.2


SKY COVER
  POSSIBLE SUNSHINE  MM
  AVERAGE SKY COVER 0.6


WEATHER CONDITIONS
 THE FOLLOWING WEATHER WAS RECORDED TODAY.
  LIGHT RAIN


RELATIVE HUMIDITY (PERCENT)
 HIGHEST   100          1200 AM
 LOWEST     48           300 PM
 AVERAGE    74

..........................................................


THE WAUSAU WI CLIMATE NORMALS FOR TOMORROW
                         NORMAL    RECORD    YEAR
 MAXIMUM TEMPERATURE (F)   79       100      1933
 MINIMUM TEMPERATURE (F)   57        39      1992


SUNRISE AND SUNSET
JUNE 26 2017..........SUNRISE   514 AM CDT   SUNSET   849 PM CDT
JUNE 27 2017..........SUNRISE   514 AM CDT   SUNSET   849 PM CDT


-  INDICATES NEGATIVE NUMBERS.
R  INDICATES RECORD WAS SET OR TIED.
MM INDICATES DATA IS MISSING.
T  INDICATES TRACE AMOUNT.




$$
