604
CDUS43 KGRB 040731
CLIAUW


CLIMATE REPORT
NATIONAL WEATHER SERVICE GREEN BAY
231 AM CDT WED MAY 4 2016


...................................

...THE WAUSAU WI CLIMATE SUMMARY FOR MAY 3 2016...

CLIMATE NORMAL PERIOD 1981 TO 2010
CLIMATE RECORD PERIOD 1896 TO 2016


WEATHER ITEM   OBSERVED TIME   RECORD YEAR NORMAL DEPARTURE LAST
                VALUE   (LST)  VALUE       VALUE  FROM      YEAR
                                                  NORMAL
..................................................................
TEMPERATURE (F)
 YESTERDAY
  MAXIMUM         70    150 PM  87    1955  63      7       79
  MINIMUM         42    429 AM  21    1909  40      2       55
  AVERAGE         56                        52      4

PRECIPITATION (IN)
  YESTERDAY        0.11          1.64 1981   0.11   0.00     0.29
  MONTH TO DATE    0.11                      0.32  -0.21     0.29
  SINCE MAR 1      7.45                      4.81   2.64     4.26
  SINCE JAN 1      8.88                      6.75   2.13     5.01

SNOWFALL (IN)
  YESTERDAY        0.0           0.4  1954   0.1   -0.1      0.0
  MONTH TO DATE    0.0                       0.1   -0.1      0.0
  SINCE JUL 1     43.4                      59.5  -16.1     53.7
  SNOW DEPTH       0

DEGREE DAYS
 HEATING
  YESTERDAY        9                        14     -5        0
  MONTH TO DATE   33                        42     -9       12
  SINCE MAR 1   1456                      1758   -302     1613
  SINCE JUL 1   6579                      7894  -1315     8193

 COOLING
  YESTERDAY        0                         0      0        2
  MONTH TO DATE    0                         0      0        2
  SINCE MAR 1      2                         2      0        2
  SINCE JAN 1      2                         2      0        2
..................................................................


WIND (MPH)
  HIGHEST WIND SPEED    29   HIGHEST WIND DIRECTION    NW (300)
  HIGHEST GUST SPEED    36   HIGHEST GUST DIRECTION    NW (300)
  AVERAGE WIND SPEED     9.2


SKY COVER
  POSSIBLE SUNSHINE  MM
  AVERAGE SKY COVER 0.3


WEATHER CONDITIONS
 THE FOLLOWING WEATHER WAS RECORDED YESTERDAY.
  HEAVY RAIN
  LIGHT RAIN
  FOG


RELATIVE HUMIDITY (PERCENT)
 HIGHEST    93           900 PM
 LOWEST     25           100 PM
 AVERAGE    59

..........................................................


THE WAUSAU WI CLIMATE NORMALS FOR TODAY
                         NORMAL    RECORD    YEAR
 MAXIMUM TEMPERATURE (F)   63        90      1952
 MINIMUM TEMPERATURE (F)   40        20      1907


SUNRISE AND SUNSET
MAY  4 2016...........SUNRISE   543 AM CDT   SUNSET   808 PM CDT
MAY  5 2016...........SUNRISE   542 AM CDT   SUNSET   809 PM CDT


-  INDICATES NEGATIVE NUMBERS.
R  INDICATES RECORD WAS SET OR TIED.
MM INDICATES DATA IS MISSING.
T  INDICATES TRACE AMOUNT.




$$
