000
CDUS43 KGRB 160627
CLIAUW


CLIMATE REPORT
NATIONAL WEATHER SERVICE GREEN BAY
127 AM CDT WED APR 16 2014


...................................

...THE WAUSAU WI CLIMATE SUMMARY FOR APRIL 15 2014...

CLIMATE NORMAL PERIOD 1981 TO 2010
CLIMATE RECORD PERIOD 1896 TO 2014


WEATHER ITEM   OBSERVED TIME   RECORD YEAR NORMAL DEPARTURE LAST
                VALUE   (LST)  VALUE       VALUE  FROM      YEAR
                                                  NORMAL
..................................................................
TEMPERATURE (F)
 YESTERDAY
  MAXIMUM         30    502 PM  85    2002  55    -25       47
  MINIMUM         11    302 AM   5    1928  33    -22       34
  AVERAGE         21                        44    -23

PRECIPITATION (IN)
  YESTERDAY        T             1.69 1973   0.09  -0.09     0.12
  MONTH TO DATE    1.90                      1.24   0.66     2.45
  SINCE MAR 1      2.65                      3.00  -0.35     4.63
  SINCE JAN 1      5.59                      4.94   0.65     7.78

SNOWFALL (IN)
  YESTERDAY        T             9.2  1993   0.1   -0.1      0.0
  MONTH TO DATE    5.9                       2.5    3.4      6.7
  SINCE MAR 1     12.2                      12.5   -0.3     19.4
  SINCE JUL 1     81.8                      57.8   24.0     75.4
  SNOW DEPTH       1

DEGREE DAYS
 HEATING
  YESTERDAY       44                        21     23       24
  MONTH TO DATE  424                       366     58      476
  SINCE MAR 1   1756                      1451    305     1728
  SINCE JUL 1   8703                      7587   1116     7552

 COOLING
  YESTERDAY        0                         0      0        0
  MONTH TO DATE    0                         0      0        0
  SINCE MAR 1      0                         0      0        0
  SINCE JAN 1      0                         0      0        0
..................................................................


WIND (MPH)
  HIGHEST WIND SPEED    20   HIGHEST WIND DIRECTION     W (290)
  HIGHEST GUST SPEED    24   HIGHEST GUST DIRECTION     W (280)
  AVERAGE WIND SPEED     7.4


SKY COVER
  POSSIBLE SUNSHINE  MM
  AVERAGE SKY COVER 0.2


WEATHER CONDITIONS
 THE FOLLOWING WEATHER WAS RECORDED YESTERDAY.
  NO SIGNIFICANT WEATHER WAS OBSERVED.


RELATIVE HUMIDITY (PERCENT)
 HIGHEST    88           600 AM
 LOWEST     42           500 PM
 AVERAGE    65

..........................................................


THE WAUSAU WI CLIMATE NORMALS FOR TODAY
                         NORMAL    RECORD    YEAR
 MAXIMUM TEMPERATURE (F)   55        84      2002
 MINIMUM TEMPERATURE (F)   34         7      1904


SUNRISE AND SUNSET
APRIL 16 2014.........SUNRISE   612 AM CDT   SUNSET   745 PM CDT
APRIL 17 2014.........SUNRISE   611 AM CDT   SUNSET   746 PM CDT


-  INDICATES NEGATIVE NUMBERS.
R  INDICATES RECORD WAS SET OR TIED.
MM INDICATES DATA IS MISSING.
T  INDICATES TRACE AMOUNT.




$$
