000
CDUS42 KGSP 250635
CLIAVL

CLIMATE REPORT
NATIONAL WEATHER SERVICE GREENVILLE-SPARTANBURG SC
135 AM EST SUN FEB 25 2018


...................................

...THE ASHEVILLE NC CLIMATE SUMMARY FOR FEBRUARY 24 2018...

CLIMATE NORMAL PERIOD 1981 TO 2010
CLIMATE RECORD PERIOD 1869 TO 2018


WEATHER ITEM   OBSERVED TIME   RECORD YEAR NORMAL DEPARTURE LAST
                VALUE   (LST)  VALUE       VALUE  FROM      YEAR
                                                  NORMAL
..................................................................
TEMPERATURE (F)
 YESTERDAY
  MAXIMUM         75    220 PM  77    1930  53     22       71
  MINIMUM         54    556 AM   6    1967  31     23       41
  AVERAGE         65                        42     23       56

PRECIPITATION (IN)
  YESTERDAY        0.02          1.62 1916   0.14  -0.12     0.00
  MONTH TO DATE    4.86                      3.24   1.62     0.62
  SINCE DEC 1     11.37                     10.50   0.87     6.65
  SINCE JAN 1      8.90                      6.91   1.99     4.34

SNOWFALL (IN)
  YESTERDAY        0.0           5.6  1942   0.1             0.0
  MONTH TO DATE    T                         1.9             0.0
  SINCE DEC 1     10.8                       6.9             7.3
  SINCE JUL 1     10.8                       7.0             7.3
  SNOW DEPTH       0

DEGREE DAYS
 HEATING
  YESTERDAY        0                        23    -23        9
  MONTH TO DATE  353                       601   -248      409
  SINCE DEC 1   2076                      2261   -185     1751
  SINCE JUL 1   2794                      3128   -334     2322

 COOLING
  YESTERDAY        0                         0      0        0
  MONTH TO DATE    4                         0      4        0
  SINCE DEC 1      4                         0      4        0
  SINCE JAN 1      4                         0      4        0
..................................................................


WIND (MPH)
  HIGHEST WIND SPEED    25   HIGHEST WIND DIRECTION     S (200)
  HIGHEST GUST SPEED    34   HIGHEST GUST DIRECTION     S (200)
  AVERAGE WIND SPEED     9.0


SKY COVER
  POSSIBLE SUNSHINE  MM
  AVERAGE SKY COVER 0.6


WEATHER CONDITIONS
 THE FOLLOWING WEATHER WAS RECORDED YESTERDAY.
  LIGHT RAIN
  FOG


RELATIVE HUMIDITY (PERCENT)
 HIGHEST   100           500 AM
 LOWEST     49           200 PM
 AVERAGE    75

..........................................................


THE ASHEVILLE NC CLIMATE NORMALS FOR TODAY
                         NORMAL    RECORD    YEAR
 MAXIMUM TEMPERATURE (F)   53        78      1930
 MINIMUM TEMPERATURE (F)   32        -2      1967


SUNRISE AND SUNSET
FEBRUARY 25 2018......SUNRISE   705 AM EST   SUNSET   622 PM EST
FEBRUARY 26 2018......SUNRISE   704 AM EST   SUNSET   623 PM EST


-  INDICATES NEGATIVE NUMBERS.
R  INDICATES RECORD WAS SET OR TIED.
MM INDICATES DATA IS MISSING.
T  INDICATES TRACE AMOUNT.

$$

OUTLAW
