000
CDUS42 KGSP 270630
CLIAVL

CLIMATE REPORT
NATIONAL WEATHER SERVICE GREENVILLE-SPARTANBURG SC
229 AM EDT MON MAR 27 2017


...................................

...THE ASHEVILLE NC CLIMATE SUMMARY FOR MARCH 26 2017...

CLIMATE NORMAL PERIOD 1981 TO 2010
CLIMATE RECORD PERIOD 1869 TO 2017


WEATHER ITEM   OBSERVED TIME   RECORD YEAR NORMAL DEPARTURE LAST
                VALUE   (LST)  VALUE       VALUE  FROM      YEAR
                                                  NORMAL
..................................................................
TEMPERATURE (F)
 YESTERDAY
  MAXIMUM         68    533 PM  79    1944  62      6       63
  MINIMUM         54    815 AM  13    1955  38     16       38
  AVERAGE         61                        50     11       51

PRECIPITATION (IN)
  YESTERDAY        0.41          3.00 1901   0.13   0.28      T
  MONTH TO DATE    2.07                      3.20  -1.13     1.07
  SINCE MAR 1      2.07                      3.20  -1.13     1.07
  SINCE JAN 1      6.49                     10.63  -4.14    10.05

SNOWFALL (IN)
  YESTERDAY        0.0           3.0  1947   0.1             0.0
  MONTH TO DATE    2.1                       1.7              T
  SINCE MAR 1      2.1                       1.7              T
  SINCE JUL 1      9.4                       9.0            13.9
  SNOW DEPTH       0

DEGREE DAYS
 HEATING
  YESTERDAY        4                        15    -11       14
  MONTH TO DATE  489                       481      8      314
  SINCE MAR 1    489                       481      8      314
  SINCE JUL 1   2883                      3698   -815     3061

 COOLING
  YESTERDAY        0                         0      0        0
  MONTH TO DATE    0                         0      0        0
  SINCE MAR 1      0                         0      0        0
  SINCE JAN 1      0                         0      0        0
..................................................................


WIND (MPH)
  HIGHEST WIND SPEED    17   HIGHEST WIND DIRECTION    SW (220)
  HIGHEST GUST SPEED    23   HIGHEST GUST DIRECTION    SW (220)
  AVERAGE WIND SPEED     6.5


SKY COVER
  POSSIBLE SUNSHINE  MM
  AVERAGE SKY COVER 0.9


WEATHER CONDITIONS
 THE FOLLOWING WEATHER WAS RECORDED YESTERDAY.
  HEAVY RAIN
  RAIN
  LIGHT RAIN
  FOG


RELATIVE HUMIDITY (PERCENT)
 HIGHEST    93           900 PM
 LOWEST     58           400 PM
 AVERAGE    76

..........................................................


THE ASHEVILLE NC CLIMATE NORMALS FOR TODAY
                         NORMAL    RECORD    YEAR
 MAXIMUM TEMPERATURE (F)   62        80      1907
 MINIMUM TEMPERATURE (F)   38        11      1955
                                             1894


SUNRISE AND SUNSET
MARCH 27 2017.........SUNRISE   724 AM EDT   SUNSET   748 PM EDT
MARCH 28 2017.........SUNRISE   722 AM EDT   SUNSET   749 PM EDT


-  INDICATES NEGATIVE NUMBERS.
R  INDICATES RECORD WAS SET OR TIED.
MM INDICATES DATA IS MISSING.
T  INDICATES TRACE AMOUNT.




$$
