000
CDUS42 KGSP 260632 RRA
CLIAVL

CLIMATE REPORT
NATIONAL WEATHER SERVICE GREENVILLE-SPARTANBURG SC
232 AM EDT THU MAY 26 2016


...................................

...THE ASHEVILLE NC CLIMATE SUMMARY FOR MAY 25 2016...

CLIMATE NORMAL PERIOD 1981 TO 2010
CLIMATE RECORD PERIOD 1869 TO 2016


WEATHER ITEM   OBSERVED TIME   RECORD YEAR NORMAL DEPARTURE LAST
                VALUE   (LST)  VALUE       VALUE  FROM      YEAR
                                                  NORMAL
..................................................................
TEMPERATURE (F)
 YESTERDAY
  MAXIMUM         81    222 PM  89    1896  77      4       80
  MINIMUM         50    605 AM  39    1925  54     -4       57
  AVERAGE         66                        65      1       69

PRECIPITATION (IN)
  YESTERDAY        T             1.11 1939   0.12  -0.12      T
  MONTH TO DATE    1.55                      2.90  -1.35     0.20
  SINCE MAR 1      5.61                     10.06  -4.45     7.26
  SINCE JAN 1     14.59                     17.49  -2.90    13.10

SNOWFALL (IN)
  YESTERDAY        0.0           T    1979   0.0             0.0
  MONTH TO DATE    0.0                       0.0             0.0
  SINCE MAR 1      T                         2.6              T
  SINCE JUL 1     13.9                       9.9            13.3
  SNOW DEPTH       0

DEGREE DAYS
 HEATING
  YESTERDAY        0                         2     -2        0
  MONTH TO DATE   93                        99     -6       43
  SINCE MAR 1    709                       954   -245      674
  SINCE JUL 1   3456                      4171   -715     3983

 COOLING
  YESTERDAY        1                         3     -2        4
  MONTH TO DATE   26                        35     -9       70
  SINCE MAR 1     42                        43     -1       89
  SINCE JAN 1     42                        43     -1       89
..................................................................


WIND (MPH)
  HIGHEST WIND SPEED    15   HIGHEST WIND DIRECTION     S (190)
  HIGHEST GUST SPEED    20   HIGHEST GUST DIRECTION     S (180)
  AVERAGE WIND SPEED     3.2


SKY COVER
  POSSIBLE SUNSHINE  MM
  AVERAGE SKY COVER 0.4


WEATHER CONDITIONS
 THE FOLLOWING WEATHER WAS RECORDED YESTERDAY.
  LIGHT RAIN


RELATIVE HUMIDITY (PERCENT)
 HIGHEST    89           200 AM
 LOWEST     37          1200 PM
 AVERAGE    63

..........................................................


THE ASHEVILLE NC CLIMATE NORMALS FOR TODAY
                         NORMAL    RECORD    YEAR
 MAXIMUM TEMPERATURE (F)   77        88      1989
                                             1916
 MINIMUM TEMPERATURE (F)   54        34      1925


SUNRISE AND SUNSET
MAY 26 2016...........SUNRISE   619 AM EDT   SUNSET   836 PM EDT
MAY 27 2016...........SUNRISE   618 AM EDT   SUNSET   837 PM EDT


-  INDICATES NEGATIVE NUMBERS.
R  INDICATES RECORD WAS SET OR TIED.
MM INDICATES DATA IS MISSING.
T  INDICATES TRACE AMOUNT.

$$
