000
CDUS42 KGSP 260635
CLIAVL

CLIMATE REPORT
NATIONAL WEATHER SERVICE GREENVILLE-SPARTANBURG SC
134 AM EST MON JAN 26 2015


...................................

...THE ASHEVILLE NC CLIMATE SUMMARY FOR JANUARY 25 2015...

CLIMATE NORMAL PERIOD 1981 TO 2010
CLIMATE RECORD PERIOD 1869 TO 2015


WEATHER ITEM   OBSERVED TIME   RECORD YEAR NORMAL DEPARTURE LAST
                VALUE   (LST)  VALUE       VALUE  FROM      YEAR
                                                  NORMAL
..................................................................
TEMPERATURE (F)
 YESTERDAY
  MAXIMUM         55    120 PM  74    1943  48      7       37
  MINIMUM         25    752 AM  -1    1905  27     -2       13
  AVERAGE         40                        37      3       25

PRECIPITATION (IN)
  YESTERDAY        T             2.80 1978   0.12  -0.12      T
  MONTH TO DATE    3.04                      2.95   0.09     2.19
  SINCE DEC 1      5.44                      6.54  -1.10     9.86
  SINCE JAN 1      3.04                      2.95   0.09     2.19

SNOWFALL (IN)
  YESTERDAY        0.0           4.0  2004   0.2              T
  MONTH TO DATE    T                         3.4             0.2
  SINCE DEC 1      T                         4.3             0.2
  SINCE JUL 1      3.2                       4.4             0.4
  SNOW DEPTH       0

DEGREE DAYS
 HEATING
  YESTERDAY       25                        28     -3       40
  MONTH TO DATE  682                       700    -18      836
  SINCE DEC 1   1321                      1494   -173     1533
  SINCE JUL 1   2236                      2361   -125     2416

 COOLING
  YESTERDAY        0                         0      0        0
  MONTH TO DATE    0                         0      0        0
  SINCE DEC 1      0                         0      0        0
  SINCE JAN 1      0                         0      0        0
..................................................................


WIND (MPH)
  HIGHEST WIND SPEED    21   HIGHEST WIND DIRECTION     S (200)
  HIGHEST GUST SPEED    26   HIGHEST GUST DIRECTION    SW (210)
  AVERAGE WIND SPEED     7.3


SKY COVER
  POSSIBLE SUNSHINE  MM
  AVERAGE SKY COVER 0.2


WEATHER CONDITIONS
 THE FOLLOWING WEATHER WAS RECORDED YESTERDAY.
  LIGHT RAIN


RELATIVE HUMIDITY (PERCENT)
 HIGHEST    92           700 AM
 LOWEST     35           200 PM
 AVERAGE    64

..........................................................


THE ASHEVILLE NC CLIMATE NORMALS FOR TODAY
                         NORMAL    RECORD    YEAR
 MAXIMUM TEMPERATURE (F)   48        73      1950
 MINIMUM TEMPERATURE (F)   27         4      1940


SUNRISE AND SUNSET
JANUARY 26 2015.......SUNRISE   734 AM EST   SUNSET   552 PM EST
JANUARY 27 2015.......SUNRISE   733 AM EST   SUNSET   553 PM EST


-  INDICATES NEGATIVE NUMBERS.
R  INDICATES RECORD WAS SET OR TIED.
MM INDICATES DATA IS MISSING.
T  INDICATES TRACE AMOUNT.

$$
07
