000
CDUS42 KGSP 280636
CLIAVL

CLIMATE REPORT
NATIONAL WEATHER SERVICE GREENVILLE-SPARTANBURG SC
135 AM EST SAT FEB 28 2015


...................................

...THE ASHEVILLE NC CLIMATE SUMMARY FOR FEBRUARY 27 2015...

CLIMATE NORMAL PERIOD 1981 TO 2010
CLIMATE RECORD PERIOD 1869 TO 2015


WEATHER ITEM   OBSERVED TIME   RECORD YEAR NORMAL DEPARTURE LAST
                VALUE   (LST)  VALUE       VALUE  FROM      YEAR
                                                  NORMAL
..................................................................
TEMPERATURE (F)
 YESTERDAY
  MAXIMUM         39    304 PM  78    1996  54    -15       45
  MINIMUM         24   1159 PM   6    1934  32     -8       20
  AVERAGE         32                        43    -11       33

PRECIPITATION (IN)
  YESTERDAY        0.00          1.64 1899   0.13  -0.13     0.00
  MONTH TO DATE    2.78                      3.63  -0.85     3.02
  SINCE DEC 1      8.24                     10.89  -2.65    13.02
  SINCE JAN 1      5.84                      7.30  -1.46     5.35

SNOWFALL (IN)
  YESTERDAY        0.0           7.5  1924   0.1             0.0
  MONTH TO DATE   10.1                       2.1             7.9
  SINCE DEC 1     10.1                       7.1             9.2
  SINCE JUL 1     13.3                       7.2             9.4
  SNOW DEPTH       3

DEGREE DAYS
 HEATING
  YESTERDAY       33                        22     11       32
  MONTH TO DATE  861                       668    193      648
  SINCE DEC 1   2361                      2328     33     2404
  SINCE JUL 1   3276                      3195     81     3287

 COOLING
  YESTERDAY        0                         0      0        0
  MONTH TO DATE    0                         0      0        0
  SINCE DEC 1      0                         0      0        0
  SINCE JAN 1      0                         0      0        0
..................................................................


WIND (MPH)
  HIGHEST WIND SPEED    22   HIGHEST WIND DIRECTION    NW (330)
  HIGHEST GUST SPEED    25   HIGHEST GUST DIRECTION    NW (330)
  AVERAGE WIND SPEED     9.9


SKY COVER
  POSSIBLE SUNSHINE  MM
  AVERAGE SKY COVER 0.2


WEATHER CONDITIONS
 THE FOLLOWING WEATHER WAS RECORDED YESTERDAY.
  NO SIGNIFICANT WEATHER WAS OBSERVED.


RELATIVE HUMIDITY (PERCENT)
 HIGHEST    81           300 AM
 LOWEST     41           600 PM
 AVERAGE    61

..........................................................


THE ASHEVILLE NC CLIMATE NORMALS FOR TODAY
                         NORMAL    RECORD    YEAR
 MAXIMUM TEMPERATURE (F)   54        77      1918
 MINIMUM TEMPERATURE (F)   32        13      1935
                                             1934
                                             1906


SUNRISE AND SUNSET
FEBRUARY 28 2015......SUNRISE   702 AM EST   SUNSET   624 PM EST
MARCH  1 2015.........SUNRISE   700 AM EST   SUNSET   625 PM EST


-  INDICATES NEGATIVE NUMBERS.
R  INDICATES RECORD WAS SET OR TIED.
MM INDICATES DATA IS MISSING.
T  INDICATES TRACE AMOUNT.

$$
07
