000
CDUS42 KGSP 290627 RRA
CLIAVL

CLIMATE REPORT
NATIONAL WEATHER SERVICE GREENVILLE-SPARTANBURG SC
226 AM EDT THU JUN 29 2017


...................................

...THE ASHEVILLE NC CLIMATE SUMMARY FOR JUNE 28 2017...

CLIMATE NORMAL PERIOD 1981 TO 2010
CLIMATE RECORD PERIOD 1869 TO 2017


WEATHER ITEM   OBSERVED TIME   RECORD YEAR NORMAL DEPARTURE LAST
                VALUE   (LST)  VALUE       VALUE  FROM      YEAR
                                                  NORMAL
..................................................................
TEMPERATURE (F)
 YESTERDAY
  MAXIMUM         78    423 PM  98    1952  83     -5       86
  MINIMUM         49    520 AM  48    1987  62    -13       65
                                      1968
  AVERAGE         64                        73     -9       76

PRECIPITATION (IN)
  YESTERDAY        0.00          3.50 1878   0.16  -0.16      T
  MONTH TO DATE    2.26                      4.33  -2.07     2.25
  SINCE JUN 1      2.26                      4.33  -2.07     2.25
  SINCE JAN 1     25.28                     22.58   2.70    17.13

SNOWFALL (IN)
  YESTERDAY        0.0           0.0    MM   0.0             0.0
  MONTH TO DATE    0.0                       0.0             0.0
  SINCE JUN 1      0.0                       0.0             0.0
  SINCE JUL 1      9.4                       9.9            13.9
  SNOW DEPTH       0

DEGREE DAYS
 HEATING
  YESTERDAY        1                         0      1        0
  MONTH TO DATE    1                        11    -10        0
  SINCE JUN 1      1                        11    -10        0
  SINCE JUL 1   3124                      4192  -1068     3456

 COOLING
  YESTERDAY        0                         8     -8       11
  MONTH TO DATE  168                       163      5      262
  SINCE JUN 1    168                       163      5      262
  SINCE JAN 1    267                       221     46      335
..................................................................


WIND (MPH)
  HIGHEST WIND SPEED    15   HIGHEST WIND DIRECTION     S (180)
  HIGHEST GUST SPEED    19   HIGHEST GUST DIRECTION    SE (140)
  AVERAGE WIND SPEED     4.8


SKY COVER
  POSSIBLE SUNSHINE  MM
  AVERAGE SKY COVER 0.2


WEATHER CONDITIONS
 THE FOLLOWING WEATHER WAS RECORDED YESTERDAY.
  NO SIGNIFICANT WEATHER WAS OBSERVED.


RELATIVE HUMIDITY (PERCENT)
 HIGHEST    93           500 AM
 LOWEST     40           400 PM
 AVERAGE    67

..........................................................


THE ASHEVILLE NC CLIMATE NORMALS FOR TODAY
                         NORMAL    RECORD    YEAR
 MAXIMUM TEMPERATURE (F)   84        98      1936
 MINIMUM TEMPERATURE (F)   62        49      1968


SUNRISE AND SUNSET
JUNE 29 2017..........SUNRISE   618 AM EDT   SUNSET   849 PM EDT
JUNE 30 2017..........SUNRISE   618 AM EDT   SUNSET   849 PM EDT


-  INDICATES NEGATIVE NUMBERS.
R  INDICATES RECORD WAS SET OR TIED.
MM INDICATES DATA IS MISSING.
T  INDICATES TRACE AMOUNT.




$$
JPT
