000
CDUS42 KGSP 060630 RRB
CLIAVL

CLIMATE REPORT
NATIONAL WEATHER SERVICE GREENVILLE-SPARTANBURG SC
228 AM EDT FRI MAY 6 2016

...THE ASHEVILLE NC CLIMATE SUMMARY FOR MAY 5 2016...

CLIMATE NORMAL PERIOD 1981 TO 2010
CLIMATE RECORD PERIOD 1869 TO 2016


WEATHER ITEM   OBSERVED TIME   RECORD YEAR NORMAL DEPARTURE LAST
                VALUE   (LST)  VALUE       VALUE  FROM      YEAR
                                                  NORMAL
..................................................................
TEMPERATURE (F)
 YESTERDAY
  MAXIMUM         55    435 PM  90    1950  72    -17       79
  MINIMUM         44   1054 PM  32    1997  48     -4       51
  AVERAGE         50                        60    -10       65

PRECIPITATION (IN)
  YESTERDAY        0.01          3.40 2013   0.11  -0.10     0.00
  MONTH TO DATE    0.74                      0.57   0.17     0.00
  SINCE MAR 1      4.80                      7.73  -2.93     7.06
  SINCE JAN 1     13.78                     15.16  -1.38    12.90

SNOWFALL (IN)
  YESTERDAY        0.0           0.0    MM   0.0             0.0
  MONTH TO DATE    0.0                       0.0             0.0
  SINCE MAR 1      T                         2.6              T
  SINCE JUL 1     13.9                       9.9            13.3
  SNOW DEPTH       0

DEGREE DAYS
 HEATING
  YESTERDAY       15                         5     10        0
  MONTH TO DATE   24                        28     -4       28
  SINCE MAR 1    640                       883   -243      659
  SINCE JUL 1   3387                      4100   -713     3968

 COOLING
  YESTERDAY        0                         1     -1        0
  MONTH TO DATE    7                         4      3        0
  SINCE MAR 1     23                        12     11       19
  SINCE JAN 1     23                        12     11       19
..................................................................


WIND (MPH)
  HIGHEST WIND SPEED    26   HIGHEST WIND DIRECTION     N (340)
  HIGHEST GUST SPEED    38   HIGHEST GUST DIRECTION    NW (330)
  AVERAGE WIND SPEED    16.9


SKY COVER
  POSSIBLE SUNSHINE  MM
  AVERAGE SKY COVER 0.6


WEATHER CONDITIONS
 THE FOLLOWING WEATHER WAS RECORDED YESTERDAY.
  LIGHT RAIN


RELATIVE HUMIDITY (PERCENT)
 HIGHEST    89           300 AM
 LOWEST     47           200 PM
 AVERAGE    68

..........................................................


THE ASHEVILLE NC CLIMATE NORMALS FOR TODAY
                         NORMAL    RECORD    YEAR
 MAXIMUM TEMPERATURE (F)   73        88      1950
                                             1943
 MINIMUM TEMPERATURE (F)   49        34      1973


SUNRISE AND SUNSET
MAY  6 2016...........SUNRISE   633 AM EDT   SUNSET   821 PM EDT
MAY  7 2016...........SUNRISE   632 AM EDT   SUNSET   822 PM EDT


-  INDICATES NEGATIVE NUMBERS.
R  INDICATES RECORD WAS SET OR TIED.
MM INDICATES DATA IS MISSING.
T  INDICATES TRACE AMOUNT.

$$
