000
CDUS42 KGSP 130638
CLIAVL

CLIMATE REPORT
NATIONAL WEATHER SERVICE GREENVILLE-SPARTANBURG SC
136 AM EST SAT FEB 13 2016


...................................

...THE ASHEVILLE NC CLIMATE SUMMARY FOR FEBRUARY 12 2016...

CLIMATE NORMAL PERIOD 1981 TO 2010
CLIMATE RECORD PERIOD 1869 TO 2016


WEATHER ITEM   OBSERVED TIME   RECORD YEAR NORMAL DEPARTURE LAST
                VALUE   (LST)  VALUE       VALUE  FROM      YEAR
                                                  NORMAL
..................................................................
TEMPERATURE (F)
 YESTERDAY
  MAXIMUM         42    110 PM  73    1922  50     -8       43
  MINIMUM         26    623 AM   6    1981  29     -3       20
                                      1955
  AVERAGE         34                        40     -6       32

PRECIPITATION (IN)
  YESTERDAY        T             2.70 1873   0.14  -0.14      T
  MONTH TO DATE    2.42                      1.59   0.83     1.00
  SINCE DEC 1     14.47                      8.85   5.62     6.46
  SINCE JAN 1      5.71                      5.26   0.45     4.06

SNOWFALL (IN)
  YESTERDAY        T             7.1  2014   0.0              T
  MONTH TO DATE    T                         1.0              T
  SINCE DEC 1     13.8                       6.0              T
  SINCE JUL 1     13.8                       6.1             3.2
  SNOW DEPTH       0

DEGREE DAYS
 HEATING
  YESTERDAY       31                        25      6       33
  MONTH TO DATE  322                       314      8      315
  SINCE DEC 1   1670                      1974   -304     1815
  SINCE JUL 1   2345                      2841   -496     2730

 COOLING
  YESTERDAY        0                         0      0        0
  MONTH TO DATE    0                         0      0        0
  SINCE DEC 1      0                         0      0        0
  SINCE JAN 1      0                         0      0        0
..................................................................


WIND (MPH)
  HIGHEST WIND SPEED    21   HIGHEST WIND DIRECTION     N (340)
  HIGHEST GUST SPEED    27   HIGHEST GUST DIRECTION    NW (330)
  AVERAGE WIND SPEED     7.3


SKY COVER
  POSSIBLE SUNSHINE  MM
  AVERAGE SKY COVER 0.8


WEATHER CONDITIONS
 THE FOLLOWING WEATHER WAS RECORDED YESTERDAY.
  LIGHT SNOW


RELATIVE HUMIDITY (PERCENT)
 HIGHEST    75           300 AM
 LOWEST     49           100 PM
 AVERAGE    62

..........................................................


THE ASHEVILLE NC CLIMATE NORMALS FOR TODAY
                         NORMAL    RECORD    YEAR
 MAXIMUM TEMPERATURE (F)   51        75      1949
 MINIMUM TEMPERATURE (F)   29         2      1905


SUNRISE AND SUNSET
FEBRUARY 13 2016......SUNRISE   719 AM EST   SUNSET   610 PM EST
FEBRUARY 14 2016......SUNRISE   718 AM EST   SUNSET   611 PM EST


-  INDICATES NEGATIVE NUMBERS.
R  INDICATES RECORD WAS SET OR TIED.
MM INDICATES DATA IS MISSING.
T  INDICATES TRACE AMOUNT.




$$
JPT
