000
CDUS42 KGSP 272043
CLIAVL

CLIMATE REPORT
NATIONAL WEATHER SERVICE GREENVILLE-SPARTANBURG SC
443 PM EDT THU APR 27 2017


...................................

...THE ASHEVILLE NC CLIMATE SUMMARY FOR APRIL 27 2017...
VALID TODAY AS OF 0440 PM LOCAL TIME.

CLIMATE NORMAL PERIOD 1981 TO 2010
CLIMATE RECORD PERIOD 1869 TO 2017


WEATHER ITEM   OBSERVED TIME   RECORD YEAR NORMAL DEPARTURE LAST
                VALUE   (LST)  VALUE       VALUE  FROM      YEAR
                                                  NORMAL
..................................................................
TEMPERATURE (F)
 TODAY
  MAXIMUM         64   1006 AM  88    1986  71     -7       80
  MINIMUM         59    144 PM  30    1977  46     13       56
                                      1972
  AVERAGE         62                        58      4       68

PRECIPITATION (IN)
  TODAY            0.15          0.98 1912   0.11   0.04     0.17
  MONTH TO DATE    7.46                      3.00   4.46     1.43
  SINCE MAR 1     11.38                      6.83   4.55     2.99
  SINCE JAN 1     15.80                     14.26   1.54    11.97

SNOWFALL (IN)
  TODAY            0.0           0.3  1928   0.0    0.0      0.0
  MONTH TO DATE    0.0                       0.7   -0.7      0.0
  SINCE MAR 1      2.1                       2.6   -0.5       T
  SINCE JUL 1      9.4                       9.9   -0.5     13.9
  SNOW DEPTH       0

DEGREE DAYS
 HEATING
  TODAY            3                         7     -4        0
  MONTH TO DATE  151                       281   -130      255
  SINCE MAR 1    658                       836   -178      616
  SINCE JUL 1   3052                      4053  -1001     3363

 COOLING
  TODAY            0                         0      0        3
  MONTH TO DATE   11                         0     11        5
  SINCE MAR 1     11                         1     10        5
  SINCE JAN 1     11                         1     10        5
..................................................................


WIND (MPH)
  HIGHEST WIND SPEED    16   HIGHEST WIND DIRECTION     S (180)
  HIGHEST GUST SPEED    23   HIGHEST GUST DIRECTION     S (180)
  AVERAGE WIND SPEED     7.8


SKY COVER
  POSSIBLE SUNSHINE  MM
  AVERAGE SKY COVER 0.4


WEATHER CONDITIONS
 THE FOLLOWING WEATHER WAS RECORDED TODAY.
  LIGHT RAIN
  FOG


RELATIVE HUMIDITY (PERCENT)
 HIGHEST    90           200 PM
 LOWEST     63           900 AM
 AVERAGE    77

..........................................................


THE ASHEVILLE NC CLIMATE NORMALS FOR TOMORROW
                         NORMAL    RECORD    YEAR
 MAXIMUM TEMPERATURE (F)   71        86      1986
                                             1957
 MINIMUM TEMPERATURE (F)   46        29      1928


SUNRISE AND SUNSET
APRIL 27 2017.........SUNRISE   643 AM EDT   SUNSET   813 PM EDT
APRIL 28 2017.........SUNRISE   642 AM EDT   SUNSET   814 PM EDT


-  INDICATES NEGATIVE NUMBERS.
R  INDICATES RECORD WAS SET OR TIED.
MM INDICATES DATA IS MISSING.
T  INDICATES TRACE AMOUNT.

$$

OUTLAW
