000
CDUS41 KBGM 010551
CLIAVP


CLIMATE REPORT
NATIONAL WEATHER SERVICE BINGHAMTON NY
151 AM EDT TUE SEP 1 2015


...................................

...THE AVOCA PA CLIMATE SUMMARY FOR AUGUST 31 2015...

CLIMATE NORMAL PERIOD 1981 TO 2010
CLIMATE RECORD PERIOD 1901 TO 2015


WEATHER ITEM   OBSERVED TIME   RECORD YEAR NORMAL DEPARTURE LAST
                VALUE   (LST)  VALUE       VALUE  FROM      YEAR
                                                  NORMAL
..................................................................
TEMPERATURE (F)
 YESTERDAY
  MAXIMUM         85    456 PM  95    1953  78      7       73
                                      1932
  MINIMUM         66    554 AM  41    1934  57      9       67
  AVERAGE         76                        67      9       70

PRECIPITATION (IN)
  YESTERDAY        0.38          2.63 1940   0.10   0.28     0.40
  MONTH TO DATE    2.74                      3.41  -0.67     4.20
  SINCE JUN 1     11.59                     11.23   0.36     8.85
  SINCE JAN 1     21.15                     25.03  -3.88    21.56

SNOWFALL (IN)
  YESTERDAY        0.0           0.0  1995   0.0    0.0      0.0
  MONTH TO DATE    0.0                       0.0    0.0      0.0
  SINCE JUN 1      0.0                       0.0    0.0      0.0
  SINCE JUL 1      0.0                       0.0    0.0      0.0

DEGREE DAYS
 HEATING
  YESTERDAY        0                         1     -1        0
  MONTH TO DATE    0                        14    -14        9
  SINCE JUN 1     24                        80    -56       22
  SINCE JUL 1      0                        26    -26       11

 COOLING
  YESTERDAY       11                         4      7        5
  MONTH TO DATE  220                       164     56      151
  SINCE JUN 1    628                       487    141      545
  SINCE JAN 1    776                       524    252      586
..................................................................


WIND (MPH)
  HIGHEST WIND SPEED    16   HIGHEST WIND DIRECTION    NW (330)
  HIGHEST GUST SPEED    21   HIGHEST GUST DIRECTION    NW (330)
  AVERAGE WIND SPEED     3.2


SKY COVER
  AVERAGE SKY COVER 0.1



RELATIVE HUMIDITY (PERCENT)
 HIGHEST    90          1000 PM
 LOWEST     55           400 PM
 AVERAGE    73

..........................................................


THE AVOCA PA CLIMATE NORMALS FOR TODAY
                         NORMAL    RECORD    YEAR
 MAXIMUM TEMPERATURE (F)   77        97      1932
 MINIMUM TEMPERATURE (F)   57        41      1926


SUNRISE AND SUNSET
SEPTEMBER  1 2015.....SUNRISE   629 AM EDT   SUNSET   736 PM EDT
SEPTEMBER  2 2015.....SUNRISE   630 AM EDT   SUNSET   735 PM EDT


-  INDICATES NEGATIVE NUMBERS.
R  INDICATES RECORD WAS SET OR TIED.
MM INDICATES DATA IS MISSING.
T  INDICATES TRACE AMOUNT.




$$
