827
CDUS41 KBGM 290530
CLIAVP


CLIMATE REPORT
NATIONAL WEATHER SERVICE BINGHAMTON NY
129 AM EDT FRI APR 29 2016


...................................

...THE AVOCA PA CLIMATE SUMMARY FOR APRIL 28 2016...

CLIMATE NORMAL PERIOD 1981 TO 2010
CLIMATE RECORD PERIOD 1901 TO 2016


WEATHER ITEM   OBSERVED TIME   RECORD YEAR NORMAL DEPARTURE LAST
                VALUE   (LST)  VALUE       VALUE  FROM      YEAR
                                                  NORMAL
..................................................................
TEMPERATURE (F)
 YESTERDAY
  MAXIMUM         56    119 PM  91    1990  64     -8       66
  MINIMUM         39    452 AM  27    1972  42     -3       45
  AVERAGE         48                        53     -5       56

PRECIPITATION (IN)
  YESTERDAY        0.09          1.75 1923   0.12  -0.03      T
  MONTH TO DATE    2.62                      3.11  -0.49     2.88
  SINCE MAR 1      4.40                      5.66  -1.26     4.84
  SINCE JAN 1     10.20                     10.06   0.14     7.84

SNOWFALL (IN)
  YESTERDAY        0.0           T    2010   0.0    0.0      0.0
                                      1987
  MONTH TO DATE    2.2                       3.1   -0.9       T
  SINCE MAR 1      3.5                      12.1   -8.6      9.0
  SINCE JUL 1     15.5                      46.0  -30.5     51.4

DEGREE DAYS
 HEATING
  YESTERDAY       17                        12      5        9
  MONTH TO DATE  478                       473      5      439
  SINCE MAR 1   1109                      1344   -235     1434
  SINCE JUL 1   4679                      5950  -1271     6131

 COOLING
  YESTERDAY        0                         0      0        0
  MONTH TO DATE    1                         0      1        0
  SINCE MAR 1      1                         0      1        0
  SINCE JAN 1      1                         0      1        0
..................................................................


WIND (MPH)
  HIGHEST WIND SPEED    13   HIGHEST WIND DIRECTION     N (10)
  HIGHEST GUST SPEED    17   HIGHEST GUST DIRECTION     N (350)
  AVERAGE WIND SPEED     4.4


SKY COVER
  AVERAGE SKY COVER 0.5



RELATIVE HUMIDITY (PERCENT)
 HIGHEST    92          1100 PM
 LOWEST     24          1000 AM
 AVERAGE    58

..........................................................


THE AVOCA PA CLIMATE NORMALS FOR TODAY
                         NORMAL    RECORD    YEAR
 MAXIMUM TEMPERATURE (F)   65        85      1974
                                             1962
 MINIMUM TEMPERATURE (F)   43        28      2001
                                             1909


SUNRISE AND SUNSET
APRIL 29 2016.........SUNRISE   602 AM EDT   SUNSET   759 PM EDT
APRIL 30 2016.........SUNRISE   601 AM EDT   SUNSET   800 PM EDT


-  INDICATES NEGATIVE NUMBERS.
R  INDICATES RECORD WAS SET OR TIED.
MM INDICATES DATA IS MISSING.
T  INDICATES TRACE AMOUNT.

$$
