000
CDUS41 KBGM 020542
CLIAVP


CLIMATE REPORT
NATIONAL WEATHER SERVICE BINGHAMTON NY
141 AM EDT SUN AUG 2 2015


...................................

...THE AVOCA PA CLIMATE SUMMARY FOR AUGUST 1 2015...

CLIMATE NORMAL PERIOD 1981 TO 2010
CLIMATE RECORD PERIOD 1901 TO 2015


WEATHER ITEM   OBSERVED TIME   RECORD YEAR NORMAL DEPARTURE LAST
                VALUE   (LST)  VALUE       VALUE  FROM      YEAR
                                                  NORMAL
..................................................................
TEMPERATURE (F)
 YESTERDAY
  MAXIMUM         83    406 PM  96    1955  82      1       83
  MINIMUM         62   1159 PM  48    1910  61      1       62
  AVERAGE         73                        71      2       73

PRECIPITATION (IN)
  YESTERDAY        0.03          1.36 1965   0.13  -0.10     0.25
  MONTH TO DATE    0.03                      0.13  -0.10     0.25
  SINCE JUN 1      8.88                      7.95   0.93     4.90
  SINCE JAN 1     18.44                     21.75  -3.31    17.61

SNOWFALL (IN)
  YESTERDAY        0.0           0.0  1995   0.0    0.0      0.0
  MONTH TO DATE    0.0                       0.0    0.0      0.0
  SINCE JUN 1      0.0                       0.0    0.0      0.0
  SINCE JUL 1      0.0                       0.0    0.0      0.0

DEGREE DAYS
 HEATING
  YESTERDAY        0                         0      0        0
  MONTH TO DATE    0                         0      0        0
  SINCE JUN 1     24                        62    -38       13
  SINCE JUL 1      0                         8     -8        2

 COOLING
  YESTERDAY        8                         6      2        8
  MONTH TO DATE    8                         6      2        8
  SINCE JUN 1    416                       329     87      402
  SINCE JAN 1    564                       366    198      443
..................................................................


WIND (MPH)
  HIGHEST WIND SPEED    18   HIGHEST WIND DIRECTION    NW (330)
  HIGHEST GUST SPEED    23   HIGHEST GUST DIRECTION    NW (320)
  AVERAGE WIND SPEED     5.1


SKY COVER
  AVERAGE SKY COVER 0.4



RELATIVE HUMIDITY (PERCENT)
 HIGHEST    90           900 PM
 LOWEST     42           200 PM
 AVERAGE    66

..........................................................


THE AVOCA PA CLIMATE NORMALS FOR TODAY
                         NORMAL    RECORD    YEAR
 MAXIMUM TEMPERATURE (F)   82        96      2002
 MINIMUM TEMPERATURE (F)   61        47      1947


SUNRISE AND SUNSET
AUGUST  2 2015........SUNRISE   559 AM EDT   SUNSET   819 PM EDT
AUGUST  3 2015........SUNRISE   600 AM EDT   SUNSET   818 PM EDT


-  INDICATES NEGATIVE NUMBERS.
R  INDICATES RECORD WAS SET OR TIED.
MM INDICATES DATA IS MISSING.
T  INDICATES TRACE AMOUNT.




$$
