000
CDUS41 KBGM 290558
CLIAVP


CLIMATE REPORT
NATIONAL WEATHER SERVICE BINGHAMTON NY
157 AM EDT FRI MAY 29 2015


...................................

...THE AVOCA PA CLIMATE SUMMARY FOR MAY 28 2015...

CLIMATE NORMAL PERIOD 1981 TO 2010
CLIMATE RECORD PERIOD 1901 TO 2015


WEATHER ITEM   OBSERVED TIME   RECORD YEAR NORMAL DEPARTURE LAST
                VALUE   (LST)  VALUE       VALUE  FROM      YEAR
                                                  NORMAL
..................................................................
TEMPERATURE (F)
 YESTERDAY
  MAXIMUM         86   1258 PM  91    1908  73     13       77
  MINIMUM         62   1159 PM  36    1994  51     11       55
  AVERAGE         74                        62     12       66

PRECIPITATION (IN)
  YESTERDAY        0.00          1.05 1984   0.12  -0.12      T
  MONTH TO DATE    1.25                      3.15  -1.90     2.75
  SINCE MAR 1      6.09                      9.03  -2.94     7.83
  SINCE JAN 1      9.09                     13.43  -4.34    12.71

SNOWFALL (IN)
  YESTERDAY        0.0           0.0    MM   0.0    0.0      0.0
  MONTH TO DATE    0.0                       0.3   -0.3      0.0
  SINCE MAR 1      9.0                      12.6   -3.6      3.1
  SINCE JUL 1     51.4                      46.5    4.9     58.9

DEGREE DAYS
 HEATING
  YESTERDAY        0                         5     -5        0
  MONTH TO DATE  100                       216   -116      134
  SINCE MAR 1   1547                      1583    -36     1675
  SINCE JUL 1   6244                      6189     55     6498

 COOLING
  YESTERDAY        9                         2      7        1
  MONTH TO DATE  125                        25    100       34
  SINCE MAR 1    125                        31     94       41
  SINCE JAN 1    125                        31     94       41
..................................................................


WIND (MPH)
  HIGHEST WIND SPEED    20   HIGHEST WIND DIRECTION    NW (330)
  HIGHEST GUST SPEED    24   HIGHEST GUST DIRECTION    NW (320)
  AVERAGE WIND SPEED     6.7


SKY COVER
  AVERAGE SKY COVER 0.2



RELATIVE HUMIDITY (PERCENT)
 HIGHEST    93          1200 AM
 LOWEST     31           200 PM
 AVERAGE    62

..........................................................


THE AVOCA PA CLIMATE NORMALS FOR TODAY
                         NORMAL    RECORD    YEAR
 MAXIMUM TEMPERATURE (F)   73        91      1969
                                             1931
 MINIMUM TEMPERATURE (F)   51        36      2008


SUNRISE AND SUNSET
MAY 29 2015...........SUNRISE   534 AM EDT   SUNSET   827 PM EDT
MAY 30 2015...........SUNRISE   533 AM EDT   SUNSET   828 PM EDT


-  INDICATES NEGATIVE NUMBERS.
R  INDICATES RECORD WAS SET OR TIED.
MM INDICATES DATA IS MISSING.
T  INDICATES TRACE AMOUNT.




$$
