000
CDUS43 KGRR 072127
CLIAZO


CLIMATE REPORT
NATIONAL WEATHER SERVICE GRAND RAPIDS, MI
527 PM EDT TUE JUL 7 2015


...................................

...THE KALAMAZOO MI CLIMATE SUMMARY FOR JULY 7 2015...
VALID TODAY AS OF 0500 PM LOCAL TIME.

CLIMATE NORMAL PERIOD 1981 TO 2010
CLIMATE RECORD PERIOD 1998 TO 2015


WEATHER ITEM   OBSERVED TIME   NORMAL DEPARTURE LAST
                VALUE   (LST)  VALUE  FROM      YEAR
                                      NORMAL
......................................................
TEMPERATURE (F)
 TODAY
  MAXIMUM         77    253 AM  83     -6       84
  MINIMUM         62   1113 AM  62      0       66
  AVERAGE         70            73     -3       75

PRECIPITATION (IN)
  TODAY            1.20          0.12   1.08     0.37
  MONTH TO DATE    1.20          0.71   0.49     2.12
  SINCE JUN 1      4.95          4.29   0.66     5.99
  SINCE JAN 1     14.66         16.73  -2.07    14.41

DEGREE DAYS
 HEATING
  TODAY            0             0      0        0
  MONTH TO DATE    3             0      3        4
  SINCE JUN 1     24            48    -24       23
  SINCE JUL 1      3             0      3        4

 COOLING
  TODAY            5             8     -3       10
  MONTH TO DATE   21            53    -32       26
  SINCE JUN 1    101           198    -97      206
  SINCE JAN 1    168           239    -71      260
......................................................


WIND (MPH)
  RESULTANT WIND SPEED   4   RESULTANT WIND DIRECTION   W (280)
  HIGHEST WIND SPEED    20   HIGHEST WIND DIRECTION    NW (330)
  HIGHEST GUST SPEED    23   HIGHEST GUST DIRECTION    NW (330)
  AVERAGE WIND SPEED    10.0


SKY COVER
  AVERAGE SKY COVER 0.7


WEATHER CONDITIONS
 THE FOLLOWING WEATHER WAS RECORDED TODAY.
  HEAVY RAIN
  RAIN
  LIGHT RAIN
  FOG


RELATIVE HUMIDITY (PERCENT)
 HIGHEST    93           600 AM
 LOWEST     57           300 PM
 AVERAGE    75

..........................................................


THE KALAMAZOO MI CLIMATE NORMALS FOR TOMORROW
                         NORMAL
 MAXIMUM TEMPERATURE (F)   83
 MINIMUM TEMPERATURE (F)   62


SUNRISE AND SUNSET
JULY  7 2015..........SUNRISE   613 AM EDT   SUNSET   921 PM EDT
JULY  8 2015..........SUNRISE   614 AM EDT   SUNSET   921 PM EDT


-  INDICATES NEGATIVE NUMBERS.
R  INDICATES RECORD WAS SET OR TIED.
MM INDICATES DATA IS MISSING.
T  INDICATES TRACE AMOUNT.




$$
