000
CDUS43 KGRR 280525
CLIAZO


CLIMATE REPORT
NATIONAL WEATHER SERVICE GRAND RAPIDS, MI
1223 AM EST SUN DEC 28 2014


...................................

...THE KALAMAZOO MI CLIMATE SUMMARY FOR DECEMBER 27 2014...

CLIMATE NORMAL PERIOD 1981 TO 2010
CLIMATE RECORD PERIOD 1998 TO 2014


WEATHER ITEM   OBSERVED TIME   NORMAL DEPARTURE LAST
                VALUE   (LST)  VALUE  FROM      YEAR
                                      NORMAL
......................................................
TEMPERATURE (F)
 YESTERDAY
  MAXIMUM         49    405 PM  32     17       39
  MINIMUM         35   1106 PM  20     15       30
  AVERAGE         42            26     16       35

PRECIPITATION (IN)
  YESTERDAY        T             0.05  -0.05      T
  MONTH TO DATE    1.06          1.76  -0.70     1.46
  SINCE DEC 1      1.06          1.76  -0.70     1.46
  SINCE JAN 1     28.13         35.52  -7.39    39.43

DEGREE DAYS
 HEATING
  YESTERDAY       23            39    -16       30
  MONTH TO DATE  822           965   -143     1041
  SINCE DEC 1    822           965   -143     1041
  SINCE JUL 1   2352          2292     60     2398

 COOLING
  YESTERDAY        0             0      0        0
  MONTH TO DATE    0             0      0        0
  SINCE DEC 1      0             0      0        0
  SINCE JAN 1    609           675    -66      725
......................................................


WIND (MPH)
  RESULTANT WIND SPEED   9   RESULTANT WIND DIRECTION  SW (220)
  HIGHEST WIND SPEED    30   HIGHEST WIND DIRECTION     W (270)
  HIGHEST GUST SPEED    37   HIGHEST GUST DIRECTION     W (260)
  AVERAGE WIND SPEED    12.1


SKY COVER
  AVERAGE SKY COVER 1.0


WEATHER CONDITIONS
 THE FOLLOWING WEATHER WAS RECORDED YESTERDAY.
  LIGHT RAIN
  FOG


RELATIVE HUMIDITY (PERCENT)
 HIGHEST    93          1200 PM
 LOWEST     76          1200 AM
 AVERAGE    85

..........................................................


THE KALAMAZOO MI CLIMATE NORMALS FOR TODAY
                         NORMAL
 MAXIMUM TEMPERATURE (F)   32
 MINIMUM TEMPERATURE (F)   20


SUNRISE AND SUNSET
DECEMBER 28 2014......SUNRISE   810 AM EST   SUNSET   517 PM EST
DECEMBER 29 2014......SUNRISE   811 AM EST   SUNSET   518 PM EST


-  INDICATES NEGATIVE NUMBERS.
R  INDICATES RECORD WAS SET OR TIED.
MM INDICATES DATA IS MISSING.
T  INDICATES TRACE AMOUNT.




$$
