000
CDUS43 KGRR 220523
CLIAZO


CLIMATE REPORT
NATIONAL WEATHER SERVICE GRAND RAPIDS, MI
122 AM EDT FRI AUG 22 2014


...................................

...THE KALAMAZOO MI CLIMATE SUMMARY FOR AUGUST 21 2014...

CLIMATE NORMAL PERIOD 1981 TO 2010
CLIMATE RECORD PERIOD 1998 TO 2014


WEATHER ITEM   OBSERVED TIME   NORMAL DEPARTURE LAST
                VALUE   (LST)  VALUE  FROM      YEAR
                                      NORMAL
......................................................
TEMPERATURE (F)
 YESTERDAY
  MAXIMUM         83    129 PM  81      2       86
  MINIMUM         65    345 AM  60      5       66
  AVERAGE         74            70      4       76

PRECIPITATION (IN)
  YESTERDAY        0.03          0.13  -0.10     0.00
  MONTH TO DATE    0.73          2.50  -1.77     3.95
  SINCE JUN 1      7.55          9.78  -2.23    13.78
  SINCE JAN 1     15.97         22.22  -6.25    28.84

DEGREE DAYS
 HEATING
  YESTERDAY        0             0      0        0
  MONTH TO DATE    9             0      9       20
  SINCE JUN 1     51            53     -2       76
  SINCE JUL 1     32             5     27       37

 COOLING
  YESTERDAY        9             6      3       11
  MONTH TO DATE  113           138    -25       75
  SINCE JUN 1    404           523   -119      455
  SINCE JAN 1    458           564   -106      535
......................................................


WIND (MPH)
  RESULTANT WIND SPEED   3   RESULTANT WIND DIRECTION  SW (220)
  HIGHEST WIND SPEED    15   HIGHEST WIND DIRECTION    SW (210)
  HIGHEST GUST SPEED    18   HIGHEST GUST DIRECTION    SW (210)
  AVERAGE WIND SPEED     4.1


SKY COVER
  AVERAGE SKY COVER 0.4


WEATHER CONDITIONS
 THE FOLLOWING WEATHER WAS RECORDED YESTERDAY.
  FOG
  HAZE


RELATIVE HUMIDITY (PERCENT)
 HIGHEST    93           300 AM
 LOWEST     63           100 PM
 AVERAGE    78

..........................................................


THE KALAMAZOO MI CLIMATE NORMALS FOR TODAY
                         NORMAL
 MAXIMUM TEMPERATURE (F)   80
 MINIMUM TEMPERATURE (F)   60


SUNRISE AND SUNSET
AUGUST 22 2014........SUNRISE   657 AM EDT   SUNSET   832 PM EDT
AUGUST 23 2014........SUNRISE   658 AM EDT   SUNSET   831 PM EDT


-  INDICATES NEGATIVE NUMBERS.
R  INDICATES RECORD WAS SET OR TIED.
MM INDICATES DATA IS MISSING.
T  INDICATES TRACE AMOUNT.




$$
