000
CDUS43 KGRR 190523
CLIAZO


CLIMATE REPORT
NATIONAL WEATHER SERVICE GRAND RAPIDS, MI
1222 AM EST THU JAN 19 2017


...................................

...THE KALAMAZOO MI CLIMATE SUMMARY FOR JANUARY 18 2017...

CLIMATE NORMAL PERIOD 1981 TO 2010
CLIMATE RECORD PERIOD 1998 TO 2017


WEATHER ITEM   OBSERVED TIME   NORMAL DEPARTURE LAST
                VALUE   (LST)  VALUE  FROM      YEAR
                                      NORMAL
......................................................
TEMPERATURE (F)
 YESTERDAY
  MAXIMUM         39   1212 PM  31      8       13
  MINIMUM         34   1020 PM  18     16        7
  AVERAGE         37            24     13       10

PRECIPITATION (IN)
  YESTERDAY        T             0.05  -0.05      T
  MONTH TO DATE    1.98          1.02   0.96     0.74
  SINCE DEC 1      3.03          3.00   0.03     3.93
  SINCE JAN 1      1.98          1.02   0.96     0.74

DEGREE DAYS
 HEATING
  YESTERDAY       28            41    -13       55
  MONTH TO DATE  679           730    -51      704
  SINCE DEC 1   1832          1854    -22     1469
  SINCE JUL 1   2732          3181   -449     2534

 COOLING
  YESTERDAY        0             0      0        0
  MONTH TO DATE    0             0      0        0
  SINCE DEC 1      0             0      0        0
  SINCE JAN 1      0             0      0        0
......................................................


WIND (MPH)
  RESULTANT WIND SPEED   9   RESULTANT WIND DIRECTION  SW (240)
  HIGHEST WIND SPEED    16   HIGHEST WIND DIRECTION    SW (230)
  HIGHEST GUST SPEED    21   HIGHEST GUST DIRECTION    SW (230)
  AVERAGE WIND SPEED    10.2


SKY COVER
  AVERAGE SKY COVER 0.9


WEATHER CONDITIONS
 THE FOLLOWING WEATHER WAS RECORDED YESTERDAY.
  LIGHT RAIN
  FOG
  HAZE


RELATIVE HUMIDITY (PERCENT)
 HIGHEST    96           700 PM
 LOWEST     82          1100 PM
 AVERAGE    89

..........................................................


THE KALAMAZOO MI CLIMATE NORMALS FOR TODAY
                         NORMAL
 MAXIMUM TEMPERATURE (F)   31
 MINIMUM TEMPERATURE (F)   18


SUNRISE AND SUNSET
JANUARY 19 2017.......SUNRISE   806 AM EST   SUNSET   540 PM EST
JANUARY 20 2017.......SUNRISE   805 AM EST   SUNSET   542 PM EST


-  INDICATES NEGATIVE NUMBERS.
R  INDICATES RECORD WAS SET OR TIED.
MM INDICATES DATA IS MISSING.
T  INDICATES TRACE AMOUNT.




$$
