000
CDUS43 KGRR 291337
CLIAZO


CLIMATE REPORT
NATIONAL WEATHER SERVICE GRAND RAPIDS, MI
936 AM EDT FRI MAY 29 2015


...................................

...THE KALAMAZOO MI CLIMATE SUMMARY FOR MAY 29 2015...
VALID AS OF 0900 AM LOCAL TIME.

CLIMATE NORMAL PERIOD 1981 TO 2010
CLIMATE RECORD PERIOD 1998 TO 2015


WEATHER ITEM   OBSERVED TIME   NORMAL DEPARTURE LAST
                VALUE   (LST)  VALUE  FROM      YEAR
                                      NORMAL
......................................................
TEMPERATURE (F)
 TODAY
  MAXIMUM         68    759 AM  74     -6       79
  MINIMUM         63    603 AM  52     11       55
  AVERAGE         66            63      3       67

PRECIPITATION (IN)
  TODAY            0.00          0.12  -0.12     0.00
  MONTH TO DATE    3.67          3.62   0.05     2.62
  SINCE MAR 1      6.03          8.95  -2.92     5.89
  SINCE JAN 1      7.56         12.19  -4.63     8.42

DEGREE DAYS
 HEATING
  TODAY            0             4     -4        0
  MONTH TO DATE  131           217    -86      220
  SINCE MAR 1   1546          1587    -41     1880
  SINCE JUL 1   6832          6360    472     7048

 COOLING
  TODAY            1             2     -1        2
  MONTH TO DATE   59            32     27       45
  SINCE MAR 1     59            36     23       45
  SINCE JAN 1     59            36     23       45
......................................................


WIND (MPH)
  RESULTANT WIND SPEED   4   RESULTANT WIND DIRECTION  SE (150)
  HIGHEST WIND SPEED     9   HIGHEST WIND DIRECTION     S (160)
  HIGHEST GUST SPEED    12   HIGHEST GUST DIRECTION     S (170)
  AVERAGE WIND SPEED     4.1


SKY COVER
  AVERAGE SKY COVER 0.3


WEATHER CONDITIONS
 THE FOLLOWING WEATHER WAS RECORDED TODAY.
  NO SIGNIFICANT WEATHER WAS OBSERVED.


RELATIVE HUMIDITY (PERCENT)
 HIGHEST    78           500 AM
 LOWEST     63          1200 AM
 AVERAGE    71

..........................................................


THE KALAMAZOO MI CLIMATE NORMALS FOR TOMORROW
                         NORMAL
 MAXIMUM TEMPERATURE (F)   74
 MINIMUM TEMPERATURE (F)   52


SUNRISE AND SUNSET
MAY 29 2015...........SUNRISE   610 AM EDT   SUNSET   909 PM EDT
MAY 30 2015...........SUNRISE   610 AM EDT   SUNSET   910 PM EDT


-  INDICATES NEGATIVE NUMBERS.
R  INDICATES RECORD WAS SET OR TIED.
MM INDICATES DATA IS MISSING.
T  INDICATES TRACE AMOUNT.




$$
