000
CDUS43 KGRR 240520
CLIAZO


CLIMATE REPORT
NATIONAL WEATHER SERVICE GRAND RAPIDS, MI
119 AM EDT WED AUG 24 2016


...................................

...THE KALAMAZOO MI CLIMATE SUMMARY FOR AUGUST 23 2016...

CLIMATE NORMAL PERIOD 1981 TO 2010
CLIMATE RECORD PERIOD 1998 TO 2016


WEATHER ITEM   OBSERVED TIME   NORMAL DEPARTURE LAST
                VALUE   (LST)  VALUE  FROM      YEAR
                                      NORMAL
......................................................
TEMPERATURE (F)
 YESTERDAY
  MAXIMUM         80    436 PM  80      0       81
  MINIMUM         58    239 AM  60     -2       56
  AVERAGE         69            70     -1       69

PRECIPITATION (IN)
  YESTERDAY        0.00          0.13  -0.13     0.23
  MONTH TO DATE    6.54          2.76   3.78     2.54
  SINCE JUN 1     15.89         10.04   5.85    10.40
  SINCE JAN 1     26.87         22.48   4.39    20.11

DEGREE DAYS
 HEATING
  YESTERDAY        0             0      0        0
  MONTH TO DATE    0             0      0        2
  SINCE JUN 1     29            53    -24       32
  SINCE JUL 1      1             5     -4       11

 COOLING
  YESTERDAY        4             5     -1        4
  MONTH TO DATE  205           148     57      161
  SINCE JUN 1    654           533    121      433
  SINCE JAN 1    721           574    147      500
......................................................


WIND (MPH)
  RESULTANT WIND SPEED   7   RESULTANT WIND DIRECTION   S (180)
  HIGHEST WIND SPEED    17   HIGHEST WIND DIRECTION    SW (210)
  HIGHEST GUST SPEED    22   HIGHEST GUST DIRECTION     S (180)
  AVERAGE WIND SPEED     7.6


SKY COVER
  AVERAGE SKY COVER 0.1


WEATHER CONDITIONS
 THE FOLLOWING WEATHER WAS RECORDED YESTERDAY.
  NO SIGNIFICANT WEATHER WAS OBSERVED.


RELATIVE HUMIDITY (PERCENT)
 HIGHEST    84           200 AM
 LOWEST     48           300 PM
 AVERAGE    66

..........................................................


THE KALAMAZOO MI CLIMATE NORMALS FOR TODAY
                         NORMAL
 MAXIMUM TEMPERATURE (F)   80
 MINIMUM TEMPERATURE (F)   59


SUNRISE AND SUNSET
AUGUST 24 2016........SUNRISE   700 AM EDT   SUNSET   828 PM EDT
AUGUST 25 2016........SUNRISE   701 AM EDT   SUNSET   827 PM EDT


-  INDICATES NEGATIVE NUMBERS.
R  INDICATES RECORD WAS SET OR TIED.
MM INDICATES DATA IS MISSING.
T  INDICATES TRACE AMOUNT.




$$
