000
CDUS43 KGRR 251333
CLIAZO


CLIMATE REPORT
NATIONAL WEATHER SERVICE GRAND RAPIDS, MI
931 AM EDT SUN SEP 25 2016


...................................

...THE KALAMAZOO MI CLIMATE SUMMARY FOR SEPTEMBER 25 2016...
VALID AS OF 0900 AM LOCAL TIME.

CLIMATE NORMAL PERIOD 1981 TO 2010
CLIMATE RECORD PERIOD 1998 TO 2016


WEATHER ITEM   OBSERVED TIME   NORMAL DEPARTURE LAST
                VALUE   (LST)  VALUE  FROM      YEAR
                                      NORMAL
......................................................
TEMPERATURE (F)
 TODAY
  MAXIMUM         58    759 AM  69    -11       79
  MINIMUM         54    639 AM  48      6       53
  AVERAGE         56            58     -2       66

PRECIPITATION (IN)
  TODAY            0.00          0.12  -0.12     0.00
  MONTH TO DATE    1.87          3.28  -1.41     4.33
  SINCE SEP 1      1.87          3.28  -1.41     4.33
  SINCE JAN 1     29.58         26.87   2.71    24.84

DEGREE DAYS
 HEATING
  TODAY            9             7      2        0
  MONTH TO DATE   16            87    -71       43
  SINCE SEP 1     16            87    -71       43
  SINCE JUL 1     17           103    -86       71

 COOLING
  TODAY            0             1     -1        1
  MONTH TO DATE   99            53     46      130
  SINCE SEP 1     99            53     46      130
  SINCE JAN 1    893           664    229      645
......................................................


WIND (MPH)
  RESULTANT WIND SPEED   1   RESULTANT WIND DIRECTION   E (100)
  HIGHEST WIND SPEED     7   HIGHEST WIND DIRECTION     S (160)
  HIGHEST GUST SPEED    10   HIGHEST GUST DIRECTION    SE (150)
  AVERAGE WIND SPEED     1.0


SKY COVER
  AVERAGE SKY COVER 0.1


WEATHER CONDITIONS
 THE FOLLOWING WEATHER WAS RECORDED TODAY.
  NO SIGNIFICANT WEATHER WAS OBSERVED.


RELATIVE HUMIDITY (PERCENT)
 HIGHEST    86           300 AM
 LOWEST     80          1200 AM
 AVERAGE    83

..........................................................


THE KALAMAZOO MI CLIMATE NORMALS FOR TOMORROW
                         NORMAL
 MAXIMUM TEMPERATURE (F)   69
 MINIMUM TEMPERATURE (F)   48


SUNRISE AND SUNSET
SEPTEMBER 25 2016.....SUNRISE   733 AM EDT   SUNSET   733 PM EDT
SEPTEMBER 26 2016.....SUNRISE   734 AM EDT   SUNSET   732 PM EDT


-  INDICATES NEGATIVE NUMBERS.
R  INDICATES RECORD WAS SET OR TIED.
MM INDICATES DATA IS MISSING.
T  INDICATES TRACE AMOUNT.




$$

63
