000
CDUS43 KGRR 202237
CLIAZO


CLIMATE REPORT
NATIONAL WEATHER SERVICE GRAND RAPIDS, MI
536 PM EST THU NOV 20 2014


...................................

...THE KALAMAZOO MI CLIMATE SUMMARY FOR NOVEMBER 20 2014...
VALID TODAY AS OF 0500 PM LOCAL TIME.

CLIMATE NORMAL PERIOD 1981 TO 2010
CLIMATE RECORD PERIOD 1998 TO 2014


WEATHER ITEM   OBSERVED TIME   RECORD YEAR NORMAL DEPARTURE LAST
                VALUE   (LST)  VALUE       VALUE  FROM      YEAR
                                                  NORMAL
..................................................................
TEMPERATURE (F)
 TODAY
  MAXIMUM         25   1203 PM  MM      MM  45    -20       45
  MINIMUM         22    425 PM  MM      MM  32    -10       28
  AVERAGE         24                        39    -15       37

PRECIPITATION (IN)
  TODAY            T            MM      MM   0.09  -0.09      T
  MONTH TO DATE    0.48                      2.11  -1.63     2.31
  SINCE SEP 1      8.19                      9.26  -1.07     8.70
  SINCE JAN 1     24.98                     32.85  -7.87    37.79

DEGREE DAYS
 HEATING
  TODAY           41                        26     15       28
  MONTH TO DATE  605                       448    157      459
  SINCE SEP 1   1193                      1024    169      966
  SINCE JUL 1   1225                      1040    185     1003

 COOLING
  TODAY            0                         0      0        0
  MONTH TO DATE    0                         0      0        0
  SINCE SEP 1     58                        64     -6       97
  SINCE JAN 1    609                       675    -66      725
..................................................................


WIND (MPH)
  RESULTANT WIND SPEED  15   RESULTANT WIND DIRECTION   W (270)
  HIGHEST WIND SPEED    26   HIGHEST WIND DIRECTION     W (260)
  HIGHEST GUST SPEED    36   HIGHEST GUST DIRECTION     W (260)
  AVERAGE WIND SPEED    15.1



WEATHER CONDITIONS
 THE FOLLOWING WEATHER WAS RECORDED TODAY.
  LIGHT SNOW
  FOG
  HAZE


RELATIVE HUMIDITY (PERCENT)
 HIGHEST    81           700 AM
 LOWEST     60           500 AM
 AVERAGE    71

..........................................................




SUNRISE AND SUNSET
NOVEMBER 20 2014......SUNRISE   739 AM EST   SUNSET   517 PM EST
NOVEMBER 21 2014......SUNRISE   740 AM EST   SUNSET   516 PM EST


-  INDICATES NEGATIVE NUMBERS.
R  INDICATES RECORD WAS SET OR TIED.
MM INDICATES DATA IS MISSING.
T  INDICATES TRACE AMOUNT.




$$

JAM
