000
CDUS43 KGRR 270517
CLIAZO


CLIMATE REPORT
NATIONAL WEATHER SERVICE GRAND RAPIDS, MI
116 AM EDT MON MAR 27 2017


...................................

...THE KALAMAZOO MI CLIMATE SUMMARY FOR MARCH 26 2017...

CLIMATE NORMAL PERIOD 1981 TO 2010
CLIMATE RECORD PERIOD 1998 TO 2017


WEATHER ITEM   OBSERVED TIME   NORMAL DEPARTURE LAST
                VALUE   (LST)  VALUE  FROM      YEAR
                                      NORMAL
......................................................
TEMPERATURE (F)
 YESTERDAY
  MAXIMUM         56    613 PM  50      6       55
  MINIMUM         43    737 AM  31     12       29
  AVERAGE         50            41      9       42

PRECIPITATION (IN)
  YESTERDAY        0.29          0.07   0.22     0.00
  MONTH TO DATE    2.91          1.87   1.04     1.75
  SINCE MAR 1      2.91          1.87   1.04     1.75
  SINCE JAN 1      7.63          5.11   2.52     3.31

DEGREE DAYS
 HEATING
  YESTERDAY       15            24     -9       23
  MONTH TO DATE  775           768      7      613
  SINCE MAR 1    775           768      7      613
  SINCE JUL 1   4671          5541   -870     4661

 COOLING
  YESTERDAY        0             0      0        0
  MONTH TO DATE    0             0      0        0
  SINCE MAR 1      0             0      0        0
  SINCE JAN 1      0             0      0        0
......................................................


WIND (MPH)
  RESULTANT WIND SPEED   5   RESULTANT WIND DIRECTION  SE (130)
  HIGHEST WIND SPEED    12   HIGHEST WIND DIRECTION    SW (240)
  HIGHEST GUST SPEED    15   HIGHEST GUST DIRECTION    SW (240)
  AVERAGE WIND SPEED     6.3


SKY COVER
  AVERAGE SKY COVER 1.0


WEATHER CONDITIONS
 THE FOLLOWING WEATHER WAS RECORDED YESTERDAY.
  RAIN
  LIGHT RAIN
  FOG


RELATIVE HUMIDITY (PERCENT)
 HIGHEST    92           900 AM
 LOWEST     83           200 AM
 AVERAGE    88

..........................................................


THE KALAMAZOO MI CLIMATE NORMALS FOR TODAY
                         NORMAL
 MAXIMUM TEMPERATURE (F)   51
 MINIMUM TEMPERATURE (F)   31


SUNRISE AND SUNSET
MARCH 27 2017.........SUNRISE   733 AM EDT   SUNSET   803 PM EDT
MARCH 28 2017.........SUNRISE   731 AM EDT   SUNSET   804 PM EDT


-  INDICATES NEGATIVE NUMBERS.
R  INDICATES RECORD WAS SET OR TIED.
MM INDICATES DATA IS MISSING.
T  INDICATES TRACE AMOUNT.




$$
