000
CDUS41 KBOX 300546
CLIBDL


CLIMATE REPORT
NATIONAL WEATHER SERVICE TAUNTON MA
142 AM EDT TUE SEP 30 2014


...................................

...THE HARTFORD CT CLIMATE SUMMARY FOR SEPTEMBER 29 2014...

CLIMATE NORMAL PERIOD 1981 TO 2010
CLIMATE RECORD PERIOD 1904 TO 2014


WEATHER ITEM   OBSERVED TIME   RECORD YEAR NORMAL DEPARTURE LAST
                VALUE   (LST)  VALUE       VALUE  FROM      YEAR
                                                  NORMAL
..................................................................
TEMPERATURE (F)
 YESTERDAY
  MAXIMUM         77    215 PM  86    1945  70      7       72
  MINIMUM         58    439 AM  30    2000  47     11       46
                                      1957
  AVERAGE         68                        58     10       59

PRECIPITATION (IN)
  YESTERDAY        0.00          2.46 1963   0.15  -0.15     0.00
  MONTH TO DATE    1.60                      3.72  -2.12     3.58
  SINCE SEP 1      1.60                      3.72  -2.12     3.58
  SINCE JAN 1     33.57                     33.99  -0.42    41.58

SNOWFALL (IN)
  YESTERDAY        0.0           0.0  2002   0.0    0.0      0.0
                                      2001
                                      2000
  MONTH TO DATE    0.0                       0.0    0.0      0.0
  SINCE SEP 1      0.0                       0.0    0.0      0.0
  SINCE JUL 1      0.0                       0.0    0.0      0.0
  SNOW DEPTH       0

DEGREE DAYS
 HEATING
  YESTERDAY        0                         7     -7        6
  MONTH TO DATE   81                       101    -20      124
  SINCE SEP 1     81                       101    -20      124
  SINCE JUL 1     83                       113    -30      126

 COOLING
  YESTERDAY        3                         1      2        0
  MONTH TO DATE   97                        75     22       65
  SINCE SEP 1     97                        75     22       65
  SINCE JAN 1    756                       750      6      889
..................................................................


WIND (MPH)
  RESULTANT WIND SPEED   2   RESULTANT WIND DIRECTION  NE (60)
  HIGHEST WIND SPEED    13   HIGHEST WIND DIRECTION    NE (30)
  HIGHEST GUST SPEED    14   HIGHEST GUST DIRECTION     N (20)
  AVERAGE WIND SPEED     3.5


SKY COVER
  POSSIBLE SUNSHINE  MM
  AVERAGE SKY COVER 0.8


WEATHER CONDITIONS
 THE FOLLOWING WEATHER WAS RECORDED YESTERDAY.
  FOG
  FOG W/VISIBILITY <= 1/4 MILE
  HAZE


RELATIVE HUMIDITY (PERCENT)
 HIGHEST    93           500 AM
 LOWEST     50           100 PM
 AVERAGE    72

..........................................................


THE HARTFORD CT CLIMATE NORMALS FOR TODAY
                         NORMAL    RECORD    YEAR
 MAXIMUM TEMPERATURE (F)   69        91      1986
 MINIMUM TEMPERATURE (F)   47        31      2000
                                             1951


SUNRISE AND SUNSET
SEPTEMBER 30 2014.....SUNRISE   646 AM EDT   SUNSET   634 PM EDT
OCTOBER  1 2014.......SUNRISE   648 AM EDT   SUNSET   632 PM EDT


-  INDICATES NEGATIVE NUMBERS.
R  INDICATES RECORD WAS SET OR TIED.
MM INDICATES DATA IS MISSING.
T  INDICATES TRACE AMOUNT.




$$
