000
CDUS41 KBOX 240551
CLIBDL


CLIMATE REPORT
NATIONAL WEATHER SERVICE TAUNTON MA
150 AM EDT SUN MAY 24 2015


...................................

...THE HARTFORD CT CLIMATE SUMMARY FOR MAY 23 2015...

CLIMATE NORMAL PERIOD 1981 TO 2010
CLIMATE RECORD PERIOD 1904 TO 2015


WEATHER ITEM   OBSERVED TIME   RECORD YEAR NORMAL DEPARTURE LAST
                VALUE   (LST)  VALUE       VALUE  FROM      YEAR
                                                  NORMAL
..................................................................
TEMPERATURE (F)
 YESTERDAY
  MAXIMUM         68    425 PM  96    1964  73     -5       69
  MINIMUM         43    515 AM  37    1976  50     -7       54
  AVERAGE         56                        61     -5       62

PRECIPITATION (IN)
  YESTERDAY        0.00          2.07 1931   0.16  -0.16     0.33
  MONTH TO DATE    0.60                      3.06  -2.46     4.00
  SINCE MAR 1      6.66                     10.40  -3.74    14.18
  SINCE JAN 1     12.84                     16.52  -3.68    21.55

SNOWFALL (IN)
  YESTERDAY        0.0           0.0  2014   0.0    0.0      0.0
  MONTH TO DATE    0.0                       0.0    0.0      0.0
  SINCE MAR 1      9.0                       7.8    1.2      1.0
  SINCE JUL 1     63.8                      40.5   23.3     51.1
  SNOW DEPTH       0

DEGREE DAYS
 HEATING
  YESTERDAY        9                         5      4        3
  MONTH TO DATE   74                       171    -97      121
  SINCE MAR 1   1532                      1486     46     1639
  SINCE JUL 1   6177                      5924    253     6318

 COOLING
  YESTERDAY        0                         1     -1        0
  MONTH TO DATE   66                        16     50       20
  SINCE MAR 1     66                        22     44       21
  SINCE JAN 1     66                        22     44       21
..................................................................


WIND (MPH)
  RESULTANT WIND SPEED   9   RESULTANT WIND DIRECTION   W (290)
  HIGHEST WIND SPEED    18   HIGHEST WIND DIRECTION     W (270)
  HIGHEST GUST SPEED    25   HIGHEST GUST DIRECTION     W (250)
  AVERAGE WIND SPEED    10.4


SKY COVER
  POSSIBLE SUNSHINE  MM
  AVERAGE SKY COVER 0.1


WEATHER CONDITIONS
 THE FOLLOWING WEATHER WAS RECORDED YESTERDAY.
  NO SIGNIFICANT WEATHER WAS OBSERVED.


RELATIVE HUMIDITY (PERCENT)
 HIGHEST    54          1100 PM
 LOWEST     19           400 PM
 AVERAGE    37

..........................................................


THE HARTFORD CT CLIMATE NORMALS FOR TODAY
                         NORMAL    RECORD    YEAR
 MAXIMUM TEMPERATURE (F)   74        95      1964
 MINIMUM TEMPERATURE (F)   50        35      1963
                                             1956


SUNRISE AND SUNSET
MAY 24 2015...........SUNRISE   523 AM EDT   SUNSET   813 PM EDT
MAY 25 2015...........SUNRISE   522 AM EDT   SUNSET   814 PM EDT


-  INDICATES NEGATIVE NUMBERS.
R  INDICATES RECORD WAS SET OR TIED.
MM INDICATES DATA IS MISSING.
T  INDICATES TRACE AMOUNT.




$$
