577
CDAK48 PAFC 181301
CLIBET


CLIMATE REPORT
NATIONAL WEATHER SERVICE ANCHORAGE, AK
500 AM AKDT WED OCT 18 2017


...................................

...THE BETHEL CLIMATE SUMMARY FOR OCTOBER 17 2017...

CLIMATE NORMAL PERIOD 1981 TO 2010
CLIMATE RECORD PERIOD 1948 TO 2017


WEATHER ITEM   OBSERVED TIME   RECORD YEAR NORMAL DEPARTURE LAST
                VALUE   (LST)  VALUE       VALUE  FROM      YEAR
                                                  NORMAL
..................................................................
TEMPERATURE (F)
 YESTERDAY
  MAXIMUM         37    359 PM  52    1969  35      2       28
  MINIMUM         25    622 AM   2    2008  24      1       21
  AVERAGE         31                        30      1       25

PRECIPITATION (IN)
  YESTERDAY        0.00          0.56 2005   0.05  -0.05      T
  MONTH TO DATE    2.81                      1.02   1.79     0.37
  SINCE SEP 1      5.49                      3.77   1.72     3.54
  SINCE JAN 1     20.42                     15.19   5.23    14.46

SNOWFALL (IN)
  YESTERDAY        0.0          MM      MM   0.1   -0.1       T
  MONTH TO DATE    0.0                       1.5   -1.5       T
  SINCE SEP 1      0.0                       2.1   -2.1       T
  SINCE JUL 1      0.0                       2.1   -2.1       T
  SNOW DEPTH       0

DEGREE DAYS
 HEATING
  YESTERDAY       34                        35     -1       40
  MONTH TO DATE  411                       528   -117      372
  SINCE SEP 1    981                      1110   -129      859
  SINCE JUL 1   1532                      1746   -214     1221

 COOLING
  YESTERDAY        0                         0      0        0
  MONTH TO DATE    0                         0      0        0
  SINCE SEP 1      0                         0      0        0
  SINCE JAN 1      6                         4      2       13
..................................................................


WIND (MPH)
  RESULTANT WIND SPEED   8   RESULTANT WIND DIRECTION   N (10)
  HIGHEST WIND SPEED    18   HIGHEST WIND DIRECTION     N (20)
  HIGHEST GUST SPEED    22   HIGHEST GUST DIRECTION     N (20)
  AVERAGE WIND SPEED     9.2



WEATHER CONDITIONS
 THE FOLLOWING WEATHER WAS RECORDED YESTERDAY.
  NO SIGNIFICANT WEATHER WAS OBSERVED.


RELATIVE HUMIDITY (PERCENT)
 HIGHEST   100
 LOWEST     64
 AVERAGE    82

..........................................................


THE BETHEL CLIMATE NORMALS FOR TODAY
                         NORMAL    RECORD    YEAR
 MAXIMUM TEMPERATURE (F)   34        56      1925
 MINIMUM TEMPERATURE (F)   24         1      1929


SUNRISE AND SUNSET
OCTOBER 18 2017.......SUNRISE   937 AM AKDT  SUNSET   726 PM AKDT
OCTOBER 19 2017.......SUNRISE   940 AM AKDT  SUNSET   723 PM AKDT


-  INDICATES NEGATIVE NUMBERS.
R  INDICATES RECORD WAS SET OR TIED.
MM INDICATES DATA IS MISSING.
T  INDICATES TRACE AMOUNT.




$$
