000
CDAK48 PABE 310049
CLIBET


CLIMATE REPORT
NATIONAL WEATHER SERVICE ANCHORAGE, AK
448 PM AKDT THU MAR 30 2017


...................................

...THE BETHEL CLIMATE SUMMARY FOR MARCH 30 2017...
VALID TODAY AS OF 0400 PM LOCAL TIME.

CLIMATE NORMAL PERIOD 1981 TO 2010
CLIMATE RECORD PERIOD 1948 TO 2017


WEATHER ITEM   OBSERVED TIME   RECORD YEAR NORMAL DEPARTURE LAST
                VALUE   (LST)  VALUE       VALUE  FROM      YEAR
                                                  NORMAL
..................................................................
TEMPERATURE (F)
 TODAY
  MAXIMUM         12    100 PM  51    1926  26    -14       25
  MINIMUM         -4        MM -28    1944  11    -15       21
  AVERAGE          4                        18    -14       23

PRECIPITATION (IN)
  TODAY            0.00          0.42 1929   0.03  -0.03     0.14
  MONTH TO DATE    0.01                      0.69  -0.68     0.39
  SINCE MAR 1      0.01                      0.69  -0.68     0.39
  SINCE JAN 1      1.90                      2.19  -0.29     0.78

SNOWFALL (IN)
  TODAY            0.0           3.2  2008   0.3   -0.3      0.4
  MONTH TO DATE    T                         8.0   -8.0      2.5
  SINCE MAR 1      T                         8.0   -8.0      2.5
  SINCE JUL 1     27.4                      53.8  -26.4     29.5
  SNOW DEPTH       4

DEGREE DAYS
 HEATING
  TODAY           61                        47     14       42
  MONTH TO DATE 1788                      1498    290     1277
  SINCE MAR 1   1788                      1498    290     1277
  SINCE JUL 1  10048                     10236   -188     8534

 COOLING
  TODAY            0                         0      0        0
  MONTH TO DATE    0                         0      0        0
  SINCE MAR 1      0                         0      0        0
  SINCE JAN 1      0                         0      0        0
..................................................................


WIND (MPH)
  RESULTANT WIND SPEED  12   RESULTANT WIND DIRECTION   N (10)
  HIGHEST WIND SPEED    21   HIGHEST WIND DIRECTION     N (20)
  HIGHEST GUST SPEED    MM   HIGHEST GUST DIRECTION    MM
  AVERAGE WIND SPEED    12.6



WEATHER CONDITIONS
 THE FOLLOWING WEATHER WAS RECORDED TODAY.
  NO SIGNIFICANT WEATHER WAS OBSERVED.


RELATIVE HUMIDITY (PERCENT)
 HIGHEST    95
 LOWEST     70
 AVERAGE    83

..........................................................


THE BETHEL CLIMATE NORMALS FOR TOMORROW
                         NORMAL    RECORD    YEAR
 MAXIMUM TEMPERATURE (F)   26        52      1936
 MINIMUM TEMPERATURE (F)   11       -19      2004


SUNRISE AND SUNSET
MARCH 30 2017.........SUNRISE   816 AM AKDT  SUNSET   929 PM AKDT
MARCH 31 2017.........SUNRISE   813 AM AKDT  SUNSET   931 PM AKDT


-  INDICATES NEGATIVE NUMBERS.
R  INDICATES RECORD WAS SET OR TIED.
MM INDICATES DATA IS MISSING.
T  INDICATES TRACE AMOUNT.




$$
