000
CDAK48 PABE 250053
CLIBET


CLIMATE REPORT
NATIONAL WEATHER SERVICE ANCHORAGE, AK
453 PM AKDT SAT JUN 24 2017


...................................

...THE BETHEL CLIMATE SUMMARY FOR JUNE 24 2017...
VALID TODAY AS OF 0400 PM LOCAL TIME.

CLIMATE NORMAL PERIOD 1981 TO 2010
CLIMATE RECORD PERIOD 1948 TO 2017


WEATHER ITEM   OBSERVED TIME   RECORD YEAR NORMAL DEPARTURE LAST
                VALUE   (LST)  VALUE       VALUE  FROM      YEAR
                                                  NORMAL
..................................................................
TEMPERATURE (F)
 TODAY
  MAXIMUM         58        MM  80    2015  63     -5       65
                                      2000
  MINIMUM         45        MM  37    1976  47     -2       46
                                      1965
                                      1930
  AVERAGE         52                        55     -3       56

PRECIPITATION (IN)
  TODAY            0.00          0.72 2012   0.06  -0.06     0.09
  MONTH TO DATE    0.87                      1.35  -0.48     1.41
  SINCE JUN 1      0.87                      1.35  -0.48     1.41
  SINCE JAN 1      5.84                      5.44   0.40     4.65

SNOWFALL (IN)
  TODAY            0.0          MM      MM   0.0    0.0      0.0
  MONTH TO DATE    0.0                       0.0    0.0      0.0
  SINCE JUN 1      0.0                       0.0    0.0      0.0
  SINCE JUL 1     31.2                      61.8  -30.6     29.9
  SNOW DEPTH       0

DEGREE DAYS
 HEATING
  TODAY           13                        10      3        9
  MONTH TO DATE  209                       320   -111      249
  SINCE JUN 1    209                       320   -111      249
  SINCE JUL 1  11779                     12461   -682     9962

 COOLING
  TODAY            0                         0      0        0
  MONTH TO DATE    0                         0      0        0
  SINCE JUN 1      0                         0      0        0
  SINCE JAN 1      0                         0      0        0
..................................................................


WIND (MPH)
  RESULTANT WIND SPEED   7   RESULTANT WIND DIRECTION  SW (220)
  HIGHEST WIND SPEED    10   HIGHEST WIND DIRECTION     S (200)
  HIGHEST GUST SPEED    MM   HIGHEST GUST DIRECTION    MM
  AVERAGE WIND SPEED     8.1



WEATHER CONDITIONS
 THE FOLLOWING WEATHER WAS RECORDED TODAY.
  NO SIGNIFICANT WEATHER WAS OBSERVED.


RELATIVE HUMIDITY (PERCENT)
 HIGHEST   100
 LOWEST     66
 AVERAGE    83

..........................................................


THE BETHEL CLIMATE NORMALS FOR TOMORROW
                         NORMAL    RECORD    YEAR
 MAXIMUM TEMPERATURE (F)   64        79      1951
                                             1929
 MINIMUM TEMPERATURE (F)   47        34      1937


SUNRISE AND SUNSET
JUNE 24 2017..........SUNRISE   515 AM AKDT  SUNSET  1225 AM AKDT
JUNE 25 2017..........SUNRISE   515 AM AKDT  SUNSET  1224 AM AKDT


-  INDICATES NEGATIVE NUMBERS.
R  INDICATES RECORD WAS SET OR TIED.
MM INDICATES DATA IS MISSING.
T  INDICATES TRACE AMOUNT.




$$
