000
CDAK48 PAFC 230139
CLIBET


CLIMATE REPORT
NATIONAL WEATHER SERVICE ANCHORAGE, AK
438 PM AKST THU FEB 22 2018


...................................

...THE BETHEL CLIMATE SUMMARY FOR FEBRUARY 22 2018...
VALID TODAY AS OF 0400 PM LOCAL TIME.

CLIMATE NORMAL PERIOD 1981 TO 2010
CLIMATE RECORD PERIOD 1948 TO 2018


WEATHER ITEM   OBSERVED TIME   RECORD YEAR NORMAL DEPARTURE LAST
                VALUE   (LST)  VALUE       VALUE  FROM      YEAR
                                                  NORMAL
..................................................................
TEMPERATURE (F)
 TODAY
  MAXIMUM         33    636 AM  44    1934  20     13       36
  MINIMUM         26   1252 PM -36    1931   6     20        1
  AVERAGE         30                        12     18       19

PRECIPITATION (IN)
  TODAY            0.01          0.76 1951   0.03  -0.02     0.05
  MONTH TO DATE    1.01                      0.57   0.44     0.54
  SINCE SEP 1     11.09                      8.47   2.62     6.89
  SINCE JAN 1      1.31                      1.35  -0.04     1.75

SNOWFALL (IN)
  TODAY            0.1           7.1  1951   0.3   -0.2      0.5
  MONTH TO DATE    6.2                       5.3    0.9      5.4
  SINCE SEP 1     25.9                      44.2  -18.3     26.3
  SINCE JUL 1     25.9                      44.2  -18.3     26.3
  SNOW DEPTH       4

DEGREE DAYS
 HEATING
  TODAY           35                        52    -17       46
  MONTH TO DATE  913                      1198   -285     1452
  SINCE DEC 1   3803                      4702   -899     4789
  SINCE JUL 1   6969                      8425  -1456     8017

 COOLING
  TODAY            0                         0      0        0
  MONTH TO DATE    0                         0      0        0
  SINCE DEC 1      0                         0      0        0
  SINCE JAN 1      0                         0      0        0
..................................................................


WIND (MPH)
  RESULTANT WIND SPEED  15   RESULTANT WIND DIRECTION   W (270)
  HIGHEST WIND SPEED    29   HIGHEST WIND DIRECTION    NW (300)
  HIGHEST GUST SPEED    36   HIGHEST GUST DIRECTION    NW (300)
  AVERAGE WIND SPEED    19.0



WEATHER CONDITIONS
 THE FOLLOWING WEATHER WAS RECORDED TODAY.
  LIGHT SNOW
  FOG


RELATIVE HUMIDITY (PERCENT)
 HIGHEST   100
 LOWEST     69
 AVERAGE    85

..........................................................


THE BETHEL CLIMATE NORMALS FOR TOMORROW
                         NORMAL    RECORD    YEAR
 MAXIMUM TEMPERATURE (F)   20        43      1934
 MINIMUM TEMPERATURE (F)    6       -29      1926


SUNRISE AND SUNSET
FEBRUARY 22 2018......SUNRISE   907 AM AKST  SUNSET   655 PM AKST
FEBRUARY 23 2018......SUNRISE   904 AM AKST  SUNSET   658 PM AKST


-  INDICATES NEGATIVE NUMBERS.
R  INDICATES RECORD WAS SET OR TIED.
MM INDICATES DATA IS MISSING.
T  INDICATES TRACE AMOUNT.




$$
