000
CDAK48 PABE 021108
CLIBET

CLIMATE REPORT
NATIONAL WEATHER SERVICE BETHEL, AK
308 AM AKDT TUE SEP 2 2014

...................................
...THE BETHEL AP CLIMATE SUMMARY FOR SEPTEMBER 1 2014...

CLIMATE NORMAL PERIOD  1981 TO  2010
CLIMATE RECORD PERIOD  1923 TO  2014

WEATHER ITEM   OBSERVED TIME    RECORD YEAR NORMAL DEPARTURE LAST
               VALUE    (LST)   VALUE       VALUE  FROM      YEAR
                                                   NORMAL
...................................................................
TEMPERATURE
YESTERDAY
 MAXIMUM            54  0717 PM    67  2008     58      -4     58
 MINIMUM            49  0522 AM    32  1936     44       5     49
 AVERAGE            52                          51       1     54

PRECIPITATION
(INCHES)
 YESTERDAY        0.07           1.47  2013   0.10   -0.03   1.47
 MONTH TO DATE    0.07                        0.10   -0.03   1.47
 SINCE SEP 1      0.07                        0.10   -0.03   1.47
 SINCE JAN 1      9.38                       11.52   -2.14  11.95

SNOWFALL
(INCHES)
 YESTERDAY         0.0            0.0  2014    0.0     0.0    0.0
 MONTH TO DATE     0.0                         0.0     0.0    0.0
 SINCE SEP 1       0.0                         0.0     0.0    0.0
 SINCE JUL 1       0.0                         0.0     0.0    0.0
 SNOW DEPTH (IN)     0                                          0

DEGREE DAYS
 HEATING
  YESTERDAY         13                          14      -1     11
  MONTH TO DATE     13                          14      -1     11
  SINCE SEP 1       13                          14      -1     11
  SINCE JUL 1      534                         656    -122    595

 COOLING
  YESTERDAY          0                           0       0      0
  MONTH TO DATE      0                           0       0      0
  SINCE SEP 1        0                           0       0      0
  SINCE JAN 1        0                           0       0     18
...................................................................

WIND (MPH)
 HIGHEST WIND SPEED    28     HIGHEST WIND DIRECTION    230
 HIGHEST GUST SPEED    36     HIGHEST GUST DIRECTION    220
 AVERAGE WIND SPEED  18.4

SKY COVER
  POSSIBLE SUNSHINE    MM          AVERAGE SKY COVER     MM

WEATHER CONDITIONS
 THE FOLLOWING WEATHER WAS RECORDED YESTERDAY.
  FOG
RAIN


RELATIVE HUMIDITY
 HIGHEST RH     MM PERCENT       MM
 LOWEST  RH     MM PERCENT       MM
 AVERAGE RH     MM PERCENT       MM
...................................................................

THE BETHEL CLIMATE NORMALS FOR TODAY
                           NORMAL    RECORD   YEAR
 MAXIMUM TEMPERATURE (F)     57        69     1974
 MINIMUM TEMPERATURE (F)     44        30     1983

SUNRISE AND SUNSET
 SEP 2 2014..........SUNRISE  7:44 AM      SUNSET  9:49 PM
 SEP 3 2014..........SUNRISE  7:46 AM      SUNSET  9:46 PM

-  INDICATES NEGATIVE NUMBERS.
R  INDICATES RECORD HAS BEEN SET OR TIED.
MM INDICATES DATA IS MISSING.
T  INDICATES TRACE OF PRECIPITATION.

&&
-------------------------------------------------------------------

AMOUNT OF DAYLIGHT TODAY  (HOUR:MIN)........14 HOURS 5 MINUTES
GAIN/LOSS SINCE YESTERDAY (HOUR:MIN:SEC)....-0:05:32

$$
BDW SEP 14
