000
CDAK48 PABE 211230
CLIBET

CLIMATE REPORT
NATIONAL WEATHER SERVICE BETHEL, AK
430 AM AKDT TUE OCT 21 2014

...................................
...THE BETHEL AP CLIMATE SUMMARY FOR OCTOBER 20 2014...

CLIMATE NORMAL PERIOD  1981 TO  2010
CLIMATE RECORD PERIOD  1923 TO  2014

WEATHER ITEM   OBSERVED TIME    RECORD YEAR NORMAL DEPARTURE LAST
               VALUE    (LST)   VALUE       VALUE  FROM      YEAR
                                                   NORMAL
...................................................................
TEMPERATURE
YESTERDAY
 MAXIMUM            29  0401 PM    55  1925     33      -4     43
 MINIMUM            24  0657 AM     4  1983     23       1     34
 AVERAGE            27                          28      -1     39

PRECIPITATION
(INCHES)
 YESTERDAY        0.21           0.49  1975   0.05    0.16   0.04
 MONTH TO DATE    0.26                        1.16   -0.90   3.51
 SINCE SEP 1      1.52                        3.91   -2.39   6.03
 SINCE JAN 1     10.83                       15.33   -4.50  16.51

SNOWFALL
(INCHES)
 YESTERDAY         2.4            4.8  1996    0.2     2.2    0.0
 MONTH TO DATE     3.9                         2.0     1.9    0.0
 SINCE SEP 1       3.9                         2.6     1.3    0.0
 SINCE JUL 1       3.9                         2.6     1.3      T
 SNOW DEPTH (IN)     2                                          0

DEGREE DAYS
 HEATING
  YESTERDAY         38                          37       1     26
  MONTH TO DATE    703                         637      66    504
  SINCE SEP 1     1206                        1221     -15   1115
  SINCE JUL 1     1727                        1863    -136   1699

 COOLING
  YESTERDAY          0                           0       0      0
  MONTH TO DATE      0                           0       0      0
  SINCE SEP 1        0                           0       0      0
  SINCE JAN 1        0                           0       0     18
...................................................................

WIND (MPH)
 HIGHEST WIND SPEED    20     HIGHEST WIND DIRECTION    340
 HIGHEST GUST SPEED    24     HIGHEST GUST DIRECTION    320
 AVERAGE WIND SPEED  12.4

SKY COVER
  POSSIBLE SUNSHINE    MM          AVERAGE SKY COVER     MM

WEATHER CONDITIONS
 THE FOLLOWING WEATHER WAS RECORDED YESTERDAY.
  FOG
SNOW


RELATIVE HUMIDITY
 HIGHEST RH     MM PERCENT       MM
 LOWEST  RH     MM PERCENT       MM
 AVERAGE RH     MM PERCENT       MM
...................................................................

THE BETHEL CLIMATE NORMALS FOR TODAY
                           NORMAL    RECORD   YEAR
 MAXIMUM TEMPERATURE (F)     33        54     1926
 MINIMUM TEMPERATURE (F)     22         3     1928

SUNRISE AND SUNSET
 OCT 21 2014..........SUNRISE  9:45 AM      SUNSET  7:18 PM
 OCT 22 2014..........SUNRISE  9:48 AM      SUNSET  7:16 PM

-  INDICATES NEGATIVE NUMBERS.
R  INDICATES RECORD HAS BEEN SET OR TIED.
MM INDICATES DATA IS MISSING.
T  INDICATES TRACE OF PRECIPITATION.

&&
-------------------------------------------------------------------

AMOUNT OF DAYLIGHT TODAY  (HOUR:MIN)........9 HOURS 33 MINUTES
GAIN/LOSS SINCE YESTERDAY (HOUR:MIN:SEC)....-0:05:31

$$
ANDERSON OCT 14
