918
CDAK48 PAFC 221328
CLIBET

CLIMATE REPORT
NATIONAL WEATHER SERVICE ANCHORAGE, AK
426 AM AKST WED FEB 22 2017


...................................

...THE BETHEL CLIMATE SUMMARY FOR FEBRUARY 21 2017...

CLIMATE NORMAL PERIOD 1981 TO 2010
CLIMATE RECORD PERIOD 1948 TO 2017


WEATHER ITEM   OBSERVED TIME   RECORD YEAR NORMAL DEPARTURE LAST
                VALUE   (LST)  VALUE       VALUE  FROM      YEAR
                                                  NORMAL
..................................................................
TEMPERATURE (F)
 YESTERDAY
  MAXIMUM         12   1159 PM  44    1934  19     -7       23
                                      1928
  MINIMUM        -20   1228 AM -30    1930   5    -25       10
  AVERAGE         -4                        12    -16       17

PRECIPITATION (IN)
  YESTERDAY        0.20          0.81 1944   0.03   0.17     0.05
  MONTH TO DATE    0.49                      0.54  -0.05     0.16
  SINCE DEC 1      2.46                      2.44   0.02     1.63
  SINCE JAN 1      1.70                      1.32   0.38     0.39

SNOWFALL (IN)
  YESTERDAY        2.0           7.3  1996   0.2    1.8      0.5
  MONTH TO DATE    4.1                       5.0   -0.9      1.3
  SINCE DEC 1     21.4                      26.0   -4.6     17.6
  SINCE JUL 1     25.0                      43.9  -18.9     27.0
  SNOW DEPTH      11

DEGREE DAYS
 HEATING
  YESTERDAY       69                        53     16       48
  MONTH TO DATE 1410                      1146    264      958
  SINCE DEC 1   4747                      4650     97     3758
  SINCE JUL 1   7975                      8373   -398     6970

 COOLING
  YESTERDAY        0                         0      0        0
  MONTH TO DATE    0                         0      0        0
  SINCE DEC 1      0                         0      0        0
  SINCE JAN 1      0                         0      0        0
..................................................................


WIND (MPH)
  RESULTANT WIND SPEED  15   RESULTANT WIND DIRECTION  NE (30)
  HIGHEST WIND SPEED    25   HIGHEST WIND DIRECTION    NE (30)
  HIGHEST GUST SPEED    32   HIGHEST GUST DIRECTION    NE (50)
  AVERAGE WIND SPEED    15.5



WEATHER CONDITIONS
 THE FOLLOWING WEATHER WAS RECORDED YESTERDAY.
  HEAVY SNOW
  SNOW
  LIGHT SNOW
  FOG
  FOG W/VISIBILITY <= 1/4 MILE
  HAZE
  BLOWING SNOW


RELATIVE HUMIDITY (PERCENT)
 HIGHEST    92
 LOWEST     72
 AVERAGE    82

..........................................................


THE BETHEL CLIMATE NORMALS FOR TODAY
                         NORMAL    RECORD    YEAR
 MAXIMUM TEMPERATURE (F)   20        44      1934
 MINIMUM TEMPERATURE (F)    6       -36      1931


SUNRISE AND SUNSET
FEBRUARY 22 2017......SUNRISE   906 AM AKST  SUNSET   656 PM AKST
FEBRUARY 23 2017......SUNRISE   903 AM AKST  SUNSET   659 PM AKST

CIVIL TWILIGHT
FEBRUARY 22 2017        START    823 AM GMT     END    740 PM GMT
FEBRUARY 23 2017        START    820 AM GMT     END    743 PM GMT



-  INDICATES NEGATIVE NUMBERS.
R  INDICATES RECORD WAS SET OR TIED.
MM INDICATES DATA IS MISSING.
T  INDICATES TRACE AMOUNT.




$$
&&
------------------------------------------------------
AMOUNT OF DAYLIGHT TODAY  (HOUR:MIN)........ 9:50
GAIN/LOSS SINCE YESTERDAY (HOUR:MIN:SEC)....+0:05:36
