000
CDAK48 PABE 031148
CLIBET

CLIMATE REPORT
NATIONAL WEATHER SERVICE BETHEL, AK
348 AM AKDT WED JUN 3 2015

...................................
...THE BETHEL AP CLIMATE SUMMARY FOR JUNE 2 2015...

CLIMATE NORMAL PERIOD  1981 TO  2010
CLIMATE RECORD PERIOD  1923 TO  2015

WEATHER ITEM   OBSERVED TIME    RECORD YEAR NORMAL DEPARTURE LAST
               VALUE    (LST)   VALUE       VALUE  FROM      YEAR
                                                   NORMAL
...................................................................
TEMPERATURE
YESTERDAY
 MAXIMUM            62  0325 PM    75  1993     57       5     51
 MINIMUM            50  0617 AM    28  1933     39      11     37
 AVERAGE            56                          48       8     44

PRECIPITATION
(INCHES)
 YESTERDAY        0.02           0.35  1951   0.05   -0.03   0.01
 MONTH TO DATE    0.07                        0.09   -0.02   0.06
 SINCE JUN 1      0.07                        0.09   -0.02   0.06
 SINCE JAN 1      4.47                        4.18    0.29   3.10

SNOWFALL
(INCHES)
 YESTERDAY         0.0            0.8  1972    0.0     0.0    0.0
 MONTH TO DATE     0.0                         0.0     0.0    0.0
 SINCE JUN 1       0.0                         0.0     0.0    0.0
 SINCE JUL 1      42.1                        61.8   -19.7   27.8
 SNOW DEPTH (IN)     0                                          0

DEGREE DAYS
 HEATING
  YESTERDAY          9                          17      -8     21
  MONTH TO DATE     12                          34     -22     45
  SINCE JUN 1       12                          34     -22     45
  SINCE JUL 1    10753                       12182   -1429  10712

 COOLING
  YESTERDAY          0                           0       0      0
  MONTH TO DATE      0                           0       0      0
  SINCE JUN 1        0                           0       0      0
  SINCE JAN 1        0                           0       0      0
...................................................................

WIND (MPH)
 HIGHEST WIND SPEED    17     HIGHEST WIND DIRECTION    230
 HIGHEST GUST SPEED    21     HIGHEST GUST DIRECTION    220
 AVERAGE WIND SPEED   4.9

SKY COVER
  POSSIBLE SUNSHINE    MM          AVERAGE SKY COVER     MM

WEATHER CONDITIONS
 THE FOLLOWING WEATHER WAS RECORDED YESTERDAY.
 RAIN


RELATIVE HUMIDITY
 HIGHEST RH     MM PERCENT       MM
 LOWEST  RH     MM PERCENT       MM
 AVERAGE RH     MM PERCENT       MM
...................................................................

THE BETHEL CLIMATE NORMALS FOR TODAY
                           NORMAL    RECORD   YEAR
 MAXIMUM TEMPERATURE (F)     58        77     2001
 MINIMUM TEMPERATURE (F)     40        30     2010

SUNRISE AND SUNSET
 JUN 3 2015..........SUNRISE  5:26 AM      SUNSET 12:07 AM
 JUN 4 2015..........SUNRISE  5:25 AM      SUNSET 12:09 AM

-  INDICATES NEGATIVE NUMBERS.
R  INDICATES RECORD HAS BEEN SET OR TIED.
MM INDICATES DATA IS MISSING.
T  INDICATES TRACE OF PRECIPITATION.

&&
-------------------------------------------------------------------

AMOUNT OF DAYLIGHT TODAY  (HOUR:MIN)........18 HOURS 41 MINUTES
GAIN/LOSS SINCE YESTERDAY (HOUR:MIN:SEC)....+0:03:17

$$
DAC
