000
CDUS41 KCTP 100627
CLIBFD


CLIMATE REPORT
NATIONAL WEATHER SERVICE STATE COLLEGE PA
126 AM EST SAT DEC 10 2016


...................................

...THE BRADFORD CLIMATE SUMMARY FOR DECEMBER 9 2016...

CLIMATE NORMAL PERIOD 1981 TO 2010
CLIMATE RECORD PERIOD 1957 TO 2016


WEATHER ITEM   OBSERVED TIME   RECORD YEAR NORMAL DEPARTURE LAST
                VALUE   (LST)  VALUE       VALUE  FROM      YEAR
                                                  NORMAL
..................................................................
TEMPERATURE (F)
 YESTERDAY
  MAXIMUM         24        MM  58    1966  35    -11       49
  MINIMUM         20        MM -12    2002  21     -1       27
  AVERAGE         22                        28     -6       38

PRECIPITATION (IN)
  YESTERDAY        0.25          0.99 1975   0.12   0.13     0.01
  MONTH TO DATE    0.86                      1.06  -0.20     0.63
  SINCE DEC 1      0.86                      1.06  -0.20     0.63
  SINCE JAN 1     42.12                     42.12   0.00    35.06

DEGREE DAYS
 HEATING
  YESTERDAY       43                        33     10       27
  MONTH TO DATE  304                       280     24      264
  SINCE DEC 1    304                       280     24      264
  SINCE JUL 1   1692                      2115   -423     1744

 COOLING
  YESTERDAY        0                         0      0        0
  MONTH TO DATE    0                         0      0        0
  SINCE DEC 1      0                         0      0        0
  SINCE JAN 1    370                       193    177      260
..................................................................


WIND (MPH)
  HIGHEST WIND SPEED    15   HIGHEST WIND DIRECTION    NW (320)
  HIGHEST GUST SPEED    21   HIGHEST GUST DIRECTION     W (270)
  AVERAGE WIND SPEED     9.8


SKY COVER
  POSSIBLE SUNSHINE  MM
  AVERAGE SKY COVER 1.0


WEATHER CONDITIONS
 THE FOLLOWING WEATHER WAS RECORDED YESTERDAY.
  HEAVY SNOW
  SNOW
  LIGHT SNOW
  FOG
  FOG W/VISIBILITY <= 1/4 MILE


RELATIVE HUMIDITY (PERCENT)
 HIGHEST    96          1200 PM
 LOWEST     74           100 PM
 AVERAGE    85

..........................................................


THE BRADFORD CLIMATE NORMALS FOR TODAY
                         NORMAL    RECORD    YEAR
 MAXIMUM TEMPERATURE (F)   34        57      1966
 MINIMUM TEMPERATURE (F)   20       -16      1968


SUNRISE AND SUNSET
DECEMBER 10 2016......SUNRISE   731 AM EST   SUNSET   444 PM EST
DECEMBER 11 2016......SUNRISE   732 AM EST   SUNSET   444 PM EST


-  INDICATES NEGATIVE NUMBERS.
R  INDICATES RECORD WAS SET OR TIED.
MM INDICATES DATA IS MISSING.
T  INDICATES TRACE AMOUNT.




$$
