000
CDUS41 KCTP 240608
CLIBFD


CLIMATE REPORT
NATIONAL WEATHER SERVICE STATE COLLEGE PA
208 AM EDT TUE OCT 24 2017


...................................

...THE BRADFORD CLIMATE SUMMARY FOR OCTOBER 23 2017...

CLIMATE NORMAL PERIOD 1981 TO 2010
CLIMATE RECORD PERIOD 1957 TO 2017


WEATHER ITEM   OBSERVED TIME   RECORD YEAR NORMAL DEPARTURE LAST
                VALUE   (LST)  VALUE       VALUE  FROM      YEAR
                                                  NORMAL
..................................................................
TEMPERATURE (F)
 YESTERDAY
  MAXIMUM         65    143 PM  75    1975  55     10       55
  MINIMUM         54   1159 PM  19    1969  34     20       39
  AVERAGE         60                        44     16       47

PRECIPITATION (IN)
  YESTERDAY        0.46          1.65 1959   0.11   0.35     0.54
  MONTH TO DATE    3.31                      2.58   0.73     5.65
  SINCE SEP 1      5.70                      6.50  -0.80     8.20
  SINCE JAN 1     40.85                     36.45   4.40    37.20

DEGREE DAYS
 HEATING
  YESTERDAY        5                        16    -11       18
  MONTH TO DATE  202                       298    -96      279
  SINCE SEP 1    378                       562   -184      419
  SINCE JUL 1    487                       715   -228      462

 COOLING
  YESTERDAY        0                         0      0        0
  MONTH TO DATE    7                         0      7        3
  SINCE SEP 1     40                        15     25       45
  SINCE JAN 1    264                       192     72      370
..................................................................


WIND (MPH)
  HIGHEST WIND SPEED    26   HIGHEST WIND DIRECTION    SE (140)
  HIGHEST GUST SPEED    38   HIGHEST GUST DIRECTION    SE (140)
  AVERAGE WIND SPEED    12.4


SKY COVER
  POSSIBLE SUNSHINE  MM
  AVERAGE SKY COVER 0.6


WEATHER CONDITIONS
 THE FOLLOWING WEATHER WAS RECORDED YESTERDAY.
  HEAVY RAIN
  RAIN
  LIGHT RAIN
  FOG


RELATIVE HUMIDITY (PERCENT)
 HIGHEST   100          1100 PM
 LOWEST     67           100 PM
 AVERAGE    84

..........................................................


THE BRADFORD CLIMATE NORMALS FOR TODAY
                         NORMAL    RECORD    YEAR
 MAXIMUM TEMPERATURE (F)   54        75      1963
 MINIMUM TEMPERATURE (F)   34        19      1969


SUNRISE AND SUNSET
OCTOBER 24 2017.......SUNRISE   737 AM EDT   SUNSET   619 PM EDT
OCTOBER 25 2017.......SUNRISE   739 AM EDT   SUNSET   618 PM EDT


-  INDICATES NEGATIVE NUMBERS.
R  INDICATES RECORD WAS SET OR TIED.
MM INDICATES DATA IS MISSING.
T  INDICATES TRACE AMOUNT.




$$
