000
CDUS41 KCTP 142117
CLIBFD


CLIMATE REPORT
NATIONAL WEATHER SERVICE STATE COLLEGE PA
516 PM EDT SUN SEP 14 2014


...................................

...THE BRADFORD CLIMATE SUMMARY FOR SEPTEMBER 14 2014...
VALID TODAY AS OF 0500 PM LOCAL TIME.

CLIMATE NORMAL PERIOD 1981 TO 2010
CLIMATE RECORD PERIOD 1957 TO 2014


WEATHER ITEM   OBSERVED TIME   RECORD YEAR NORMAL DEPARTURE LAST
                VALUE   (LST)  VALUE       VALUE  FROM      YEAR
                                                  NORMAL
..................................................................
TEMPERATURE (F)
 TODAY
  MAXIMUM         61    355 PM  81    1991  69     -8       62
  MINIMUM         47    715 AM  27    1985  46      1       36
  AVERAGE         54                        57     -3       49

PRECIPITATION (IN)
  TODAY            0.00          1.09 1980   0.13  -0.13     0.03
  MONTH TO DATE    1.60                      1.81  -0.21     1.34
  SINCE SEP 1      1.60                      1.81  -0.21     1.34
  SINCE JAN 1     32.94                     31.76   1.18    22.75

DEGREE DAYS
 HEATING
  TODAY           11                         4      7       16
  MONTH TO DATE   61                        38     23       81
  SINCE SEP 1     61                        38     23       81
  SINCE JUL 1    245                       191     54      217

 COOLING
  TODAY            0                         0      0        0
  MONTH TO DATE   25                        13     12       30
  SINCE SEP 1     25                        13     12       30
  SINCE JAN 1    195                       190      5      325
..................................................................


WIND (MPH)
  HIGHEST WIND SPEED    10   HIGHEST WIND DIRECTION     W (290)
  HIGHEST GUST SPEED    16   HIGHEST GUST DIRECTION     W (280)
  AVERAGE WIND SPEED     3.8


SKY COVER
  POSSIBLE SUNSHINE  MM
  AVERAGE SKY COVER 0.9


WEATHER CONDITIONS
 THE FOLLOWING WEATHER WAS RECORDED TODAY.
  NO SIGNIFICANT WEATHER WAS OBSERVED.


RELATIVE HUMIDITY (PERCENT)
 HIGHEST    93           100 AM
 LOWEST     49           200 PM
 AVERAGE    71

..........................................................


THE BRADFORD CLIMATE NORMALS FOR TOMORROW
                         NORMAL    RECORD    YEAR
 MAXIMUM TEMPERATURE (F)   69        85      1991
 MINIMUM TEMPERATURE (F)   46        27      1983


SUNRISE AND SUNSET
SEPTEMBER 14 2014.....SUNRISE   654 AM EDT   SUNSET   726 PM EDT
SEPTEMBER 15 2014.....SUNRISE   655 AM EDT   SUNSET   724 PM EDT


-  INDICATES NEGATIVE NUMBERS.
R  INDICATES RECORD WAS SET OR TIED.
MM INDICATES DATA IS MISSING.
T  INDICATES TRACE AMOUNT.




$$
