000
CDUS41 KCTP 300621
CLIBFD


CLIMATE REPORT
NATIONAL WEATHER SERVICE STATE COLLEGE PA
221 AM EDT SUN AUG 30 2015


...................................

...THE BRADFORD CLIMATE SUMMARY FOR AUGUST 29 2015...

CLIMATE NORMAL PERIOD 1981 TO 2010
CLIMATE RECORD PERIOD 1957 TO 2015


WEATHER ITEM   OBSERVED TIME   RECORD YEAR NORMAL DEPARTURE LAST
                VALUE   (LST)  VALUE       VALUE  FROM      YEAR
                                                  NORMAL
..................................................................
TEMPERATURE (F)
 YESTERDAY
  MAXIMUM         77    454 PM  89    1991  74      3       72
  MINIMUM         47    627 AM  25    1986  50     -3       40
  AVERAGE         62                        62      0       56

PRECIPITATION (IN)
  YESTERDAY        T             1.51 2006   0.12  -0.12     0.00
  MONTH TO DATE    1.20                      3.86  -2.66     5.09
  SINCE JUN 1     11.36                     12.96  -1.60    14.71
  SINCE JAN 1     23.79                     29.70  -5.91    30.66

DEGREE DAYS
 HEATING
  YESTERDAY        3                         1      2        9
  MONTH TO DATE   79                        21     58       90
  SINCE JUN 1    233                       230      3      269
  SINCE JUL 1    126                        85     41      184

 COOLING
  YESTERDAY        0                         1     -1        0
  MONTH TO DATE   46                        50     -4       25
  SINCE JUN 1    156                       164     -8      144
  SINCE JAN 1    200                       174     26      162
..................................................................


WIND (MPH)
  HIGHEST WIND SPEED    12   HIGHEST WIND DIRECTION    SW (240)
  HIGHEST GUST SPEED    17   HIGHEST GUST DIRECTION    SW (230)
  AVERAGE WIND SPEED     2.8


SKY COVER
  POSSIBLE SUNSHINE  MM
  AVERAGE SKY COVER 0.2


WEATHER CONDITIONS
 THE FOLLOWING WEATHER WAS RECORDED YESTERDAY.
  FOG


RELATIVE HUMIDITY (PERCENT)
 HIGHEST    96          1200 AM
 LOWEST     40           200 PM
 AVERAGE    68

..........................................................


THE BRADFORD CLIMATE NORMALS FOR TODAY
                         NORMAL    RECORD    YEAR
 MAXIMUM TEMPERATURE (F)   74        88      1991
 MINIMUM TEMPERATURE (F)   50        31      1986


SUNRISE AND SUNSET
AUGUST 30 2015........SUNRISE   638 AM EDT   SUNSET   752 PM EDT
AUGUST 31 2015........SUNRISE   639 AM EDT   SUNSET   750 PM EDT


-  INDICATES NEGATIVE NUMBERS.
R  INDICATES RECORD WAS SET OR TIED.
MM INDICATES DATA IS MISSING.
T  INDICATES TRACE AMOUNT.




$$
