000
CDUS41 KCTP 200631
CLIBFD


CLIMATE REPORT
NATIONAL WEATHER SERVICE STATE COLLEGE PA
131 AM EST SAT DEC 20 2014


...................................

...THE BRADFORD CLIMATE SUMMARY FOR DECEMBER 19 2014...

CLIMATE NORMAL PERIOD 1981 TO 2010
CLIMATE RECORD PERIOD 1957 TO 2014


WEATHER ITEM   OBSERVED TIME   RECORD YEAR NORMAL DEPARTURE LAST
                VALUE   (LST)  VALUE       VALUE  FROM      YEAR
                                                  NORMAL
..................................................................
TEMPERATURE (F)
 YESTERDAY
  MAXIMUM         26    401 AM  53    1957  32     -6       40
  MINIMUM         21    935 PM  -6    1985  17      4       21
  AVERAGE         24                        24      0       31

PRECIPITATION (IN)
  YESTERDAY        T             0.51 1979   0.10  -0.10     0.00
  MONTH TO DATE    1.40                      2.16  -0.76     0.69
  SINCE DEC 1      1.40                      2.16  -0.76     0.69
  SINCE JAN 1     41.54                     43.22  -1.68    32.72

DEGREE DAYS
 HEATING
  YESTERDAY       41                        36      5       34
  MONTH TO DATE  668                       623     45      770
  SINCE DEC 1    668                       623     45      770
  SINCE JUL 1   2486                      2458     28     2558

 COOLING
  YESTERDAY        0                         0      0        0
  MONTH TO DATE    0                         0      0        0
  SINCE DEC 1      0                         0      0        0
  SINCE JAN 1    196                       193      3      334
..................................................................


WIND (MPH)
  HIGHEST WIND SPEED    21   HIGHEST WIND DIRECTION    NW (310)
  HIGHEST GUST SPEED    29   HIGHEST GUST DIRECTION    NW (320)
  AVERAGE WIND SPEED    10.5


SKY COVER
  POSSIBLE SUNSHINE  MM
  AVERAGE SKY COVER 1.0


WEATHER CONDITIONS
 THE FOLLOWING WEATHER WAS RECORDED YESTERDAY.
  LT FREEZING RAIN
  FOG
  HAZE


RELATIVE HUMIDITY (PERCENT)
 HIGHEST    88           500 AM
 LOWEST     74           100 PM
 AVERAGE    81

..........................................................


THE BRADFORD CLIMATE NORMALS FOR TODAY
                         NORMAL    RECORD    YEAR
 MAXIMUM TEMPERATURE (F)   31        55      1957
 MINIMUM TEMPERATURE (F)   17       -11      1985


SUNRISE AND SUNSET
DECEMBER 20 2014......SUNRISE   738 AM EST   SUNSET   446 PM EST
DECEMBER 21 2014......SUNRISE   738 AM EST   SUNSET   447 PM EST


-  INDICATES NEGATIVE NUMBERS.
R  INDICATES RECORD WAS SET OR TIED.
MM INDICATES DATA IS MISSING.
T  INDICATES TRACE AMOUNT.




$$
