000
CDUS41 KCTP 232116
CLIBFD


CLIMATE REPORT
NATIONAL WEATHER SERVICE STATE COLLEGE PA
515 PM EDT WED APR 23 2014


...................................

...THE BRADFORD CLIMATE SUMMARY FOR APRIL 23 2014...
VALID TODAY AS OF 0500 PM LOCAL TIME.

CLIMATE NORMAL PERIOD 1981 TO 2010
CLIMATE RECORD PERIOD 1957 TO 2014


WEATHER ITEM   OBSERVED TIME   RECORD YEAR NORMAL DEPARTURE LAST
                VALUE   (LST)  VALUE       VALUE  FROM      YEAR
                                                  NORMAL
..................................................................
TEMPERATURE (F)
 TODAY
  MAXIMUM         41    351 PM  81    1985  58    -17       67
  MINIMUM         32    648 AM  18    1989  35     -3       32
  AVERAGE         37                        46     -9       50

PRECIPITATION (IN)
  TODAY            T             1.19 1977   0.11  -0.11     0.00
  MONTH TO DATE    3.09                      2.72   0.37     2.18
  SINCE MAR 1      5.09                      6.09  -1.00     3.69
  SINCE JAN 1      8.62                     11.73  -3.11     6.48

DEGREE DAYS
 HEATING
  TODAY           28                        14     14       15
  MONTH TO DATE  473                       402     71      484
  SINCE MAR 1   1650                      1439    211     1586
  SINCE JUL 1   7316                      7009    307     6494

 COOLING
  TODAY            0                         0      0        0
  MONTH TO DATE    2                         0      2        0
  SINCE MAR 1      2                         0      2        0
  SINCE JAN 1      2                         0      2        0
..................................................................


WIND (MPH)
  HIGHEST WIND SPEED    23   HIGHEST WIND DIRECTION    NW (310)
  HIGHEST GUST SPEED    30   HIGHEST GUST DIRECTION    NW (300)
  AVERAGE WIND SPEED    14.8


SKY COVER
  POSSIBLE SUNSHINE  MM
  AVERAGE SKY COVER 0.9


WEATHER CONDITIONS
 THE FOLLOWING WEATHER WAS RECORDED TODAY.
  LIGHT SNOW
  FOG
  HAZE


RELATIVE HUMIDITY (PERCENT)
 HIGHEST    89           100 AM
 LOWEST     64           400 PM
 AVERAGE    77

..........................................................


THE BRADFORD CLIMATE NORMALS FOR TOMORROW
                         NORMAL    RECORD    YEAR
 MAXIMUM TEMPERATURE (F)   59        82      1958
 MINIMUM TEMPERATURE (F)   35        21      2002


SUNRISE AND SUNSET
APRIL 23 2014.........SUNRISE   622 AM EDT   SUNSET   804 PM EDT
APRIL 24 2014.........SUNRISE   621 AM EDT   SUNSET   805 PM EDT


-  INDICATES NEGATIVE NUMBERS.
R  INDICATES RECORD WAS SET OR TIED.
MM INDICATES DATA IS MISSING.
T  INDICATES TRACE AMOUNT.




$$
