000
CDUS41 KCTP 170617
CLIBFD


CLIMATE REPORT
NATIONAL WEATHER SERVICE STATE COLLEGE PA
117 AM EST TUE JAN 17 2017


...................................

...THE BRADFORD CLIMATE SUMMARY FOR JANUARY 16 2017...

CLIMATE NORMAL PERIOD 1981 TO 2010
CLIMATE RECORD PERIOD 1957 TO 2017


WEATHER ITEM   OBSERVED TIME   RECORD YEAR NORMAL DEPARTURE LAST
                VALUE   (LST)  VALUE       VALUE  FROM      YEAR
                                                  NORMAL
..................................................................
TEMPERATURE (F)
 YESTERDAY
  MAXIMUM         42    325 PM  48    1990  29     13       36
  MINIMUM         12    806 AM -19    1984  13     -1       25
  AVERAGE         27                        21      6       31

PRECIPITATION (IN)
  YESTERDAY        0.01          0.76 1991   0.11  -0.10     0.13
  MONTH TO DATE    2.95                      1.76   1.19     1.01
  SINCE DEC 1      6.19                      5.16   1.03     5.81
  SINCE JAN 1      2.95                      1.76   1.19     1.01

DEGREE DAYS
 HEATING
  YESTERDAY       38                        38      0       34
  MONTH TO DATE  668                       608     60      669
  SINCE DEC 1   1836                      1829      7     1466
  SINCE JUL 1   3224                      3664   -440     2946

 COOLING
  YESTERDAY        0                         0      0        0
  MONTH TO DATE    0                         0      0        0
  SINCE DEC 1      0                         0      0        0
  SINCE JAN 1      0                         0      0        0
..................................................................


WIND (MPH)
  HIGHEST WIND SPEED     8   HIGHEST WIND DIRECTION    SW (220)
  HIGHEST GUST SPEED    10   HIGHEST GUST DIRECTION    SW (220)
  AVERAGE WIND SPEED     1.4


SKY COVER
  POSSIBLE SUNSHINE  MM
  AVERAGE SKY COVER 0.4


WEATHER CONDITIONS
 THE FOLLOWING WEATHER WAS RECORDED YESTERDAY.
  LIGHT RAIN
  FOG
  HAZE


RELATIVE HUMIDITY (PERCENT)
 HIGHEST    92           400 AM
 LOWEST     24           200 PM
 AVERAGE    58

..........................................................


THE BRADFORD CLIMATE NORMALS FOR TODAY
                         NORMAL    RECORD    YEAR
 MAXIMUM TEMPERATURE (F)   29        54      1990
 MINIMUM TEMPERATURE (F)   13       -27      1982


SUNRISE AND SUNSET
JANUARY 17 2017.......SUNRISE   738 AM EST   SUNSET   512 PM EST
JANUARY 18 2017.......SUNRISE   738 AM EST   SUNSET   513 PM EST


-  INDICATES NEGATIVE NUMBERS.
R  INDICATES RECORD WAS SET OR TIED.
MM INDICATES DATA IS MISSING.
T  INDICATES TRACE AMOUNT.




$$
