000
CDUS41 KCTP 230617
CLIBFD


CLIMATE REPORT
NATIONAL WEATHER SERVICE STATE COLLEGE PA
216 AM EDT THU OCT 23 2014


...................................

...THE BRADFORD CLIMATE SUMMARY FOR OCTOBER 22 2014...

CLIMATE NORMAL PERIOD 1981 TO 2010
CLIMATE RECORD PERIOD 1957 TO 2014


WEATHER ITEM   OBSERVED TIME   RECORD YEAR NORMAL DEPARTURE LAST
                VALUE   (LST)  VALUE       VALUE  FROM      YEAR
                                                  NORMAL
..................................................................
TEMPERATURE (F)
 YESTERDAY
  MAXIMUM         45   1220 AM  78    1979  55    -10       54
  MINIMUM         40    800 PM  24    1969  34      6       31
  AVERAGE         43                        45     -2       43

PRECIPITATION (IN)
  YESTERDAY        0.01          1.04 2005   0.10  -0.09     0.18
  MONTH TO DATE    3.29                      2.47   0.82     3.17
  SINCE SEP 1      5.54                      6.39  -0.85     5.70
  SINCE JAN 1     36.88                     36.34   0.54    27.11

DEGREE DAYS
 HEATING
  YESTERDAY       22                        16      6       22
  MONTH TO DATE  321                       282     39      231
  SINCE SEP 1    538                       546     -8      471
  SINCE JUL 1    722                       699     23      607

 COOLING
  YESTERDAY        0                         0      0        0
  MONTH TO DATE    1                         0      1        9
  SINCE SEP 1     26                        15     11       39
  SINCE JAN 1    196                       192      4      334
..................................................................


WIND (MPH)
  HIGHEST WIND SPEED    15   HIGHEST WIND DIRECTION     N (360)
  HIGHEST GUST SPEED    22   HIGHEST GUST DIRECTION     N (360)
  AVERAGE WIND SPEED    10.2


SKY COVER
  POSSIBLE SUNSHINE  MM
  AVERAGE SKY COVER 1.0


WEATHER CONDITIONS
 THE FOLLOWING WEATHER WAS RECORDED YESTERDAY.
  LIGHT RAIN
  FOG


RELATIVE HUMIDITY (PERCENT)
 HIGHEST    93           900 AM
 LOWEST     86           600 PM
 AVERAGE    90

..........................................................


THE BRADFORD CLIMATE NORMALS FOR TODAY
                         NORMAL    RECORD    YEAR
 MAXIMUM TEMPERATURE (F)   55        75      1975
 MINIMUM TEMPERATURE (F)   34        19      1969


SUNRISE AND SUNSET
OCTOBER 23 2014.......SUNRISE   736 AM EDT   SUNSET   621 PM EDT
OCTOBER 24 2014.......SUNRISE   737 AM EDT   SUNSET   620 PM EDT


-  INDICATES NEGATIVE NUMBERS.
R  INDICATES RECORD WAS SET OR TIED.
MM INDICATES DATA IS MISSING.
T  INDICATES TRACE AMOUNT.




$$
