000
CDUS41 KCTP 302117
CLIBFD


CLIMATE REPORT
NATIONAL WEATHER SERVICE STATE COLLEGE PA
517 PM EDT SAT MAY 30 2015


...................................

...THE BRADFORD CLIMATE SUMMARY FOR MAY 30 2015...
VALID TODAY AS OF 0500 PM LOCAL TIME.

CLIMATE NORMAL PERIOD 1981 TO 2010
CLIMATE RECORD PERIOD 1957 TO 2015


WEATHER ITEM   OBSERVED TIME   RECORD YEAR NORMAL DEPARTURE LAST
                VALUE   (LST)  VALUE       VALUE  FROM      YEAR
                                                  NORMAL
..................................................................
TEMPERATURE (F)
 TODAY
  MAXIMUM         79    236 PM  88    2006  69     10       73
  MINIMUM         64    431 AM  28    1966  45     19       49
  AVERAGE         72                        57     15       61

PRECIPITATION (IN)
  TODAY            0.08          0.74 1972   0.14  -0.06     0.00
  MONTH TO DATE    2.15                      4.03  -1.88     6.16
  SINCE MAR 1      8.72                     10.95  -2.23    12.42
  SINCE JAN 1     11.56                     16.59  -5.03    15.95

DEGREE DAYS
 HEATING
  TODAY            0                         5     -5        4
  MONTH TO DATE  202                       238    -36      299
  SINCE MAR 1   1991                      1919     72     2084
  SINCE JUL 1   7890                      7489    401     7750

 COOLING
  TODAY            7                         1      6        0
  MONTH TO DATE   45                         2     43       16
  SINCE MAR 1     45                         4     41       18
  SINCE JAN 1     45                         4     41       18
..................................................................


WIND (MPH)
  HIGHEST WIND SPEED    16   HIGHEST WIND DIRECTION     S (190)
  HIGHEST GUST SPEED    26   HIGHEST GUST DIRECTION     S (190)
  AVERAGE WIND SPEED     7.6


SKY COVER
  POSSIBLE SUNSHINE  MM
  AVERAGE SKY COVER 0.3


WEATHER CONDITIONS
 THE FOLLOWING WEATHER WAS RECORDED TODAY.
  THUNDERSTORM
  HEAVY RAIN
  LIGHT RAIN
  FOG


RELATIVE HUMIDITY (PERCENT)
 HIGHEST    93           300 AM
 LOWEST     58          1200 PM
 AVERAGE    76

..........................................................


THE BRADFORD CLIMATE NORMALS FOR TOMORROW
                         NORMAL    RECORD    YEAR
 MAXIMUM TEMPERATURE (F)   70        86      2006
 MINIMUM TEMPERATURE (F)   45        29      2001


SUNRISE AND SUNSET
MAY 30 2015...........SUNRISE   543 AM EDT   SUNSET   841 PM EDT
MAY 31 2015...........SUNRISE   543 AM EDT   SUNSET   842 PM EDT


-  INDICATES NEGATIVE NUMBERS.
R  INDICATES RECORD WAS SET OR TIED.
MM INDICATES DATA IS MISSING.
T  INDICATES TRACE AMOUNT.




$$
