000
CDUS41 KCTP 300638
CLIBFD


CLIMATE REPORT
NATIONAL WEATHER SERVICE STATE COLLEGE PA
238 AM EDT THU JUL 30 2015


...................................

...THE BRADFORD CLIMATE SUMMARY FOR JULY 29 2015...

CLIMATE NORMAL PERIOD 1981 TO 2010
CLIMATE RECORD PERIOD 1957 TO 2015


WEATHER ITEM   OBSERVED TIME   RECORD YEAR NORMAL DEPARTURE LAST
                VALUE   (LST)  VALUE       VALUE  FROM      YEAR
                                                  NORMAL
..................................................................
TEMPERATURE (F)
 YESTERDAY
  MAXIMUM         85    308 PM  87    1988  77      8       63
  MINIMUM         55    446 AM  43    1972  53      2       45
  AVERAGE         70                        65      5       54

PRECIPITATION (IN)
  YESTERDAY        0.00          3.17 1980   0.13  -0.13     0.00
  MONTH TO DATE    2.45                      3.92  -1.47     3.40
  SINCE JUN 1      9.92                      8.83   1.09     9.44
  SINCE JAN 1     22.35                     25.57  -3.22    25.39

DEGREE DAYS
 HEATING
  YESTERDAY        0                         0      0       11
  MONTH TO DATE   47                         1     46       81
  SINCE JUN 1    154                       146      8      166
  SINCE JUL 1     47                         1     46       81

 COOLING
  YESTERDAY        5                         2      3        0
  MONTH TO DATE   68                        66      2       63
  SINCE JUN 1    106                       106      0      119
  SINCE JAN 1    150                       116     34      137
..................................................................


WIND (MPH)
  HIGHEST WIND SPEED    12   HIGHEST WIND DIRECTION     S (190)
  HIGHEST GUST SPEED    15   HIGHEST GUST DIRECTION     S (180)
  AVERAGE WIND SPEED     3.2


SKY COVER
  POSSIBLE SUNSHINE  MM
  AVERAGE SKY COVER 0.0


WEATHER CONDITIONS
 THE FOLLOWING WEATHER WAS RECORDED YESTERDAY.
  FOG


RELATIVE HUMIDITY (PERCENT)
 HIGHEST    93          1200 AM
 LOWEST     40           100 PM
 AVERAGE    67

..........................................................


THE BRADFORD CLIMATE NORMALS FOR TODAY
                         NORMAL    RECORD    YEAR
 MAXIMUM TEMPERATURE (F)   77        88      1999
 MINIMUM TEMPERATURE (F)   53        40      1971


SUNRISE AND SUNSET
JULY 30 2015..........SUNRISE   606 AM EDT   SUNSET   835 PM EDT
JULY 31 2015..........SUNRISE   607 AM EDT   SUNSET   834 PM EDT


-  INDICATES NEGATIVE NUMBERS.
R  INDICATES RECORD WAS SET OR TIED.
MM INDICATES DATA IS MISSING.
T  INDICATES TRACE AMOUNT.




$$
