000
CDUS41 KCTP 020640
CLIBFD


CLIMATE REPORT
NATIONAL WEATHER SERVICE STATE COLLEGE PA
240 AM EDT THU OCT 2 2014


...................................

...THE BRADFORD CLIMATE SUMMARY FOR OCTOBER 1 2014...

CLIMATE NORMAL PERIOD 1981 TO 2010
CLIMATE RECORD PERIOD 1957 TO 2014


WEATHER ITEM   OBSERVED TIME   RECORD YEAR NORMAL DEPARTURE LAST
                VALUE   (LST)  VALUE       VALUE  FROM      YEAR
                                                  NORMAL
..................................................................
TEMPERATURE (F)
 YESTERDAY
  MAXIMUM         69    419 PM  77    1988  62      7       72
  MINIMUM         46    432 AM  27    1972  40      6       53
  AVERAGE         58                        51      7       63

PRECIPITATION (IN)
  YESTERDAY        0.00          1.57 1981   0.12  -0.12     0.00
  MONTH TO DATE    0.00                      0.12  -0.12     0.00
  SINCE SEP 1      2.25                      4.04  -1.79     2.53
  SINCE JAN 1     33.59                     33.99  -0.40    23.94

DEGREE DAYS
 HEATING
  YESTERDAY        7                        10     -3        2
  MONTH TO DATE    7                        10     -3        2
  SINCE SEP 1    224                       274    -50      242
  SINCE JUL 1    408                       427    -19      378

 COOLING
  YESTERDAY        0                         0      0        0
  MONTH TO DATE    0                         0      0        0
  SINCE SEP 1     25                        15     10       30
  SINCE JAN 1    195                       192      3      325
..................................................................


WIND (MPH)
  HIGHEST WIND SPEED    12   HIGHEST WIND DIRECTION    SE (120)
  HIGHEST GUST SPEED    16   HIGHEST GUST DIRECTION    SE (120)
  AVERAGE WIND SPEED     2.6


SKY COVER
  POSSIBLE SUNSHINE  MM
  AVERAGE SKY COVER 0.6


WEATHER CONDITIONS
 THE FOLLOWING WEATHER WAS RECORDED YESTERDAY.
  FOG
  FOG W/VISIBILITY <= 1/4 MILE


RELATIVE HUMIDITY (PERCENT)
 HIGHEST   100           100 AM
 LOWEST     55           300 PM
 AVERAGE    78

..........................................................


THE BRADFORD CLIMATE NORMALS FOR TODAY
                         NORMAL    RECORD    YEAR
 MAXIMUM TEMPERATURE (F)   62        76      1971
 MINIMUM TEMPERATURE (F)   40        22      1974


SUNRISE AND SUNSET
OCTOBER  2 2014.......SUNRISE   712 AM EDT   SUNSET   655 PM EDT
OCTOBER  3 2014.......SUNRISE   714 AM EDT   SUNSET   653 PM EDT


-  INDICATES NEGATIVE NUMBERS.
R  INDICATES RECORD WAS SET OR TIED.
MM INDICATES DATA IS MISSING.
T  INDICATES TRACE AMOUNT.




$$
