000
CDUS41 KCTP 290642
CLIBFD


CLIMATE REPORT
NATIONAL WEATHER SERVICE STATE COLLEGE PA
141 AM EST THU JAN 29 2015


...................................

...THE BRADFORD CLIMATE SUMMARY FOR JANUARY 28 2015...

CLIMATE NORMAL PERIOD 1981 TO 2010
CLIMATE RECORD PERIOD 1957 TO 2015


WEATHER ITEM   OBSERVED TIME   RECORD YEAR NORMAL DEPARTURE LAST
                VALUE   (LST)  VALUE       VALUE  FROM      YEAR
                                                  NORMAL
..................................................................
TEMPERATURE (F)
 YESTERDAY
  MAXIMUM         26    351 PM  55    2002  29     -3        4
  MINIMUM         -1    655 AM -18    1977  14    -15      -11
  AVERAGE         13                        22     -9       -3

PRECIPITATION (IN)
  YESTERDAY        0.00          0.94 1994   0.10  -0.10      T
  MONTH TO DATE    1.69                      3.00  -1.31     1.94
  SINCE DEC 1      3.89                      6.40  -2.51     4.76
  SINCE JAN 1      1.69                      3.00  -1.31     1.94

DEGREE DAYS
 HEATING
  YESTERDAY       52                        38     14       68
  MONTH TO DATE 1336                      1064    272     1288
  SINCE DEC 1   2408                      2285    123     2436
  SINCE JUL 1   4226                      4120    106     4224

 COOLING
  YESTERDAY        0                         0      0        0
  MONTH TO DATE    0                         0      0        0
  SINCE DEC 1      0                         0      0        0
  SINCE JAN 1      0                         0      0        0
..................................................................


WIND (MPH)
  HIGHEST WIND SPEED    10   HIGHEST WIND DIRECTION    NW (320)
  HIGHEST GUST SPEED    14   HIGHEST GUST DIRECTION     W (280)
  AVERAGE WIND SPEED     4.6


SKY COVER
  POSSIBLE SUNSHINE  MM
  AVERAGE SKY COVER 0.0


WEATHER CONDITIONS
 THE FOLLOWING WEATHER WAS RECORDED YESTERDAY.
  HAZE


RELATIVE HUMIDITY (PERCENT)
 HIGHEST    95           200 AM
 LOWEST     32           400 PM
 AVERAGE    64

..........................................................


THE BRADFORD CLIMATE NORMALS FOR TODAY
                         NORMAL    RECORD    YEAR
 MAXIMUM TEMPERATURE (F)   30        57      2002
 MINIMUM TEMPERATURE (F)   14       -25      1977


SUNRISE AND SUNSET
JANUARY 29 2015.......SUNRISE   730 AM EST   SUNSET   526 PM EST
JANUARY 30 2015.......SUNRISE   729 AM EST   SUNSET   527 PM EST


-  INDICATES NEGATIVE NUMBERS.
R  INDICATES RECORD WAS SET OR TIED.
MM INDICATES DATA IS MISSING.
T  INDICATES TRACE AMOUNT.




$$
