000
CDUS41 KCTP 220657
CLIBFD


CLIMATE REPORT
NATIONAL WEATHER SERVICE STATE COLLEGE PA
157 AM EST MON JAN 22 2018


...................................

...THE BRADFORD CLIMATE SUMMARY FOR JANUARY 21 2018...

CLIMATE NORMAL PERIOD 1981 TO 2010
CLIMATE RECORD PERIOD 1957 TO 2018


WEATHER ITEM   OBSERVED TIME   RECORD YEAR NORMAL DEPARTURE LAST
                VALUE   (LST)  VALUE       VALUE  FROM      YEAR
                                                  NORMAL
..................................................................
TEMPERATURE (F)
 YESTERDAY
  MAXIMUM         42   1159 PM  58    2017  29     13       58
  MINIMUM         33   1252 AM -26    1984  14     19       44
  AVERAGE         38                        21     17       51

PRECIPITATION (IN)
  YESTERDAY        0.04          2.45 1959   0.10  -0.06     0.00
  MONTH TO DATE    2.81                      2.27   0.54     3.52
  SINCE DEC 1      4.93                      5.67  -0.74     6.76
  SINCE JAN 1      2.81                      2.27   0.54     3.52

DEGREE DAYS
 HEATING
  YESTERDAY       27                        38    -11       14
  MONTH TO DATE 1009                       798    211      790
  SINCE DEC 1   2297                      2019    278     1958
  SINCE JUL 1   3831                      3854    -23     3346

 COOLING
  YESTERDAY        0                         0      0        0
  MONTH TO DATE    0                         0      0        0
  SINCE DEC 1      0                         0      0        0
  SINCE JAN 1      0                         0      0        0
..................................................................


WIND (MPH)
  HIGHEST WIND SPEED    10   HIGHEST WIND DIRECTION     W (260)
  HIGHEST GUST SPEED    16   HIGHEST GUST DIRECTION     W (270)
  AVERAGE WIND SPEED     3.0


SKY COVER
  POSSIBLE SUNSHINE  MM
  AVERAGE SKY COVER 1.0


WEATHER CONDITIONS
 THE FOLLOWING WEATHER WAS RECORDED YESTERDAY.
  LIGHT RAIN
  FOG
  FOG W/VISIBILITY <= 1/4 MILE


RELATIVE HUMIDITY (PERCENT)
 HIGHEST   100           800 AM
 LOWEST     75          1200 AM
 AVERAGE    88

..........................................................


THE BRADFORD CLIMATE NORMALS FOR TODAY
                         NORMAL    RECORD    YEAR
 MAXIMUM TEMPERATURE (F)   29        58      2017
 MINIMUM TEMPERATURE (F)   14       -14      1984


SUNRISE AND SUNSET
JANUARY 22 2018.......SUNRISE   735 AM EST   SUNSET   517 PM EST
JANUARY 23 2018.......SUNRISE   735 AM EST   SUNSET   519 PM EST


-  INDICATES NEGATIVE NUMBERS.
R  INDICATES RECORD WAS SET OR TIED.
MM INDICATES DATA IS MISSING.
T  INDICATES TRACE AMOUNT.




$$
