000
CDUS45 KCYS 060757
CLIBFF


CLIMATE REPORT
NATIONAL WEATHER SERVICE CHEYENNE WY
1256 AM MST TUE DEC 6 2016


...................................

...THE SCOTTSBLUFF NE AIRPORT CLIMATE SUMMARY FOR DECEMBER 5 2016...

CLIMATE NORMAL PERIOD 1981 TO 2010
CLIMATE RECORD PERIOD 1871 TO 2016


WEATHER ITEM   OBSERVED TIME   RECORD YEAR NORMAL DEPARTURE LAST
                VALUE   (LST)  VALUE       VALUE  FROM      YEAR
                                                  NORMAL
..................................................................
TEMPERATURE (F)
 YESTERDAY
  MAXIMUM         49   1006 AM  71    1939  41      8       52
  MINIMUM         15   1159 PM -20    1909  14      1       23
  AVERAGE         32                        27      5       38

PRECIPITATION (IN)
  YESTERDAY        T             0.42 1913   0.02  -0.02     0.00
  MONTH TO DATE    T                         0.08  -0.08      T
  SINCE JAN 1     15.19                     15.36  -0.17    22.85

SNOWFALL (IN)
  YESTERDAY        T             3.8  1992   0.3   -0.3      0.0
  MONTH TO DATE    T                         1.1   -1.1       T
  SINCE JUL 1      0.4                      10.0   -9.6      4.8
  SNOW DEPTH       T

DEGREE DAYS
 HEATING
  YESTERDAY       33                        38     -5       27
  MONTH TO DATE  176                       185     -9      144
  SINCE DEC 1    176                       185     -9      144
  SINCE JUL 1   1253                      1750   -497     1419

 COOLING
  YESTERDAY        0                         0      0        0
  MONTH TO DATE    0                         0      0        0
  SINCE DEC 1      0                         0      0        0
  SINCE JAN 1    898                       724    174      792
..................................................................


WIND (MPH)
  HIGHEST WIND SPEED    39   HIGHEST WIND DIRECTION     W (260)
  HIGHEST GUST SPEED    53   HIGHEST GUST DIRECTION     W (280)
  AVERAGE WIND SPEED    14.3


SKY COVER
  AVERAGE SKY COVER 0.2


WEATHER CONDITIONS
 THE FOLLOWING WEATHER WAS RECORDED YESTERDAY.
  LIGHT SNOW
  HAZE


RELATIVE HUMIDITY (PERCENT)
 HIGHEST    67           700 PM
 LOWEST     34          1200 AM
 AVERAGE    51

..........................................................


THE SCOTTSBLUFF NE AIRPORT CLIMATE NORMALS FOR TODAY
                         NORMAL    RECORD    YEAR
 MAXIMUM TEMPERATURE (F)   41        73      1939
 MINIMUM TEMPERATURE (F)   14       -18      1972


SUNRISE AND SUNSET
DECEMBER  6 2016......SUNRISE   708 AM MST   SUNSET   423 PM MST
DECEMBER  7 2016......SUNRISE   709 AM MST   SUNSET   423 PM MST


-  INDICATES NEGATIVE NUMBERS.
R  INDICATES RECORD WAS SET OR TIED.
MM INDICATES DATA IS MISSING.
T  INDICATES TRACE AMOUNT.




$$
