000
CDUS45 KCYS 300735
CLIBFF


CLIMATE REPORT
NATIONAL WEATHER SERVICE CHEYENNE WY
134 AM MDT MON MAR 30 2015


...................................

...THE SCOTTSBLUFF NE AIRPORT CLIMATE SUMMARY FOR MARCH 29 2015...

CLIMATE NORMAL PERIOD 1981 TO 2010
CLIMATE RECORD PERIOD 1871 TO 2015


WEATHER ITEM   OBSERVED TIME   RECORD YEAR NORMAL DEPARTURE LAST
                VALUE   (LST)  VALUE       VALUE  FROM      YEAR
                                                  NORMAL
..................................................................
TEMPERATURE (F)
 YESTERDAY
  MAXIMUM         66    351 PM  87    1943  56     10       71
  MINIMUM         39   1140 PM  -4    1975  27     12       26
  AVERAGE         53                        42     11       49

PRECIPITATION (IN)
  YESTERDAY        0.00          0.96 2007   0.05  -0.05     0.00
  MONTH TO DATE    0.27                      0.92  -0.65     0.82
  SINCE JAN 1      1.11                      1.93  -0.82     2.42

SNOWFALL (IN)
  YESTERDAY        0.0           5.0  2007   0.3   -0.3      0.0
  MONTH TO DATE    0.9                       7.3   -6.4      9.1
  SINCE JUL 1     43.2                      35.7    7.5     60.4
  SNOW DEPTH       0

DEGREE DAYS
 HEATING
  YESTERDAY       12                        23    -11       16
  MONTH TO DATE  597                       784   -187      791
  SINCE MAR 1    597                       784   -187      791
  SINCE JUL 1   5312                      5696   -384     5824

 COOLING
  YESTERDAY        0                         0      0        0
  MONTH TO DATE    0                         0      0        0
  SINCE MAR 1      0                         0      0        0
  SINCE JAN 1      0                         0      0        0
..................................................................


WIND (MPH)
  HIGHEST WIND SPEED    36   HIGHEST WIND DIRECTION    NW (330)
  HIGHEST GUST SPEED    47   HIGHEST GUST DIRECTION    NW (310)
  AVERAGE WIND SPEED    13.9


SKY COVER
  AVERAGE SKY COVER 0.0


WEATHER CONDITIONS
 THE FOLLOWING WEATHER WAS RECORDED YESTERDAY.
  NO SIGNIFICANT WEATHER WAS OBSERVED.


RELATIVE HUMIDITY (PERCENT)
 HIGHEST    54          1000 PM
 LOWEST     19           500 PM
 AVERAGE    37

..........................................................


THE SCOTTSBLUFF NE AIRPORT CLIMATE NORMALS FOR TODAY
                         NORMAL    RECORD    YEAR
 MAXIMUM TEMPERATURE (F)   56        83      1978
 MINIMUM TEMPERATURE (F)   27         0      1936


SUNRISE AND SUNSET
MARCH 30 2015.........SUNRISE   641 AM MDT   SUNSET   717 PM MDT
MARCH 31 2015.........SUNRISE   639 AM MDT   SUNSET   719 PM MDT


-  INDICATES NEGATIVE NUMBERS.
R  INDICATES RECORD WAS SET OR TIED.
MM INDICATES DATA IS MISSING.
T  INDICATES TRACE AMOUNT.




$$
