000
CDUS45 KCYS 250726
CLIBFF


CLIMATE REPORT
NATIONAL WEATHER SERVICE CHEYENNE WY
126 AM MDT MON JUL 25 2016


...................................

...THE SCOTTSBLUFF NE AIRPORT CLIMATE SUMMARY FOR JULY 24 2016...

CLIMATE NORMAL PERIOD 1981 TO 2010
CLIMATE RECORD PERIOD 1871 TO 2016


WEATHER ITEM   OBSERVED TIME   RECORD YEAR NORMAL DEPARTURE LAST
                VALUE   (LST)  VALUE       VALUE  FROM      YEAR
                                                  NORMAL
..................................................................
TEMPERATURE (F)
 YESTERDAY
  MAXIMUM         87    125 PM 105    2014  90     -3       91
  MINIMUM         62   1153 PM  44    1911  59      3       58
  AVERAGE         75                        75      0       75

PRECIPITATION (IN)
  YESTERDAY        T             1.58 1972   0.06  -0.06     0.00
  MONTH TO DATE    0.60                      1.45  -0.85     3.52
  SINCE JAN 1     10.80                     10.62   0.18    17.92

SNOWFALL (IN)
  YESTERDAY        0.0          MM      MM   0.0    0.0      0.0
  MONTH TO DATE    0.0                       0.0    0.0      0.0
  SINCE JUL 1      0.0                       0.0    0.0      0.0
  SNOW DEPTH       0

DEGREE DAYS
 HEATING
  YESTERDAY        0                         0      0        0
  MONTH TO DATE    0                         1     -1        6
  SINCE JUN 1      6                        61    -55        9
  SINCE JUL 1      0                         1     -1        6

 COOLING
  YESTERDAY       10                        10      0       10
  MONTH TO DATE  265                       220     45      182
  SINCE JUN 1    535                       346    189      367
  SINCE JAN 1    539                       369    170      367
..................................................................


WIND (MPH)
  HIGHEST WIND SPEED    24   HIGHEST WIND DIRECTION    SE (120)
  HIGHEST GUST SPEED    29   HIGHEST GUST DIRECTION     E (110)
  AVERAGE WIND SPEED    11.1


SKY COVER
  AVERAGE SKY COVER 0.1


WEATHER CONDITIONS
 THE FOLLOWING WEATHER WAS RECORDED YESTERDAY.
  LIGHT RAIN


RELATIVE HUMIDITY (PERCENT)
 HIGHEST    78           300 AM
 LOWEST     31          1200 PM
 AVERAGE    55

..........................................................


THE SCOTTSBLUFF NE AIRPORT CLIMATE NORMALS FOR TODAY
                         NORMAL    RECORD    YEAR
 MAXIMUM TEMPERATURE (F)   90       104      1931
                                             1899
 MINIMUM TEMPERATURE (F)   59        41      1911


SUNRISE AND SUNSET
JULY 25 2016..........SUNRISE   542 AM MDT   SUNSET   819 PM MDT
JULY 26 2016..........SUNRISE   543 AM MDT   SUNSET   818 PM MDT


-  INDICATES NEGATIVE NUMBERS.
R  INDICATES RECORD WAS SET OR TIED.
MM INDICATES DATA IS MISSING.
T  INDICATES TRACE AMOUNT.




$$
