000
CDUS45 KCYS 210738
CLIBFF


CLIMATE REPORT
NATIONAL WEATHER SERVICE CHEYENNE WY
138 AM MDT THU AUG 21 2014


...................................

...THE SCOTTSBLUFF NEBRASKA AIRPORT CLIMATE SUMMARY FOR AUGUST 20 2014...

CLIMATE NORMAL PERIOD 1981 TO 2010
CLIMATE RECORD PERIOD 1871 TO 2014


WEATHER ITEM   OBSERVED TIME   RECORD YEAR NORMAL DEPARTURE LAST
                VALUE   (LST)  VALUE       VALUE  FROM      YEAR
                                                  NORMAL
..................................................................
TEMPERATURE (F)
 YESTERDAY
  MAXIMUM         93    332 PM 101    2013  87      6      101
  MINIMUM         63    546 AM  41    1939  56      7       60
                                      1897
  AVERAGE         78                        72      6       81

PRECIPITATION (IN)
  YESTERDAY        0.00          0.45 1893   0.04  -0.04     0.00
  MONTH TO DATE    0.47                      0.90  -0.43     0.62
  SINCE JAN 1     10.85                     11.90  -1.05     7.68

SNOWFALL (IN)
  YESTERDAY        0.0          MM      MM   0.0    0.0      0.0
  MONTH TO DATE    0.0                       0.0    0.0      0.0
  SINCE JUL 1      0.0                       0.0    0.0      0.0
  SNOW DEPTH       0

DEGREE DAYS
 HEATING
  YESTERDAY        0                         0      0        0
  MONTH TO DATE    0                         0      0        0
  SINCE JUN 1     60                        66     -6       23
  SINCE JUL 1      7                         6      1        2

 COOLING
  YESTERDAY       13                         7      6       16
  MONTH TO DATE  200                       165     35      169
  SINCE JUN 1    577                       578     -1      681
  SINCE JAN 1    604                       601      3      735
..................................................................


WIND (MPH)
  HIGHEST WIND SPEED    22   HIGHEST WIND DIRECTION     W (290)
  HIGHEST GUST SPEED    35   HIGHEST GUST DIRECTION     W (270)
  AVERAGE WIND SPEED     8.0


SKY COVER
  AVERAGE SKY COVER 0.2


WEATHER CONDITIONS
 THE FOLLOWING WEATHER WAS RECORDED YESTERDAY.
  NO SIGNIFICANT WEATHER WAS OBSERVED.


RELATIVE HUMIDITY (PERCENT)
 HIGHEST    87           600 AM
 LOWEST     23           300 PM
 AVERAGE    55

..........................................................


THE SCOTTSBLUFF NEBRASKA AIRPORT CLIMATE NORMALS FOR TODAY
                         NORMAL    RECORD    YEAR
 MAXIMUM TEMPERATURE (F)   87       101      1960
 MINIMUM TEMPERATURE (F)   55        43      2009


SUNRISE AND SUNSET
AUGUST 21 2014........SUNRISE   609 AM MDT   SUNSET   745 PM MDT
AUGUST 22 2014........SUNRISE   610 AM MDT   SUNSET   744 PM MDT


-  INDICATES NEGATIVE NUMBERS.
R  INDICATES RECORD WAS SET OR TIED.
MM INDICATES DATA IS MISSING.
T  INDICATES TRACE AMOUNT.




$$
