000
CDUS45 KCYS 010728
CLIBFF


CLIMATE REPORT
NATIONAL WEATHER SERVICE CHEYENNE WY
126 AM MDT SAT NOV 1 2014


...................................

...THE SCOTTSBLUFF NEBRASKA AIRPORT CLIMATE SUMMARY FOR OCTOBER 31 2014...

CLIMATE NORMAL PERIOD 1981 TO 2010
CLIMATE RECORD PERIOD 1871 TO 2014


WEATHER ITEM   OBSERVED TIME   RECORD YEAR NORMAL DEPARTURE LAST
                VALUE   (LST)  VALUE       VALUE  FROM      YEAR
                                                  NORMAL
..................................................................
TEMPERATURE (F)
 YESTERDAY
  MAXIMUM         57    333 PM  79    1999  58     -1       56
  MINIMUM         29    658 AM  -6    1991  28      1       30
  AVERAGE         43                        43      0       43

PRECIPITATION (IN)
  YESTERDAY        0.00          0.48 1920   0.03  -0.03     0.02
  MONTH TO DATE    0.59                      1.14  -0.55     1.67
  SINCE JAN 1     16.89                     14.62   2.27    11.89

SNOWFALL (IN)
  YESTERDAY        0.0           6.5  1920   0.1   -0.1      0.0
  MONTH TO DATE    0.0                       2.7   -2.7      6.6
  SINCE JUL 1      T                         3.2   -3.2      6.6
  SNOW DEPTH       0

DEGREE DAYS
 HEATING
  YESTERDAY       22                        22      0       22
  MONTH TO DATE  354                       512   -158      568
  SINCE SEP 1    465                       671   -206      654
  SINCE JUL 1    478                       691   -213      656

 COOLING
  YESTERDAY        0                         0      0        0
  MONTH TO DATE    0                         1     -1        0
  SINCE SEP 1     76                        59     17      155
  SINCE JAN 1    719                       724     -5     1047
..................................................................


WIND (MPH)
  HIGHEST WIND SPEED    25   HIGHEST WIND DIRECTION     S (160)
  HIGHEST GUST SPEED    34   HIGHEST GUST DIRECTION    SE (150)
  AVERAGE WIND SPEED    15.1


SKY COVER
  AVERAGE SKY COVER 0.1


WEATHER CONDITIONS
 THE FOLLOWING WEATHER WAS RECORDED YESTERDAY.
  FOG


RELATIVE HUMIDITY (PERCENT)
 HIGHEST   100           600 AM
 LOWEST     36           300 PM
 AVERAGE    68

..........................................................


THE SCOTTSBLUFF NEBRASKA AIRPORT CLIMATE NORMALS FOR TODAY
                         NORMAL    RECORD    YEAR
 MAXIMUM TEMPERATURE (F)   58        78      1988
 MINIMUM TEMPERATURE (F)   28         4      1991


SUNRISE AND SUNSET
NOVEMBER  1 2014......SUNRISE   727 AM MDT   SUNSET   549 PM MDT
NOVEMBER  2 2014......SUNRISE   628 AM MST   SUNSET   447 PM MST


-  INDICATES NEGATIVE NUMBERS.
R  INDICATES RECORD WAS SET OR TIED.
MM INDICATES DATA IS MISSING.
T  INDICATES TRACE AMOUNT.




$$
