000
CDUS45 KCYS 230322
CLIBFF


CLIMATE REPORT
NATIONAL WEATHER SERVICE CHEYENNE WY
922 PM MDT TUE JUL 22 2014


...................................

...THE SCOTTSBLUFF NEBRASKA AIRPORT CLIMATE SUMMARY FOR JULY 22 2014...
VALID TODAY AS OF 0900 PM LOCAL TIME.

CLIMATE NORMAL PERIOD 1981 TO 2010
CLIMATE RECORD PERIOD 1871 TO 2014


WEATHER ITEM   OBSERVED TIME   RECORD YEAR NORMAL DEPARTURE LAST
                VALUE   (LST)  VALUE       VALUE  FROM      YEAR
                                                  NORMAL
..................................................................
TEMPERATURE (F)
 TODAY
  MAXIMUM         93    409 PM 103    2007  90      3       92
                                      1964
                                      1940
  MINIMUM         63    219 AM  43    1897  59      4       61
  AVERAGE         78                        75      3       77

PRECIPITATION (IN)
  TODAY            0.00          1.66 1993   0.07  -0.07     0.00
  MONTH TO DATE    1.39                      1.33   0.06     0.74
  SINCE JUN 1      3.12                      4.18  -1.06     2.28
  SINCE JAN 1     10.27                     10.50  -0.23     6.92

SNOWFALL (IN)
  TODAY            0.0          MM      MM   0.0    0.0      0.0
  MONTH TO DATE    0.0                       0.0    0.0      0.0
  SINCE JUL 1      0.0                       0.0    0.0      0.0
  SNOW DEPTH       0

DEGREE DAYS
 HEATING
  TODAY            0                         0      0        0
  MONTH TO DATE    7                         1      6        0
  SINCE JUN 1     60                        61     -1       21
  SINCE JUL 1      7                         1      6        0

 COOLING
  TODAY           13                        10      3       12
  MONTH TO DATE  190                       200    -10      252
  SINCE JUN 1    285                       326    -41      447
  SINCE JAN 1    312                       349    -37      501
..................................................................


WIND (MPH)
  HIGHEST WIND SPEED    20   HIGHEST WIND DIRECTION    NE (40)
  HIGHEST GUST SPEED    27   HIGHEST GUST DIRECTION    NE (40)
  AVERAGE WIND SPEED    11.4


SKY COVER
  AVERAGE SKY COVER 0.0


WEATHER CONDITIONS
 THE FOLLOWING WEATHER WAS RECORDED TODAY.
  NO SIGNIFICANT WEATHER WAS OBSERVED.


RELATIVE HUMIDITY (PERCENT)
 HIGHEST    84          1200 AM
 LOWEST     32           100 PM
 AVERAGE    58

..........................................................


THE SCOTTSBLUFF NEBRASKA AIRPORT CLIMATE NORMALS FOR TOMORROW
                         NORMAL    RECORD    YEAR
 MAXIMUM TEMPERATURE (F)   90       104      1941
 MINIMUM TEMPERATURE (F)   59        47      1933


SUNRISE AND SUNSET
JULY 22 2014..........SUNRISE   539 AM MDT   SUNSET   823 PM MDT
JULY 23 2014..........SUNRISE   540 AM MDT   SUNSET   822 PM MDT


-  INDICATES NEGATIVE NUMBERS.
R  INDICATES RECORD WAS SET OR TIED.
MM INDICATES DATA IS MISSING.
T  INDICATES TRACE AMOUNT.




$$
