000
CDUS46 KHNX 160822
CLIBFL


CLIMATE REPORT
NATIONAL WEATHER SERVICE SAN JOAQUIN VALLEY, CA
122 AM PDT MON OCT 16 2017


...................................

...THE BAKERSFIELD CLIMATE SUMMARY FOR OCTOBER 15 2017...

CLIMATE NORMAL PERIOD 1981 TO 2010
CLIMATE RECORD PERIOD 1889 TO 2017


WEATHER ITEM   OBSERVED TIME   RECORD YEAR NORMAL DEPARTURE
                VALUE   (LST)  VALUE       VALUE  FROM
                                                  NORMAL
...............................................................
TEMPERATURE (F)
 YESTERDAY
  MAXIMUM         88    340 PM 101    1954  80      8
  MINIMUM         47    557 AM  35    1908  55     -8
                                      1899
  AVERAGE         68                        68      0

PRECIPITATION (IN)
  YESTERDAY        0.00          0.40 1935   0.01  -0.01
  MONTH TO DATE    T                         0.09  -0.09
  SINCE OCT 1      T                         0.09  -0.09
  SINCE JAN 1      5.31                      4.60   0.71

SNOWFALL (IN)
  YESTERDAY        0.0
  MONTH TO DATE    0.0
  SINCE SEP 1      0.0
  SINCE JUL 1      0.0
  SNOW DEPTH       0

DEGREE DAYS
 HEATING
  YESTERDAY        0                               -1
  MONTH TO DATE   10                                1
  SINCE SEP 1     11                                0
  SINCE JUL 1     11                                0

 COOLING
  YESTERDAY        3                               -1
  MONTH TO DATE   54                              -36
  SINCE SEP 1    489                               37
  SINCE JAN 1   2857                              637
...............................................................


WIND (MPH)
  HIGHEST WIND SPEED    13   HIGHEST WIND DIRECTION    NW (330)
  HIGHEST GUST SPEED    15   HIGHEST GUST DIRECTION    NW (320)
  AVERAGE WIND SPEED     4.6




RELATIVE HUMIDITY (PERCENT)
 HIGHEST    59
 LOWEST     16
 AVERAGE    38

..........................................................


THE BAKERSFIELD CLIMATE NORMALS FOR TODAY
                         NORMAL    RECORD    YEAR
 MAXIMUM TEMPERATURE (F)   80        98      1954
 MINIMUM TEMPERATURE (F)   55        35      1899


SUNRISE AND SUNSET
OCTOBER 16 2017.......SUNRISE   704 AM PDT   SUNSET   619 PM PDT
OCTOBER 17 2017.......SUNRISE   704 AM PDT   SUNSET   618 PM PDT


-  INDICATES NEGATIVE NUMBERS.
R  INDICATES RECORD WAS SET OR TIED.
MM INDICATES DATA IS MISSING.
T  INDICATES TRACE AMOUNT.




$$
