000
CDUS46 KHNX 250821
CLIBFL


CLIMATE REPORT
NATIONAL WEATHER SERVICE SAN JOAQUIN VALLEY, CA
1221 AM PST TUE NOV 25 2014


...................................

...THE BAKERSFIELD CLIMATE SUMMARY FOR NOVEMBER 24 2014...

CLIMATE NORMAL PERIOD 1981 TO 2010
CLIMATE RECORD PERIOD 1889 TO 2014


WEATHER ITEM   OBSERVED TIME   RECORD YEAR NORMAL DEPARTURE
                VALUE   (LST)  VALUE       VALUE  FROM
                                                  NORMAL
...............................................................
TEMPERATURE (F)
 YESTERDAY
  MAXIMUM         63    321 PM  87    1917  62      1
  MINIMUM         42    704 AM  22    1931  42      0
  AVERAGE         53                        52      1

PRECIPITATION (IN)
  YESTERDAY        0.00          0.60 1983   0.03  -0.03
  MONTH TO DATE    0.01                      0.50  -0.49
  SINCE JUL 1      0.66                      0.92  -0.26
  SINCE JAN 1      2.00                      5.31  -3.31

SNOWFALL (IN)
  YESTERDAY        0.0
  MONTH TO DATE    0.0
  SINCE SEP 1      0.0
  SINCE JUL 1      0.0
  SNOW DEPTH       0

DEGREE DAYS
 HEATING
  YESTERDAY       12                               -1
  MONTH TO DATE  130                              -86
  SINCE SEP 1    140                             -134
  SINCE JUL 1    140                             -134

 COOLING
  YESTERDAY        0                                0
  MONTH TO DATE    4                                1
  SINCE SEP 1    702                              213
  SINCE JAN 1   2983                              726
...............................................................


WIND (MPH)
  HIGHEST WIND SPEED     9   HIGHEST WIND DIRECTION    NW (330)
  HIGHEST GUST SPEED    11   HIGHEST GUST DIRECTION    NW (330)
  AVERAGE WIND SPEED     3.2




RELATIVE HUMIDITY (PERCENT)
 HIGHEST    82
 LOWEST     48
 AVERAGE    65

..........................................................


THE BAKERSFIELD CLIMATE NORMALS FOR TODAY
                         NORMAL    RECORD    YEAR
 MAXIMUM TEMPERATURE (F)   62        79      1914
                                             1912
 MINIMUM TEMPERATURE (F)   42        25      1931


SUNRISE AND SUNSET
NOVEMBER 25 2014......SUNRISE   641 AM PST   SUNSET   445 PM PST
NOVEMBER 26 2014......SUNRISE   642 AM PST   SUNSET   445 PM PST


-  INDICATES NEGATIVE NUMBERS.
R  INDICATES RECORD WAS SET OR TIED.
MM INDICATES DATA IS MISSING.
T  INDICATES TRACE AMOUNT.




$$
