000
CDUS46 KHNX 210823
CLIBFL


CLIMATE REPORT
NATIONAL WEATHER SERVICE SAN JOAQUIN VALLEY, CA
1223 AM PST SAT JAN 21 2017


...................................

...THE BAKERSFIELD CLIMATE SUMMARY FOR JANUARY 20 2017...

CLIMATE NORMAL PERIOD 1981 TO 2010
CLIMATE RECORD PERIOD 1889 TO 2017


WEATHER ITEM   OBSERVED TIME   RECORD YEAR NORMAL DEPARTURE
                VALUE   (LST)  VALUE       VALUE  FROM
                                                  NORMAL
...............................................................
TEMPERATURE (F)
 YESTERDAY
  MAXIMUM         54    936 AM  77    1912  57     -3
  MINIMUM         46   1159 PM  21    1922  39      7
  AVERAGE         50                        48      2

PRECIPITATION (IN)
  YESTERDAY        0.63          0.65 1921   0.03   0.60
  MONTH TO DATE    2.50                      0.74   1.76
  SINCE OCT 1      5.53                      2.70   2.83
  SINCE JAN 1      2.50                      0.74   1.76

SNOWFALL (IN)
  YESTERDAY        0.0
  MONTH TO DATE    0.0
  SINCE DEC 1      0.0
  SINCE JUL 1      0.0
  SNOW DEPTH       0

DEGREE DAYS
 HEATING
  YESTERDAY       15                               -2
  MONTH TO DATE  278                              -77
  SINCE DEC 1    738                             -150
  SINCE JUL 1    943                             -303

 COOLING
  YESTERDAY        0                                0
  MONTH TO DATE    2                                2
  SINCE DEC 1      2                                2
  SINCE JAN 1      2                                2
...............................................................


WIND (MPH)
  HIGHEST WIND SPEED    18   HIGHEST WIND DIRECTION    SE (120)
  HIGHEST GUST SPEED    22   HIGHEST GUST DIRECTION    SE (120)
  AVERAGE WIND SPEED     6.1




RELATIVE HUMIDITY (PERCENT)
 HIGHEST    86
 LOWEST     66
 AVERAGE    76

..........................................................


THE BAKERSFIELD CLIMATE NORMALS FOR TODAY
                         NORMAL    RECORD    YEAR
 MAXIMUM TEMPERATURE (F)   57        79      1981
 MINIMUM TEMPERATURE (F)   39        19      1937


SUNRISE AND SUNSET
JANUARY 21 2017.......SUNRISE   702 AM PST   SUNSET   513 PM PST
JANUARY 22 2017.......SUNRISE   702 AM PST   SUNSET   514 PM PST


-  INDICATES NEGATIVE NUMBERS.
R  INDICATES RECORD WAS SET OR TIED.
MM INDICATES DATA IS MISSING.
T  INDICATES TRACE AMOUNT.




$$
