464
CDUS46 KHNX 240826
CLIBFL


CLIMATE REPORT
NATIONAL WEATHER SERVICE SAN JOAQUIN VALLEY, CA
126 AM PDT FRI MAR 24 2017


...................................

...THE BAKERSFIELD CLIMATE SUMMARY FOR MARCH 23 2017...

CLIMATE NORMAL PERIOD 1981 TO 2010
CLIMATE RECORD PERIOD 1889 TO 2017


WEATHER ITEM   OBSERVED TIME   RECORD YEAR NORMAL DEPARTURE
                VALUE   (LST)  VALUE       VALUE  FROM
                                                  NORMAL
...............................................................
TEMPERATURE (F)
 YESTERDAY
  MAXIMUM         63    302 PM  86    1926  70     -7
                                      1915
                                      1914
  MINIMUM         47    530 AM  31    1917  47      0
  AVERAGE         55                        58     -3

PRECIPITATION (IN)
  YESTERDAY        T             0.71 1995   0.04  -0.04
  MONTH TO DATE    0.11                      0.95  -0.84
  SINCE OCT 1      7.36                      5.31   2.05
  SINCE JAN 1      4.33                      3.35   0.98

SNOWFALL (IN)
  YESTERDAY        0.0
  MONTH TO DATE    0.0
  SINCE MAR 1      0.0
  SINCE JUL 1      0.0
  SNOW DEPTH       0

DEGREE DAYS
 HEATING
  YESTERDAY       10                                3
  MONTH TO DATE  130                              -55
  SINCE MAR 1    130                              -55
  SINCE JUL 1   1498                             -461

 COOLING
  YESTERDAY        0                                0
  MONTH TO DATE   24                               24
  SINCE MAR 1     24                               24
  SINCE JAN 1     26                               26
...............................................................


WIND (MPH)
  HIGHEST WIND SPEED    21   HIGHEST WIND DIRECTION     N (340)
  HIGHEST GUST SPEED    25   HIGHEST GUST DIRECTION     N (350)
  AVERAGE WIND SPEED     4.9




RELATIVE HUMIDITY (PERCENT)
 HIGHEST    86
 LOWEST     49
 AVERAGE    68

..........................................................


THE BAKERSFIELD CLIMATE NORMALS FOR TODAY
                         NORMAL    RECORD    YEAR
 MAXIMUM TEMPERATURE (F)   70        87      1926
 MINIMUM TEMPERATURE (F)   47        32      1904


SUNRISE AND SUNSET
MARCH 24 2017.........SUNRISE   654 AM PDT   SUNSET   712 PM PDT
MARCH 25 2017.........SUNRISE   652 AM PDT   SUNSET   712 PM PDT


-  INDICATES NEGATIVE NUMBERS.
R  INDICATES RECORD WAS SET OR TIED.
MM INDICATES DATA IS MISSING.
T  INDICATES TRACE AMOUNT.




$$
