000
CDUS46 KHNX 220022
CLIBFL


CLIMATE REPORT
NATIONAL WEATHER SERVICE SAN JOAQUIN VALLEY, CA
521 PM PDT TUE OCT 21 2014


...................................

...THE BAKERSFIELD CLIMATE SUMMARY FOR OCTOBER 21 2014...
VALID AS OF 0500 PM LOCAL TIME.

CLIMATE NORMAL PERIOD 1981 TO 2010
CLIMATE RECORD PERIOD 1889 TO 2014


WEATHER ITEM   OBSERVED TIME   RECORD YEAR NORMAL DEPARTURE LAST
                VALUE   (LST)  VALUE       VALUE  FROM      YEAR
                                                  NORMAL
..................................................................
TEMPERATURE (F)
 TODAY
  MAXIMUM         71    359 PM  94    2003  77     -6       86
                                      1964
                                      1913
  MINIMUM         58    732 AM  32    1906  53      5       53
  AVERAGE         65                        65      0       70

PRECIPITATION (IN)
  TODAY            0.00          0.21 1941   0.01  -0.01     0.00
  MONTH TO DATE    0.00                      0.15  -0.15      T
  SINCE JUL 1      0.01                      0.27  -0.26      T
  SINCE JAN 1      1.35                      4.66  -3.31     2.36

SNOWFALL (IN)
  TODAY            0.0
  MONTH TO DATE    0.0
  SINCE SEP 1      0.0
  SINCE JUL 1      0.0
  SNOW DEPTH       0

DEGREE DAYS
 HEATING
  TODAY            0                         2     -2        0
  MONTH TO DATE    0                        20    -20       14
  SINCE SEP 1      0                        22    -22       16
  SINCE JUL 1      0                        22    -22       16

 COOLING
  TODAY            0                         3     -3        5
  MONTH TO DATE  197                       109     88       63
  SINCE SEP 1    682                       471    211      429
  SINCE JAN 1   2963                      2239    724     2543
..................................................................


WIND (MPH)
  HIGHEST WIND SPEED    13   HIGHEST WIND DIRECTION     W (290)
  HIGHEST GUST SPEED    15   HIGHEST GUST DIRECTION     W (280)
  AVERAGE WIND SPEED     6.6




RELATIVE HUMIDITY (PERCENT)
 HIGHEST    67
 LOWEST     34
 AVERAGE    51

..........................................................


THE BAKERSFIELD CLIMATE NORMALS FOR TOMORROW
                         NORMAL    RECORD    YEAR
 MAXIMUM TEMPERATURE (F)   77        95      1901
 MINIMUM TEMPERATURE (F)   53        37      1920


SUNRISE AND SUNSET
OCTOBER 21 2014.......SUNRISE   708 AM PDT   SUNSET   613 PM PDT
OCTOBER 22 2014.......SUNRISE   709 AM PDT   SUNSET   612 PM PDT


-  INDICATES NEGATIVE NUMBERS.
R  INDICATES RECORD WAS SET OR TIED.
MM INDICATES DATA IS MISSING.
T  INDICATES TRACE AMOUNT.




$$
