000
CDUS46 KHNX 300825
CLIBFL


CLIMATE REPORT
NATIONAL WEATHER SERVICE SAN JOAQUIN VALLEY, CA
125 AM PDT TUE SEP 30 2014


...................................

...THE BAKERSFIELD CLIMATE SUMMARY FOR SEPTEMBER 29 2014...

CLIMATE NORMAL PERIOD 1981 TO 2010
CLIMATE RECORD PERIOD 1889 TO 2014


WEATHER ITEM   OBSERVED TIME   RECORD YEAR NORMAL DEPARTURE
                VALUE   (LST)  VALUE       VALUE  FROM
                                                  NORMAL
...............................................................
TEMPERATURE (F)
 YESTERDAY
  MAXIMUM         80    327 PM 105    1992  86     -6
  MINIMUM         60    651 AM  32    1908  61     -1
  AVERAGE         70                        74     -4

PRECIPITATION (IN)
  YESTERDAY        0.00          0.39 1976   0.01  -0.01
  MONTH TO DATE    0.01                      0.08  -0.07
  SINCE JUL 1      0.01                      0.12  -0.11
  SINCE JAN 1      1.35                      4.51  -3.16

SNOWFALL (IN)
  YESTERDAY        0.0
  MONTH TO DATE    0.0
  SINCE SEP 1      0.0
  SINCE JUL 1      0.0
  SNOW DEPTH       0

DEGREE DAYS
 HEATING
  YESTERDAY        0                                0
  MONTH TO DATE    0                                0
  SINCE SEP 1      0                                0
  SINCE JUL 1      0                                0

 COOLING
  YESTERDAY        5                               -4
  MONTH TO DATE  477                              123
  SINCE SEP 1    477                              123
  SINCE JAN 1   2758                              636
...............................................................


WIND (MPH)
  HIGHEST WIND SPEED    14   HIGHEST WIND DIRECTION    NW (320)
  HIGHEST GUST SPEED    17   HIGHEST GUST DIRECTION    NW (320)
  AVERAGE WIND SPEED     5.4




RELATIVE HUMIDITY (PERCENT)
 HIGHEST    78
 LOWEST     35
 AVERAGE    57

..........................................................


THE BAKERSFIELD CLIMATE NORMALS FOR TODAY
                         NORMAL    RECORD    YEAR
 MAXIMUM TEMPERATURE (F)   86       102      1978
 MINIMUM TEMPERATURE (F)   60        40      1908


SUNRISE AND SUNSET
SEPTEMBER 30 2014.....SUNRISE   650 AM PDT   SUNSET   641 PM PDT
OCTOBER  1 2014.......SUNRISE   651 AM PDT   SUNSET   640 PM PDT


-  INDICATES NEGATIVE NUMBERS.
R  INDICATES RECORD WAS SET OR TIED.
MM INDICATES DATA IS MISSING.
T  INDICATES TRACE AMOUNT.




$$
