000
CDUS46 KHNX 280820
CLIBFL


CLIMATE REPORT
NATIONAL WEATHER SERVICE SAN JOAQUIN VALLEY, CA
120 AM PDT SAT MAR 28 2015


...................................

...THE BAKERSFIELD CLIMATE SUMMARY FOR MARCH 27 2015...

CLIMATE NORMAL PERIOD 1981 TO 2010
CLIMATE RECORD PERIOD 1889 TO 2015


WEATHER ITEM   OBSERVED TIME   RECORD YEAR NORMAL DEPARTURE
                VALUE   (LST)  VALUE       VALUE  FROM
                                                  NORMAL
...............................................................
TEMPERATURE (F)
 YESTERDAY
  MAXIMUM         93R   402 PM  90    1986  70     23
  MINIMUM         55    559 AM  32    1908  47      8
                                      1907
  AVERAGE         74                        59     15

PRECIPITATION (IN)
  YESTERDAY        0.00          0.39 1910   0.04  -0.04
  MONTH TO DATE    0.27                      1.09  -0.82
  SINCE OCT 1      4.53                      5.45  -0.92
  SINCE JAN 1      1.86                      3.49  -1.63

SNOWFALL (IN)
  YESTERDAY        0.0
  MONTH TO DATE    0.0
  SINCE MAR 1      0.0
  SINCE JUL 1      0.0
  SNOW DEPTH       0

DEGREE DAYS
 HEATING
  YESTERDAY        0                               -7
  MONTH TO DATE   84                             -129
  SINCE MAR 1     84                             -129
  SINCE JUL 1   1219                             -768

 COOLING
  YESTERDAY        9                                9
  MONTH TO DATE   50                               50
  SINCE MAR 1     50                               50
  SINCE JAN 1     54                               54
...............................................................


WIND (MPH)
  HIGHEST WIND SPEED    14   HIGHEST WIND DIRECTION    NW (320)
  HIGHEST GUST SPEED    18   HIGHEST GUST DIRECTION    NW (310)
  AVERAGE WIND SPEED     5.6




RELATIVE HUMIDITY (PERCENT)
 HIGHEST    61
 LOWEST     10
 AVERAGE    36

..........................................................


THE BAKERSFIELD CLIMATE NORMALS FOR TODAY
                         NORMAL    RECORD    YEAR
 MAXIMUM TEMPERATURE (F)   71        88      1893
 MINIMUM TEMPERATURE (F)   47        24      1907


SUNRISE AND SUNSET
MARCH 28 2015.........SUNRISE   649 AM PDT   SUNSET   714 PM PDT
MARCH 29 2015.........SUNRISE   647 AM PDT   SUNSET   715 PM PDT


-  INDICATES NEGATIVE NUMBERS.
R  INDICATES RECORD WAS SET OR TIED.
MM INDICATES DATA IS MISSING.
T  INDICATES TRACE AMOUNT.




$$
