000
CDUS46 KHNX 010820
CLIBFL


CLIMATE REPORT
NATIONAL WEATHER SERVICE SAN JOAQUIN VALLEY, CA
1220 AM PST SUN MAR 1 2015


...................................

...THE BAKERSFIELD CLIMATE SUMMARY FOR FEBRUARY 28 2015...

CLIMATE NORMAL PERIOD 1981 TO 2010
CLIMATE RECORD PERIOD 1889 TO 2015


WEATHER ITEM   OBSERVED TIME   RECORD YEAR NORMAL DEPARTURE
                VALUE   (LST)  VALUE       VALUE  FROM
                                                  NORMAL
...............................................................
TEMPERATURE (F)
 YESTERDAY
  MAXIMUM         62    102 PM  81    1926  66     -4
                                      1905
  MINIMUM         47    313 AM  22    1893  45      2
  AVERAGE         55                        55      0

PRECIPITATION (IN)
  YESTERDAY        0.15          0.88 1904   0.04   0.11
  MONTH TO DATE    0.90                      1.24  -0.34
  SINCE OCT 1      4.26                      4.36  -0.10
  SINCE JAN 1      1.59                      2.40  -0.81

SNOWFALL (IN)
  YESTERDAY       MM
  MONTH TO DATE    0.0
  SINCE DEC 1      0.0
  SINCE JUL 1      0.0
  SNOW DEPTH       0

DEGREE DAYS
 HEATING
  YESTERDAY       10                                0
  MONTH TO DATE  168                             -180
  SINCE DEC 1    961                             -455
  SINCE JUL 1   1135                             -639

 COOLING
  YESTERDAY        0                                0
  MONTH TO DATE    4                                4
  SINCE DEC 1      4                                4
  SINCE JAN 1      4                                4
...............................................................


WIND (MPH)
  HIGHEST WIND SPEED    18   HIGHEST WIND DIRECTION     W (290)
  HIGHEST GUST SPEED    24   HIGHEST GUST DIRECTION     W (290)
  AVERAGE WIND SPEED     5.0




RELATIVE HUMIDITY (PERCENT)
 HIGHEST    86
 LOWEST     39
 AVERAGE    63

..........................................................


THE BAKERSFIELD CLIMATE NORMALS FOR TODAY
                         NORMAL    RECORD    YEAR
 MAXIMUM TEMPERATURE (F)   66        86      2009
 MINIMUM TEMPERATURE (F)   45        26      1907
                                             1906


SUNRISE AND SUNSET
MARCH  1 2015.........SUNRISE   626 AM PST   SUNSET   551 PM PST
MARCH  2 2015.........SUNRISE   625 AM PST   SUNSET   552 PM PST


-  INDICATES NEGATIVE NUMBERS.
R  INDICATES RECORD WAS SET OR TIED.
MM INDICATES DATA IS MISSING.
T  INDICATES TRACE AMOUNT.




$$
