000
CDUS46 KHNX 060823
CLIBFL


CLIMATE REPORT
NATIONAL WEATHER SERVICE SAN JOAQUIN VALLEY, CA
1223 AM PST TUE DEC 6 2016


...................................

...THE BAKERSFIELD CLIMATE SUMMARY FOR DECEMBER 5 2016...

CLIMATE NORMAL PERIOD 1981 TO 2010
CLIMATE RECORD PERIOD 1889 TO 2016


WEATHER ITEM   OBSERVED TIME   RECORD YEAR NORMAL DEPARTURE
                VALUE   (LST)  VALUE       VALUE  FROM
                                                  NORMAL
...............................................................
TEMPERATURE (F)
 YESTERDAY
  MAXIMUM         60    238 PM  80    1918  59      1
  MINIMUM         38    342 AM  23    1903  40     -2
  AVERAGE         49                        49      0

PRECIPITATION (IN)
  YESTERDAY        0.00          0.65 1894   0.03  -0.03
  MONTH TO DATE    0.00                      0.13  -0.13
  SINCE OCT 1      0.62                      1.07  -0.45
  SINCE JAN 1      4.72                      5.58  -0.86

SNOWFALL (IN)
  YESTERDAY        0.0
  MONTH TO DATE    0.0
  SINCE DEC 1      0.0
  SINCE JUL 1      0.0
  SNOW DEPTH       0

DEGREE DAYS
 HEATING
  YESTERDAY       16                                0
  MONTH TO DATE   85                                8
  SINCE DEC 1     85                                8
  SINCE JUL 1    290                             -145

 COOLING
  YESTERDAY        0                                0
  MONTH TO DATE    0                                0
  SINCE DEC 1      0                                0
  SINCE JAN 1   2738                              480
...............................................................


WIND (MPH)
  HIGHEST WIND SPEED     9   HIGHEST WIND DIRECTION     N (20)
  HIGHEST GUST SPEED    11   HIGHEST GUST DIRECTION     N (20)
  AVERAGE WIND SPEED     3.5




RELATIVE HUMIDITY (PERCENT)
 HIGHEST    79
 LOWEST     40
 AVERAGE    60

..........................................................


THE BAKERSFIELD CLIMATE NORMALS FOR TODAY
                         NORMAL    RECORD    YEAR
 MAXIMUM TEMPERATURE (F)   58        77      1916
                                             1907
 MINIMUM TEMPERATURE (F)   40        22      1903


SUNRISE AND SUNSET
DECEMBER  6 2016......SUNRISE   652 AM PST   SUNSET   443 PM PST
DECEMBER  7 2016......SUNRISE   652 AM PST   SUNSET   443 PM PST


-  INDICATES NEGATIVE NUMBERS.
R  INDICATES RECORD WAS SET OR TIED.
MM INDICATES DATA IS MISSING.
T  INDICATES TRACE AMOUNT.




$$
