000
CDUS46 KHNX 281226
CLIBFL


CLIMATE REPORT
NATIONAL WEATHER SERVICE SAN JOAQUIN VALLEY, CA
525 AM PDT TUE JUL 28 2015


...................................

...THE BAKERSFIELD CLIMATE SUMMARY FOR JULY 27 2015...

CLIMATE NORMAL PERIOD 1981 TO 2010
CLIMATE RECORD PERIOD 1889 TO 2015


WEATHER ITEM   OBSERVED TIME   RECORD YEAR NORMAL DEPARTURE
                VALUE   (LST)  VALUE       VALUE  FROM
                                                  NORMAL
...............................................................
TEMPERATURE (F)
 YESTERDAY
  MAXIMUM         94    447 PM 117    1933  98     -4
                                      1908
  MINIMUM         69    429 AM  52    1914  71     -2
  AVERAGE         82                        85     -3

PRECIPITATION (IN)
  YESTERDAY        0.00          T    1969   0.00   0.00
                                      1964
  MONTH TO DATE    0.04                      0.00   0.04
  SINCE OCT 1      5.33                      6.35  -1.02
  SINCE JAN 1      2.66                      4.39  -1.73

SNOWFALL (IN)
  YESTERDAY        0.0
  MONTH TO DATE    0.0
  SINCE JUN 1      0.0
  SINCE JUL 1      0.0
  SNOW DEPTH       0

DEGREE DAYS
 HEATING
  YESTERDAY        0                                0
  MONTH TO DATE    0                                0
  SINCE JUN 1      0                               -2
  SINCE JUL 1      0                                0

 COOLING
  YESTERDAY       17                               -3
  MONTH TO DATE  511                                4
  SINCE JUN 1   1064                              178
  SINCE JAN 1   1409                              256
...............................................................


WIND (MPH)
  HIGHEST WIND SPEED    14   HIGHEST WIND DIRECTION     W (290)
  HIGHEST GUST SPEED    18   HIGHEST GUST DIRECTION     W (290)
  AVERAGE WIND SPEED     5.7




RELATIVE HUMIDITY (PERCENT)
 HIGHEST    47
 LOWEST     15
 AVERAGE    31

..........................................................


THE BAKERSFIELD CLIMATE NORMALS FOR TODAY
                         NORMAL    RECORD    YEAR
 MAXIMUM TEMPERATURE (F)   98       118      1908
 MINIMUM TEMPERATURE (F)   71        50      1914


SUNRISE AND SUNSET
JULY 28 2015..........SUNRISE   602 AM PDT   SUNSET   803 PM PDT
JULY 29 2015..........SUNRISE   602 AM PDT   SUNSET   803 PM PDT


-  INDICATES NEGATIVE NUMBERS.
R  INDICATES RECORD WAS SET OR TIED.
MM INDICATES DATA IS MISSING.
T  INDICATES TRACE AMOUNT.




$$
