000
CDUS46 KHNX 180823
CLIBFL


CLIMATE REPORT
NATIONAL WEATHER SERVICE SAN JOAQUIN VALLEY, CA
122 AM PDT FRI AUG 18 2017


...................................

...THE BAKERSFIELD CLIMATE SUMMARY FOR AUGUST 17 2017...

CLIMATE NORMAL PERIOD 1981 TO 2010
CLIMATE RECORD PERIOD 1889 TO 2017


WEATHER ITEM   OBSERVED TIME   RECORD YEAR NORMAL DEPARTURE
                VALUE   (LST)  VALUE       VALUE  FROM
                                                  NORMAL
...............................................................
TEMPERATURE (F)
 YESTERDAY
  MAXIMUM         95        MM 109    2015  96     -1
  MINIMUM         73        MM  50    1915  69      4
                                      1912
  AVERAGE         84                        82      2

PRECIPITATION (IN)
  YESTERDAY        0.00          1.03 1977   0.00   0.00
  MONTH TO DATE    T                         0.02  -0.02
  SINCE OCT 1      7.82                      6.37   1.45
  SINCE JAN 1      4.79                      4.41   0.38

SNOWFALL (IN)
  YESTERDAY        0.0
  MONTH TO DATE    0.0
  SINCE JUN 1      0.0
  SINCE JUL 1      0.0
  SNOW DEPTH       0

DEGREE DAYS
 HEATING
  YESTERDAY        0                                0
  MONTH TO DATE    0                                0
  SINCE JUN 1      1                               -1
  SINCE JUL 1      0                                0

 COOLING
  YESTERDAY       19                                2
  MONTH TO DATE  380                               68
  SINCE JUN 1   1680                              406
  SINCE JAN 1   2029                              488
...............................................................


WIND (MPH)
  HIGHEST WIND SPEED    13   HIGHEST WIND DIRECTION    NW (300)
  HIGHEST GUST SPEED    MM   HIGHEST GUST DIRECTION    MM
  AVERAGE WIND SPEED     4.9




RELATIVE HUMIDITY (PERCENT)
 HIGHEST    57
 LOWEST     30
 AVERAGE    44

..........................................................


THE BAKERSFIELD CLIMATE NORMALS FOR TODAY
                         NORMAL    RECORD    YEAR
 MAXIMUM TEMPERATURE (F)   96       110      1942
 MINIMUM TEMPERATURE (F)   69        50      1905


SUNRISE AND SUNSET
AUGUST 18 2017........SUNRISE   618 AM PDT   SUNSET   741 PM PDT
AUGUST 19 2017........SUNRISE   619 AM PDT   SUNSET   740 PM PDT


-  INDICATES NEGATIVE NUMBERS.
R  INDICATES RECORD WAS SET OR TIED.
MM INDICATES DATA IS MISSING.
T  INDICATES TRACE AMOUNT.




$$
