000
CDUS46 KHNX 190826
CLIBFL


CLIMATE REPORT
NATIONAL WEATHER SERVICE SAN JOAQUIN VALLEY, CA
126 AM PDT SAT APR 19 2014


...................................

...THE BAKERSFIELD CLIMATE SUMMARY FOR APRIL 18 2014...

CLIMATE NORMAL PERIOD 1981 TO 2010
CLIMATE RECORD PERIOD 1889 TO 2014


WEATHER ITEM   OBSERVED TIME   RECORD YEAR NORMAL DEPARTURE
                VALUE   (LST)  VALUE       VALUE  FROM
                                                  NORMAL
...............................................................
TEMPERATURE (F)
 YESTERDAY
  MAXIMUM         82    332 PM  98    1910  76      6
  MINIMUM         63    650 AM  35    1922  51     12
  AVERAGE         73                        63     10

PRECIPITATION (IN)
  YESTERDAY        0.00          0.52 1967   0.01  -0.01
  MONTH TO DATE    0.14                      0.36  -0.22
  SINCE JUL 1      2.01                      6.05  -4.04
  SINCE JAN 1      0.94                      3.97  -3.03

SNOWFALL (IN)
  YESTERDAY        0.0
  MONTH TO DATE    0.0
  SINCE MAR 1      0.0
  SINCE JUL 1      0.0
  SNOW DEPTH       0

DEGREE DAYS
 HEATING
  YESTERDAY        0                               -4
  MONTH TO DATE   44                              -51
  SINCE MAR 1    144                             -190
  SINCE JUL 1   1472                             -636

 COOLING
  YESTERDAY        8                                6
  MONTH TO DATE   97                               72
  SINCE MAR 1    117                               83
  SINCE JAN 1    126                               92
...............................................................


WIND (MPH)
  HIGHEST WIND SPEED    15   HIGHEST WIND DIRECTION    NW (320)
  HIGHEST GUST SPEED    19   HIGHEST GUST DIRECTION    NW (310)
  AVERAGE WIND SPEED     7.0




RELATIVE HUMIDITY (PERCENT)
 HIGHEST    56
 LOWEST     28
 AVERAGE    42

..........................................................


THE BAKERSFIELD CLIMATE NORMALS FOR TODAY
                         NORMAL    RECORD    YEAR
 MAXIMUM TEMPERATURE (F)   76        98      1910
 MINIMUM TEMPERATURE (F)   51        38      1996
                                             1968
                                             1955


SUNRISE AND SUNSET
APRIL 19 2014.........SUNRISE   619 AM PDT   SUNSET   733 PM PDT
APRIL 20 2014.........SUNRISE   617 AM PDT   SUNSET   733 PM PDT


-  INDICATES NEGATIVE NUMBERS.
R  INDICATES RECORD WAS SET OR TIED.
MM INDICATES DATA IS MISSING.
T  INDICATES TRACE AMOUNT.




$$
