000
CDUS44 KAMA 042134
CLIBGD


CLIMATE REPORT
NATIONAL WEATHER SERVICE AMARILLO TX
433 PM CDT WED MAY 4 2016


...................................

...THE BORGER CLIMATE SUMMARY FOR MAY 4 2016...
VALID TODAY AS OF 0400 PM LOCAL TIME.

CLIMATE NORMAL PERIOD 1981 TO 2010
CLIMATE RECORD PERIOD 1949 TO 2016


WEATHER ITEM   OBSERVED TIME   RECORD YEAR NORMAL DEPARTURE LAST
                VALUE   (LST)  VALUE       VALUE  FROM      YEAR
                                                  NORMAL
..................................................................
TEMPERATURE (F)
 TODAY
  MAXIMUM         80    305 PM  99    2014  77      3       80
  MINIMUM         46    535 AM  30    1978  51     -5       59
  AVERAGE         63                        64     -1       70

PRECIPITATION (IN)
  TODAY            0.00          3.79 1959   0.05  -0.05     0.43
  MONTH TO DATE    0.05                      0.19  -0.14     0.53
  SINCE MAR 1      3.58                      3.14   0.44     5.20
  SINCE JAN 1      4.30                      4.35  -0.05     7.05

SNOWFALL (IN)
  TODAY            0.0           T    1979                   0.0
  MONTH TO DATE    0.0                                       0.0
  SINCE MAR 1      0.0                                        T
  SINCE JUL 1      6.2                                      17.5
  SNOW DEPTH       0

DEGREE DAYS
 HEATING
  TODAY            2                         4     -2        0
  MONTH TO DATE   45                        16     29        0
  SINCE MAR 1    492                       726   -234      501
  SINCE JUL 1   2987                      3719   -732     3373

 COOLING
  TODAY            0                         3     -3        5
  MONTH TO DATE    0                        11    -11       26
  SINCE MAR 1     45                        55    -10       82
  SINCE JAN 1     51                        55     -4       82
..................................................................


WIND (MPH)
  RESULTANT WIND SPEED   4   RESULTANT WIND DIRECTION   W (290)
  HIGHEST WIND SPEED    17   HIGHEST WIND DIRECTION     N (10)
  HIGHEST GUST SPEED    23   HIGHEST GUST DIRECTION     N (10)
  AVERAGE WIND SPEED     8.3


SKY COVER
  AVERAGE SKY COVER 0.0


WEATHER CONDITIONS
 THE FOLLOWING WEATHER WAS RECORDED TODAY.
  NO SIGNIFICANT WEATHER WAS OBSERVED.


RELATIVE HUMIDITY (PERCENT)
 HIGHEST    76           200 AM
 LOWEST     19           200 PM
 AVERAGE    48

..........................................................


THE BORGER CLIMATE NORMALS FOR TOMORROW
                         NORMAL    RECORD    YEAR
 MAXIMUM TEMPERATURE (F)   78        99      2014
 MINIMUM TEMPERATURE (F)   51        36      1991


SUNRISE AND SUNSET
MAY  4 2016...........SUNRISE   650 AM CDT   SUNSET   835 PM CDT
MAY  5 2016...........SUNRISE   649 AM CDT   SUNSET   836 PM CDT


-  INDICATES NEGATIVE NUMBERS.
R  INDICATES RECORD WAS SET OR TIED.
MM INDICATES DATA IS MISSING.
T  INDICATES TRACE AMOUNT.




$$
