000
CDUS44 KAMA 280744
CLIBGD


CLIMATE REPORT
NATIONAL WEATHER SERVICE AMARILLO TX
142 AM CST SAT FEB 28 2015


...................................

...THE BORGER CLIMATE SUMMARY FOR FEBRUARY 27 2015...

CLIMATE NORMAL PERIOD 1981 TO 2013
CLIMATE RECORD PERIOD 1949 TO 2015


WEATHER ITEM   OBSERVED TIME   RECORD YEAR NORMAL DEPARTURE LAST
                VALUE   (LST)  VALUE       VALUE  FROM      YEAR
                                                  NORMAL
..................................................................
TEMPERATURE (F)
 YESTERDAY
  MAXIMUM         22   1224 AM  81    2006  57    -35       70
  MINIMUM         13    956 AM   6    1962  32    -19       24
  AVERAGE         18                        44    -26       47

PRECIPITATION (IN)
  YESTERDAY        0.25          0.76 1966   0.02   0.23     0.02
  MONTH TO DATE    0.58                      0.60  -0.02     0.31
  SINCE DEC 1      1.95                      1.96  -0.01     0.65
  SINCE JAN 1      1.81                      1.19   0.62     0.38

SNOWFALL (IN)
  YESTERDAY        3.0 R         1.0  1966                   0.0
  MONTH TO DATE    6.0                                       4.1
  SINCE DEC 1     15.1                                       8.8
  SINCE JUL 1     17.0                                      12.6
  SNOW DEPTH       1

DEGREE DAYS
 HEATING
  YESTERDAY       47                        21     26       18
  MONTH TO DATE  607                       623    -16      722
  SINCE DEC 1   2143                      2258   -115     2359
  SINCE JUL 1   2828                      2975   -147     3073

 COOLING
  YESTERDAY        0                         0      0        0
  MONTH TO DATE    0                         0      0        0
  SINCE DEC 1      0                         0      0        0
  SINCE JAN 1      0                         0      0        0
..................................................................


WIND (MPH)
  RESULTANT WIND SPEED   9   RESULTANT WIND DIRECTION  SE (120)
  HIGHEST WIND SPEED    16   HIGHEST WIND DIRECTION    SE (120)
  HIGHEST GUST SPEED    20   HIGHEST GUST DIRECTION     E (80)
  AVERAGE WIND SPEED    10.0


SKY COVER
  AVERAGE SKY COVER 1.0


WEATHER CONDITIONS
 THE FOLLOWING WEATHER WAS RECORDED YESTERDAY.
  HEAVY SNOW
  SNOW
  LIGHT SNOW
  FOG
  FOG W/VISIBILITY <= 1/4 MILE


RELATIVE HUMIDITY (PERCENT)
 HIGHEST    84           800 AM
 LOWEST     45          1200 AM
 AVERAGE    65

..........................................................


THE BORGER CLIMATE NORMALS FOR TODAY
                         NORMAL    RECORD    YEAR
 MAXIMUM TEMPERATURE (F)   57        85      2006
 MINIMUM TEMPERATURE (F)   32         4      1962


SUNRISE AND SUNSET
FEBRUARY 28 2015......SUNRISE   717 AM CST   SUNSET   640 PM CST
MARCH  1 2015.........SUNRISE   716 AM CST   SUNSET   641 PM CST


-  INDICATES NEGATIVE NUMBERS.
R  INDICATES RECORD WAS SET OR TIED.
MM INDICATES DATA IS MISSING.
T  INDICATES TRACE AMOUNT.




$$
