000
CDUS44 KAMA 190727
CLIBGD


CLIMATE REPORT
NATIONAL WEATHER SERVICE AMARILLO TX
127 AM CST SUN FEB 19 2017


...................................

...THE BORGER CLIMATE SUMMARY FOR FEBRUARY 18 2017...

CLIMATE NORMAL PERIOD 1981 TO 2010
CLIMATE RECORD PERIOD 1949 TO 2017


WEATHER ITEM   OBSERVED TIME   RECORD YEAR NORMAL DEPARTURE LAST
                VALUE   (LST)  VALUE       VALUE  FROM      YEAR
                                                  NORMAL
..................................................................
TEMPERATURE (F)
 YESTERDAY
  MAXIMUM         72    415 PM  88    2016  55     17       88
  MINIMUM         34    758 AM   6    2006  30      4       53
                                      1978
  AVERAGE         53                        42     11       71

PRECIPITATION (IN)
  YESTERDAY        0.00          0.71 1957   0.02  -0.02     0.00
  MONTH TO DATE    0.37                      0.43  -0.06     0.23
  SINCE DEC 1      3.70                      1.79   1.91     1.65
  SINCE JAN 1      3.48                      1.02   2.46     0.51

SNOWFALL (IN)
  YESTERDAY        0.0           1.0  1975                   0.0
  MONTH TO DATE    T                                         0.0
  SINCE DEC 1      0.1                                       5.4
  SINCE JUL 1      0.1                                       6.2
  SNOW DEPTH       0

DEGREE DAYS
 HEATING
  YESTERDAY       12                        23    -11        0
  MONTH TO DATE  306                       429   -123      336
  SINCE DEC 1   1835                      2064   -229     1777
  SINCE JUL 1   2208                      2781   -573     2349

 COOLING
  YESTERDAY        0                         0      0        6
  MONTH TO DATE   14                         0     14        6
  SINCE DEC 1     14                         0     14        6
  SINCE JAN 1     14                         0     14        6
..................................................................


WIND (MPH)
  RESULTANT WIND SPEED   4   RESULTANT WIND DIRECTION   S (170)
  HIGHEST WIND SPEED    16   HIGHEST WIND DIRECTION    SE (140)
  HIGHEST GUST SPEED    23   HIGHEST GUST DIRECTION    SE (140)
  AVERAGE WIND SPEED     6.8


SKY COVER
  AVERAGE SKY COVER 0.0


WEATHER CONDITIONS
 THE FOLLOWING WEATHER WAS RECORDED YESTERDAY.
  NO SIGNIFICANT WEATHER WAS OBSERVED.


RELATIVE HUMIDITY (PERCENT)
 HIGHEST    89           700 AM
 LOWEST     22           400 PM
 AVERAGE    56

..........................................................


THE BORGER CLIMATE NORMALS FOR TODAY
                         NORMAL    RECORD    YEAR
 MAXIMUM TEMPERATURE (F)   55        81      2011
 MINIMUM TEMPERATURE (F)   30        11      1978


SUNRISE AND SUNSET
FEBRUARY 19 2017......SUNRISE   728 AM CST   SUNSET   632 PM CST
FEBRUARY 20 2017......SUNRISE   726 AM CST   SUNSET   633 PM CST


-  INDICATES NEGATIVE NUMBERS.
R  INDICATES RECORD WAS SET OR TIED.
MM INDICATES DATA IS MISSING.
T  INDICATES TRACE AMOUNT.




$$
