174
CDUS44 KAMA 130727
CLIBGD


CLIMATE REPORT
NATIONAL WEATHER SERVICE AMARILLO TX
127 AM CST SAT FEB 13 2016


...................................

...THE BORGER CLIMATE SUMMARY FOR FEBRUARY 12 2016...

CLIMATE NORMAL PERIOD 1981 TO 2010
CLIMATE RECORD PERIOD 1949 TO 2016


WEATHER ITEM   OBSERVED TIME   RECORD YEAR NORMAL DEPARTURE LAST
                VALUE   (LST)  VALUE       VALUE  FROM      YEAR
                                                  NORMAL
..................................................................
TEMPERATURE (F)
 YESTERDAY
  MAXIMUM         66    406 PM  88    1962  54     12       57
  MINIMUM         34    716 AM   7    1986  29      5       27
  AVERAGE         50                        42      8       42

PRECIPITATION (IN)
  YESTERDAY        0.00          0.51 2013   0.03  -0.03     0.00
  MONTH TO DATE    0.23                      0.31  -0.08      T
  SINCE DEC 1      1.35                      1.67  -0.32     1.37
  SINCE JAN 1      0.51                      0.90  -0.39     1.23

SNOWFALL (IN)
  YESTERDAY        0.0           4.7  2013                   0.0
  MONTH TO DATE    0.0                                        T
  SINCE DEC 1      6.7                                       9.1
  SINCE JUL 1      7.5                                      11.0
  SNOW DEPTH       0

DEGREE DAYS
 HEATING
  YESTERDAY       15                        24     -9       23
  MONTH TO DATE  269                       291    -22      207
  SINCE DEC 1   1710                      1926   -216     1743
  SINCE JUL 1   2282                      2643   -361     2428

 COOLING
  YESTERDAY        0                         0      0        0
  MONTH TO DATE    0                         0      0        0
  SINCE DEC 1      0                         0      0        0
  SINCE JAN 1      0                         0      0        0
..................................................................


WIND (MPH)
  RESULTANT WIND SPEED   4   RESULTANT WIND DIRECTION  SE (130)
  HIGHEST WIND SPEED    21   HIGHEST WIND DIRECTION    SE (140)
  HIGHEST GUST SPEED    26   HIGHEST GUST DIRECTION    SE (140)
  AVERAGE WIND SPEED     7.0


SKY COVER
  AVERAGE SKY COVER 0.0


WEATHER CONDITIONS
 THE FOLLOWING WEATHER WAS RECORDED YESTERDAY.
  NO SIGNIFICANT WEATHER WAS OBSERVED.


RELATIVE HUMIDITY (PERCENT)
 HIGHEST    70           700 AM
 LOWEST     22           400 PM
 AVERAGE    46

..........................................................


THE BORGER CLIMATE NORMALS FOR TODAY
                         NORMAL    RECORD    YEAR
 MAXIMUM TEMPERATURE (F)   54        82      1962
 MINIMUM TEMPERATURE (F)   29        12      1949


SUNRISE AND SUNSET
FEBRUARY 13 2016......SUNRISE   735 AM CST   SUNSET   625 PM CST
FEBRUARY 14 2016......SUNRISE   734 AM CST   SUNSET   626 PM CST


-  INDICATES NEGATIVE NUMBERS.
R  INDICATES RECORD WAS SET OR TIED.
MM INDICATES DATA IS MISSING.
T  INDICATES TRACE AMOUNT.




$$
