000
CDUS41 KBGM 272125
CLIBGM


CLIMATE REPORT
NATIONAL WEATHER SERVICE BINGHAMTON NY
525 PM EDT SAT AUG 27 2016


...................................

...THE BINGHAMTON NY CLIMATE SUMMARY FOR AUGUST 27 2016...
VALID TODAY AS OF 0500 PM LOCAL TIME.

CLIMATE NORMAL PERIOD 1981 TO 2010
CLIMATE RECORD PERIOD 1951 TO 2016


WEATHER ITEM   OBSERVED TIME   RECORD YEAR NORMAL DEPARTURE LAST
                VALUE   (LST)  VALUE       VALUE  FROM      YEAR
                                                  NORMAL
..................................................................
TEMPERATURE (F)
 TODAY
  MAXIMUM         82    354 PM  89    1983  75      7       67
                                      1980
                                      1953
  MINIMUM         62    547 AM  44    1969  57      5       55
  AVERAGE         72                        66      6       61

PRECIPITATION (IN)
  TODAY            0.00          1.79 1987   0.11  -0.11     0.00
  MONTH TO DATE    5.20                      3.02   2.18     3.08
  SINCE JUN 1     11.13                     11.03   0.10    17.97
  SINCE JAN 1     23.52                     25.78  -2.26    31.52

SNOWFALL (IN)
  TODAY            0.0           0.0  2002   0.0    0.0      0.0
                                      2001
                                      2000
  MONTH TO DATE    0.0                       0.0    0.0      0.0
  SINCE JUN 1      0.0                       0.0    0.0       T
  SINCE JUL 1      0.0                       0.0    0.0       T
  SNOW DEPTH       0

DEGREE DAYS
 HEATING
  TODAY            0                         2     -2        4
  MONTH TO DATE    6                        31    -25       21
  SINCE JUN 1     78                       146    -68      122
  SINCE JUL 1      9                        55    -46       45

 COOLING
  TODAY            7                         3      4        0
  MONTH TO DATE  169                       100     69       86
  SINCE JUN 1    449                       312    137      255
  SINCE JAN 1    495                       335    160      328
..................................................................


WIND (MPH)
  HIGHEST WIND SPEED     7   HIGHEST WIND DIRECTION    SW (220)
  HIGHEST GUST SPEED    10   HIGHEST GUST DIRECTION    SW (240)
  AVERAGE WIND SPEED     2.4


SKY COVER
  AVERAGE SKY COVER 0.1


WEATHER CONDITIONS
 THE FOLLOWING WEATHER WAS RECORDED TODAY.
  NO SIGNIFICANT WEATHER WAS OBSERVED.


RELATIVE HUMIDITY (PERCENT)
 HIGHEST    93           600 AM
 LOWEST     51           300 PM
 AVERAGE    72

..........................................................


THE BINGHAMTON NY CLIMATE NORMALS FOR TOMORROW
                         NORMAL    RECORD    YEAR
 MAXIMUM TEMPERATURE (F)   75        91      1953
 MINIMUM TEMPERATURE (F)   57        42      1982


SUNRISE AND SUNSET
AUGUST 27 2016........SUNRISE   625 AM EDT   SUNSET   745 PM EDT
AUGUST 28 2016........SUNRISE   626 AM EDT   SUNSET   744 PM EDT


-  INDICATES NEGATIVE NUMBERS.
R  INDICATES RECORD WAS SET OR TIED.
MM INDICATES DATA IS MISSING.
T  INDICATES TRACE AMOUNT.




$$
