000
CDUS41 KBGM 170547
CLIBGM


CLIMATE REPORT
NATIONAL WEATHER SERVICE BINGHAMTON NY
146 AM EDT TUE OCT 17 2017


...................................

...THE BINGHAMTON NY CLIMATE SUMMARY FOR OCTOBER 16 2017...

CLIMATE NORMAL PERIOD 1981 TO 2010
CLIMATE RECORD PERIOD 1951 TO 2017


WEATHER ITEM   OBSERVED TIME   RECORD YEAR NORMAL DEPARTURE LAST
                VALUE   (LST)  VALUE       VALUE  FROM      YEAR
                                                  NORMAL
..................................................................
TEMPERATURE (F)
 YESTERDAY
  MAXIMUM         51   1247 AM  79    1956  57     -6       69
  MINIMUM         32   1151 PM  30    2009  40     -8       48
  AVERAGE         42                        48     -6       59

PRECIPITATION (IN)
  YESTERDAY        0.18          1.61 2002   0.10   0.08     0.05
  MONTH TO DATE    1.55                      1.77  -0.22     0.61
  SINCE SEP 1      2.81                      5.40  -2.59     1.64
  SINCE JAN 1     42.55                     31.61  10.94    25.19

SNOWFALL (IN)
  YESTERDAY       MM             0.8  2009   0.0   MM        0.0
  MONTH TO DATE    0.0                       0.2   -0.2      0.0
  SINCE SEP 1      0.0                       0.2   -0.2      0.0
  SINCE JUL 1      0.0                       0.2   -0.2      0.0
  SNOW DEPTH       0

DEGREE DAYS
 HEATING
  YESTERDAY       23                        17      6        6
  MONTH TO DATE  113                       227   -114      203
  SINCE SEP 1    268                       421   -153      317
  SINCE JUL 1    349                       484   -135      326

 COOLING
  YESTERDAY        0                         0      0        0
  MONTH TO DATE    9                         0      9        0
  SINCE SEP 1     78                        31     47       48
  SINCE JAN 1    349                       379    -30      559
..................................................................


WIND (MPH)
  HIGHEST WIND SPEED    21   HIGHEST WIND DIRECTION     N (340)
  HIGHEST GUST SPEED    29   HIGHEST GUST DIRECTION    NW (330)
  AVERAGE WIND SPEED     9.4


SKY COVER
  AVERAGE SKY COVER 0.8


WEATHER CONDITIONS
 THE FOLLOWING WEATHER WAS RECORDED YESTERDAY.
  RAIN
  LIGHT RAIN
  FOG


RELATIVE HUMIDITY (PERCENT)
 HIGHEST    93           800 AM
 LOWEST     65           200 PM
 AVERAGE    79

..........................................................


THE BINGHAMTON NY CLIMATE NORMALS FOR TODAY
                         NORMAL    RECORD    YEAR
 MAXIMUM TEMPERATURE (F)   56        78      1956
 MINIMUM TEMPERATURE (F)   40        26      1978


SUNRISE AND SUNSET
OCTOBER 17 2017.......SUNRISE   719 AM EDT   SUNSET   619 PM EDT
OCTOBER 18 2017.......SUNRISE   720 AM EDT   SUNSET   617 PM EDT


-  INDICATES NEGATIVE NUMBERS.
R  INDICATES RECORD WAS SET OR TIED.
MM INDICATES DATA IS MISSING.
T  INDICATES TRACE AMOUNT.




$$
