000
CDUS41 KCAR 050528
CLIBGR


CLIMATE REPORT
NATIONAL WEATHER SERVICE CARIBOU, ME
127 AM EDT SUN JUL 5 2015


...................................

...THE BANGOR ME CLIMATE SUMMARY FOR JULY 4 2015...

CLIMATE NORMAL PERIOD 1981 TO 2010
CLIMATE RECORD PERIOD 1925 TO 2015


WEATHER ITEM   OBSERVED TIME   RECORD YEAR NORMAL DEPARTURE LAST
                VALUE   (LST)  VALUE       VALUE  FROM      YEAR
                                                  NORMAL
..................................................................
TEMPERATURE (F)
 YESTERDAY
  MAXIMUM         78   1232 PM  99    1949  78      0       76
  MINIMUM         50    428 AM  43    1929  57     -7       65
  AVERAGE         64                        68     -4       71

PRECIPITATION (IN)
  YESTERDAY        0.00          1.33 2014   0.10  -0.10     1.33
  MONTH TO DATE    0.07                      0.42  -0.35     1.50
  SINCE JUN 1      4.97                      4.18   0.79     5.09
  SINCE JAN 1     16.02                     20.23  -4.21    19.50

SNOWFALL (IN)
  YESTERDAY        0.0           0.0  2002   0.0             0.0
                                      2001
  MONTH TO DATE    0.0                       0.0             0.0
  SINCE JUN 1      0.0                       0.0             0.0
  SINCE JUL 1      0.0                       0.0             0.0
  SNOW DEPTH       0

DEGREE DAYS
 HEATING
  YESTERDAY        1                         1      0        0
  MONTH TO DATE    7                         4      3        0
  SINCE JUN 1    186                       111     75       71
  SINCE JUL 1      7                         4      3        0

 COOLING
  YESTERDAY        0                         4     -4        6
  MONTH TO DATE    0                        14    -14       42
  SINCE JUN 1     24                        66    -42       88
  SINCE JAN 1     47                        72    -25       88
..................................................................


WIND (MPH)
  RESULTANT WIND SPEED   5   RESULTANT WIND DIRECTION   S (180)
  HIGHEST WIND SPEED    14   HIGHEST WIND DIRECTION     S (170)
  HIGHEST GUST SPEED    17   HIGHEST GUST DIRECTION     S (180)


SKY COVER
  POSSIBLE SUNSHINE  MM
  AVERAGE SKY COVER 0.8


WEATHER CONDITIONS
 THE FOLLOWING WEATHER WAS RECORDED YESTERDAY.
  NO SIGNIFICANT WEATHER WAS OBSERVED.


RELATIVE HUMIDITY (PERCENT)
 HIGHEST    93
 LOWEST     43
 AVERAGE    68

..........................................................


THE BANGOR ME CLIMATE NORMALS FOR TODAY
                         NORMAL    RECORD    YEAR
 MAXIMUM TEMPERATURE (F)   79        95      1935
 MINIMUM TEMPERATURE (F)   57        42      1944


SUNRISE AND SUNSET
JULY  5 2015..........SUNRISE   455 AM EDT   SUNSET   824 PM EDT
JULY  6 2015..........SUNRISE   456 AM EDT   SUNSET   824 PM EDT


-  INDICATES NEGATIVE NUMBERS.
R  INDICATES RECORD WAS SET OR TIED.
MM INDICATES DATA IS MISSING.
T  INDICATES TRACE AMOUNT.




$$
