000
CDUS41 KCAR 040535
CLIBGR


CLIMATE REPORT
NATIONAL WEATHER SERVICE CARIBOU, ME
1230 AM EST WED MAR 4 2015


...................................

...THE BANGOR ME CLIMATE SUMMARY FOR MARCH 3 2015...

CLIMATE NORMAL PERIOD 1981 TO 2010
CLIMATE RECORD PERIOD 1925 TO 2015


WEATHER ITEM   OBSERVED TIME   RECORD YEAR NORMAL DEPARTURE LAST
                VALUE   (LST)  VALUE       VALUE  FROM      YEAR
                                                  NORMAL
..................................................................
TEMPERATURE (F)
 YESTERDAY
  MAXIMUM         27   1159 PM  53    1964  36     -9       20
  MINIMUM          3    634 AM  -9    1950  15    -12        2
  AVERAGE         15                        26    -11       11

PRECIPITATION (IN)
  YESTERDAY        0.08          1.07 1942   0.09  -0.01     0.00
  MONTH TO DATE    0.19                      0.28  -0.09      T
  SINCE MAR 1      0.19                      0.28  -0.09      T
  SINCE JAN 1      5.08                      5.69  -0.61     5.17

SNOWFALL (IN)
  YESTERDAY        1.0           8.0  1994   0.5             0.0
  MONTH TO DATE    2.5                       1.4              T
  SINCE MAR 1      2.5                       1.4              T
  SINCE JUL 1    119.6                      52.1            63.2
  SNOW DEPTH      49

DEGREE DAYS
 HEATING
  YESTERDAY       50                        39     11       54
  MONTH TO DATE  149                       119     30      149
  SINCE MAR 1    149                       119     30      149
  SINCE JUL 1   6039                      5765    274     5901

 COOLING
  YESTERDAY        0                         0      0        0
  MONTH TO DATE    0                         0      0        0
  SINCE MAR 1      0                         0      0        0
  SINCE JAN 1      0                         0      0        0
..................................................................


WIND (MPH)
  RESULTANT WIND SPEED   5   RESULTANT WIND DIRECTION   W (270)
  HIGHEST WIND SPEED    28   HIGHEST WIND DIRECTION    NW (320)
  HIGHEST GUST SPEED    35   HIGHEST GUST DIRECTION    NW (320)


SKY COVER
  POSSIBLE SUNSHINE  MM
  AVERAGE SKY COVER 0.3


WEATHER CONDITIONS
 THE FOLLOWING WEATHER WAS RECORDED YESTERDAY.
  LIGHT SNOW
  FOG


RELATIVE HUMIDITY (PERCENT)
 HIGHEST    84
 LOWEST     27
 AVERAGE    56

..........................................................


THE BANGOR ME CLIMATE NORMALS FOR TODAY
                         NORMAL    RECORD    YEAR
 MAXIMUM TEMPERATURE (F)   36        55      1974
 MINIMUM TEMPERATURE (F)   16       -15      2011


SUNRISE AND SUNSET
MARCH  4 2015.........SUNRISE   608 AM EST   SUNSET   527 PM EST
MARCH  5 2015.........SUNRISE   606 AM EST   SUNSET   528 PM EST


-  INDICATES NEGATIVE NUMBERS.
R  INDICATES RECORD WAS SET OR TIED.
MM INDICATES DATA IS MISSING.
T  INDICATES TRACE AMOUNT.




$$
