000
CDUS41 KCAR 170530
CLIBGR


CLIMATE REPORT
NATIONAL WEATHER SERVICE CARIBOU, ME
1230 AM EST SUN DEC 17 2017


...................................

...THE BANGOR ME CLIMATE SUMMARY FOR DECEMBER 16 2017...

CLIMATE NORMAL PERIOD 1981 TO 2010
CLIMATE RECORD PERIOD 1925 TO 2017


WEATHER ITEM   OBSERVED TIME   RECORD YEAR NORMAL DEPARTURE LAST
                VALUE   (LST)  VALUE       VALUE  FROM      YEAR
                                                  NORMAL
..................................................................
TEMPERATURE (F)
 YESTERDAY
  MAXIMUM         23    336 PM  55    2008  34    -11        4
  MINIMUM         11    757 AM -27    1943  15     -4      -14
  AVERAGE         17                        24     -7       -5

PRECIPITATION (IN)
  YESTERDAY        T             3.51 1960   0.11  -0.11     0.00
  MONTH TO DATE    2.47                      2.00   0.47     1.23
  SINCE DEC 1      2.47                      2.00   0.47     1.23
  SINCE JAN 1     39.97                     40.45  -0.48    31.81

SNOWFALL (IN)
  YESTERDAY        T             8.5  1989   0.5             0.0
  MONTH TO DATE    8.4                       6.6             6.6
  SINCE DEC 1      8.4                       6.6             6.6
  SINCE JUL 1      8.4                       9.0             8.1
  SNOW DEPTH       6

DEGREE DAYS
 HEATING
  YESTERDAY       48                        41      7       70
  MONTH TO DATE  600                       597      3      690
  SINCE DEC 1    600                       597      3      690
  SINCE JUL 1   1859                      2266   -407     2109

 COOLING
  YESTERDAY        0                         0      0        0
  MONTH TO DATE    0                         0      0        0
  SINCE DEC 1      0                         0      0        0
  SINCE JAN 1    368                       318     50      448
..................................................................


WIND (MPH)
  RESULTANT WIND SPEED   4   RESULTANT WIND DIRECTION   W (290)
  HIGHEST WIND SPEED    13   HIGHEST WIND DIRECTION    NW (300)
  HIGHEST GUST SPEED    18   HIGHEST GUST DIRECTION    NW (300)


SKY COVER
  POSSIBLE SUNSHINE  MM
  AVERAGE SKY COVER 0.7


WEATHER CONDITIONS
 THE FOLLOWING WEATHER WAS RECORDED YESTERDAY.
  LIGHT SNOW
  FOG


RELATIVE HUMIDITY (PERCENT)
 HIGHEST    88
 LOWEST     65
 AVERAGE    77

..........................................................


THE BANGOR ME CLIMATE NORMALS FOR TODAY
                         NORMAL    RECORD    YEAR
 MAXIMUM TEMPERATURE (F)   33        60      2000
 MINIMUM TEMPERATURE (F)   15       -21      1943


SUNRISE AND SUNSET
DECEMBER 17 2017......SUNRISE   707 AM EST   SUNSET   356 PM EST
DECEMBER 18 2017......SUNRISE   708 AM EST   SUNSET   356 PM EST


-  INDICATES NEGATIVE NUMBERS.
R  INDICATES RECORD WAS SET OR TIED.
MM INDICATES DATA IS MISSING.
T  INDICATES TRACE AMOUNT.




$$
