000
CDUS41 KCAR 270537
CLIBGR


CLIMATE REPORT
NATIONAL WEATHER SERVICE CARIBOU, ME
1234 AM EST MON FEB 27 2017


...................................

...THE BANGOR ME CLIMATE SUMMARY FOR FEBRUARY 26 2017...

CLIMATE NORMAL PERIOD 1981 TO 2010
CLIMATE RECORD PERIOD 1925 TO 2017


WEATHER ITEM   OBSERVED TIME   RECORD YEAR NORMAL DEPARTURE LAST
                VALUE   (LST)  VALUE       VALUE  FROM      YEAR
                                                  NORMAL
..................................................................
TEMPERATURE (F)
 YESTERDAY
  MAXIMUM         49   1213 AM  51    1931  34     15       36
  MINIMUM         21   1159 PM -15    1929  14      7       17
  AVERAGE         35                        24     11       27

PRECIPITATION (IN)
  YESTERDAY        0.18          1.26 1961   0.09   0.09     0.02
  MONTH TO DATE    2.26                      2.32  -0.06     3.89
  SINCE DEC 1      9.66                      8.69   0.97    10.33
  SINCE JAN 1      5.89                      5.21   0.68     6.27

SNOWFALL (IN)
  YESTERDAY        0.0          13.2  1972   0.4             0.2
  MONTH TO DATE   37.4                      13.7            19.6
  SINCE DEC 1     61.8                      47.3            36.1
  SINCE JUL 1     63.3                      49.7            38.6
  SNOW DEPTH       2

DEGREE DAYS
 HEATING
  YESTERDAY       30                        41    -11       38
  MONTH TO DATE 1099                      1157    -58     1051
  SINCE DEC 1   3648                      3895   -247     3317
  SINCE JUL 1   5067                      5564   -497     4818

 COOLING
  YESTERDAY        0                         0      0        0
  MONTH TO DATE    0                         0      0        0
  SINCE DEC 1      0                         0      0        0
  SINCE JAN 1      0                         0      0        0
..................................................................


WIND (MPH)
  RESULTANT WIND SPEED  11   RESULTANT WIND DIRECTION   W (290)
  HIGHEST WIND SPEED    26   HIGHEST WIND DIRECTION    NW (310)
  HIGHEST GUST SPEED    35   HIGHEST GUST DIRECTION     W (270)


SKY COVER
  POSSIBLE SUNSHINE  MM
  AVERAGE SKY COVER 0.6


WEATHER CONDITIONS
 THE FOLLOWING WEATHER WAS RECORDED YESTERDAY.
  RAIN
  LIGHT RAIN
  FOG


RELATIVE HUMIDITY (PERCENT)
 HIGHEST   100
 LOWEST     40
 AVERAGE    70

..........................................................


THE BANGOR ME CLIMATE NORMALS FOR TODAY
                         NORMAL    RECORD    YEAR
 MAXIMUM TEMPERATURE (F)   35        54      1976
 MINIMUM TEMPERATURE (F)   14       -17      1963


SUNRISE AND SUNSET
FEBRUARY 27 2017......SUNRISE   616 AM EST   SUNSET   521 PM EST
FEBRUARY 28 2017......SUNRISE   614 AM EST   SUNSET   522 PM EST


-  INDICATES NEGATIVE NUMBERS.
R  INDICATES RECORD WAS SET OR TIED.
MM INDICATES DATA IS MISSING.
T  INDICATES TRACE AMOUNT.




$$
