000
CDUS41 KCAR 030529
CLIBGR


CLIMATE REPORT
NATIONAL WEATHER SERVICE CARIBOU, ME
1229 AM EST SAT DEC 3 2016


...................................

...THE BANGOR ME CLIMATE SUMMARY FOR DECEMBER 2 2016...

CLIMATE NORMAL PERIOD 1981 TO 2010
CLIMATE RECORD PERIOD 1925 TO 2016


WEATHER ITEM   OBSERVED TIME   RECORD YEAR NORMAL DEPARTURE LAST
                VALUE   (LST)  VALUE       VALUE  FROM      YEAR
                                                  NORMAL
..................................................................
TEMPERATURE (F)
 YESTERDAY
  MAXIMUM         45    311 PM  59    1934  39      6       41
  MINIMUM         31    541 AM  -3    1940  22      9       34
                                      1936
  AVERAGE         38                        30      8       38

PRECIPITATION (IN)
  YESTERDAY        0.03          1.29 1942   0.13  -0.10     0.44
  MONTH TO DATE    0.85                      0.26   0.59     0.49
  SINCE DEC 1      0.85                      0.26   0.59     0.49
  SINCE JAN 1     31.43                     38.71  -7.28    31.96

SNOWFALL (IN)
  YESTERDAY        0.0           3.9  2013   0.4             0.0
  MONTH TO DATE    0.0                       0.7             0.0
  SINCE DEC 1      0.0                       0.7             0.0
  SINCE JUL 1      1.5                       3.1             2.5
  SNOW DEPTH       0

DEGREE DAYS
 HEATING
  YESTERDAY       27                        34     -7       27
  MONTH TO DATE   55                        68    -13       65
  SINCE DEC 1     55                        68    -13       65
  SINCE JUL 1   1474                      1737   -263     1566

 COOLING
  YESTERDAY        0                         0      0        0
  MONTH TO DATE    0                         0      0        0
  SINCE DEC 1      0                         0      0        0
  SINCE JAN 1    448                       318    130      406
..................................................................


WIND (MPH)
  RESULTANT WIND SPEED   2   RESULTANT WIND DIRECTION  SW (230)
  HIGHEST WIND SPEED    17   HIGHEST WIND DIRECTION    NW (310)
  HIGHEST GUST SPEED    23   HIGHEST GUST DIRECTION    NW (300)


SKY COVER
  POSSIBLE SUNSHINE  MM
  AVERAGE SKY COVER 0.6


WEATHER CONDITIONS
 THE FOLLOWING WEATHER WAS RECORDED YESTERDAY.
  LIGHT RAIN


RELATIVE HUMIDITY (PERCENT)
 HIGHEST   100
 LOWEST     65
 AVERAGE    83

..........................................................


THE BANGOR ME CLIMATE NORMALS FOR TODAY
                         NORMAL    RECORD    YEAR
 MAXIMUM TEMPERATURE (F)   38        63      2009
 MINIMUM TEMPERATURE (F)   22       -14      1940


SUNRISE AND SUNSET
DECEMBER  3 2016......SUNRISE   655 AM EST   SUNSET   355 PM EST
DECEMBER  4 2016......SUNRISE   656 AM EST   SUNSET   355 PM EST


-  INDICATES NEGATIVE NUMBERS.
R  INDICATES RECORD WAS SET OR TIED.
MM INDICATES DATA IS MISSING.
T  INDICATES TRACE AMOUNT.




$$
