000
CDUS41 KCAR 262026
CLIBGR


CLIMATE REPORT
NATIONAL WEATHER SERVICE CARIBOU, ME
426 PM EDT WED APR 26 2017


...................................

...THE BANGOR ME CLIMATE SUMMARY FOR APRIL 26 2017...
VALID TODAY AS OF 0400 PM LOCAL TIME.

CLIMATE NORMAL PERIOD 1981 TO 2010
CLIMATE RECORD PERIOD 1925 TO 2017


WEATHER ITEM   OBSERVED TIME   RECORD YEAR NORMAL DEPARTURE LAST
                VALUE   (LST)  VALUE       VALUE  FROM      YEAR
                                                  NORMAL
..................................................................
TEMPERATURE (F)
 TODAY
  MAXIMUM         57    259 PM  76    1991  58     -1       39
  MINIMUM         43    129 AM  24    2016  36      7       24
                                      1940
  AVERAGE         50                        47      3       32

PRECIPITATION (IN)
  TODAY            0.58          1.13 1951   0.12   0.46     0.03
                                      1946
  MONTH TO DATE    3.48                      3.14   0.34     2.58
  SINCE MAR 1      5.55                      6.52  -0.97     5.85
  SINCE JAN 1     11.44                     11.93  -0.49    12.12

SNOWFALL (IN)
  TODAY            0.0           4.0  2002   0.0    0.0       T
  MONTH TO DATE    2.3                       3.6   -1.3       T
  SINCE MAR 1     19.3                      15.3    4.0      6.0
  SINCE JUL 1     82.6                      66.0   16.6     44.6
  SNOW DEPTH       0

DEGREE DAYS
 HEATING
  TODAY           15                        18     -3       33
  MONTH TO DATE  538                       606    -68      632
  SINCE MAR 1   1752                      1683     69     1617
  SINCE JUL 1   6880                      7329   -449     6532

 COOLING
  TODAY            0                         0      0        0
  MONTH TO DATE    0                         0      0        0
  SINCE MAR 1      0                         0      0        0
  SINCE JAN 1      0                         0      0        0
..................................................................


WIND (MPH)
  HIGHEST WIND SPEED    13   HIGHEST WIND DIRECTION     S (160)
  HIGHEST GUST SPEED    19   HIGHEST GUST DIRECTION    SE (120)
  AVERAGE WIND SPEED     6.6


SKY COVER
  POSSIBLE SUNSHINE  MM
  AVERAGE SKY COVER 1.0


WEATHER CONDITIONS
 THE FOLLOWING WEATHER WAS RECORDED TODAY.
  LIGHT RAIN
  FOG


RELATIVE HUMIDITY (PERCENT)
 HIGHEST   100           100 AM
 LOWEST     89          1200 AM
 AVERAGE    95

..........................................................


THE BANGOR ME CLIMATE NORMALS FOR TOMORROW
                         NORMAL    RECORD    YEAR
 MAXIMUM TEMPERATURE (F)   58        78      1970
 MINIMUM TEMPERATURE (F)   36        21      2016


SUNRISE AND SUNSET
APRIL 26 2017.........SUNRISE   532 AM EDT   SUNSET   734 PM EDT
APRIL 27 2017.........SUNRISE   531 AM EDT   SUNSET   736 PM EDT


-  INDICATES NEGATIVE NUMBERS.
R  INDICATES RECORD WAS SET OR TIED.
MM INDICATES DATA IS MISSING.
T  INDICATES TRACE AMOUNT.




$$
