000
CDUS41 KCAR 242034
CLIBGR


CLIMATE REPORT
NATIONAL WEATHER SERVICE CARIBOU, ME
432 PM EDT SUN JUL 24 2016


...................................

...THE BANGOR ME CLIMATE SUMMARY FOR JULY 24 2016...
VALID TODAY AS OF 0400 PM LOCAL TIME.

CLIMATE NORMAL PERIOD 1981 TO 2010
CLIMATE RECORD PERIOD 1925 TO 2016


WEATHER ITEM   OBSERVED TIME   RECORD YEAR NORMAL DEPARTURE LAST
                VALUE   (LST)  VALUE       VALUE  FROM      YEAR
                                                  NORMAL
..................................................................
TEMPERATURE (F)
 TODAY
  MAXIMUM         88    238 PM  96    1941  80      8       72
  MINIMUM         67    450 AM  47    2002  58      9       56
  AVERAGE         78                        69      9       64

PRECIPITATION (IN)
  TODAY            0.00          1.32 1927   0.11  -0.11     0.02
  MONTH TO DATE    2.66                      2.63   0.03     0.89
  SINCE JUN 1      5.51                      6.39  -0.88     5.79
  SINCE JAN 1     19.72                     22.44  -2.72    16.84

SNOWFALL (IN)
  TODAY            0.0           0.0  2002   0.0    0.0      0.0
                                      2001
  MONTH TO DATE    0.0                       0.0    0.0      0.0
  SINCE JUN 1      0.0                       0.0    0.0      0.0
  SINCE JUL 1      0.0                       0.0    0.0      0.0
  SNOW DEPTH       0

DEGREE DAYS
 HEATING
  TODAY            0                         1     -1        1
  MONTH TO DATE   11                        24    -13       19
  SINCE JUN 1     58                       131    -73      195
  SINCE JUL 1     11                        24    -13       19

 COOLING
  TODAY           13                         5      8        0
  MONTH TO DATE  194                       101     93       64
  SINCE JUN 1    250                       153     97       88
  SINCE JAN 1    275                       159    116      111
..................................................................


WIND (MPH)
  HIGHEST WIND SPEED    15   HIGHEST WIND DIRECTION    NW (320)
  HIGHEST GUST SPEED    18   HIGHEST GUST DIRECTION    NW (320)
  AVERAGE WIND SPEED     6.9


SKY COVER
  POSSIBLE SUNSHINE  MM
  AVERAGE SKY COVER 0.4


WEATHER CONDITIONS
 THE FOLLOWING WEATHER WAS RECORDED TODAY.
  NO SIGNIFICANT WEATHER WAS OBSERVED.


RELATIVE HUMIDITY (PERCENT)
 HIGHEST    81           400 AM
 LOWEST     34           300 PM
 AVERAGE    58

..........................................................


THE BANGOR ME CLIMATE NORMALS FOR TOMORROW
                         NORMAL    RECORD    YEAR
 MAXIMUM TEMPERATURE (F)   80        98      1941
 MINIMUM TEMPERATURE (F)   58        44      2002


SUNRISE AND SUNSET
JULY 24 2016..........SUNRISE   513 AM EDT   SUNSET   810 PM EDT
JULY 25 2016..........SUNRISE   514 AM EDT   SUNSET   809 PM EDT


-  INDICATES NEGATIVE NUMBERS.
R  INDICATES RECORD WAS SET OR TIED.
MM INDICATES DATA IS MISSING.
T  INDICATES TRACE AMOUNT.




$$
