000
CDUS41 KCAR 272130
CLIBGR


CLIMATE REPORT
NATIONAL WEATHER SERVICE CARIBOU, ME
429 PM EST THU NOV 27 2014


...................................

...THE BANGOR ME CLIMATE SUMMARY FOR NOVEMBER 27 2014...
VALID TODAY AS OF 0400 PM LOCAL TIME.

CLIMATE NORMAL PERIOD 1981 TO 2010
CLIMATE RECORD PERIOD 1925 TO 2014


WEATHER ITEM   OBSERVED TIME   RECORD YEAR NORMAL DEPARTURE LAST
                VALUE   (LST)  VALUE       VALUE  FROM      YEAR
                                                  NORMAL
..................................................................
TEMPERATURE (F)
 TODAY
  MAXIMUM         33   1207 PM  59    1999  41     -8       57
                                      1979
  MINIMUM         27    647 AM   3    1932  25      2       32
  AVERAGE         30                        33     -3       45

PRECIPITATION (IN)
  TODAY            0.09          2.41 2013   0.14  -0.05     2.41
  MONTH TO DATE    3.20                      3.77  -0.57     3.75
  SINCE SEP 1     10.94                     11.77  -0.83    11.94
  SINCE JAN 1     38.68                     38.02   0.66    37.12

SNOWFALL (IN)
  TODAY            1.7           7.0  1997   0.2    1.5       T
  MONTH TO DATE   25.9                       1.8   24.1      0.7
  SINCE SEP 1     25.9                       1.9   24.0      0.7
  SINCE JUL 1     25.9                       1.9   24.0      0.7
  SNOW DEPTH      10

DEGREE DAYS
 HEATING
  TODAY           35                        32      3       20
  MONTH TO DATE  793                       742     51      762
  SINCE SEP 1   1418                      1505    -87     1424
  SINCE JUL 1   1439                      1568   -129     1456

 COOLING
  TODAY            0                         0      0        0
  MONTH TO DATE    0                         0      0        0
  SINCE SEP 1     49                        24     25       33
  SINCE JAN 1    363                       318     45      355
..................................................................


WIND (MPH)
  HIGHEST WIND SPEED    31   HIGHEST WIND DIRECTION     N (360)
  HIGHEST GUST SPEED    40   HIGHEST GUST DIRECTION     N (10)
  AVERAGE WIND SPEED    19.3


SKY COVER
  POSSIBLE SUNSHINE  MM
  AVERAGE SKY COVER 0.9


WEATHER CONDITIONS
 THE FOLLOWING WEATHER WAS RECORDED TODAY.
  SNOW
  LIGHT SNOW
  FOG


RELATIVE HUMIDITY (PERCENT)
 HIGHEST    92          1200 AM
 LOWEST     66          1200 PM
 AVERAGE    79

..........................................................


THE BANGOR ME CLIMATE NORMALS FOR TOMORROW
                         NORMAL    RECORD    YEAR
 MAXIMUM TEMPERATURE (F)   40        58      2011
                                             1993
                                             1990
 MINIMUM TEMPERATURE (F)   24         3      1987


SUNRISE AND SUNSET
NOVEMBER 27 2014......SUNRISE   648 AM EST   SUNSET   358 PM EST
NOVEMBER 28 2014......SUNRISE   649 AM EST   SUNSET   357 PM EST


-  INDICATES NEGATIVE NUMBERS.
R  INDICATES RECORD WAS SET OR TIED.
MM INDICATES DATA IS MISSING.
T  INDICATES TRACE AMOUNT.




$$
