000
CDUS41 KCAR 052133
CLIBGR


CLIMATE REPORT
NATIONAL WEATHER SERVICE CARIBOU, ME
432 PM EST FRI FEB 5 2016


...................................

...THE BANGOR ME CLIMATE SUMMARY FOR FEBRUARY 5 2016...
VALID TODAY AS OF 0400 PM LOCAL TIME.

CLIMATE NORMAL PERIOD 1981 TO 2010
CLIMATE RECORD PERIOD 1925 TO 2016


WEATHER ITEM   OBSERVED TIME   RECORD YEAR NORMAL DEPARTURE LAST
                VALUE   (LST)  VALUE       VALUE  FROM      YEAR
                                                  NORMAL
..................................................................
TEMPERATURE (F)
 TODAY
  MAXIMUM         37    210 AM  51    2006  29      8       28
  MINIMUM         28    359 PM -18    1946   8     20       -2
  AVERAGE         33                        18     15       13

PRECIPITATION (IN)
  TODAY            0.36          1.14 2006   0.08   0.28     0.26
  MONTH TO DATE    0.82                      0.44   0.38     1.14
  SINCE DEC 1      7.26                      6.81   0.45     9.06
  SINCE JAN 1      3.20                      3.33  -0.13     3.83

SNOWFALL (IN)
  TODAY            7.8           8.0  1949   0.5    7.3      4.6
  MONTH TO DATE    7.8                       2.7    5.1     19.3
  SINCE DEC 1     24.3                      36.3  -12.0     68.1
  SINCE JUL 1     26.8                      38.7  -11.9     94.0
  SNOW DEPTH       T

DEGREE DAYS
 HEATING
  TODAY           32                        47    -15       52
  MONTH TO DATE  145                       235    -90      302
  SINCE DEC 1   2411                      2973   -562     2968
  SINCE JUL 1   3912                      4642   -730     4552

 COOLING
  TODAY            0                         0      0        0
  MONTH TO DATE    0                         0      0        0
  SINCE DEC 1      0                         0      0        0
  SINCE JAN 1      0                         0      0        0
..................................................................


WIND (MPH)
  HIGHEST WIND SPEED    22   HIGHEST WIND DIRECTION     N (350)
  HIGHEST GUST SPEED    26   HIGHEST GUST DIRECTION     N (350)
  AVERAGE WIND SPEED     8.6


SKY COVER
  POSSIBLE SUNSHINE  MM
  AVERAGE SKY COVER 1.0


WEATHER CONDITIONS
 THE FOLLOWING WEATHER WAS RECORDED TODAY.
  HEAVY SNOW
  SNOW
  LIGHT SNOW
  FOG
  FOG W/VISIBILITY <= 1/4 MILE


RELATIVE HUMIDITY (PERCENT)
 HIGHEST   100           900 AM
 LOWEST     64           200 AM
 AVERAGE    82

..........................................................


THE BANGOR ME CLIMATE NORMALS FOR TOMORROW
                         NORMAL    RECORD    YEAR
 MAXIMUM TEMPERATURE (F)   29        45      2005
 MINIMUM TEMPERATURE (F)    8       -22      1934


SUNRISE AND SUNSET
FEBRUARY  5 2016......SUNRISE   650 AM EST   SUNSET   449 PM EST
FEBRUARY  6 2016......SUNRISE   649 AM EST   SUNSET   450 PM EST


-  INDICATES NEGATIVE NUMBERS.
R  INDICATES RECORD WAS SET OR TIED.
MM INDICATES DATA IS MISSING.
T  INDICATES TRACE AMOUNT.




$$
