000
CDUS41 KCAR 210527
CLIBGR


CLIMATE REPORT
NATIONAL WEATHER SERVICE CARIBOU, ME
126 AM EDT SAT OCT 21 2017


...................................

...THE BANGOR ME CLIMATE SUMMARY FOR OCTOBER 20 2017...

CLIMATE NORMAL PERIOD 1981 TO 2010
CLIMATE RECORD PERIOD 1925 TO 2017


WEATHER ITEM   OBSERVED TIME   RECORD YEAR NORMAL DEPARTURE LAST
                VALUE   (LST)  VALUE       VALUE  FROM      YEAR
                                                  NORMAL
..................................................................
TEMPERATURE (F)
 YESTERDAY
  MAXIMUM         67    111 PM  76    1949  56     11       60
  MINIMUM         42   1159 PM  21    2008  35      7       36
  AVERAGE         55                        46      9       48

PRECIPITATION (IN)
  YESTERDAY        0.00          3.05 1927   0.13  -0.13      T
  MONTH TO DATE    0.93                      2.71  -1.78     0.80
  SINCE SEP 1      3.62                      6.54  -2.92     2.03
  SINCE JAN 1     29.79                     32.79  -3.00    24.02

SNOWFALL (IN)
  YESTERDAY        0.0           0.0  2002   0.1             0.0
                                      2001
  MONTH TO DATE    0.0                       0.1             0.0
  SINCE SEP 1      T                         0.1             0.0
  SINCE JUL 1      T                         0.1             0.0
  SNOW DEPTH       0

DEGREE DAYS
 HEATING
  YESTERDAY       10                        19     -9       17
  MONTH TO DATE  185                       319   -134      274
  SINCE SEP 1    255                       528   -273      421
  SINCE JUL 1    302                       591   -289      448

 COOLING
  YESTERDAY        0                         0      0        0
  MONTH TO DATE    5                         0      5        0
  SINCE SEP 1     85                        23     62       59
  SINCE JAN 1    367                       317     50      448
..................................................................


WIND (MPH)
  RESULTANT WIND SPEED   7   RESULTANT WIND DIRECTION   W (290)
  HIGHEST WIND SPEED    23   HIGHEST WIND DIRECTION    NW (320)
  HIGHEST GUST SPEED    32   HIGHEST GUST DIRECTION    NW (330)


SKY COVER
  POSSIBLE SUNSHINE  MM
  AVERAGE SKY COVER 0.2


WEATHER CONDITIONS
 THE FOLLOWING WEATHER WAS RECORDED YESTERDAY.
  NO SIGNIFICANT WEATHER WAS OBSERVED.


RELATIVE HUMIDITY (PERCENT)
 HIGHEST    86
 LOWEST     29
 AVERAGE    58

..........................................................


THE BANGOR ME CLIMATE NORMALS FOR TODAY
                         NORMAL    RECORD    YEAR
 MAXIMUM TEMPERATURE (F)   56        72      1936
 MINIMUM TEMPERATURE (F)   35        19      1972
                                             1940


SUNRISE AND SUNSET
OCTOBER 21 2017.......SUNRISE   659 AM EDT   SUNSET   540 PM EDT
OCTOBER 22 2017.......SUNRISE   700 AM EDT   SUNSET   539 PM EDT


-  INDICATES NEGATIVE NUMBERS.
R  INDICATES RECORD WAS SET OR TIED.
MM INDICATES DATA IS MISSING.
T  INDICATES TRACE AMOUNT.




$$
