000
CDUS41 KCAR 260528
CLIBGR


CLIMATE REPORT
NATIONAL WEATHER SERVICE CARIBOU, ME
126 AM EDT MON JUN 26 2017


...................................

...THE BANGOR ME CLIMATE SUMMARY FOR JUNE 25 2017...

CLIMATE NORMAL PERIOD 1981 TO 2010
CLIMATE RECORD PERIOD 1925 TO 2017


WEATHER ITEM   OBSERVED TIME   RECORD YEAR NORMAL DEPARTURE LAST
                VALUE   (LST)  VALUE       VALUE  FROM      YEAR
                                                  NORMAL
..................................................................
TEMPERATURE (F)
 YESTERDAY
  MAXIMUM         79    433 PM  95    2005  77      2       81
  MINIMUM         56    414 AM  39    1941  55      1       48
  AVERAGE         68                        66      2       65

PRECIPITATION (IN)
  YESTERDAY        T             0.97 2011   0.12  -0.12     0.00
  MONTH TO DATE    3.49                      3.19   0.30     2.40
  SINCE JUN 1      3.49                      3.19   0.30     2.40
  SINCE JAN 1     21.79                     19.24   2.55    16.61

SNOWFALL (IN)
  YESTERDAY        0.0           0.0  2002   0.0             0.0
                                      2001
  MONTH TO DATE    T                         0.0             0.0
  SINCE JUN 1      T                         0.0             0.0
  SINCE JUL 1     82.6                      66.1            44.6
  SNOW DEPTH       0

DEGREE DAYS
 HEATING
  YESTERDAY        0                         2     -2        0
  MONTH TO DATE   86                       100    -14      103
  SINCE JUN 1     86                       100    -14      103
  SINCE JUL 1   7378                      7853   -475     7046

 COOLING
  YESTERDAY        3                         2      1        0
  MONTH TO DATE   53                        37     16        5
  SINCE JUN 1     53                        37     16        5
  SINCE JAN 1     60                        43     17       15
..................................................................


WIND (MPH)
  RESULTANT WIND SPEED   4   RESULTANT WIND DIRECTION  SW (240)
  HIGHEST WIND SPEED    16   HIGHEST WIND DIRECTION     W (280)
  HIGHEST GUST SPEED    23   HIGHEST GUST DIRECTION    SW (230)


SKY COVER
  POSSIBLE SUNSHINE  MM
  AVERAGE SKY COVER 0.3


WEATHER CONDITIONS
 THE FOLLOWING WEATHER WAS RECORDED YESTERDAY.
  THUNDERSTORM


RELATIVE HUMIDITY (PERCENT)
 HIGHEST    93
 LOWEST     37
 AVERAGE    65

..........................................................


THE BANGOR ME CLIMATE NORMALS FOR TODAY
                         NORMAL    RECORD    YEAR
 MAXIMUM TEMPERATURE (F)   77        93      2003
                                             1930
 MINIMUM TEMPERATURE (F)   55        42      1979


SUNRISE AND SUNSET
JUNE 26 2017..........SUNRISE   451 AM EDT   SUNSET   825 PM EDT
JUNE 27 2017..........SUNRISE   451 AM EDT   SUNSET   825 PM EDT


-  INDICATES NEGATIVE NUMBERS.
R  INDICATES RECORD WAS SET OR TIED.
MM INDICATES DATA IS MISSING.
T  INDICATES TRACE AMOUNT.




$$
