000
CDUS41 KCAR 272032
CLIBGR


CLIMATE REPORT
NATIONAL WEATHER SERVICE CARIBOU, ME
428 PM EDT SAT AUG 27 2016


...................................

...THE BANGOR ME CLIMATE SUMMARY FOR AUGUST 27 2016...
VALID TODAY AS OF 0400 PM LOCAL TIME.

CLIMATE NORMAL PERIOD 1981 TO 2010
CLIMATE RECORD PERIOD 1925 TO 2016


WEATHER ITEM   OBSERVED TIME   RECORD YEAR NORMAL DEPARTURE LAST
                VALUE   (LST)  VALUE       VALUE  FROM      YEAR
                                                  NORMAL
..................................................................
TEMPERATURE (F)
 TODAY
  MAXIMUM         81    252 PM  99    1948  76      5       77
  MINIMUM         57    508 AM  32    1940  54      3       59
  AVERAGE         69                        65      4       68

PRECIPITATION (IN)
  TODAY            0.00          0.89 1986   0.09  -0.09     0.00
  MONTH TO DATE    2.22                      2.63  -0.41     2.63
  SINCE JUN 1      7.76                      9.85  -2.09     8.69
  SINCE JAN 1     21.97                     25.90  -3.93    19.74

SNOWFALL (IN)
  TODAY            0.0           0.0  2002   0.0    0.0      0.0
                                      2001
  MONTH TO DATE    0.0                       0.0    0.0      0.0
  SINCE JUN 1      0.0                       0.0    0.0      0.0
  SINCE JUL 1      0.0                       0.0    0.0      0.0
  SNOW DEPTH       0

DEGREE DAYS
 HEATING
  TODAY            0                         2     -2        0
  MONTH TO DATE    4                        33    -29        0
  SINCE JUN 1    130                       163    -33      205
  SINCE JUL 1     27                        56    -29       29

 COOLING
  TODAY            4                         2      2        3
  MONTH TO DATE  149                        93     56      150
  SINCE JUN 1    369                       277     92      274
  SINCE JAN 1    379                       283     96      297
..................................................................


WIND (MPH)
  HIGHEST WIND SPEED    17   HIGHEST WIND DIRECTION     N (10)
  HIGHEST GUST SPEED    22   HIGHEST GUST DIRECTION     N (20)
  AVERAGE WIND SPEED     7.7


SKY COVER
  POSSIBLE SUNSHINE  MM
  AVERAGE SKY COVER 0.2


WEATHER CONDITIONS
 THE FOLLOWING WEATHER WAS RECORDED TODAY.
  NO SIGNIFICANT WEATHER WAS OBSERVED.


RELATIVE HUMIDITY (PERCENT)
 HIGHEST    78           200 AM
 LOWEST     39           200 PM
 AVERAGE    59

..........................................................


THE BANGOR ME CLIMATE NORMALS FOR TOMORROW
                         NORMAL    RECORD    YEAR
 MAXIMUM TEMPERATURE (F)   76        98      1948
 MINIMUM TEMPERATURE (F)   54        32      1940


SUNRISE AND SUNSET
AUGUST 27 2016........SUNRISE   552 AM EDT   SUNSET   720 PM EDT
AUGUST 28 2016........SUNRISE   553 AM EDT   SUNSET   718 PM EDT


-  INDICATES NEGATIVE NUMBERS.
R  INDICATES RECORD WAS SET OR TIED.
MM INDICATES DATA IS MISSING.
T  INDICATES TRACE AMOUNT.




$$
