000
CDUS44 KBMX 180937
CLIBHM


CLIMATE REPORT
NATIONAL WEATHER SERVICE BIRMINGHAM, AL
437 AM CDT THU SEP 18 2014


...................................

...THE BIRMINGHAM CLIMATE SUMMARY FOR SEPTEMBER 17 2014...

CLIMATE NORMAL PERIOD 1981 TO 2010
CLIMATE RECORD PERIOD 1895 TO 2014


WEATHER ITEM   OBSERVED TIME   RECORD YEAR NORMAL DEPARTURE LAST
                VALUE   (LST)  VALUE       VALUE  FROM      YEAR
                                                  NORMAL
..................................................................
TEMPERATURE (F)
 YESTERDAY
  MAXIMUM         86    215 PM 101    1927  85      1       88
  MINIMUM         65   1037 PM  49    1999  64      1       62
  AVERAGE         76                        74      2       75

PRECIPITATION (IN)
  YESTERDAY        0.00          2.93 1913   0.13  -0.13     0.00
  MONTH TO DATE    1.64                      2.21  -0.57     1.44
  SINCE SEP 1      1.64                      2.21  -0.57     1.44
  SINCE JAN 1     34.50                     39.29  -4.79    53.70

DEGREE DAYS
 HEATING
  YESTERDAY        0                         0      0        0
  MONTH TO DATE    0                         0      0        0
  SINCE SEP 1      0                         0      0        0
  SINCE JUL 1      0                         0      0        0

 COOLING
  YESTERDAY       11                        10      1       10
  MONTH TO DATE  263                       204     59      219
  SINCE SEP 1    263                       204     59      219
  SINCE JAN 1   1903                      1854     49     1744
..................................................................


WIND (MPH)
  HIGHEST WIND SPEED    15   HIGHEST WIND DIRECTION     N (360)
  HIGHEST GUST SPEED    19   HIGHEST GUST DIRECTION     N (350)
  AVERAGE WIND SPEED     5.3


SKY COVER
  AVERAGE SKY COVER 0.5


WEATHER CONDITIONS
 THE FOLLOWING WEATHER WAS RECORDED YESTERDAY.
  FOG


RELATIVE HUMIDITY (PERCENT)
 HIGHEST    93           500 AM
 LOWEST     43           300 PM
 AVERAGE    68

..........................................................


THE BIRMINGHAM CLIMATE NORMALS FOR TODAY
                         NORMAL    RECORD    YEAR
 MAXIMUM TEMPERATURE (F)   85       101      1927
                                             1925
 MINIMUM TEMPERATURE (F)   64        46      1981
                                             1903


SUNRISE AND SUNSET
SEPTEMBER 18 2014.....SUNRISE   632 AM CDT   SUNSET   649 PM CDT
SEPTEMBER 19 2014.....SUNRISE   633 AM CDT   SUNSET   648 PM CDT


-  INDICATES NEGATIVE NUMBERS.
R  INDICATES RECORD WAS SET OR TIED.
MM INDICATES DATA IS MISSING.
T  INDICATES TRACE AMOUNT.




$$
