000
CDUS44 KBMX 300928
CLIBHM


CLIMATE REPORT
NATIONAL WEATHER SERVICE BIRMINGHAM, AL
428 AM CDT SAT AUG 30 2014


...................................

...THE BIRMINGHAM CLIMATE SUMMARY FOR AUGUST 29 2014...

CLIMATE NORMAL PERIOD 1981 TO 2010
CLIMATE RECORD PERIOD 1895 TO 2014


WEATHER ITEM   OBSERVED TIME   RECORD YEAR NORMAL DEPARTURE LAST
                VALUE   (LST)  VALUE       VALUE  FROM      YEAR
                                                  NORMAL
..................................................................
TEMPERATURE (F)
 YESTERDAY
  MAXIMUM         93    250 PM 101    1990  90      3       91
  MINIMUM         67    536 AM  52    1992  70     -3       70
  AVERAGE         80                        80      0       81

PRECIPITATION (IN)
  YESTERDAY        0.00          2.69 1950   0.11  -0.11     0.00
  MONTH TO DATE    3.08                      3.69  -0.61     4.29
  SINCE JUN 1      8.81                     12.87  -4.06    21.75
  SINCE JAN 1     31.67                     36.84  -5.17    52.26

DEGREE DAYS
 COOLING
  YESTERDAY       15                        15      0       16
  MONTH TO DATE  477                       456     21      385
  SINCE JUN 1   1315                      1337    -22     1222
  SINCE JAN 1   1608                      1619    -11     1487
..................................................................


WIND (MPH)
  HIGHEST WIND SPEED    16   HIGHEST WIND DIRECTION     S (180)
  HIGHEST GUST SPEED    22   HIGHEST GUST DIRECTION     S (200)
  AVERAGE WIND SPEED     5.1


SKY COVER
  AVERAGE SKY COVER 0.5


WEATHER CONDITIONS
 THE FOLLOWING WEATHER WAS RECORDED YESTERDAY.
  NO SIGNIFICANT WEATHER WAS OBSERVED.


RELATIVE HUMIDITY (PERCENT)
 HIGHEST    81           400 AM
 LOWEST     32           300 PM
 AVERAGE    57

..........................................................


THE BIRMINGHAM CLIMATE NORMALS FOR TODAY
                         NORMAL    RECORD    YEAR
 MAXIMUM TEMPERATURE (F)   89       100      1995
                                             1951
 MINIMUM TEMPERATURE (F)   69        54      1992


SUNRISE AND SUNSET
AUGUST 30 2014........SUNRISE   620 AM CDT   SUNSET   715 PM CDT
AUGUST 31 2014........SUNRISE   620 AM CDT   SUNSET   714 PM CDT


-  INDICATES NEGATIVE NUMBERS.
R  INDICATES RECORD WAS SET OR TIED.
MM INDICATES DATA IS MISSING.
T  INDICATES TRACE AMOUNT.




$$
