000
CDUS44 KBMX 280835
CLIBHM


CLIMATE REPORT
NATIONAL WEATHER SERVICE BIRMINGHAM, AL
235 AM CST TUE FEB 28 2017


...................................

...THE BIRMINGHAM CLIMATE SUMMARY FOR FEBRUARY 27 2017...

CLIMATE NORMAL PERIOD 1981 TO 2010
CLIMATE RECORD PERIOD 1895 TO 2017


WEATHER ITEM   OBSERVED TIME   RECORD YEAR NORMAL DEPARTURE LAST
                VALUE   (LST)  VALUE       VALUE  FROM      YEAR
                                                  NORMAL
..................................................................
TEMPERATURE (F)
 YESTERDAY
  MAXIMUM         57    516 PM  82    1962  62     -5       61
  MINIMUM         46    938 AM  15    1963  40      6       31
                                      1934
  AVERAGE         52                        51      1       46

PRECIPITATION (IN)
  YESTERDAY        0.45          3.18 1913   0.18   0.27     0.00
  MONTH TO DATE    2.95                      4.36  -1.41     7.46
  SINCE DEC 1     12.05                     13.65  -1.60    21.27
  SINCE JAN 1      9.66                      9.20   0.46    10.74

SNOWFALL (IN)
  YESTERDAY       MM                         0.0   MM        0.0
  MONTH TO DATE    0.0                       0.1   -0.1       T
  SINCE DEC 1      0.3                       0.8   -0.5       T
  SINCE JUL 1      0.3                       0.8   -0.5       T
  SNOW DEPTH       0

DEGREE DAYS
 HEATING
  YESTERDAY       13                        14     -1       19
  MONTH TO DATE  266                       473   -207      415
  SINCE DEC 1   1139                      1720   -581     1385
  SINCE JUL 1   1371                      2178   -807     1656
..................................................................


WIND (MPH)
  HIGHEST WIND SPEED    23   HIGHEST WIND DIRECTION    NW (310)
  HIGHEST GUST SPEED    29   HIGHEST GUST DIRECTION    NW (300)
  AVERAGE WIND SPEED     6.5


SKY COVER
  AVERAGE SKY COVER 0.8


WEATHER CONDITIONS
 THE FOLLOWING WEATHER WAS RECORDED YESTERDAY.
  HEAVY RAIN
  RAIN
  LIGHT RAIN
  FOG


RELATIVE HUMIDITY (PERCENT)
 HIGHEST   100          1000 PM
 LOWEST     25          1200 AM
 AVERAGE    63

..........................................................


THE BIRMINGHAM CLIMATE NORMALS FOR TODAY
                         NORMAL    RECORD    YEAR
 MAXIMUM TEMPERATURE (F)   62        81      2011
 MINIMUM TEMPERATURE (F)   40        17      2002


SUNRISE AND SUNSET
FEBRUARY 28 2017......SUNRISE   616 AM CST   SUNSET   543 PM CST
MARCH  1 2017.........SUNRISE   615 AM CST   SUNSET   544 PM CST


-  INDICATES NEGATIVE NUMBERS.
R  INDICATES RECORD WAS SET OR TIED.
MM INDICATES DATA IS MISSING.
T  INDICATES TRACE AMOUNT.




$$
