000
CDUS44 KBMX 280748
CLIBHM


CLIMATE REPORT
NATIONAL WEATHER SERVICE BIRMINGHAM, AL
247 AM CDT WED SEP 28 2016


...................................

...THE BIRMINGHAM CLIMATE SUMMARY FOR SEPTEMBER 27 2016...

CLIMATE NORMAL PERIOD 1981 TO 2010
CLIMATE RECORD PERIOD 1895 TO 2016


WEATHER ITEM   OBSERVED TIME   RECORD YEAR NORMAL DEPARTURE LAST
                VALUE   (LST)  VALUE       VALUE  FROM      YEAR
                                                  NORMAL
..................................................................
TEMPERATURE (F)
 YESTERDAY
  MAXIMUM         89    240 PM  94    1998  81      8       75
                                      1898
                                      1897
  MINIMUM         66    701 AM  42    1899  60      6       68
  AVERAGE         78                        71      7       72

PRECIPITATION (IN)
  YESTERDAY        0.00          3.70 1979   0.13  -0.13      T
  MONTH TO DATE    0.68                      3.50  -2.82     1.32
  SINCE SEP 1      0.68                      3.50  -2.82     1.32
  SINCE JAN 1     35.85                     40.58  -4.73    43.39

DEGREE DAYS
 HEATING
  YESTERDAY        0                         1     -1        0
  MONTH TO DATE    0                         5     -5        1
  SINCE SEP 1      0                         5     -5        1
  SINCE JUL 1      0                         5     -5        1

 COOLING
  YESTERDAY       13                         7      6        7
  MONTH TO DATE  459                       283    176      284
  SINCE SEP 1    459                       283    176      284
  SINCE JAN 1   2425                      1933    492     2098
..................................................................


WIND (MPH)
  HIGHEST WIND SPEED    14   HIGHEST WIND DIRECTION     W (280)
  HIGHEST GUST SPEED    17   HIGHEST GUST DIRECTION     W (270)
  AVERAGE WIND SPEED     5.8


SKY COVER
  AVERAGE SKY COVER 0.4


WEATHER CONDITIONS
 THE FOLLOWING WEATHER WAS RECORDED YESTERDAY.
  FOG
  HAZE


RELATIVE HUMIDITY (PERCENT)
 HIGHEST   100           700 AM
 LOWEST     46           300 PM
 AVERAGE    73

..........................................................


THE BIRMINGHAM CLIMATE NORMALS FOR TODAY
                         NORMAL    RECORD    YEAR
 MAXIMUM TEMPERATURE (F)   81        94      1986
                                             1911
                                             1904
 MINIMUM TEMPERATURE (F)   60        42      1942


SUNRISE AND SUNSET
SEPTEMBER 28 2016.....SUNRISE   640 AM CDT   SUNSET   635 PM CDT
SEPTEMBER 29 2016.....SUNRISE   640 AM CDT   SUNSET   633 PM CDT


-  INDICATES NEGATIVE NUMBERS.
R  INDICATES RECORD WAS SET OR TIED.
MM INDICATES DATA IS MISSING.
T  INDICATES TRACE AMOUNT.




$$
