000
CDUS44 KBMX 312125
CLIBHM


CLIMATE REPORT
NATIONAL WEATHER SERVICE BIRMINGHAM, AL
425 PM CDT TUE MAY 31 2016


...................................

...THE BIRMINGHAM CLIMATE SUMMARY FOR MAY 31 2016...
VALID TODAY AS OF 0400 PM LOCAL TIME.

CLIMATE NORMAL PERIOD 1981 TO 2010
CLIMATE RECORD PERIOD 1895 TO 2016


WEATHER ITEM   OBSERVED TIME   RECORD YEAR NORMAL DEPARTURE LAST
                VALUE   (LST)  VALUE       VALUE  FROM      YEAR
                                                  NORMAL
..................................................................
TEMPERATURE (F)
 TODAY
  MAXIMUM         93   1149 AM  95    2011  85      8       85
  MINIMUM         68    437 AM  40    1984  64      4       67
  AVERAGE         81                        74      7       76

PRECIPITATION (IN)
  TODAY            0.02          1.58 1979   0.16  -0.14     0.13
  MONTH TO DATE    1.41                      4.99  -3.58     2.56
  SINCE MAR 1     10.86                     14.60  -3.74    17.03
  SINCE JAN 1     21.60                     23.97  -2.37    25.73

DEGREE DAYS
 COOLING
  TODAY           16                        10      6       11
  MONTH TO DATE  208                       198     10      253
  SINCE MAR 1    316                       278     38      335
  SINCE JAN 1    323                       282     41      335
..................................................................


WIND (MPH)
  HIGHEST WIND SPEED    10   HIGHEST WIND DIRECTION     N (350)
  HIGHEST GUST SPEED    MM   HIGHEST GUST DIRECTION    MM
  AVERAGE WIND SPEED     1.5


SKY COVER
  AVERAGE SKY COVER 0.3


WEATHER CONDITIONS
 THE FOLLOWING WEATHER WAS RECORDED TODAY.
  THUNDERSTORM
  LIGHT RAIN


RELATIVE HUMIDITY (PERCENT)
 HIGHEST    90           200 AM
 LOWEST     34          1100 AM
 AVERAGE    62

..........................................................


THE BIRMINGHAM CLIMATE NORMALS FOR TOMORROW
                         NORMAL    RECORD    YEAR
 MAXIMUM TEMPERATURE (F)   85        98      2011
 MINIMUM TEMPERATURE (F)   64        42      1966


SUNRISE AND SUNSET
MAY 31 2016...........SUNRISE   538 AM CDT   SUNSET   752 PM CDT
JUNE  1 2016..........SUNRISE   538 AM CDT   SUNSET   752 PM CDT


-  INDICATES NEGATIVE NUMBERS.
R  INDICATES RECORD WAS SET OR TIED.
MM INDICATES DATA IS MISSING.
T  INDICATES TRACE AMOUNT.




$$
