000
CDUS44 KBMX 280016
CLIBHM


CLIMATE REPORT
NATIONAL WEATHER SERVICE BIRMINGHAM, AL
716 PM CDT MON JUL 27 2015


...................................

...THE BIRMINGHAM CLIMATE SUMMARY FOR JULY 27 2015...
VALID TODAY AS OF 0700 PM LOCAL TIME.

CLIMATE NORMAL PERIOD 1981 TO 2010
CLIMATE RECORD PERIOD 2014 TO 2015


WEATHER ITEM   OBSERVED TIME   RECORD YEAR NORMAL DEPARTURE LAST
                VALUE   (LST)  VALUE       VALUE  FROM      YEAR
                                                  NORMAL
..................................................................
TEMPERATURE (F)
 TODAY
  MAXIMUM         92   1133 AM 102    1952  91      1       97
  MINIMUM         73    355 AM  59    1911  72      1       73
  AVERAGE         83                        81      2       85

PRECIPITATION (IN)
  TODAY            1.26          5.47 1985   0.14   1.12     0.00
  MONTH TO DATE    7.24                      4.22   3.02     0.92
  SINCE JUN 1      8.94                      8.60   0.34     5.73
  SINCE JAN 1     34.67                     32.57   2.10    28.59

DEGREE DAYS
 COOLING
  TODAY           18                        16      2       20
  MONTH TO DATE  482                       429     53      390
  SINCE JUN 1    948                       811    137      796
  SINCE JAN 1   1283                      1093    190     1089
..................................................................


WIND (MPH)
  HIGHEST WIND SPEED    25   HIGHEST WIND DIRECTION    NE (50)
  HIGHEST GUST SPEED    31   HIGHEST GUST DIRECTION    NE (50)
  AVERAGE WIND SPEED     2.0


SKY COVER
  AVERAGE SKY COVER 0.5


WEATHER CONDITIONS
 THE FOLLOWING WEATHER WAS RECORDED TODAY.
  THUNDERSTORM
  HEAVY RAIN
  LIGHT RAIN
  FOG


RELATIVE HUMIDITY (PERCENT)
 HIGHEST    94           100 AM
 LOWEST     56          1100 AM
 AVERAGE    75

..........................................................


THE BIRMINGHAM CLIMATE NORMALS FOR TOMORROW
                         NORMAL    RECORD    YEAR
 MAXIMUM TEMPERATURE (F)   91       105      1952
 MINIMUM TEMPERATURE (F)   72        60      1911


SUNRISE AND SUNSET
JULY 27 2015..........SUNRISE   556 AM CDT   SUNSET   751 PM CDT
JULY 28 2015..........SUNRISE   556 AM CDT   SUNSET   750 PM CDT


-  INDICATES NEGATIVE NUMBERS.
R  INDICATES RECORD WAS SET OR TIED.
MM INDICATES DATA IS MISSING.
T  INDICATES TRACE AMOUNT.




$$
