000
CDUS44 KBMX 180738
CLIBHM


CLIMATE REPORT
NATIONAL WEATHER SERVICE BIRMINGHAM, AL
137 AM CST THU DEC 18 2014


...................................

...THE BIRMINGHAM CLIMATE SUMMARY FOR DECEMBER 17 2014...

CLIMATE NORMAL PERIOD 1981 TO 2010
CLIMATE RECORD PERIOD 1895 TO 2014


WEATHER ITEM   OBSERVED TIME   RECORD YEAR NORMAL DEPARTURE LAST
                VALUE   (LST)  VALUE       VALUE  FROM      YEAR
                                                  NORMAL
..................................................................
TEMPERATURE (F)
 YESTERDAY
  MAXIMUM         46    356 PM  73    1984  55     -9       63
                                      1933
  MINIMUM         32    518 AM  13    1901  36     -4       31
  AVERAGE         39                        46     -7       47

PRECIPITATION (IN)
  YESTERDAY        0.00          4.06 1961   0.13  -0.13     0.00
  MONTH TO DATE    2.06                      2.61  -0.55     4.46
  SINCE DEC 1      2.06                      2.61  -0.55     4.46
  SINCE JAN 1     44.68                     51.88  -7.20    65.27

SNOWFALL (IN)
  YESTERDAY        0.0                       0.0    0.0      0.0
  MONTH TO DATE    0.0                       0.0    0.0      0.0
  SINCE DEC 1      0.0                       0.0    0.0      0.0
  SINCE JUL 1      0.0                       0.0    0.0      0.0
  SNOW DEPTH       0

DEGREE DAYS
 HEATING
  YESTERDAY       26                        19      7       18
  MONTH TO DATE  240                       302    -62      292
  SINCE DEC 1    240                       302    -62      292
  SINCE JUL 1    802                       760     42      820
..................................................................


WIND (MPH)
  HIGHEST WIND SPEED    10   HIGHEST WIND DIRECTION     N (350)
  HIGHEST GUST SPEED    13   HIGHEST GUST DIRECTION     N (360)
  AVERAGE WIND SPEED     2.7


SKY COVER
  AVERAGE SKY COVER 0.5


WEATHER CONDITIONS
 THE FOLLOWING WEATHER WAS RECORDED YESTERDAY.
  NO SIGNIFICANT WEATHER WAS OBSERVED.


RELATIVE HUMIDITY (PERCENT)
 HIGHEST    96           600 AM
 LOWEST     70           200 PM
 AVERAGE    83

..........................................................


THE BIRMINGHAM CLIMATE NORMALS FOR TODAY
                         NORMAL    RECORD    YEAR
 MAXIMUM TEMPERATURE (F)   55        76      1984
                                             1908
 MINIMUM TEMPERATURE (F)   36         8      1901


SUNRISE AND SUNSET
DECEMBER 18 2014......SUNRISE   646 AM CST   SUNSET   442 PM CST
DECEMBER 19 2014......SUNRISE   646 AM CST   SUNSET   442 PM CST


-  INDICATES NEGATIVE NUMBERS.
R  INDICATES RECORD WAS SET OR TIED.
MM INDICATES DATA IS MISSING.
T  INDICATES TRACE AMOUNT.




$$
