000
CDUS44 KBMX 300935
CLIBHM


CLIMATE REPORT
NATIONAL WEATHER SERVICE BIRMINGHAM, AL
435 AM CDT TUE SEP 30 2014


...................................

...THE BIRMINGHAM CLIMATE SUMMARY FOR SEPTEMBER 29 2014...

CLIMATE NORMAL PERIOD 1981 TO 2010
CLIMATE RECORD PERIOD 1895 TO 2014


WEATHER ITEM   OBSERVED TIME   RECORD YEAR NORMAL DEPARTURE LAST
                VALUE   (LST)  VALUE       VALUE  FROM      YEAR
                                                  NORMAL
..................................................................
TEMPERATURE (F)
 YESTERDAY
  MAXIMUM         84    206 PM  96    1904  81      3       78
  MINIMUM         69   1159 PM  40    1967  59     10       58
  AVERAGE         77                        70      7       68

PRECIPITATION (IN)
  YESTERDAY        T             2.37 1964   0.14  -0.14     0.00
  MONTH TO DATE    1.64                      3.77  -2.13     2.46
  SINCE SEP 1      1.64                      3.77  -2.13     2.46
  SINCE JAN 1     34.50                     40.85  -6.35    54.72

DEGREE DAYS
 HEATING
  YESTERDAY        0                         1     -1        0
  MONTH TO DATE    0                         7     -7        0
  SINCE SEP 1      0                         7     -7        0
  SINCE JUL 1      0                         7     -7        0

 COOLING
  YESTERDAY       12                         6      6        3
  MONTH TO DATE  367                       295     72      312
  SINCE SEP 1    367                       295     72      312
  SINCE JAN 1   2007                      1945     62     1837
..................................................................


WIND (MPH)
  HIGHEST WIND SPEED    12   HIGHEST WIND DIRECTION    NE (40)
  HIGHEST GUST SPEED    15   HIGHEST GUST DIRECTION    NE (40)
  AVERAGE WIND SPEED     5.6


SKY COVER
  AVERAGE SKY COVER 0.6


WEATHER CONDITIONS
 THE FOLLOWING WEATHER WAS RECORDED YESTERDAY.
  HAZE


RELATIVE HUMIDITY (PERCENT)
 HIGHEST    84          1200 AM
 LOWEST     55           300 PM
 AVERAGE    70

..........................................................


THE BIRMINGHAM CLIMATE NORMALS FOR TODAY
                         NORMAL    RECORD    YEAR
 MAXIMUM TEMPERATURE (F)   80        95      1904
 MINIMUM TEMPERATURE (F)   59        37      1967


SUNRISE AND SUNSET
SEPTEMBER 30 2014.....SUNRISE   641 AM CDT   SUNSET   633 PM CDT
OCTOBER  1 2014.......SUNRISE   641 AM CDT   SUNSET   631 PM CDT


-  INDICATES NEGATIVE NUMBERS.
R  INDICATES RECORD WAS SET OR TIED.
MM INDICATES DATA IS MISSING.
T  INDICATES TRACE AMOUNT.




$$
