971
CDUS44 KBMX 240834
CLIBHM


CLIMATE REPORT
NATIONAL WEATHER SERVICE BIRMINGHAM, AL
333 AM CDT MON APR 24 2017


...................................

...THE BIRMINGHAM CLIMATE SUMMARY FOR APRIL 23 2017...

CLIMATE NORMAL PERIOD 1981 TO 2010
CLIMATE RECORD PERIOD 1895 TO 2017


WEATHER ITEM   OBSERVED TIME   RECORD YEAR NORMAL DEPARTURE LAST
                VALUE   (LST)  VALUE       VALUE  FROM      YEAR
                                                  NORMAL
..................................................................
TEMPERATURE (F)
 YESTERDAY
  MAXIMUM         66   1216 AM  90    1896  76    -10       79
  MINIMUM         51   1044 PM  30    1986  53     -2       51
  AVERAGE         59                        64     -5       65

PRECIPITATION (IN)
  YESTERDAY        0.54          1.36 1983   0.14   0.40     0.00
  MONTH TO DATE    5.03                      3.37   1.66     2.87
  SINCE MAR 1     10.27                      8.60   1.67     8.57
  SINCE JAN 1     19.93                     17.97   1.96    19.31

SNOWFALL (IN)
  YESTERDAY        0.0                       0.0    0.0      0.0
  MONTH TO DATE    0.0                       0.2   -0.2      0.0
  SINCE MAR 1      0.0                       0.8   -0.8      0.0
  SINCE JUL 1      0.3                       1.6   -1.3       T
  SNOW DEPTH       0

DEGREE DAYS
 HEATING
  YESTERDAY        6                         3      3        0
  MONTH TO DATE   35                       122    -87       78
  SINCE MAR 1    286                       444   -158      269
  SINCE JUL 1   1658                      2634   -976     1939

 COOLING
  YESTERDAY        0                         3     -3        0
  MONTH TO DATE  120                        41     79       12
  SINCE MAR 1    174                        59    115       53
  SINCE JAN 1    189                        63    126       60
..................................................................


WIND (MPH)
  HIGHEST WIND SPEED    20   HIGHEST WIND DIRECTION     W (290)
  HIGHEST GUST SPEED    23   HIGHEST GUST DIRECTION    NW (300)
  AVERAGE WIND SPEED    10.1


SKY COVER
  AVERAGE SKY COVER 1.0


WEATHER CONDITIONS
 THE FOLLOWING WEATHER WAS RECORDED YESTERDAY.
  THUNDERSTORM
  HEAVY RAIN
  RAIN
  LIGHT RAIN
  FOG


RELATIVE HUMIDITY (PERCENT)
 HIGHEST   100           100 AM
 LOWEST     67           100 PM
 AVERAGE    84

..........................................................


THE BIRMINGHAM CLIMATE NORMALS FOR TODAY
                         NORMAL    RECORD    YEAR
 MAXIMUM TEMPERATURE (F)   76        90      1925
 MINIMUM TEMPERATURE (F)   53        35      1986


SUNRISE AND SUNSET
APRIL 24 2017.........SUNRISE   606 AM CDT   SUNSET   725 PM CDT
APRIL 25 2017.........SUNRISE   605 AM CDT   SUNSET   726 PM CDT


-  INDICATES NEGATIVE NUMBERS.
R  INDICATES RECORD WAS SET OR TIED.
MM INDICATES DATA IS MISSING.
T  INDICATES TRACE AMOUNT.




$$
