000
CDUS44 KBMX 230819
CLIBHM


CLIMATE REPORT
NATIONAL WEATHER SERVICE BIRMINGHAM, AL
319 AM CDT SUN JUL 23 2017


...................................

...THE BIRMINGHAM CLIMATE SUMMARY FOR JULY 22 2017...

CLIMATE NORMAL PERIOD 1981 TO 2010
CLIMATE RECORD PERIOD 1895 TO 2017


WEATHER ITEM   OBSERVED TIME   RECORD YEAR NORMAL DEPARTURE LAST
                VALUE   (LST)  VALUE       VALUE  FROM      YEAR
                                                  NORMAL
..................................................................
TEMPERATURE (F)
 YESTERDAY
  MAXIMUM         92    427 PM 100    1993  91      1       94
  MINIMUM         75    517 AM  55    1947  72      3       74
  AVERAGE         84                        81      3       84

PRECIPITATION (IN)
  YESTERDAY        0.00          2.92 2006   0.15  -0.15     0.00
  MONTH TO DATE    5.46                      3.46   2.00     5.25
  SINCE JUN 1     16.26                      7.84   8.42     9.21
  SINCE JAN 1     43.92                     31.81  12.11    30.82

DEGREE DAYS
 COOLING
  YESTERDAY       19                        16      3       19
  MONTH TO DATE  381                       349     32      425
  SINCE JUN 1    741                       731     10      904
  SINCE JAN 1   1203                      1013    190     1227
..................................................................


WIND (MPH)
  HIGHEST WIND SPEED    15   HIGHEST WIND DIRECTION     S (200)
  HIGHEST GUST SPEED    19   HIGHEST GUST DIRECTION    SW (210)
  AVERAGE WIND SPEED     5.1


SKY COVER
  AVERAGE SKY COVER 0.3


WEATHER CONDITIONS
 THE FOLLOWING WEATHER WAS RECORDED YESTERDAY.
  THUNDERSTORM


RELATIVE HUMIDITY (PERCENT)
 HIGHEST    87           400 AM
 LOWEST     49           400 PM
 AVERAGE    68

..........................................................


THE BIRMINGHAM CLIMATE NORMALS FOR TODAY
                         NORMAL    RECORD    YEAR
 MAXIMUM TEMPERATURE (F)   91       105      1952
 MINIMUM TEMPERATURE (F)   72        60      1915


SUNRISE AND SUNSET
JULY 23 2017..........SUNRISE   553 AM CDT   SUNSET   753 PM CDT
JULY 24 2017..........SUNRISE   554 AM CDT   SUNSET   753 PM CDT


-  INDICATES NEGATIVE NUMBERS.
R  INDICATES RECORD WAS SET OR TIED.
MM INDICATES DATA IS MISSING.
T  INDICATES TRACE AMOUNT.




$$
