711
CDUS45 KVEF 250830
CLIBIH


CLIMATE REPORT
NATIONAL WEATHER SERVICE LAS VEGAS, NV
129 AM PDT WED MAY 25 2016


...................................

...THE BISHOP CA CLIMATE SUMMARY FOR MAY 24 2016...

CLIMATE NORMAL PERIOD 1981 TO 2010
CLIMATE RECORD PERIOD 1943 TO 2016


WEATHER ITEM   OBSERVED TIME   RECORD YEAR NORMAL DEPARTURE LAST
                VALUE   (LST)  VALUE       VALUE  FROM      YEAR
                                                  NORMAL
..................................................................
TEMPERATURE (F)
 YESTERDAY
  MAXIMUM         71    405 PM  97    2001  85    -14       80
  MINIMUM         47    530 AM  28    2010  46      1       50
                                      1978
  AVERAGE         59                        66     -7       65

PRECIPITATION (IN)
  YESTERDAY        0.02          0.10 1956   0.00   0.02      T
                                      1953
  MONTH TO DATE    0.33                      0.14   0.19     1.39
  SINCE OCT 1      3.37                      4.45  -1.08     2.13
  SINCE JAN 1      2.56                      2.83  -0.27     1.67

SNOWFALL (IN)
  YESTERDAY       MM            MM      MM   0.0   MM        0.0
  MONTH TO DATE    0.0                       0.0    0.0       T
  SINCE MAR 1      T                         0.6   -0.6       T
  SINCE JUL 1      2.0                       8.0   -6.0       T
  SNOW DEPTH       0

DEGREE DAYS
 HEATING
  YESTERDAY        6                         2      4        0
  MONTH TO DATE   85                       103    -18      127
  SINCE MAR 1    687                       938   -251      677
  SINCE JUL 1   3743                      4145   -402     3118

 COOLING
  YESTERDAY        0                         3     -3        0
  MONTH TO DATE   28                        38    -10        1
  SINCE MAR 1     28                        42    -14        5
  SINCE JAN 1     28                        42    -14        5
..................................................................


WIND (MPH)
  RESULTANT WIND SPEED   6   RESULTANT WIND DIRECTION   N (360)
  HIGHEST WIND SPEED    38   HIGHEST WIND DIRECTION     N (360)
  HIGHEST GUST SPEED    46   HIGHEST GUST DIRECTION     N (350)
  AVERAGE WIND SPEED     9.4


SKY COVER
  POSSIBLE SUNSHINE  MM
  AVERAGE SKY COVER 0.6


WEATHER CONDITIONS
 THE FOLLOWING WEATHER WAS RECORDED YESTERDAY.
  LIGHT RAIN


RELATIVE HUMIDITY (PERCENT)
 HIGHEST    77           200 AM
 LOWEST     22          1100 AM
 AVERAGE    50

..........................................................


THE BISHOP CA CLIMATE NORMALS FOR TODAY
                         NORMAL    RECORD    YEAR
 MAXIMUM TEMPERATURE (F)   85       100      1951
 MINIMUM TEMPERATURE (F)   46        26      1980


SUNRISE AND SUNSET
MAY 25 2016...........SUNRISE   537 AM PDT   SUNSET   804 PM PDT
MAY 26 2016...........SUNRISE   537 AM PDT   SUNSET   805 PM PDT


-  INDICATES NEGATIVE NUMBERS.
R  INDICATES RECORD WAS SET OR TIED.
MM INDICATES DATA IS MISSING.
T  INDICATES TRACE AMOUNT.




$$
