000
CDUS45 KVEF 250828
CLIBIH


CLIMATE REPORT
NATIONAL WEATHER SERVICE LAS VEGAS, NV
127 AM PDT MON MAY 25 2015


...................................

...THE BISHOP CA CLIMATE SUMMARY FOR MAY 24 2015...

CLIMATE NORMAL PERIOD 1981 TO 2010
CLIMATE RECORD PERIOD 1943 TO 2015


WEATHER ITEM   OBSERVED TIME   RECORD YEAR NORMAL DEPARTURE LAST
                VALUE   (LST)  VALUE       VALUE  FROM      YEAR
                                                  NORMAL
..................................................................
TEMPERATURE (F)
 YESTERDAY
  MAXIMUM         80    354 PM  97    2001  85     -5       90
  MINIMUM         50    437 AM  28    2010  46      4       54
                                      1978
  AVERAGE         65                        66     -1       72

PRECIPITATION (IN)
  YESTERDAY        T             0.10 1956   0.00   0.00     0.00
                                      1953
  MONTH TO DATE    1.39                      0.14   1.25     0.24
  SINCE OCT 1      2.13                      4.45  -2.32     2.48
  SINCE JAN 1      1.67                      2.83  -1.16     2.26

SNOWFALL (IN)
  YESTERDAY        0.0          MM      MM   0.0    0.0      0.0
  MONTH TO DATE    T                         0.0    0.0      0.0
  SINCE MAR 1      T                         0.9   -0.9      0.1
  SINCE JUL 1      T                         6.8   -6.8      0.6
  SNOW DEPTH       0

DEGREE DAYS
 HEATING
  YESTERDAY        0                         2     -2        0
  MONTH TO DATE  127                       103     24       88
  SINCE MAR 1    677                       938   -261      732
  SINCE JUL 1   3118                      4145  -1027     3682

 COOLING
  YESTERDAY        0                         3     -3        7
  MONTH TO DATE    1                        38    -37       33
  SINCE MAR 1      5                        42    -37       37
  SINCE JAN 1      5                        42    -37       37
..................................................................


WIND (MPH)
  RESULTANT WIND SPEED   3   RESULTANT WIND DIRECTION  NW (330)
  HIGHEST WIND SPEED    25   HIGHEST WIND DIRECTION     N (10)
  HIGHEST GUST SPEED    34   HIGHEST GUST DIRECTION     N (360)
  AVERAGE WIND SPEED     5.1


SKY COVER
  POSSIBLE SUNSHINE  MM
  AVERAGE SKY COVER 0.6


WEATHER CONDITIONS
 THE FOLLOWING WEATHER WAS RECORDED YESTERDAY.
  LIGHT RAIN


RELATIVE HUMIDITY (PERCENT)
 HIGHEST    93           100 AM
 LOWEST     25           400 PM
 AVERAGE    59

..........................................................


THE BISHOP CA CLIMATE NORMALS FOR TODAY
                         NORMAL    RECORD    YEAR
 MAXIMUM TEMPERATURE (F)   85       100      1951
 MINIMUM TEMPERATURE (F)   46        26      1980


SUNRISE AND SUNSET
MAY 25 2015...........SUNRISE   538 AM PDT   SUNSET   803 PM PDT
MAY 26 2015...........SUNRISE   537 AM PDT   SUNSET   804 PM PDT


-  INDICATES NEGATIVE NUMBERS.
R  INDICATES RECORD WAS SET OR TIED.
MM INDICATES DATA IS MISSING.
T  INDICATES TRACE AMOUNT.




$$
