296
CDUS45 KVEF 130026
CLIBIH


CLIMATE REPORT
NATIONAL WEATHER SERVICE LAS VEGAS, NV
425 PM PST FRI FEB 12 2016


...................................

...THE BISHOP CA CLIMATE SUMMARY FOR FEBRUARY 12 2016...
VALID TODAY AS OF 0400 PM LOCAL TIME.

CLIMATE NORMAL PERIOD 1981 TO 2010
CLIMATE RECORD PERIOD 1943 TO 2016


WEATHER ITEM   OBSERVED RECORD YEAR NORMAL DEPARTURE LAST
                VALUE   VALUE       VALUE  FROM      YEAR
                                           NORMAL
...........................................................
TEMPERATURE (F)
 TODAY
  MAXIMUM         70     74    1971  57     13       72
  MINIMUM         29      8    1948  26      3       28
  AVERAGE         50

PRECIPITATION (IN)
  TODAY            0.00   0.62 1986   0.03  -0.03     0.00
  MONTH TO DATE    0.00               0.34  -0.34     0.13
  SINCE OCT 1      1.87               3.01  -1.14     0.68
  SINCE JAN 1      1.06               1.39  -0.33     0.22

SNOWFALL (IN)
  TODAY            0.0    5.8  2001   0.0    0.0      0.0
  MONTH TO DATE    0.0                0.4   -0.4      0.0
  SINCE DEC 1      2.0                6.8   -4.8      0.0
  SINCE JUL 1      2.0                7.1   -5.1      0.0
  SNOW DEPTH       0

DEGREE DAYS
 HEATING
  TODAY           15                 23     -8       15
  MONTH TO DATE  273                292    -19      169
  SINCE DEC 1   1999               1960     39     1556
  SINCE JUL 1   2813               2861    -48     2207

 COOLING
  TODAY            0                  0      0        0
  MONTH TO DATE    0                  0      0        0
  SINCE DEC 1      0                  0      0        0
  SINCE JAN 1      0                  0      0        0
...........................................................


WIND (MPH)
  RESULTANT WIND SPEED   3   RESULTANT WIND DIRECTION  NW (330)
  HIGHEST WIND SPEED     9   HIGHEST WIND DIRECTION    NW (300)
  HIGHEST GUST SPEED    10   HIGHEST GUST DIRECTION    SE (150)
  AVERAGE WIND SPEED     4.2


SKY COVER
  POSSIBLE SUNSHINE  MM
  AVERAGE SKY COVER 0.0


WEATHER CONDITIONS
 THE FOLLOWING WEATHER WAS RECORDED TODAY.
  NO SIGNIFICANT WEATHER WAS OBSERVED.


RELATIVE HUMIDITY (PERCENT)
 HIGHEST    72           600 AM
 LOWEST     12           300 PM
 AVERAGE    42

..........................................................


THE BISHOP CA CLIMATE NORMALS FOR TOMORROW
                         NORMAL    RECORD    YEAR
 MAXIMUM TEMPERATURE (F)   57        81      2014
 MINIMUM TEMPERATURE (F)   26        12      1948


SUNRISE AND SUNSET
FEBRUARY 12 2016......SUNRISE   646 AM PST   SUNSET   529 PM PST
FEBRUARY 13 2016......SUNRISE   645 AM PST   SUNSET   531 PM PST


-  INDICATES NEGATIVE NUMBERS.
R  INDICATES RECORD WAS SET OR TIED.
MM INDICATES DATA IS MISSING.
T  INDICATES TRACE AMOUNT.




$$
