000
CDUS45 KVEF 180845
CLIBIH


CLIMATE REPORT
NATIONAL WEATHER SERVICE LAS VEGAS, NV
1245 AM PST SAT NOV 18 2017


...................................

...THE BISHOP CA CLIMATE SUMMARY FOR NOVEMBER 17 2017...

CLIMATE NORMAL PERIOD 1981 TO 2010
CLIMATE RECORD PERIOD 1943 TO 2017


WEATHER ITEM   OBSERVED TIME   RECORD YEAR NORMAL DEPARTURE LAST
                VALUE   (LST)  VALUE       VALUE  FROM      YEAR
                                                  NORMAL
..................................................................
TEMPERATURE (F)
 YESTERDAY
  MAXIMUM         65    206 PM  77    2008  62      3       53
  MINIMUM         38   1159 PM   5    1958  27     11       23
  AVERAGE         52                        44      8       38

PRECIPITATION (IN)
  YESTERDAY        0.16          1.08 1973   0.02   0.14     0.00
  MONTH TO DATE    0.16                      0.28  -0.12     0.00
  SINCE OCT 1      0.16                      0.58  -0.42     0.09
  SINCE JAN 1      8.98                      4.13   4.85     3.16

SNOWFALL (IN)
  YESTERDAY       MM             2.0  1964   0.0   MM        0.0
  MONTH TO DATE    0.0                       0.1   -0.1      0.0
  SINCE SEP 1      0.0                       0.1   -0.1      0.0
  SINCE JUL 1      0.0                       0.1   -0.1      0.0
  SNOW DEPTH       0

DEGREE DAYS
 HEATING
  YESTERDAY       13                        20     -7       27
  MONTH TO DATE  286                       295     -9      217
  SINCE SEP 1    595                       600     -5      426
  SINCE JUL 1    595                       602     -7      426

 COOLING
  YESTERDAY        0                         0      0        0
  MONTH TO DATE    0                         0      0        0
  SINCE SEP 1    134                       127      7      138
  SINCE JAN 1   1407                      1104    303     1361
..................................................................


WIND (MPH)
  RESULTANT WIND SPEED   8   RESULTANT WIND DIRECTION   N (360)
  HIGHEST WIND SPEED    26   HIGHEST WIND DIRECTION     N (350)
  HIGHEST GUST SPEED    37   HIGHEST GUST DIRECTION     N (360)
  AVERAGE WIND SPEED    11.0


SKY COVER
  POSSIBLE SUNSHINE  MM
  AVERAGE SKY COVER 0.3


WEATHER CONDITIONS
 THE FOLLOWING WEATHER WAS RECORDED YESTERDAY.
  HEAVY RAIN
  RAIN
  LIGHT RAIN
  FOG


RELATIVE HUMIDITY (PERCENT)
 HIGHEST    93           400 AM
 LOWEST     22           200 PM
 AVERAGE    58

..........................................................


THE BISHOP CA CLIMATE NORMALS FOR TODAY
                         NORMAL    RECORD    YEAR
 MAXIMUM TEMPERATURE (F)   61        77      1976
 MINIMUM TEMPERATURE (F)   27        10      1964


SUNRISE AND SUNSET
NOVEMBER 18 2017......SUNRISE   636 AM PST   SUNSET   441 PM PST
NOVEMBER 19 2017......SUNRISE   637 AM PST   SUNSET   440 PM PST


-  INDICATES NEGATIVE NUMBERS.
R  INDICATES RECORD WAS SET OR TIED.
MM INDICATES DATA IS MISSING.
T  INDICATES TRACE AMOUNT.




$$
