000
CDUS45 KVEF 230029
CLIBIH


CLIMATE REPORT
NATIONAL WEATHER SERVICE LAS VEGAS, NV
428 PM PST MON DEC 22 2014


...................................

...THE BISHOP CA CLIMATE SUMMARY FOR DECEMBER 22 2014...
VALID TODAY AS OF 0400 PM LOCAL TIME.

CLIMATE NORMAL PERIOD 1981 TO 2010
CLIMATE RECORD PERIOD 1943 TO 2014


WEATHER ITEM   OBSERVED RECORD YEAR NORMAL DEPARTURE LAST
                VALUE   VALUE       VALUE  FROM      YEAR
                                           NORMAL
...........................................................
TEMPERATURE (F)
 TODAY
  MAXIMUM         74R    71    2000  53     21       65
  MINIMUM         39     -8    1990  22     17       26
  AVERAGE         57

PRECIPITATION (IN)
  TODAY            0.00   2.67 1982   0.03  -0.03     0.00
  MONTH TO DATE    0.46               0.48  -0.02     0.03
  SINCE OCT 1      0.46               1.30  -0.84     0.22
  SINCE JAN 1      3.23               4.86  -1.63     1.33

SNOWFALL (IN)
  TODAY            0.0    1.0  1996   0.0    0.0      0.0
  MONTH TO DATE    0.0                0.7   -0.7      0.5
  SINCE DEC 1      0.0                0.7   -0.7      0.5
  SINCE JUL 1      0.0                1.1   -1.1      0.5
  SNOW DEPTH       0

DEGREE DAYS
 HEATING
  TODAY            8                 28    -20       19
  MONTH TO DATE  491                597   -106      602
  SINCE DEC 1    491                597   -106      602
  SINCE JUL 1   1142               1498   -356     1605

 COOLING
  TODAY            0                  0      0        0
  MONTH TO DATE    0                  0      0        0
  SINCE DEC 1      0                  0      0        0
  SINCE JAN 1   1384               1104    280     1337
...........................................................


WIND (MPH)
  RESULTANT WIND SPEED  13   RESULTANT WIND DIRECTION  NW (330)
  HIGHEST WIND SPEED    33   HIGHEST WIND DIRECTION     N (360)
  HIGHEST GUST SPEED    42   HIGHEST GUST DIRECTION     N (360)
  AVERAGE WIND SPEED    14.2


SKY COVER
  POSSIBLE SUNSHINE  MM
  AVERAGE SKY COVER 0.0


WEATHER CONDITIONS
 THE FOLLOWING WEATHER WAS RECORDED TODAY.
  NO SIGNIFICANT WEATHER WAS OBSERVED.


RELATIVE HUMIDITY (PERCENT)
 HIGHEST    54          1200 AM
 LOWEST     17           200 PM
 AVERAGE    36

..........................................................


THE BISHOP CA CLIMATE NORMALS FOR TOMORROW
                         NORMAL    RECORD    YEAR
 MAXIMUM TEMPERATURE (F)   53        73      1964
 MINIMUM TEMPERATURE (F)   22        -5      1990


SUNRISE AND SUNSET
DECEMBER 22 2014......SUNRISE   705 AM PST   SUNSET   440 PM PST
DECEMBER 23 2014......SUNRISE   705 AM PST   SUNSET   440 PM PST


-  INDICATES NEGATIVE NUMBERS.
R  INDICATES RECORD WAS SET OR TIED.
MM INDICATES DATA IS MISSING.
T  INDICATES TRACE AMOUNT.




$$
