000
CDUS45 KVEF 210842
CLIBIH


CLIMATE REPORT
NATIONAL WEATHER SERVICE LAS VEGAS, NV
1242 AM PST SUN JAN 21 2018


...................................

...THE BISHOP CA CLIMATE SUMMARY FOR JANUARY 20 2018...

CLIMATE NORMAL PERIOD 1981 TO 2010
CLIMATE RECORD PERIOD 1943 TO 2018


WEATHER ITEM   OBSERVED TIME   RECORD YEAR NORMAL DEPARTURE LAST
                VALUE   (LST)  VALUE       VALUE  FROM      YEAR
                                                  NORMAL
..................................................................
TEMPERATURE (F)
 YESTERDAY
  MAXIMUM         48    225 PM  74    1971  54     -6       36
  MINIMUM         27    704 AM  -6    1955  23      4       27
  AVERAGE         38                        39     -1       32

PRECIPITATION (IN)
  YESTERDAY        0.00          0.51 2010   0.03  -0.03     0.22
  MONTH TO DATE    0.04                      0.78  -0.74     4.01
  SINCE OCT 1      0.20                      2.40  -2.20     4.37
  SINCE JAN 1      0.04                      0.78  -0.74     4.01

SNOWFALL (IN)
  YESTERDAY        0.0           8.6  1982   0.1   -0.1      1.6
  MONTH TO DATE    0.0                       4.0   -4.0      3.3
  SINCE DEC 1      0.0                       5.2   -5.2      3.3
  SINCE JUL 1      0.0                       5.5   -5.5      3.3
  SNOW DEPTH       0

DEGREE DAYS
 HEATING
  YESTERDAY       27                        26      1       33
  MONTH TO DATE  401                       538   -137      523
  SINCE DEC 1   1108                      1384   -276     1312
  SINCE JUL 1   1908                      2285   -377     2055

 COOLING
  YESTERDAY        0                         0      0        0
  MONTH TO DATE    0                         0      0        0
  SINCE DEC 1      0                         0      0        0
  SINCE JAN 1      0                         0      0        0
..................................................................


WIND (MPH)
  RESULTANT WIND SPEED  13   RESULTANT WIND DIRECTION   N (10)
  HIGHEST WIND SPEED    26   HIGHEST WIND DIRECTION     N (350)
  HIGHEST GUST SPEED    34   HIGHEST GUST DIRECTION     N (10)
  AVERAGE WIND SPEED    13.8


SKY COVER
  POSSIBLE SUNSHINE  MM
  AVERAGE SKY COVER 0.1


WEATHER CONDITIONS
 THE FOLLOWING WEATHER WAS RECORDED YESTERDAY.
  NO SIGNIFICANT WEATHER WAS OBSERVED.


RELATIVE HUMIDITY (PERCENT)
 HIGHEST    63           700 AM
 LOWEST     15           300 PM
 AVERAGE    39

..........................................................


THE BISHOP CA CLIMATE NORMALS FOR TODAY
                         NORMAL    RECORD    YEAR
 MAXIMUM TEMPERATURE (F)   54        70      1968
 MINIMUM TEMPERATURE (F)   23        -3      1955


SUNRISE AND SUNSET
JANUARY 21 2018.......SUNRISE   704 AM PST   SUNSET   506 PM PST
JANUARY 22 2018.......SUNRISE   704 AM PST   SUNSET   507 PM PST


-  INDICATES NEGATIVE NUMBERS.
R  INDICATES RECORD WAS SET OR TIED.
MM INDICATES DATA IS MISSING.
T  INDICATES TRACE AMOUNT.




$$
