000
CDUS45 KVEF 260827
CLIBIH


CLIMATE REPORT
NATIONAL WEATHER SERVICE LAS VEGAS, NV
126 AM PDT SUN MAR 26 2017


...................................

...THE BISHOP CA CLIMATE SUMMARY FOR MARCH 25 2017...

CLIMATE NORMAL PERIOD 1981 TO 2010
CLIMATE RECORD PERIOD 1943 TO 2017


WEATHER ITEM   OBSERVED TIME   RECORD YEAR NORMAL DEPARTURE LAST
                VALUE   (LST)  VALUE       VALUE  FROM      YEAR
                                                  NORMAL
..................................................................
TEMPERATURE (F)
 YESTERDAY
  MAXIMUM         68    220 PM  82    1960  68      0       78
  MINIMUM         37   1159 PM  17    1980  32      5       37
  AVERAGE         53                        50      3       58

PRECIPITATION (IN)
  YESTERDAY        0.00          0.50 1993   0.02  -0.02     0.00
  MONTH TO DATE    0.09                      0.46  -0.37     0.07
  SINCE OCT 1      7.89                      3.98   3.91     2.00
  SINCE JAN 1      7.53                      2.36   5.17     1.19

SNOWFALL (IN)
  YESTERDAY        0.0           0.2  1994   0.0    0.0      0.0
  MONTH TO DATE    T                         0.4   -0.4      0.0
  SINCE MAR 1      T                         0.4   -0.4      0.0
  SINCE JUL 1      8.6                       7.8    0.8      2.0
  SNOW DEPTH       0

DEGREE DAYS
 HEATING
  YESTERDAY       12                        15     -3        7
  MONTH TO DATE  334                       429    -95      309
  SINCE MAR 1    334                       429    -95      309
  SINCE JUL 1   3334                      3636   -302     3365

 COOLING
  YESTERDAY        0                         0      0        0
  MONTH TO DATE    0                         0      0        0
  SINCE MAR 1      0                         0      0        0
  SINCE JAN 1      0                         0      0        0
..................................................................


WIND (MPH)
  RESULTANT WIND SPEED   7   RESULTANT WIND DIRECTION   N (340)
  HIGHEST WIND SPEED    23   HIGHEST WIND DIRECTION     N (350)
  HIGHEST GUST SPEED    28   HIGHEST GUST DIRECTION     N (360)
  AVERAGE WIND SPEED     8.3


SKY COVER
  POSSIBLE SUNSHINE  MM
  AVERAGE SKY COVER 0.2


WEATHER CONDITIONS
 THE FOLLOWING WEATHER WAS RECORDED YESTERDAY.
  NO SIGNIFICANT WEATHER WAS OBSERVED.


RELATIVE HUMIDITY (PERCENT)
 HIGHEST    52          1200 AM
 LOWEST     13           500 PM
 AVERAGE    33

..........................................................


THE BISHOP CA CLIMATE NORMALS FOR TODAY
                         NORMAL    RECORD    YEAR
 MAXIMUM TEMPERATURE (F)   68        81      2015
                                             1960
 MINIMUM TEMPERATURE (F)   33        17      1948


SUNRISE AND SUNSET
MARCH 26 2017.........SUNRISE   647 AM PDT   SUNSET   711 PM PDT
MARCH 27 2017.........SUNRISE   646 AM PDT   SUNSET   712 PM PDT


-  INDICATES NEGATIVE NUMBERS.
R  INDICATES RECORD WAS SET OR TIED.
MM INDICATES DATA IS MISSING.
T  INDICATES TRACE AMOUNT.




$$
