000
CDUS45 KVEF 190828
CLIBIH


CLIMATE REPORT
NATIONAL WEATHER SERVICE LAS VEGAS, NV
1225 AM PST SUN FEB 19 2017


...................................

...THE BISHOP CA CLIMATE SUMMARY FOR FEBRUARY 18 2017...

CLIMATE NORMAL PERIOD 1981 TO 2010
CLIMATE RECORD PERIOD 1943 TO 2017


WEATHER ITEM   OBSERVED TIME   RECORD YEAR NORMAL DEPARTURE LAST
                VALUE   (LST)  VALUE       VALUE  FROM      YEAR
                                                  NORMAL
..................................................................
TEMPERATURE (F)
 YESTERDAY
  MAXIMUM         53    321 PM  76    2015  59     -6       58
  MINIMUM         33   1125 PM  15    1944  27      6       31
  AVERAGE         43                        43      0       45

PRECIPITATION (IN)
  YESTERDAY        0.09          1.24 1993   0.03   0.06     0.06
  MONTH TO DATE    2.02                      0.53   1.49     0.06
  SINCE OCT 1      7.61                      3.20   4.41     1.93
  SINCE JAN 1      7.25                      1.58   5.67     1.12

SNOWFALL (IN)
  YESTERDAY       MM             T    1994   0.0   MM        0.0
  MONTH TO DATE    0.0                       0.5   -0.5      0.0
  SINCE DEC 1      8.6                       6.9    1.7      2.0
  SINCE JUL 1      8.6                       7.2    1.4      2.0
  SNOW DEPTH       0

DEGREE DAYS
 HEATING
  YESTERDAY       22                        22      0       20
  MONTH TO DATE  346                       428    -82      358
  SINCE DEC 1   2010                      2096    -86     2084
  SINCE JUL 1   2753                      2997   -244     2898

 COOLING
  YESTERDAY        0                         0      0        0
  MONTH TO DATE    0                         0      0        0
  SINCE DEC 1      0                         0      0        0
  SINCE JAN 1      0                         0      0        0
..................................................................


WIND (MPH)
  RESULTANT WIND SPEED   4   RESULTANT WIND DIRECTION   S (180)
  HIGHEST WIND SPEED    29   HIGHEST WIND DIRECTION     S (160)
  HIGHEST GUST SPEED    37   HIGHEST GUST DIRECTION     S (160)
  AVERAGE WIND SPEED     5.9


SKY COVER
  POSSIBLE SUNSHINE  MM
  AVERAGE SKY COVER 0.7


WEATHER CONDITIONS
 THE FOLLOWING WEATHER WAS RECORDED YESTERDAY.
  LIGHT RAIN


RELATIVE HUMIDITY (PERCENT)
 HIGHEST    92           100 AM
 LOWEST     54           300 PM
 AVERAGE    73

..........................................................


THE BISHOP CA CLIMATE NORMALS FOR TODAY
                         NORMAL    RECORD    YEAR
 MAXIMUM TEMPERATURE (F)   59        77      2015
                                             1995
 MINIMUM TEMPERATURE (F)   27        12      1956


SUNRISE AND SUNSET
FEBRUARY 19 2017......SUNRISE   637 AM PST   SUNSET   538 PM PST
FEBRUARY 20 2017......SUNRISE   636 AM PST   SUNSET   539 PM PST


-  INDICATES NEGATIVE NUMBERS.
R  INDICATES RECORD WAS SET OR TIED.
MM INDICATES DATA IS MISSING.
T  INDICATES TRACE AMOUNT.




$$
