000
CDUS45 KBYZ 251004
CLIBIL


CLIMATE REPORT
NATIONAL WEATHER SERVICE BILLINGS MT
401 AM MDT WED MAY 25 2016


...................................

...THE BILLINGS MT CLIMATE SUMMARY FOR MAY 24 2016...

CLIMATE NORMAL PERIOD 1981 TO 2010
CLIMATE RECORD PERIOD 1934 TO 2016


WEATHER ITEM   OBSERVED TIME   RECORD YEAR NORMAL DEPARTURE LAST
                VALUE   (LST)  VALUE       VALUE  FROM      YEAR
                                                  NORMAL
..................................................................
TEMPERATURE (F)
 YESTERDAY
  MAXIMUM         64    226 PM  90    1941  70     -6       63
  MINIMUM         46    537 AM  34    1975  46      0       49
  AVERAGE         55                        58     -3       56

PRECIPITATION (IN)
  YESTERDAY        T             3.12 2011   0.07  -0.07     0.03
  MONTH TO DATE    1.82                      1.65   0.17     1.56
  SINCE OCT 1      8.03                      7.64   0.39     6.37
  SINCE JAN 1      5.18                      5.33  -0.15     4.80

SNOWFALL (IN)
  YESTERDAY        0.0           0.4  1975   0.0    0.0      0.0
  MONTH TO DATE    T                         1.9   -1.9       T
  SINCE MAR 1      3.7                      20.4  -16.7     11.3
  SINCE JUL 1     28.1                      54.9  -26.8     55.4
  SNOW DEPTH       0

DEGREE DAYS
 HEATING
  YESTERDAY       10                         8      2        9
  MONTH TO DATE  234                       262    -28      308
  SINCE MAR 1   1367                      1674   -307     1374
  SINCE JUL 1   5628                      6639  -1011     6015

 COOLING
  YESTERDAY        0                         1     -1        0
  MONTH TO DATE    8                         6      2        0
  SINCE MAR 1     11                         7      4        0
  SINCE JAN 1     11                         7      4        0
..................................................................


WIND (MPH)
  HIGHEST WIND SPEED    12   HIGHEST WIND DIRECTION     N (10)
  HIGHEST GUST SPEED    17   HIGHEST GUST DIRECTION     N (340)
  AVERAGE WIND SPEED     4.8


SKY COVER
  POSSIBLE SUNSHINE  MM
  AVERAGE SKY COVER 0.7


WEATHER CONDITIONS
 THE FOLLOWING WEATHER WAS RECORDED YESTERDAY.
  LIGHT RAIN


RELATIVE HUMIDITY (PERCENT)
 HIGHEST    86           500 AM
 LOWEST     42           300 PM
 AVERAGE    64

..........................................................


THE BILLINGS MT CLIMATE NORMALS FOR TODAY
                         NORMAL    RECORD    YEAR
 MAXIMUM TEMPERATURE (F)   70        88      1983
 MINIMUM TEMPERATURE (F)   46        31      2012


SUNRISE AND SUNSET
MAY 25 2016...........SUNRISE   532 AM MDT   SUNSET   851 PM MDT
MAY 26 2016...........SUNRISE   531 AM MDT   SUNSET   852 PM MDT


-  INDICATES NEGATIVE NUMBERS.
R  INDICATES RECORD WAS SET OR TIED.
MM INDICATES DATA IS MISSING.
T  INDICATES TRACE AMOUNT.





&&

...THE CLIMATE SUMMARY FOR SOUTHWEST BILLINGS FOR 24 MAY 2016...

HIGH TEMPERATURE........................65
LOW TEMPERATURE.........................45

PRECIPITATION...........................T
MONTHLY PRECIPITATION TOTAL.............2.65
YEARLY PRECIPITATION TOTAL..............5.65

SNOWFALL................................0.0
MONTHLY SNOWFALL TOTAL..................0.0
TOTAL SNOWFALL SINCE JULY 1.............25.8

SNOW DEPTH AT MIDNIGHT..................0

$$
