000
CDUS45 KBYZ 082336
CLIBIL


CLIMATE REPORT
NATIONAL WEATHER SERVICE BILLINGS MT
434 PM MST THU DEC 8 2016


...................................

...THE BILLINGS MT CLIMATE SUMMARY FOR DECEMBER 8 2016...
VALID TODAY AS OF 0400 PM LOCAL TIME.

CLIMATE NORMAL PERIOD 1981 TO 2010
CLIMATE RECORD PERIOD 1934 TO 2016


WEATHER ITEM   OBSERVED TIME   RECORD YEAR NORMAL DEPARTURE LAST
                VALUE   (LST)  VALUE       VALUE  FROM      YEAR
                                                  NORMAL
..................................................................
TEMPERATURE (F)
 TODAY
  MAXIMUM         11    234 PM  66    1939  36    -25       61
  MINIMUM         -3    653 AM -25    1972  19    -22       43
  AVERAGE          4                        27    -23       52

PRECIPITATION (IN)
  TODAY            0.00          0.24 1983   0.02  -0.02     0.00
  MONTH TO DATE    T                         0.14  -0.14      T
  SINCE OCT 1      3.89                      1.95   1.94     2.28
  SINCE JAN 1     13.22                     13.30  -0.08    12.39

SNOWFALL (IN)
  TODAY            0.0           3.2  1945   0.2   -0.2      0.0
  MONTH TO DATE    0.1                       2.0   -1.9      0.0
  SINCE DEC 1      0.1                       2.0   -1.9      0.0
  SINCE JUL 1      5.4                      13.7   -8.3      4.1
  SNOW DEPTH       0

DEGREE DAYS
 HEATING
  TODAY           61                        38     23       13
  MONTH TO DATE  332                       295     37      201
  SINCE DEC 1    332                       295     37      201
  SINCE JUL 1   1591                      1923   -332     1589

 COOLING
  TODAY            0                         0      0        0
  MONTH TO DATE    0                         0      0        0
  SINCE DEC 1      0                         0      0        0
  SINCE JAN 1    738                       636    102      757
..................................................................


WIND (MPH)
  HIGHEST WIND SPEED    10   HIGHEST WIND DIRECTION    NE (50)
  HIGHEST GUST SPEED    13   HIGHEST GUST DIRECTION    NE (50)
  AVERAGE WIND SPEED     5.1


SKY COVER
  POSSIBLE SUNSHINE  MM
  AVERAGE SKY COVER 0.3


WEATHER CONDITIONS
 THE FOLLOWING WEATHER WAS RECORDED TODAY.
  NO SIGNIFICANT WEATHER WAS OBSERVED.


RELATIVE HUMIDITY (PERCENT)
 HIGHEST    79           200 AM
 LOWEST     58           200 PM
 AVERAGE    69

..........................................................


THE BILLINGS MT CLIMATE NORMALS FOR TOMORROW
                         NORMAL    RECORD    YEAR
 MAXIMUM TEMPERATURE (F)   35        69      1957
 MINIMUM TEMPERATURE (F)   19       -21      1977


SUNRISE AND SUNSET
DECEMBER  8 2016......SUNRISE   743 AM MST   SUNSET   430 PM MST
DECEMBER  9 2016......SUNRISE   744 AM MST   SUNSET   430 PM MST


-  INDICATES NEGATIVE NUMBERS.
R  INDICATES RECORD WAS SET OR TIED.
MM INDICATES DATA IS MISSING.
T  INDICATES TRACE AMOUNT.




$$
