000
CDUS45 KBYZ 250936
CLIBIL


CLIMATE REPORT
NATIONAL WEATHER SERVICE BILLINGS MT
335 AM MDT MON JUL 25 2016


...................................

...THE BILLINGS MT CLIMATE SUMMARY FOR JULY 24 2016...

CLIMATE NORMAL PERIOD 1981 TO 2010
CLIMATE RECORD PERIOD 1934 TO 2016


WEATHER ITEM   OBSERVED TIME   RECORD YEAR NORMAL DEPARTURE LAST
                VALUE   (LST)  VALUE       VALUE  FROM      YEAR
                                                  NORMAL
..................................................................
TEMPERATURE (F)
 YESTERDAY
  MAXIMUM         90    516 PM 105    1999  88      2       90
  MINIMUM         57    526 AM  49    2004  60     -3       59
  AVERAGE         74                        74      0       75

PRECIPITATION (IN)
  YESTERDAY        0.00          0.30 1993   0.04  -0.04      T
  MONTH TO DATE    0.16                      1.07  -0.91     0.92
  SINCE OCT 1      8.64                     11.36  -2.72     9.76
  SINCE JAN 1      5.79                      9.05  -3.26     8.19

SNOWFALL (IN)
  YESTERDAY        0.0           0.0  2002   0.0    0.0      0.0
                                      2001
                                      2000
  MONTH TO DATE    0.0                       0.0    0.0      0.0
  SINCE JUN 1      T                         0.0    0.0      0.0
  SINCE JUL 1      0.0                       0.0    0.0      0.0
  SNOW DEPTH       0

DEGREE DAYS
 HEATING
  YESTERDAY        0                         0      0        0
  MONTH TO DATE    4                        12     -8        1
  SINCE JUN 1     15                       108    -93       19
  SINCE JUL 1      4                        12     -8        1

 COOLING
  YESTERDAY        9                         9      0       10
  MONTH TO DATE  200                       189     11      190
  SINCE JUN 1    388                       274    114      363
  SINCE JAN 1    399                       291    108      366
..................................................................


WIND (MPH)
  HIGHEST WIND SPEED    13   HIGHEST WIND DIRECTION    SW (220)
  HIGHEST GUST SPEED    18   HIGHEST GUST DIRECTION    SW (220)
  AVERAGE WIND SPEED     5.6


SKY COVER
  POSSIBLE SUNSHINE  MM
  AVERAGE SKY COVER 0.1


WEATHER CONDITIONS
 THE FOLLOWING WEATHER WAS RECORDED YESTERDAY.
  NO SIGNIFICANT WEATHER WAS OBSERVED.


RELATIVE HUMIDITY (PERCENT)
 HIGHEST    77           500 AM
 LOWEST     16           300 PM
 AVERAGE    47

..........................................................


THE BILLINGS MT CLIMATE NORMALS FOR TODAY
                         NORMAL    RECORD    YEAR
 MAXIMUM TEMPERATURE (F)   89        98      2011
                                             1945
                                             1936
 MINIMUM TEMPERATURE (F)   60        48      2005


SUNRISE AND SUNSET
JULY 25 2016..........SUNRISE   550 AM MDT   SUNSET   851 PM MDT
JULY 26 2016..........SUNRISE   551 AM MDT   SUNSET   850 PM MDT


-  INDICATES NEGATIVE NUMBERS.
R  INDICATES RECORD WAS SET OR TIED.
MM INDICATES DATA IS MISSING.
T  INDICATES TRACE AMOUNT.





&&

...THE CLIMATE SUMMARY FOR SOUTHWEST BILLINGS FOR 24 JULY 2016...

HIGH TEMPERATURE........................91
LOW TEMPERATURE.........................54

PRECIPITATION...........................0.00
MONTHLY PRECIPITATION TOTAL.............0.57
YEARLY PRECIPITATION TOTAL..............6.90

SNOWFALL................................0.0
MONTHLY SNOWFALL TOTAL..................0.0
TOTAL SNOWFALL SINCE JULY 1.............0.0

SNOW DEPTH AT MIDNIGHT..................0

$$
