000
CDUS45 KBYZ 251034
CLIBIL


CLIMATE REPORT
NATIONAL WEATHER SERVICE BILLINGS MT
333 AM MST SUN JAN 25 2015


...................................

...THE BILLINGS MT CLIMATE SUMMARY FOR JANUARY 24 2015...

CLIMATE NORMAL PERIOD 1981 TO 2010
CLIMATE RECORD PERIOD 1934 TO 2015


WEATHER ITEM   OBSERVED TIME   RECORD YEAR NORMAL DEPARTURE LAST
                VALUE   (LST)  VALUE       VALUE  FROM      YEAR
                                                  NORMAL
..................................................................
TEMPERATURE (F)
 YESTERDAY
  MAXIMUM         56    123 PM  62    2005  37     19       54
  MINIMUM         36   1205 AM -26    1949  18     18       29
  AVERAGE         46                        28     18       42

PRECIPITATION (IN)
  YESTERDAY        T             0.35 1963   0.01  -0.01     0.00
  MONTH TO DATE    1.02                      0.37   0.65     0.62
  SINCE OCT 1      2.59                      2.68  -0.09     5.51
  SINCE JAN 1      1.02                      0.37   0.65     0.62

SNOWFALL (IN)
  YESTERDAY        0.0           4.3  1996   0.2   -0.2      0.0
  MONTH TO DATE   17.8                       6.7   11.1     10.1
  SINCE DEC 1     26.2                      14.9   11.3     34.0
  SINCE JUL 1     39.4                      26.6   12.8     45.1
  SNOW DEPTH       0

DEGREE DAYS
 HEATING
  YESTERDAY       19                        37    -18       23
  MONTH TO DATE  932                       916     16      776
  SINCE DEC 1   2014                      2109    -95     2100
  SINCE JUL 1   3615                      3737   -122     3701

 COOLING
  YESTERDAY        0                         0      0        0
  MONTH TO DATE    0                         0      0        0
  SINCE DEC 1      0                         0      0        0
  SINCE JAN 1      0                         0      0        0
..................................................................


WIND (MPH)
  HIGHEST WIND SPEED    40   HIGHEST WIND DIRECTION     W (280)
  HIGHEST GUST SPEED    51   HIGHEST GUST DIRECTION     W (290)
  AVERAGE WIND SPEED    18.5


SKY COVER
  POSSIBLE SUNSHINE  MM
  AVERAGE SKY COVER 0.7


WEATHER CONDITIONS
 THE FOLLOWING WEATHER WAS RECORDED YESTERDAY.
  NO SIGNIFICANT WEATHER WAS OBSERVED.


RELATIVE HUMIDITY (PERCENT)
 HIGHEST    67           600 PM
 LOWEST     46           900 AM
 AVERAGE    57

..........................................................


THE BILLINGS MT CLIMATE NORMALS FOR TODAY
                         NORMAL    RECORD    YEAR
 MAXIMUM TEMPERATURE (F)   37        59      2006
                                             1992
 MINIMUM TEMPERATURE (F)   19       -28      1957


SUNRISE AND SUNSET
JANUARY 25 2015.......SUNRISE   744 AM MST   SUNSET   510 PM MST
JANUARY 26 2015.......SUNRISE   743 AM MST   SUNSET   511 PM MST


-  INDICATES NEGATIVE NUMBERS.
R  INDICATES RECORD WAS SET OR TIED.
MM INDICATES DATA IS MISSING.
T  INDICATES TRACE AMOUNT.





&&

...THE CLIMATE SUMMARY FOR SOUTHWEST BILLINGS FOR 24 JANUARY 2015...

HIGH TEMPERATURE........................56
LOW TEMPERATURE.........................32

PRECIPITATION...........................0.01
MONTHLY PRECIPITATION TOTAL.............0.97
YEARLY PRECIPITATION TOTAL..............0.97

SNOWFALL................................0.0
MONTHLY SNOWFALL TOTAL..................17.3
TOTAL SNOWFALL SINCE JULY 1.............42.1

SNOW DEPTH AT MIDNIGHT..................T

$$
