000
CDUS45 KBYZ 200723
CLIBIL


CLIMATE REPORT
NATIONAL WEATHER SERVICE BILLINGS MT
123 AM MDT THU JUL 20 2017


...................................

...THE BILLINGS MT CLIMATE SUMMARY FOR JULY 19 2017...

CLIMATE NORMAL PERIOD 1981 TO 2010
CLIMATE RECORD PERIOD 1934 TO 2017


WEATHER ITEM   OBSERVED TIME   RECORD YEAR NORMAL DEPARTURE LAST
                VALUE   (LST)  VALUE       VALUE  FROM      YEAR
                                                  NORMAL
..................................................................
TEMPERATURE (F)
 YESTERDAY
  MAXIMUM         93    522 PM 105    1960  88      5       99
  MINIMUM         65    426 AM  41    1972  60      5       63
  AVERAGE         79                        74      5       81

PRECIPITATION (IN)
  YESTERDAY        0.00          0.67 1972   0.04  -0.04      T
  MONTH TO DATE    0.09                      0.87  -0.78     0.16
  SINCE OCT 1     16.59                     11.16   5.43     8.64
  SINCE JAN 1     11.03                      8.85   2.18     5.79

SNOWFALL (IN)
  YESTERDAY        0.0           0.0  2002   0.0    0.0      0.0
                                      2001
                                      2000
  MONTH TO DATE    0.0                       0.0    0.0      0.0
  SINCE JUN 1      0.0                       0.0    0.0       T
  SINCE JUL 1      0.0                       0.0    0.0      0.0
  SNOW DEPTH       0

DEGREE DAYS
 HEATING
  YESTERDAY        0                         0      0        0
  MONTH TO DATE    0                        12    -12        4
  SINCE JUN 1     38                       108    -70       15
  SINCE JUL 1      0                        12    -12        4

 COOLING
  YESTERDAY       14                         9      5       16
  MONTH TO DATE  262                       144    118      139
  SINCE JUN 1    365                       229    136      327
  SINCE JAN 1    380                       246    134      338
..................................................................


WIND (MPH)
  HIGHEST WIND SPEED    23   HIGHEST WIND DIRECTION    NW (320)
  HIGHEST GUST SPEED    28   HIGHEST GUST DIRECTION    NW (320)
  AVERAGE WIND SPEED     7.7


SKY COVER
  POSSIBLE SUNSHINE  MM
  AVERAGE SKY COVER 0.1


WEATHER CONDITIONS
 THE FOLLOWING WEATHER WAS RECORDED YESTERDAY.
  NO SIGNIFICANT WEATHER WAS OBSERVED.


RELATIVE HUMIDITY (PERCENT)
 HIGHEST    48           600 AM
 LOWEST     14           600 PM
 AVERAGE    31

..........................................................


THE BILLINGS MT CLIMATE NORMALS FOR TODAY
                         NORMAL    RECORD    YEAR
 MAXIMUM TEMPERATURE (F)   88       103      1960
 MINIMUM TEMPERATURE (F)   60        46      1972


SUNRISE AND SUNSET
JULY 20 2017..........SUNRISE   544 AM MDT   SUNSET   856 PM MDT
JULY 21 2017..........SUNRISE   545 AM MDT   SUNSET   855 PM MDT


-  INDICATES NEGATIVE NUMBERS.
R  INDICATES RECORD WAS SET OR TIED.
MM INDICATES DATA IS MISSING.
T  INDICATES TRACE AMOUNT.




$$
