000
CDUS45 KBYZ 221040
CLIBIL


CLIMATE REPORT
NATIONAL WEATHER SERVICE BILLINGS MT
340 AM MST WED FEB 22 2017


...................................

...THE BILLINGS MT CLIMATE SUMMARY FOR FEBRUARY 21 2017...

CLIMATE NORMAL PERIOD 1981 TO 2010
CLIMATE RECORD PERIOD 1934 TO 2017


WEATHER ITEM   OBSERVED TIME   RECORD YEAR NORMAL DEPARTURE LAST
                VALUE   (LST)  VALUE       VALUE  FROM      YEAR
                                                  NORMAL
..................................................................
TEMPERATURE (F)
 YESTERDAY
  MAXIMUM         62    127 PM  71    1982  42     20       48
  MINIMUM         40   1159 PM  -9    1957  21     19       28
  AVERAGE         51                        32     19       38

PRECIPITATION (IN)
  YESTERDAY        T             0.30 1968   0.02  -0.02     0.00
  MONTH TO DATE    0.55                      0.34   0.21     0.09
  SINCE OCT 1      6.74                      3.13   3.61     3.38
  SINCE JAN 1      1.18                      0.82   0.36     0.53

SNOWFALL (IN)
  YESTERDAY        0.0           2.9  2005   0.2   -0.2      0.0
  MONTH TO DATE   10.7                       4.4    6.3      0.2
  SINCE DEC 1     53.3                      21.0   32.3     20.3
  SINCE JUL 1     58.6                      32.7   25.9     24.4
  SNOW DEPTH       0

DEGREE DAYS
 HEATING
  YESTERDAY       14                        33    -19       27
  MONTH TO DATE  726                       742    -16      507
  SINCE DEC 1   3572                      3110    462     2690
  SINCE JUL 1   4831                      4738     93     4078

 COOLING
  YESTERDAY        0                         0      0        0
  MONTH TO DATE    0                         0      0        0
  SINCE DEC 1      0                         0      0        0
  SINCE JAN 1      0                         0      0        0
..................................................................


WIND (MPH)
  HIGHEST WIND SPEED    39   HIGHEST WIND DIRECTION     W (290)
  HIGHEST GUST SPEED    48   HIGHEST GUST DIRECTION    SW (230)
  AVERAGE WIND SPEED    13.5


SKY COVER
  POSSIBLE SUNSHINE  MM
  AVERAGE SKY COVER 0.6


WEATHER CONDITIONS
 THE FOLLOWING WEATHER WAS RECORDED YESTERDAY.
  LIGHT RAIN


RELATIVE HUMIDITY (PERCENT)
 HIGHEST    67           600 AM
 LOWEST     21           100 PM
 AVERAGE    44

..........................................................


THE BILLINGS MT CLIMATE NORMALS FOR TODAY
                         NORMAL    RECORD    YEAR
 MAXIMUM TEMPERATURE (F)   42        64      2002
                                             1958
 MINIMUM TEMPERATURE (F)   22       -13      1965


SUNRISE AND SUNSET
FEBRUARY 22 2017......SUNRISE   704 AM MST   SUNSET   551 PM MST
FEBRUARY 23 2017......SUNRISE   703 AM MST   SUNSET   553 PM MST


-  INDICATES NEGATIVE NUMBERS.
R  INDICATES RECORD WAS SET OR TIED.
MM INDICATES DATA IS MISSING.
T  INDICATES TRACE AMOUNT.





&&

...THE CLIMATE SUMMARY FOR SOUTHWEST BILLINGS FOR 21 FEBRUARY 2017...

HIGH TEMPERATURE........................65
LOW TEMPERATURE.........................36

PRECIPITATION...........................T
MONTHLY PRECIPITATION TOTAL.............0.48
YEARLY PRECIPITATION TOTAL..............1.15

SNOWFALL................................0.0
MONTHLY SNOWFALL TOTAL..................7.3
TOTAL SNOWFALL SINCE JULY 1.............45.8

SNOW DEPTH AT MIDNIGHT..................0

$$
