900
CDUS45 KBYZ 052324
CLIBIL


CLIMATE REPORT
NATIONAL WEATHER SERVICE BILLINGS MT
424 PM MST FRI FEB 5 2016


...................................

...THE BILLINGS MT CLIMATE SUMMARY FOR FEBRUARY 5 2016...
VALID TODAY AS OF 0400 PM LOCAL TIME.

CLIMATE NORMAL PERIOD 1981 TO 2010
CLIMATE RECORD PERIOD 1934 TO 2016


WEATHER ITEM   OBSERVED TIME   RECORD YEAR NORMAL DEPARTURE LAST
                VALUE   (LST)  VALUE       VALUE  FROM      YEAR
                                                  NORMAL
..................................................................
TEMPERATURE (F)
 TODAY
  MAXIMUM         49    232 PM  65    1963  38     11       49
  MINIMUM         28    858 AM -19    2014  19      9       32
                                      1989
  AVERAGE         39                        29     10       41

PRECIPITATION (IN)
  TODAY            0.00          0.24 1973   0.02  -0.02     0.00
  MONTH TO DATE    T                         0.08  -0.08     0.09
  SINCE OCT 1      3.29                      2.87   0.42     2.75
  SINCE JAN 1      0.44                      0.56  -0.12     1.18

SNOWFALL (IN)
  TODAY            0.0           2.9  1973   0.2   -0.2      0.0
  MONTH TO DATE    T                         1.1   -1.1      1.7
  SINCE DEC 1     20.1                      17.7    2.4     28.8
  SINCE JUL 1     24.2                      29.4   -5.2     42.0
  SNOW DEPTH       0

DEGREE DAYS
 HEATING
  TODAY           26                        36    -10       24
  MONTH TO DATE  171                       183    -12      184
  SINCE DEC 1   2354                      2551   -197     2348
  SINCE JUL 1   3742                      4179   -437     3949

 COOLING
  TODAY            0                         0      0        0
  MONTH TO DATE    0                         0      0        0
  SINCE DEC 1      0                         0      0        0
  SINCE JAN 1      0                         0      0        0
..................................................................


WIND (MPH)
  HIGHEST WIND SPEED    26   HIGHEST WIND DIRECTION     W (260)
  HIGHEST GUST SPEED    33   HIGHEST GUST DIRECTION     W (280)
  AVERAGE WIND SPEED    18.6


SKY COVER
  POSSIBLE SUNSHINE  MM
  AVERAGE SKY COVER 0.4


WEATHER CONDITIONS
 THE FOLLOWING WEATHER WAS RECORDED TODAY.
  NO SIGNIFICANT WEATHER WAS OBSERVED.


RELATIVE HUMIDITY (PERCENT)
 HIGHEST    61           100 AM
 LOWEST     28           100 PM
 AVERAGE    45

..........................................................


THE BILLINGS MT CLIMATE NORMALS FOR TOMORROW
                         NORMAL    RECORD    YEAR
 MAXIMUM TEMPERATURE (F)   38        69      2015
 MINIMUM TEMPERATURE (F)   19       -23      2014


SUNRISE AND SUNSET
FEBRUARY  5 2016......SUNRISE   731 AM MST   SUNSET   525 PM MST
FEBRUARY  6 2016......SUNRISE   730 AM MST   SUNSET   527 PM MST


-  INDICATES NEGATIVE NUMBERS.
R  INDICATES RECORD WAS SET OR TIED.
MM INDICATES DATA IS MISSING.
T  INDICATES TRACE AMOUNT.




$$
