000
CDUS45 KBYZ 252235
CLIBIL


CLIMATE REPORT
NATIONAL WEATHER SERVICE BILLINGS MT
435 PM MDT FRI JUL 25 2014


...................................

...THE BILLINGS MT CLIMATE SUMMARY FOR JULY 25 2014...
VALID TODAY AS OF 400 PM LOCAL TIME.

CLIMATE NORMAL PERIOD 1981 TO 2010
CLIMATE RECORD PERIOD 1934 TO 2014


WEATHER ITEM   OBSERVED TIME   RECORD YEAR NORMAL DEPARTURE LAST
                VALUE   (LST)  VALUE       VALUE  FROM      YEAR
                                                  NORMAL
..................................................................
TEMPERATURE (F)
 TODAY
  MAXIMUM         90    256 PM  98    2011  89      1       84
                                      1945
                                      1936
  MINIMUM         57    450 AM  48    2005  60     -3       60
  AVERAGE         74                        74      0       72

PRECIPITATION (IN)
  TODAY            0.00          0.92 1966   0.04  -0.04      T
  MONTH TO DATE    0.34                      1.11  -0.77     0.51
  SINCE OCT 1     14.81                     11.40   3.41     9.88
  SINCE JAN 1      9.92                      9.09   0.83     7.83

SNOWFALL (IN)
  TODAY            0.0           T    1996   0.0    0.0      0.0
  MONTH TO DATE    0.0                       0.0    0.0      0.0
  SINCE JUN 1      T                         0.0    0.0      0.0
  SINCE JUL 1      0.0                       0.0    0.0      0.0
  SNOW DEPTH       0

DEGREE DAYS
 HEATING
  TODAY            0                         0      0        0
  MONTH TO DATE    1                        12    -11        0
  SINCE JUN 1     90                       108    -18       73
  SINCE JUL 1      1                        12    -11        0

 COOLING
  TODAY            9                         9      0        7
  MONTH TO DATE  244                       198     46      268
  SINCE JUN 1    263                       283    -20      364
  SINCE JAN 1    279                       300    -21      391
..................................................................


WIND (MPH)
  HIGHEST WIND SPEED    21   HIGHEST WIND DIRECTION     W (280)
  HIGHEST GUST SPEED    27   HIGHEST GUST DIRECTION     W (290)
  AVERAGE WIND SPEED     7.6


SKY COVER
  POSSIBLE SUNSHINE  MM
  AVERAGE SKY COVER 0.0


WEATHER CONDITIONS
 THE FOLLOWING WEATHER WAS RECORDED TODAY.
  NO SIGNIFICANT WEATHER WAS OBSERVED.


RELATIVE HUMIDITY (PERCENT)
 HIGHEST    47           500 AM
 LOWEST     11           300 PM
 AVERAGE    29

..........................................................


THE BILLINGS MT CLIMATE NORMALS FOR TOMORROW
                         NORMAL    RECORD    YEAR
 MAXIMUM TEMPERATURE (F)   89       100      1959
 MINIMUM TEMPERATURE (F)   60        48      2005
                                             1971


SUNRISE AND SUNSET
JULY 25 2014..........SUNRISE   549 AM MDT   SUNSET   851 PM MDT
JULY 26 2014..........SUNRISE   550 AM MDT   SUNSET   850 PM MDT


-  INDICATES NEGATIVE NUMBERS.
R  INDICATES RECORD WAS SET OR TIED.
MM INDICATES DATA IS MISSING.
T  INDICATES TRACE AMOUNT.




$$
