000
CDUS45 KBYZ 270934
CLIBIL


CLIMATE REPORT
NATIONAL WEATHER SERVICE BILLINGS MT
333 AM MDT FRI MAR 27 2015


...................................

...THE BILLINGS MT CLIMATE SUMMARY FOR MARCH 26 2015...

CLIMATE NORMAL PERIOD 1981 TO 2010
CLIMATE RECORD PERIOD 1934 TO 2015


WEATHER ITEM   OBSERVED TIME   RECORD YEAR NORMAL DEPARTURE LAST
                VALUE   (LST)  VALUE       VALUE  FROM      YEAR
                                                  NORMAL
..................................................................
TEMPERATURE (F)
 YESTERDAY
  MAXIMUM         63    248 PM  77    1960  51     12       48
  MINIMUM         45    620 AM   0    1965  30     15       32
  AVERAGE         54                        40     14       40

PRECIPITATION (IN)
  YESTERDAY        0.00          0.34 1987   0.04  -0.04     0.02
  MONTH TO DATE    0.37                      0.83  -0.46     0.61
  SINCE OCT 1      3.24                      4.10  -0.86     8.58
  SINCE JAN 1      1.67                      1.79  -0.12     3.69

SNOWFALL (IN)
  YESTERDAY        0.0           2.7  1987   0.3   -0.3       T
  MONTH TO DATE    5.4                       8.4   -3.0      9.0
  SINCE MAR 1      5.4                       8.4   -3.0      9.0
  SINCE JUL 1     49.5                      42.9    6.6     99.2
  SNOW DEPTH       0

DEGREE DAYS
 HEATING
  YESTERDAY       11                        25    -14       25
  MONTH TO DATE  529                       726   -197      834
  SINCE MAR 1    529                       726   -197      834
  SINCE JUL 1   5170                      5691   -521     6107

 COOLING
  YESTERDAY        0                         0      0        0
  MONTH TO DATE    0                         0      0        0
  SINCE MAR 1      0                         0      0        0
  SINCE JAN 1      0                         0      0        0
..................................................................


WIND (MPH)
  HIGHEST WIND SPEED    28   HIGHEST WIND DIRECTION    NW (320)
  HIGHEST GUST SPEED    34   HIGHEST GUST DIRECTION    NW (320)
  AVERAGE WIND SPEED    15.1


SKY COVER
  POSSIBLE SUNSHINE  MM
  AVERAGE SKY COVER 0.8


WEATHER CONDITIONS
 THE FOLLOWING WEATHER WAS RECORDED YESTERDAY.
  NO SIGNIFICANT WEATHER WAS OBSERVED.


RELATIVE HUMIDITY (PERCENT)
 HIGHEST    58           700 AM
 LOWEST     32           100 PM
 AVERAGE    45

..........................................................


THE BILLINGS MT CLIMATE NORMALS FOR TODAY
                         NORMAL    RECORD    YEAR
 MAXIMUM TEMPERATURE (F)   52        74      1946
 MINIMUM TEMPERATURE (F)   30         8      1965
                                             1954


SUNRISE AND SUNSET
MARCH 27 2015.........SUNRISE   704 AM MDT   SUNSET   736 PM MDT
MARCH 28 2015.........SUNRISE   702 AM MDT   SUNSET   737 PM MDT


-  INDICATES NEGATIVE NUMBERS.
R  INDICATES RECORD WAS SET OR TIED.
MM INDICATES DATA IS MISSING.
T  INDICATES TRACE AMOUNT.





&&

...THE CLIMATE SUMMARY FOR SOUTHWEST BILLINGS FOR 26 MARCH 2015...

HIGH TEMPERATURE........................64
LOW TEMPERATURE.........................43

PRECIPITATION...........................0.00
MONTHLY PRECIPITATION TOTAL.............0.51
YEARLY PRECIPITATION TOTAL..............1.68

SNOWFALL................................0.0
MONTHLY SNOWFALL TOTAL..................5.1
TOTAL SNOWFALL SINCE JULY 1.............50.9

SNOW DEPTH AT MIDNIGHT..................0

$$
