000
CDUS45 KBYZ 220939
CLIBIL


CLIMATE REPORT
NATIONAL WEATHER SERVICE BILLINGS MT
331 AM MDT FRI AUG 22 2014


...................................

...THE BILLINGS MT CLIMATE SUMMARY FOR AUGUST 21 2014...

CLIMATE NORMAL PERIOD 1981 TO 2010
CLIMATE RECORD PERIOD 1934 TO 2014


WEATHER ITEM   OBSERVED TIME   RECORD YEAR NORMAL DEPARTURE LAST
                VALUE   (LST)  VALUE       VALUE  FROM      YEAR
                                                  NORMAL
..................................................................
TEMPERATURE (F)
 YESTERDAY
  MAXIMUM         66   1248 PM 101    2010  85    -19       85
  MINIMUM         54   1146 PM  42    1945  56     -2       62
  AVERAGE         60                        71    -11       74

PRECIPITATION (IN)
  YESTERDAY        0.32          0.58 1965   0.02   0.30     0.00
  MONTH TO DATE    0.59                      0.51   0.08     0.19
  SINCE OCT 1     15.40                     12.12   3.28    10.23
  SINCE JAN 1     10.51                      9.81   0.70     8.18

SNOWFALL (IN)
  YESTERDAY        0.0           0.0  2002   0.0    0.0      0.0
                                      2000
  MONTH TO DATE    0.0                       0.0    0.0       T
  SINCE JUN 1      T                         0.0    0.0       T
  SINCE JUL 1      0.0                       0.0    0.0       T
  SNOW DEPTH       0

DEGREE DAYS
 HEATING
  YESTERDAY        5                         1      4        0
  MONTH TO DATE    5                         6     -1        0
  SINCE JUN 1     95                       117    -22       73
  SINCE JUL 1      6                        21    -15        0

 COOLING
  YESTERDAY        0                         6     -6        9
  MONTH TO DATE  197                       171     26      181
  SINCE JUN 1    520                       512      8      575
  SINCE JAN 1    536                       529      7      602
..................................................................


WIND (MPH)
  HIGHEST WIND SPEED    14   HIGHEST WIND DIRECTION    SW (240)
  HIGHEST GUST SPEED    16   HIGHEST GUST DIRECTION     W (250)
  AVERAGE WIND SPEED     6.6


SKY COVER
  POSSIBLE SUNSHINE  MM
  AVERAGE SKY COVER 0.8


WEATHER CONDITIONS
 THE FOLLOWING WEATHER WAS RECORDED YESTERDAY.
  LIGHT RAIN
  FOG


RELATIVE HUMIDITY (PERCENT)
 HIGHEST    93           900 PM
 LOWEST     67          1100 AM
 AVERAGE    80

..........................................................


THE BILLINGS MT CLIMATE NORMALS FOR TODAY
                         NORMAL    RECORD    YEAR
 MAXIMUM TEMPERATURE (F)   85       100      1971
 MINIMUM TEMPERATURE (F)   56        37      1939


SUNRISE AND SUNSET
AUGUST 22 2014........SUNRISE   623 AM MDT   SUNSET   810 PM MDT
AUGUST 23 2014........SUNRISE   624 AM MDT   SUNSET   808 PM MDT


-  INDICATES NEGATIVE NUMBERS.
R  INDICATES RECORD WAS SET OR TIED.
MM INDICATES DATA IS MISSING.
T  INDICATES TRACE AMOUNT.





&&

...THE CLIMATE SUMMARY FOR SOUTHWEST BILLINGS FOR 21 AUGUST 2014...

HIGH TEMPERATURE........................68
LOW TEMPERATURE.........................55

PRECIPITATION...........................0.25
MONTHLY PRECIPITATION TOTAL.............0.61
YEARLY PRECIPITATION TOTAL..............11.17

SNOWFALL................................0.0
MONTHLY SNOWFALL TOTAL..................0.0
TOTAL SNOWFALL SINCE JULY 1.............0.0

SNOW DEPTH AT MIDNIGHT..................0

$$
