000
CDUS45 KBYZ 012228
CLIBIL


CLIMATE REPORT
NATIONAL WEATHER SERVICE BILLINGS MT
426 PM MDT FRI AUG 1 2014


...................................

...THE BILLINGS MT CLIMATE SUMMARY FOR AUGUST 1 2014...
VALID TODAY AS OF 0400 PM LOCAL TIME.

CLIMATE NORMAL PERIOD 1981 TO 2010
CLIMATE RECORD PERIOD 1934 TO 2014


WEATHER ITEM   OBSERVED TIME   RECORD YEAR NORMAL DEPARTURE LAST
                VALUE   (LST)  VALUE       VALUE  FROM      YEAR
                                                  NORMAL
..................................................................
TEMPERATURE (F)
 TODAY
  MAXIMUM         94    212 PM 102    2008  89      5       83
  MINIMUM         65    443 AM  49    1950  60      5       60
  AVERAGE         80                        74      6       72

PRECIPITATION (IN)
  TODAY            0.00          0.40 1985   0.03  -0.03     0.18
  MONTH TO DATE    0.00                      0.03  -0.03     0.18
  SINCE OCT 1     14.81                     11.64   3.17    10.22
  SINCE JAN 1      9.92                      9.33   0.59     8.17

SNOWFALL (IN)
  TODAY            0.0           T    2013   0.0    0.0       T
  MONTH TO DATE    0.0                       0.0    0.0       T
  SINCE JUN 1      T                         0.0    0.0       T
  SINCE JUL 1      0.0                       0.0    0.0       T
  SNOW DEPTH       0

DEGREE DAYS
 HEATING
  TODAY            0                         0      0        0
  MONTH TO DATE    0                         0      0        0
  SINCE JUN 1     90                       111    -21       73
  SINCE JUL 1      1                        15    -14        0

 COOLING
  TODAY           15                         9      6        7
  MONTH TO DATE   15                         9      6        7
  SINCE JUN 1    338                       350    -12      401
  SINCE JAN 1    354                       367    -13      428
..................................................................


WIND (MPH)
  HIGHEST WIND SPEED    17   HIGHEST WIND DIRECTION    NE (60)
  HIGHEST GUST SPEED    22   HIGHEST GUST DIRECTION     E (80)
  AVERAGE WIND SPEED     8.8


SKY COVER
  POSSIBLE SUNSHINE  MM
  AVERAGE SKY COVER 0.4


WEATHER CONDITIONS
 THE FOLLOWING WEATHER WAS RECORDED TODAY.
  NO SIGNIFICANT WEATHER WAS OBSERVED.


RELATIVE HUMIDITY (PERCENT)
 HIGHEST    48           700 AM
 LOWEST     13           300 PM
 AVERAGE    31

..........................................................


THE BILLINGS MT CLIMATE NORMALS FOR TOMORROW
                         NORMAL    RECORD    YEAR
 MAXIMUM TEMPERATURE (F)   89        99      2001
                                             1966
 MINIMUM TEMPERATURE (F)   60        46      1978
                                             1939


SUNRISE AND SUNSET
AUGUST  1 2014........SUNRISE   557 AM MDT   SUNSET   843 PM MDT
AUGUST  2 2014........SUNRISE   558 AM MDT   SUNSET   842 PM MDT


-  INDICATES NEGATIVE NUMBERS.
R  INDICATES RECORD WAS SET OR TIED.
MM INDICATES DATA IS MISSING.
T  INDICATES TRACE AMOUNT.




$$
