000
CDUS45 KBYZ 220723
CLIBIL


CLIMATE REPORT
NATIONAL WEATHER SERVICE BILLINGS MT
1223 AM MST WED NOV 22 2017


...................................

...THE BILLINGS MT CLIMATE SUMMARY FOR NOVEMBER 21 2017...

CLIMATE NORMAL PERIOD 1981 TO 2010
CLIMATE RECORD PERIOD 1934 TO 2017


WEATHER ITEM   OBSERVED TIME   RECORD YEAR NORMAL DEPARTURE LAST
                VALUE   (LST)  VALUE       VALUE  FROM      YEAR
                                                  NORMAL
..................................................................
TEMPERATURE (F)
 YESTERDAY
  MAXIMUM         45   1159 PM  65    1954  42      3       49
  MINIMUM         25    745 AM -18    1977  24      1       35
  AVERAGE         35                        33      2       42

PRECIPITATION (IN)
  YESTERDAY        T             0.18 1941   0.02  -0.02      T
  MONTH TO DATE    1.31                      0.46   0.85     0.38
  SINCE OCT 1      1.80                      1.64   0.16     3.89
  SINCE JAN 1     15.78                     12.99   2.79    13.22

SNOWFALL (IN)
  YESTERDAY        T             1.9  1970   0.3   -0.3      0.0
  MONTH TO DATE   12.2                       4.3    7.9      2.3
  SINCE SEP 1     12.2                       9.5    2.7      5.3
  SINCE JUL 1     12.2                       9.5    2.7      5.3
  SNOW DEPTH       T

DEGREE DAYS
 HEATING
  YESTERDAY       30                        32     -2       23
  MONTH TO DATE  692                       571    121      382
  SINCE SEP 1   1426                      1286    140      994
  SINCE JUL 1   1428                      1323    105     1022

 COOLING
  YESTERDAY        0                         0      0        0
  MONTH TO DATE    0                         0      0        0
  SINCE SEP 1    100                        54     46       54
  SINCE JAN 1    840                       636    204      738
..................................................................


WIND (MPH)
  HIGHEST WIND SPEED    22   HIGHEST WIND DIRECTION    SW (240)
  HIGHEST GUST SPEED    26   HIGHEST GUST DIRECTION    SW (240)
  AVERAGE WIND SPEED     8.2


SKY COVER
  POSSIBLE SUNSHINE  MM
  AVERAGE SKY COVER 0.6


WEATHER CONDITIONS
 THE FOLLOWING WEATHER WAS RECORDED YESTERDAY.
  LIGHT RAIN
  LIGHT SNOW
  FOG


RELATIVE HUMIDITY (PERCENT)
 HIGHEST    92           200 AM
 LOWEST     65          1100 PM
 AVERAGE    79

..........................................................


THE BILLINGS MT CLIMATE NORMALS FOR TODAY
                         NORMAL    RECORD    YEAR
 MAXIMUM TEMPERATURE (F)   42        68      1939
 MINIMUM TEMPERATURE (F)   24       -17      1985


SUNRISE AND SUNSET
NOVEMBER 22 2017......SUNRISE   724 AM MST   SUNSET   436 PM MST
NOVEMBER 23 2017......SUNRISE   725 AM MST   SUNSET   436 PM MST


-  INDICATES NEGATIVE NUMBERS.
R  INDICATES RECORD WAS SET OR TIED.
MM INDICATES DATA IS MISSING.
T  INDICATES TRACE AMOUNT.




$$
