000
CDUS43 KBIS 170733
CLIBIS


CLIMATE REPORT
NATIONAL WEATHER SERVICE BISMARCK ND
232 AM CDT THU AUG 17 2017


...................................

...THE BISMARCK ND CLIMATE SUMMARY FOR AUGUST 16 2017...

CLIMATE NORMAL PERIOD 1981 TO 2010
CLIMATE RECORD PERIOD 1875 TO 2017


WEATHER ITEM   OBSERVED TIME   RECORD YEAR NORMAL DEPARTURE LAST
                VALUE   (LST)  VALUE       VALUE  FROM      YEAR
                                                  NORMAL
..................................................................
TEMPERATURE (F)
 YESTERDAY
  MAXIMUM         80    447 PM 101    2003  84     -4       86
                                      1969
  MINIMUM         57   1141 PM  41    1970  56      1       58
  AVERAGE         69                        70     -1       72

PRECIPITATION (IN)
  YESTERDAY        0.00          1.50 1880   0.07  -0.07     0.00
  MONTH TO DATE    4.97                      1.25   3.72     1.59
  SINCE JUN 1      8.39                      7.31   1.08    11.07
  SINCE JAN 1     11.52                     12.78  -1.26    18.25

DEGREE DAYS
 HEATING
  YESTERDAY        0                         1     -1        0
  MONTH TO DATE    8                        13     -5        0
  SINCE JUN 1     38                       123    -85       34
  SINCE JUL 1      8                        30    -22        8

 COOLING
  YESTERDAY        4                         6     -2        7
  MONTH TO DATE   31                       108    -77      112
  SINCE JUN 1    498                       395    103      467
  SINCE JAN 1    512                       412    100      477
..................................................................


WIND (MPH)
  HIGHEST WIND SPEED    15   HIGHEST WIND DIRECTION     N (20)
  HIGHEST GUST SPEED    19   HIGHEST GUST DIRECTION     N (20)
  AVERAGE WIND SPEED     8.1


SKY COVER
  POSSIBLE SUNSHINE  MM
  AVERAGE SKY COVER 0.5


WEATHER CONDITIONS
 THE FOLLOWING WEATHER WAS RECORDED YESTERDAY.
  FOG


RELATIVE HUMIDITY (PERCENT)
 HIGHEST   100           500 AM
 LOWEST     39           500 PM
 AVERAGE    70

..........................................................


THE BISMARCK ND CLIMATE NORMALS FOR TODAY
                         NORMAL    RECORD    YEAR
 MAXIMUM TEMPERATURE (F)   84       106      2003
 MINIMUM TEMPERATURE (F)   56        36      1888


SUNRISE AND SUNSET
AUGUST 17 2017........SUNRISE   644 AM CDT   SUNSET   849 PM CDT
AUGUST 18 2017........SUNRISE   645 AM CDT   SUNSET   848 PM CDT


-  INDICATES NEGATIVE NUMBERS.
R  INDICATES RECORD WAS SET OR TIED.
MM INDICATES DATA IS MISSING.
T  INDICATES TRACE AMOUNT.




$$
