000
CDUS43 KBIS 020735
CLIBIS


CLIMATE REPORT
NATIONAL WEATHER SERVICE BISMARCK ND
235 AM CDT SAT AUG 2 2014


...................................

...THE BISMARCK ND CLIMATE SUMMARY FOR AUGUST 1 2014...

CLIMATE NORMAL PERIOD 1981 TO 2010
CLIMATE RECORD PERIOD 1875 TO 2014


WEATHER ITEM   OBSERVED TIME   RECORD YEAR NORMAL DEPARTURE LAST
                VALUE   (LST)  VALUE       VALUE  FROM      YEAR
                                                  NORMAL
..................................................................
TEMPERATURE (F)
 YESTERDAY
  MAXIMUM         92    250 PM 105    1900  86      6       82
  MINIMUM         58    606 AM  40    1968  58      0       48
  AVERAGE         75                        72      3       65

PRECIPITATION (IN)
  YESTERDAY        1.16          2.92 1915   0.08   1.08     0.00
  MONTH TO DATE    1.16                      0.08   1.08     0.00
  SINCE JUN 1      4.91                      6.14  -1.23     4.34
  SINCE JAN 1      9.10                     11.61  -2.51    14.94

SNOWFALL (IN)
  YESTERDAY        0.0           0.0  2002   0.0    0.0      0.0
                                      2001
  MONTH TO DATE    0.0                       0.0    0.0      0.0
  SINCE JUN 1      0.0                       0.0    0.0      0.0
  SINCE JUL 1      0.0                       0.0    0.0      0.0
  SNOW DEPTH       0

DEGREE DAYS
 HEATING
  YESTERDAY        0                         0      0        0
  MONTH TO DATE    0                         0      0        0
  SINCE JUN 1    122                       110     12      108
  SINCE JUL 1     28                        17     11       22

 COOLING
  YESTERDAY       10                         7      3        0
  MONTH TO DATE   10                         7      3        0
  SINCE JUN 1    211                       294    -83      269
  SINCE JAN 1    262                       311    -49      281
..................................................................


WIND (MPH)
  HIGHEST WIND SPEED    32   HIGHEST WIND DIRECTION    SE (120)
  HIGHEST GUST SPEED    55   HIGHEST GUST DIRECTION     E (100)
  AVERAGE WIND SPEED     7.5


SKY COVER
  POSSIBLE SUNSHINE  MM
  AVERAGE SKY COVER 0.2


WEATHER CONDITIONS
 THE FOLLOWING WEATHER WAS RECORDED YESTERDAY.
  THUNDERSTORM
  HEAVY RAIN
  LIGHT RAIN
  FOG
  HAZE


RELATIVE HUMIDITY (PERCENT)
 HIGHEST    93           500 AM
 LOWEST     30           300 PM
 AVERAGE    62

..........................................................


THE BISMARCK ND CLIMATE NORMALS FOR TODAY
                         NORMAL    RECORD    YEAR
 MAXIMUM TEMPERATURE (F)   86       101      1989
 MINIMUM TEMPERATURE (F)   58        40      1971


SUNRISE AND SUNSET
AUGUST  2 2014........SUNRISE   624 AM CDT   SUNSET   913 PM CDT
AUGUST  3 2014........SUNRISE   626 AM CDT   SUNSET   912 PM CDT


-  INDICATES NEGATIVE NUMBERS.
R  INDICATES RECORD WAS SET OR TIED.
MM INDICATES DATA IS MISSING.
T  INDICATES TRACE AMOUNT.




$$
