000
CDUS43 KBIS 250727
CLIBIS


CLIMATE REPORT
NATIONAL WEATHER SERVICE BISMARCK ND
226 AM CDT SUN JUN 25 2017


...................................

...THE BISMARCK ND CLIMATE SUMMARY FOR JUNE 24 2017...

CLIMATE NORMAL PERIOD 1981 TO 2010
CLIMATE RECORD PERIOD 1875 TO 2017


WEATHER ITEM   OBSERVED TIME   RECORD YEAR NORMAL DEPARTURE LAST
                VALUE   (LST)  VALUE       VALUE  FROM      YEAR
                                                  NORMAL
..................................................................
TEMPERATURE (F)
 YESTERDAY
  MAXIMUM         66    543 PM 105    1936  80    -14       92
  MINIMUM         47   1159 PM  39    1892  54     -7       58
  AVERAGE         57                        67    -10       75

PRECIPITATION (IN)
  YESTERDAY        T             1.39 1968   0.10  -0.10     0.00
  MONTH TO DATE    1.20                      2.55  -1.35     3.70
  SINCE JUN 1      1.20                      2.55  -1.35     3.70
  SINCE JAN 1      4.33                      8.02  -3.69    10.88

DEGREE DAYS
 HEATING
  YESTERDAY        8                         2      6        0
  MONTH TO DATE   16                        84    -68       24
  SINCE JUN 1     16                        84    -68       24
  SINCE JUL 1   7901                      8549   -648     6981

 COOLING
  YESTERDAY        0                         4     -4       10
  MONTH TO DATE  108                        57     51      105
  SINCE JUN 1    108                        57     51      105
  SINCE JAN 1    122                        74     48      115
..................................................................


WIND (MPH)
  HIGHEST WIND SPEED    26   HIGHEST WIND DIRECTION    NW (330)
  HIGHEST GUST SPEED    35   HIGHEST GUST DIRECTION    NW (330)
  AVERAGE WIND SPEED    12.9


SKY COVER
  POSSIBLE SUNSHINE  MM
  AVERAGE SKY COVER 0.5


WEATHER CONDITIONS
 THE FOLLOWING WEATHER WAS RECORDED YESTERDAY.
  NO SIGNIFICANT WEATHER WAS OBSERVED.


RELATIVE HUMIDITY (PERCENT)
 HIGHEST    80           400 AM
 LOWEST     39           700 PM
 AVERAGE    60

..........................................................


THE BISMARCK ND CLIMATE NORMALS FOR TODAY
                         NORMAL    RECORD    YEAR
 MAXIMUM TEMPERATURE (F)   80       100      1936
 MINIMUM TEMPERATURE (F)   54        40      1897


SUNRISE AND SUNSET
JUNE 25 2017..........SUNRISE   550 AM CDT   SUNSET   941 PM CDT
JUNE 26 2017..........SUNRISE   551 AM CDT   SUNSET   941 PM CDT


-  INDICATES NEGATIVE NUMBERS.
R  INDICATES RECORD WAS SET OR TIED.
MM INDICATES DATA IS MISSING.
T  INDICATES TRACE AMOUNT.




$$
