000
CDUS43 KBIS 230025
CLIBIS


CLIMATE REPORT
NATIONAL WEATHER SERVICE BISMARCK ND
725 PM CDT SUN OCT 22 2017


...................................

...THE BISMARCK ND CLIMATE SUMMARY FOR OCTOBER 22 2017...
VALID TODAY AS OF 0700 PM LOCAL TIME.

CLIMATE NORMAL PERIOD 1981 TO 2010
CLIMATE RECORD PERIOD 1875 TO 2017


WEATHER ITEM   OBSERVED TIME   RECORD YEAR NORMAL DEPARTURE LAST
                VALUE   (LST)  VALUE       VALUE  FROM      YEAR
                                                  NORMAL
..................................................................
TEMPERATURE (F)
 TODAY
  MAXIMUM         65    415 PM  81    1992  55     10       70
                                      1963
  MINIMUM         30    756 AM   8    1936  30      0       27
  AVERAGE         48                        42      6       49

PRECIPITATION (IN)
  TODAY            0.00          0.43 1957   0.04  -0.04     0.00
  MONTH TO DATE    0.16                      0.93  -0.77     0.24
  SINCE SEP 1      1.55                      2.52  -0.97     1.46
  SINCE JAN 1     13.19                     16.33  -3.14    20.00

SNOWFALL (IN)
  TODAY            0.0           1.0  1950
  MONTH TO DATE    0.0
  SINCE SEP 1      0.0
  SINCE JUL 1      T

DEGREE DAYS
 HEATING
  TODAY           17                        23     -6       16
  MONTH TO DATE  334                       398    -64      367
  SINCE SEP 1    515                       629   -114      540
  SINCE JUL 1    527                       684   -157      573

 COOLING
  TODAY            0                         0      0        0
  MONTH TO DATE    0                         0      0        2
  SINCE SEP 1     49                        38     11       31
  SINCE JAN 1    615                       519     96      548
..................................................................


WIND (MPH)
  RESULTANT WIND SPEED   9   RESULTANT WIND DIRECTION  SW (220)
  HIGHEST WIND SPEED    25   HIGHEST WIND DIRECTION    SW (210)
  HIGHEST GUST SPEED    32   HIGHEST GUST DIRECTION    SW (220)
  AVERAGE WIND SPEED     9.0


SKY COVER
  POSSIBLE SUNSHINE  MM
  AVERAGE SKY COVER 0.4


WEATHER CONDITIONS
 THE FOLLOWING WEATHER WAS RECORDED TODAY.
  NO SIGNIFICANT WEATHER WAS OBSERVED.


RELATIVE HUMIDITY (PERCENT)
 HIGHEST    75           300 AM
 LOWEST     23           100 PM
 AVERAGE    49

..........................................................


THE BISMARCK ND CLIMATE NORMALS FOR TOMORROW
                         NORMAL    RECORD    YEAR
 MAXIMUM TEMPERATURE (F)   54        77      2014
 MINIMUM TEMPERATURE (F)   30        12      1895


SUNRISE AND SUNSET
OCTOBER 22 2017.......SUNRISE   811 AM CDT   SUNSET   643 PM CDT
OCTOBER 23 2017.......SUNRISE   813 AM CDT   SUNSET   641 PM CDT


-  INDICATES NEGATIVE NUMBERS.
R  INDICATES RECORD WAS SET OR TIED.
MM INDICATES DATA IS MISSING.
T  INDICATES TRACE AMOUNT.




$$
