000
CDUS43 KBIS 210031
CLIBIS


CLIMATE REPORT
NATIONAL WEATHER SERVICE BISMARCK ND
730 PM CDT SUN APR 20 2014


...................................

...THE BISMARCK ND CLIMATE SUMMARY FOR APRIL 20 2014...
VALID TODAY AS OF 0700 PM LOCAL TIME.

CLIMATE NORMAL PERIOD 1981 TO 2010
CLIMATE RECORD PERIOD 1875 TO 2014


WEATHER ITEM   OBSERVED TIME   RECORD YEAR NORMAL DEPARTURE LAST
                VALUE   (LST)  VALUE       VALUE  FROM      YEAR
                                                  NORMAL
..................................................................
TEMPERATURE (F)
 TODAY
  MAXIMUM         78    340 PM  90    1900  60     18       34
  MINIMUM         32    542 AM  15    2013  32      0       15
  AVERAGE         55                        46      9       25

PRECIPITATION (IN)
  TODAY            0.00          1.00 1921   0.04  -0.04      T
  MONTH TO DATE    0.25                      0.75  -0.50     1.35
  SINCE MAR 1      1.07                      1.62  -0.55     2.18
  SINCE JAN 1      1.64                      2.56  -0.92     2.77

SNOWFALL (IN)
  TODAY            0.0           4.6  1899   0.1   -0.1       T
  MONTH TO DATE    3.9                       3.4    0.5     21.5
  SINCE MAR 1     15.0                      12.5    2.5     28.4
  SINCE JUL 1     40.2                      50.0   -9.8     57.0
  SNOW DEPTH       0

DEGREE DAYS
 HEATING
  TODAY           10                        19     -9       40
  MONTH TO DATE  527                       467     60      673
  SINCE MAR 1   1691                      1555    136     1980
  SINCE JUL 1   8543                      7986    557     8302

 COOLING
  TODAY            0                         0      0        0
  MONTH TO DATE    0                         0      0        0
  SINCE MAR 1      0                         0      0        0
  SINCE JAN 1      0                         0      0        0
..................................................................


WIND (MPH)
  RESULTANT WIND SPEED   2   RESULTANT WIND DIRECTION   S (190)
  HIGHEST WIND SPEED    28   HIGHEST WIND DIRECTION     W (280)
  HIGHEST GUST SPEED    36   HIGHEST GUST DIRECTION    NW (310)
  AVERAGE WIND SPEED    11.2


SKY COVER
  POSSIBLE SUNSHINE  MM
  AVERAGE SKY COVER 0.0


WEATHER CONDITIONS
 THE FOLLOWING WEATHER WAS RECORDED TODAY.
  NO SIGNIFICANT WEATHER WAS OBSERVED.


RELATIVE HUMIDITY (PERCENT)
 HIGHEST    42          1000 AM
 LOWEST     20           100 PM
 AVERAGE    31

..........................................................


THE BISMARCK ND CLIMATE NORMALS FOR TOMORROW
                         NORMAL    RECORD    YEAR
 MAXIMUM TEMPERATURE (F)   60        93      1980
 MINIMUM TEMPERATURE (F)   33        18      1936


SUNRISE AND SUNSET
APRIL 20 2014.........SUNRISE   647 AM CDT   SUNSET   838 PM CDT
APRIL 21 2014.........SUNRISE   645 AM CDT   SUNSET   839 PM CDT


-  INDICATES NEGATIVE NUMBERS.
R  INDICATES RECORD WAS SET OR TIED.
MM INDICATES DATA IS MISSING.
T  INDICATES TRACE AMOUNT.




$$
