147
CDUS43 KBIS 010045
CLIBIS


CLIMATE REPORT
NATIONAL WEATHER SERVICE BISMARCK ND
744 PM CDT SUN APR 30 2017


...................................

...THE BISMARCK ND CLIMATE SUMMARY FOR APRIL 30 2017...
VALID TODAY AS OF 0700 PM LOCAL TIME.

CLIMATE NORMAL PERIOD 1981 TO 2010
CLIMATE RECORD PERIOD 1875 TO 2017


WEATHER ITEM   OBSERVED TIME   RECORD YEAR NORMAL DEPARTURE LAST
                VALUE   (LST)  VALUE       VALUE  FROM      YEAR
                                                  NORMAL
..................................................................
TEMPERATURE (F)
 TODAY
  MAXIMUM         65    522 PM  93    1992  64      1       61
  MINIMUM         28    431 AM  16    1903  36     -8       36
  AVERAGE         47                        50     -3       49

PRECIPITATION (IN)
  TODAY            0.00          1.06 1895   0.06  -0.06     0.00
  MONTH TO DATE    0.96                      1.26  -0.30     4.15
  SINCE MAR 1      1.48                      2.13  -0.65     4.58
  SINCE JAN 1      2.88                      3.07  -0.19     5.22

SNOWFALL (IN)
  TODAY            0.0           6.3  1967   0.1   -0.1      0.0
  MONTH TO DATE    0.0                       4.2   -4.2      0.2
  SINCE MAR 1      8.7                      13.3   -4.6      3.5
  SINCE JUL 1     71.6                      50.8   20.8     24.1
  SNOW DEPTH       0

DEGREE DAYS
 HEATING
  TODAY           18                        15      3       16
  MONTH TO DATE  587                       637    -50      595
  SINCE MAR 1   1630                      1724    -94     1393
  SINCE JUL 1   7632                      8155   -523     6713

 COOLING
  TODAY            0                         0      0        0
  MONTH TO DATE    0                         1     -1        0
  SINCE MAR 1      0                         1     -1        0
  SINCE JAN 1      0                         1     -1        0
..................................................................


WIND (MPH)
  RESULTANT WIND SPEED   3   RESULTANT WIND DIRECTION   E (110)
  HIGHEST WIND SPEED    15   HIGHEST WIND DIRECTION    SE (120)
  HIGHEST GUST SPEED    20   HIGHEST GUST DIRECTION     E (110)
  AVERAGE WIND SPEED     4.2


SKY COVER
  POSSIBLE SUNSHINE  MM
  AVERAGE SKY COVER 0.0


WEATHER CONDITIONS
 THE FOLLOWING WEATHER WAS RECORDED TODAY.
  NO SIGNIFICANT WEATHER WAS OBSERVED.


RELATIVE HUMIDITY (PERCENT)
 HIGHEST    78           600 AM
 LOWEST     19           300 PM
 AVERAGE    49

..........................................................


THE BISMARCK ND CLIMATE NORMALS FOR TOMORROW
                         NORMAL    RECORD    YEAR
 MAXIMUM TEMPERATURE (F)   64        90      1901
 MINIMUM TEMPERATURE (F)   37        18      1911
                                             1909


SUNRISE AND SUNSET
APRIL 30 2017.........SUNRISE   629 AM CDT   SUNSET   852 PM CDT
MAY  1 2017...........SUNRISE   628 AM CDT   SUNSET   853 PM CDT


-  INDICATES NEGATIVE NUMBERS.
R  INDICATES RECORD WAS SET OR TIED.
MM INDICATES DATA IS MISSING.
T  INDICATES TRACE AMOUNT.




$$
