000
CDUS43 KBIS 310021
CLIBIS


CLIMATE REPORT
NATIONAL WEATHER SERVICE BISMARCK ND
721 PM CDT THU JUL 30 2015


...................................

...THE BISMARCK ND CLIMATE SUMMARY FOR JULY 30 2015...
VALID TODAY AS OF 0700 PM LOCAL TIME.

CLIMATE NORMAL PERIOD 1981 TO 2010
CLIMATE RECORD PERIOD 1875 TO 2015


WEATHER ITEM   OBSERVED TIME   RECORD YEAR NORMAL DEPARTURE LAST
                VALUE   (LST)  VALUE       VALUE  FROM      YEAR
                                                  NORMAL
..................................................................
TEMPERATURE (F)
 TODAY
  MAXIMUM         85    417 PM 112    2006  86     -1       84
  MINIMUM         54    205 AM  35    1971  58     -4       53
  AVERAGE         70                        72     -2       69

PRECIPITATION (IN)
  TODAY            0.00          1.15 1931   0.09  -0.09     0.00
  MONTH TO DATE    1.51                      2.81  -1.30     0.73
  SINCE JUN 1      6.49                      5.98   0.51     3.75
  SINCE JAN 1     13.76                     11.45   2.31     7.94

SNOWFALL (IN)
  TODAY            0.0           0.0  2002   0.0    0.0      0.0
                                      2001
  MONTH TO DATE    0.0                       0.0    0.0      0.0
  SINCE JUN 1      0.0                       0.0    0.0      0.0
  SINCE JUL 1      0.0                       0.0    0.0      0.0
  SNOW DEPTH       0

DEGREE DAYS
 HEATING
  TODAY            0                         0      0        0
  MONTH TO DATE    7                        13     -6       28
  SINCE JUN 1     50                       106    -56      122
  SINCE JUL 1      7                        13     -6       28

 COOLING
  TODAY            5                         7     -2        4
  MONTH TO DATE  221                       193     28      141
  SINCE JUN 1    315                       276     39      194
  SINCE JAN 1    321                       293     28      245
..................................................................


WIND (MPH)
  RESULTANT WIND SPEED   8   RESULTANT WIND DIRECTION  NW (320)
  HIGHEST WIND SPEED    20   HIGHEST WIND DIRECTION     N (340)
  HIGHEST GUST SPEED    27   HIGHEST GUST DIRECTION    NW (330)
  AVERAGE WIND SPEED     8.9


SKY COVER
  POSSIBLE SUNSHINE  MM
  AVERAGE SKY COVER 0.0


WEATHER CONDITIONS
 THE FOLLOWING WEATHER WAS RECORDED TODAY.
  NO SIGNIFICANT WEATHER WAS OBSERVED.


RELATIVE HUMIDITY (PERCENT)
 HIGHEST    83          1200 AM
 LOWEST     25           400 PM
 AVERAGE    54

..........................................................


THE BISMARCK ND CLIMATE NORMALS FOR TOMORROW
                         NORMAL    RECORD    YEAR
 MAXIMUM TEMPERATURE (F)   86       104      1946
 MINIMUM TEMPERATURE (F)   58        43      1905


SUNRISE AND SUNSET
JULY 30 2015..........SUNRISE   620 AM CDT   SUNSET   918 PM CDT
JULY 31 2015..........SUNRISE   622 AM CDT   SUNSET   916 PM CDT


-  INDICATES NEGATIVE NUMBERS.
R  INDICATES RECORD WAS SET OR TIED.
MM INDICATES DATA IS MISSING.
T  INDICATES TRACE AMOUNT.




$$
