000
CDUS43 KBIS 312211
CLIBIS


CLIMATE REPORT
NATIONAL WEATHER SERVICE BISMARCK ND
510 PM CDT FRI OCT 31 2014


...................................

...THE BISMARCK ND CLIMATE SUMMARY FOR OCTOBER 31 2014...
VALID TODAY AS OF 0500 PM LOCAL TIME.

CLIMATE NORMAL PERIOD 1981 TO 2010
CLIMATE RECORD PERIOD 1875 TO 2014


WEATHER ITEM   OBSERVED TIME   RECORD YEAR NORMAL DEPARTURE LAST
                VALUE   (LST)  VALUE       VALUE  FROM      YEAR
                                                  NORMAL
..................................................................
TEMPERATURE (F)
 TODAY
  MAXIMUM         42    324 PM  77    1999  49     -7       47
  MINIMUM         11    730 AM -10    1991  26    -15       27
  AVERAGE         27                        38    -11       37

PRECIPITATION (IN)
  TODAY            0.00          0.58 1974   0.03  -0.03      T
  MONTH TO DATE    0.15                      1.25  -1.10     4.73
  SINCE SEP 1      0.52                      2.84  -2.32     9.09
  SINCE JAN 1     13.21                     16.65  -3.44    25.40

SNOWFALL (IN)
  TODAY            0.0           4.7  1943   0.2   -0.2      0.0
  MONTH TO DATE    0.0                       2.2   -2.2      1.0
  SINCE SEP 1      0.0                       2.4   -2.4      1.0
  SINCE JUL 1      0.0                       2.4   -2.4      1.0
  SNOW DEPTH       0

DEGREE DAYS
 HEATING
  TODAY           38                        27     11       28
  MONTH TO DATE  526                       625    -99      707
  SINCE SEP 1    714                       857   -143      810
  SINCE JUL 1    776                       912   -136      838

 COOLING
  TODAY            0                         0      0        0
  MONTH TO DATE    0                         1     -1        0
  SINCE SEP 1     51                        39     12       75
  SINCE JAN 1    457                       520    -63      555
..................................................................


WIND (MPH)
  RESULTANT WIND SPEED  10   RESULTANT WIND DIRECTION  SE (150)
  HIGHEST WIND SPEED    28   HIGHEST WIND DIRECTION     S (160)
  HIGHEST GUST SPEED    34   HIGHEST GUST DIRECTION     S (160)
  AVERAGE WIND SPEED    11.1


SKY COVER
  POSSIBLE SUNSHINE  MM
  AVERAGE SKY COVER 0.0


WEATHER CONDITIONS
 THE FOLLOWING WEATHER WAS RECORDED TODAY.
  NO SIGNIFICANT WEATHER WAS OBSERVED.


RELATIVE HUMIDITY (PERCENT)
 HIGHEST    96           400 AM
 LOWEST     30           400 PM
 AVERAGE    63

..........................................................


THE BISMARCK ND CLIMATE NORMALS FOR TOMORROW
                         NORMAL    RECORD    YEAR
 MAXIMUM TEMPERATURE (F)   49        73      1887
 MINIMUM TEMPERATURE (F)   26         0      1951
                                             1911


SUNRISE AND SUNSET
OCTOBER 31 2014.......SUNRISE   824 AM CDT   SUNSET   629 PM CDT
NOVEMBER  1 2014......SUNRISE   825 AM CDT   SUNSET   627 PM CDT


-  INDICATES NEGATIVE NUMBERS.
R  INDICATES RECORD WAS SET OR TIED.
MM INDICATES DATA IS MISSING.
T  INDICATES TRACE AMOUNT.




$$
