000
CDUS43 KBIS 270727
CLIBIS


CLIMATE REPORT
NATIONAL WEATHER SERVICE BISMARCK ND
125 AM CST TUE JAN 27 2015


...................................

...THE BISMARCK ND CLIMATE SUMMARY FOR JANUARY 26 2015...

CLIMATE NORMAL PERIOD 1981 TO 2010
CLIMATE RECORD PERIOD 1875 TO 2015


WEATHER ITEM   OBSERVED TIME   RECORD YEAR NORMAL DEPARTURE LAST
                VALUE   (LST)  VALUE       VALUE  FROM      YEAR
                                                  NORMAL
..................................................................
TEMPERATURE (F)
 YESTERDAY
  MAXIMUM         50    343 PM  52    1942  24     26       36
  MINIMUM         29   1033 PM -38    1950   3     26       -7
  AVERAGE         40                        13     27       15

PRECIPITATION (IN)
  YESTERDAY        0.00          0.34 1969   0.01  -0.01     0.13
  MONTH TO DATE    0.67                      0.37   0.30     0.34
  SINCE DEC 1      0.78                      0.86  -0.08     1.60
  SINCE JAN 1      0.67                      0.37   0.30     0.34

SNOWFALL (IN)
  YESTERDAY        0.0           3.6  1969   0.3   -0.3      1.3
  MONTH TO DATE    5.6                       7.7   -2.1      5.0
  SINCE DEC 1      8.0                      17.0   -9.0     20.5
  SINCE JUL 1     15.9                      28.2  -12.3     22.1
  SNOW DEPTH       0

DEGREE DAYS
 HEATING
  YESTERDAY       25                        52    -27       50
  MONTH TO DATE 1232                      1364   -132     1276
  SINCE DEC 1   2627                      2878   -251     3051
  SINCE JUL 1   4699                      4864   -165     5006

 COOLING
  YESTERDAY        0                         0      0        0
  MONTH TO DATE    0                         0      0        0
  SINCE DEC 1      0                         0      0        0
  SINCE JAN 1      0                         0      0        0
..................................................................


WIND (MPH)
  HIGHEST WIND SPEED    17   HIGHEST WIND DIRECTION    NW (320)
  HIGHEST GUST SPEED    21   HIGHEST GUST DIRECTION    NW (320)
  AVERAGE WIND SPEED     8.1


SKY COVER
  POSSIBLE SUNSHINE  MM
  AVERAGE SKY COVER 0.1


WEATHER CONDITIONS
 THE FOLLOWING WEATHER WAS RECORDED YESTERDAY.
  NO SIGNIFICANT WEATHER WAS OBSERVED.


RELATIVE HUMIDITY (PERCENT)
 HIGHEST   100          1000 PM
 LOWEST     46           100 PM
 AVERAGE    73

..........................................................


THE BISMARCK ND CLIMATE NORMALS FOR TODAY
                         NORMAL    RECORD    YEAR
 MAXIMUM TEMPERATURE (F)   24        48      2008
 MINIMUM TEMPERATURE (F)    3       -35      1915


SUNRISE AND SUNSET
JANUARY 27 2015.......SUNRISE   813 AM CST   SUNSET   539 PM CST
JANUARY 28 2015.......SUNRISE   812 AM CST   SUNSET   540 PM CST


-  INDICATES NEGATIVE NUMBERS.
R  INDICATES RECORD WAS SET OR TIED.
MM INDICATES DATA IS MISSING.
T  INDICATES TRACE AMOUNT.




$$
