000
CDUS43 KBIS 190728
CLIBIS


CLIMATE REPORT
NATIONAL WEATHER SERVICE BISMARCK ND
127 AM CST THU JAN 19 2017


...................................

...THE BISMARCK ND CLIMATE SUMMARY FOR JANUARY 18 2017...

CLIMATE NORMAL PERIOD 1981 TO 2010
CLIMATE RECORD PERIOD 1875 TO 2017


WEATHER ITEM   OBSERVED TIME   RECORD YEAR NORMAL DEPARTURE LAST
                VALUE   (LST)  VALUE       VALUE  FROM      YEAR
                                                  NORMAL
..................................................................
TEMPERATURE (F)
 YESTERDAY
  MAXIMUM         33    425 PM  56    1908  23     10        8
  MINIMUM         16    855 AM -44    1950   2     14      -19
  AVERAGE         25                        12     13       -5

PRECIPITATION (IN)
  YESTERDAY        0.00          0.23 1979   0.01  -0.01     0.00
  MONTH TO DATE    0.61                      0.27   0.34     0.12
  SINCE DEC 1      2.66                      0.76   1.90     1.03
  SINCE JAN 1      0.61                      0.27   0.34     0.12

SNOWFALL (IN)
  YESTERDAY        0.0           2.5  1979   0.3   -0.3      0.0
  MONTH TO DATE   14.0                       5.6    8.4      1.6
  SINCE DEC 1     38.5                      14.9   23.6     14.4
  SINCE JUL 1     57.5                      26.1   31.4     16.2
  SNOW DEPTH      11

DEGREE DAYS
 HEATING
  YESTERDAY       40                        52    -12       70
  MONTH TO DATE 1167                       948    219      975
  SINCE DEC 1   2847                      2462    385     2298
  SINCE JUL 1   4327                      4448   -121     3883

 COOLING
  YESTERDAY        0                         0      0        0
  MONTH TO DATE    0                         0      0        0
  SINCE DEC 1      0                         0      0        0
  SINCE JAN 1      0                         0      0        0
..................................................................


WIND (MPH)
  HIGHEST WIND SPEED    10   HIGHEST WIND DIRECTION    SE (120)
  HIGHEST GUST SPEED    11   HIGHEST GUST DIRECTION    SE (130)
  AVERAGE WIND SPEED     3.7


SKY COVER
  POSSIBLE SUNSHINE  MM
  AVERAGE SKY COVER 0.0


WEATHER CONDITIONS
 THE FOLLOWING WEATHER WAS RECORDED YESTERDAY.
  NO SIGNIFICANT WEATHER WAS OBSERVED.


RELATIVE HUMIDITY (PERCENT)
 HIGHEST    84           300 AM
 LOWEST     68          1200 AM
 AVERAGE    76

..........................................................


THE BISMARCK ND CLIMATE NORMALS FOR TODAY
                         NORMAL    RECORD    YEAR
 MAXIMUM TEMPERATURE (F)   23        60      1908
 MINIMUM TEMPERATURE (F)    2       -39      1996


SUNRISE AND SUNSET
JANUARY 19 2017.......SUNRISE   820 AM CST   SUNSET   528 PM CST
JANUARY 20 2017.......SUNRISE   820 AM CST   SUNSET   529 PM CST


-  INDICATES NEGATIVE NUMBERS.
R  INDICATES RECORD WAS SET OR TIED.
MM INDICATES DATA IS MISSING.
T  INDICATES TRACE AMOUNT.




$$
