000
CDUS43 KGRR 040520
CLIBIV


CLIMATE REPORT
NATIONAL WEATHER SERVICE GRAND RAPIDS, MI
118 AM EDT SAT JUL 4 2015


...................................

...THE HOLLAND/TULIP CITY MI CLIMATE SUMMARY FOR JULY 3 2015...

CLIMATE NORMAL PERIOD 1981 TO 2010
CLIMATE RECORD PERIOD 1996 TO 2015


WEATHER ITEM   OBSERVED TIME   NORMAL DEPARTURE LAST
                VALUE   (LST)  VALUE  FROM      YEAR
                                      NORMAL
......................................................
TEMPERATURE (F)
 YESTERDAY
  MAXIMUM         76    315 PM  82     -6       71
  MINIMUM         51    508 AM  62    -11       59
  AVERAGE         64            72     -8       65

PRECIPITATION (IN)
  YESTERDAY        0.00          0.14  -0.14      T
  MONTH TO DATE    0.00          0.40  -0.40     0.10
  SINCE JUN 1      1.44          4.62  -3.18     3.83
  SINCE JAN 1     12.25         17.21  -4.96    13.36

DEGREE DAYS
 HEATING
  YESTERDAY        1             0      1        0
  MONTH TO DATE    7             0      7        0
  SINCE JUN 1     31            48    -17       23
  SINCE JUL 1      7             0      7        0

 COOLING
  YESTERDAY        0             7     -7        0
  MONTH TO DATE    0            21    -21        9
  SINCE JUN 1     84           167    -83      192
  SINCE JAN 1    133           209    -76      231
......................................................


WIND (MPH)
  RESULTANT WIND SPEED   1   RESULTANT WIND DIRECTION  NW (310)
  HIGHEST WIND SPEED    12   HIGHEST WIND DIRECTION     W (280)
  HIGHEST GUST SPEED    15   HIGHEST GUST DIRECTION     W (270)
  AVERAGE WIND SPEED     3.4


SKY COVER
  AVERAGE SKY COVER 0.0


WEATHER CONDITIONS
 THE FOLLOWING WEATHER WAS RECORDED YESTERDAY.
  NO SIGNIFICANT WEATHER WAS OBSERVED.


RELATIVE HUMIDITY (PERCENT)
 HIGHEST    89           200 AM
 LOWEST     41          1100 AM
 AVERAGE    65

..........................................................


THE HOLLAND/TULIP CITY MI CLIMATE NORMALS FOR TODAY
                         NORMAL
 MAXIMUM TEMPERATURE (F)   82
 MINIMUM TEMPERATURE (F)   62


SUNRISE AND SUNSET
JULY  4 2015..........SUNRISE   611 AM EDT   SUNSET   926 PM EDT
JULY  5 2015..........SUNRISE   612 AM EDT   SUNSET   926 PM EDT


-  INDICATES NEGATIVE NUMBERS.
R  INDICATES RECORD WAS SET OR TIED.
MM INDICATES DATA IS MISSING.
T  INDICATES TRACE AMOUNT.




$$
