000
CDUS43 KGRR 051337
CLIBIV


CLIMATE REPORT
NATIONAL WEATHER SERVICE GRAND RAPIDS, MI
935 AM EDT THU MAY 5 2016


...................................

...THE HOLLAND/TULIP CITY MI CLIMATE SUMMARY FOR MAY 5 2016...
VALID AS OF 0900 AM LOCAL TIME.

CLIMATE NORMAL PERIOD 1981 TO 2010
CLIMATE RECORD PERIOD 1996 TO 2016


WEATHER ITEM   OBSERVED TIME   NORMAL DEPARTURE LAST
                VALUE   (LST)  VALUE  FROM      YEAR
                                      NORMAL
......................................................
TEMPERATURE (F)
 TODAY
  MAXIMUM         MM        MM  65     MM       56
  MINIMUM         MM        MM  45     MM       49
  AVERAGE         MM            55     MM       53

PRECIPITATION (IN)
  TODAY            0.00          0.11  -0.11     0.28
  MONTH TO DATE    1.07          0.58   0.49     0.42
  SINCE MAR 1      7.99          6.10   1.89     4.96
  SINCE JAN 1     11.85          9.99   1.86     6.44

DEGREE DAYS
 HEATING
  TODAY           MM            10     MM       12
  MONTH TO DATE   45            54     -9       44
  SINCE MAR 1   1348          1433    -85     1514
  SINCE JUL 1   5338          5933   -595     6481

 COOLING
  TODAY           MM             0     MM        0
  MONTH TO DATE    0             0      0        1
  SINCE MAR 1      1             4     -3        1
  SINCE JAN 1      1             4     -3        1
......................................................


WIND (MPH)
  RESULTANT WIND SPEED   8   RESULTANT WIND DIRECTION   N (10)
  HIGHEST WIND SPEED    14   HIGHEST WIND DIRECTION     N (10)
  HIGHEST GUST SPEED    20   HIGHEST GUST DIRECTION     N (10)
  AVERAGE WIND SPEED     7.8


SKY COVER
  AVERAGE SKY COVER 0.8


WEATHER CONDITIONS
 THE FOLLOWING WEATHER WAS RECORDED TODAY.
  NO SIGNIFICANT WEATHER WAS OBSERVED.


RELATIVE HUMIDITY (PERCENT)
 HIGHEST    MM
 LOWEST     MM
 AVERAGE    MM

..........................................................


THE HOLLAND/TULIP CITY MI CLIMATE NORMALS FOR TOMORROW
                         NORMAL
 MAXIMUM TEMPERATURE (F)   66
 MINIMUM TEMPERATURE (F)   45


SUNRISE AND SUNSET
MAY  5 2016...........SUNRISE   633 AM EDT   SUNSET   850 PM EDT
MAY  6 2016...........SUNRISE   632 AM EDT   SUNSET   851 PM EDT


-  INDICATES NEGATIVE NUMBERS.
R  INDICATES RECORD WAS SET OR TIED.
MM INDICATES DATA IS MISSING.
T  INDICATES TRACE AMOUNT.




$$

63
