000
CDUS43 KGRR 162127
CLIBIV


CLIMATE REPORT
NATIONAL WEATHER SERVICE GRAND RAPIDS, MI
527 PM EDT WED APR 16 2014


...................................

...THE HOLLAND/TULIP CITY MI CLIMATE SUMMARY FOR APRIL 16 2014...
VALID TODAY AS OF 0500 PM LOCAL TIME.

CLIMATE NORMAL PERIOD 1981 TO 2010
CLIMATE RECORD PERIOD 9999 TO 9999


WEATHER ITEM   OBSERVED TIME   RECORD YEAR NORMAL DEPARTURE LAST
                VALUE   (LST)  VALUE       VALUE  FROM      YEAR
                                                  NORMAL
..................................................................
TEMPERATURE (F)
 TODAY
  MAXIMUM         50    356 PM  MM      MM  58     -8       48
  MINIMUM         24    357 AM  MM      MM  39    -15       42
  AVERAGE         37                        49    -12       45

PRECIPITATION (IN)
  TODAY            0.00         MM      MM   0.11  -0.11     0.09
  MONTH TO DATE    1.37                      1.46  -0.09     4.39
  SINCE MAR 1      2.51                      3.73  -1.22     5.39
  SINCE JAN 1      6.47                      7.62  -1.15    11.15

DEGREE DAYS
 HEATING
  TODAY           28                        17     11       20
  MONTH TO DATE  326                       311     15      355
  SINCE MAR 1   1452                      1185    267     1345
  SINCE JUL 1   6610                      5685    925     5597

 COOLING
  TODAY            0                         0      0        0
  MONTH TO DATE    0                         0      0        0
  SINCE MAR 1      0                         0      0        0
  SINCE JAN 1      0                         0      0        0
..................................................................


WIND (MPH)
  RESULTANT WIND SPEED  10   RESULTANT WIND DIRECTION  SE (150)
  HIGHEST WIND SPEED    20   HIGHEST WIND DIRECTION    SE (140)
  HIGHEST GUST SPEED    26   HIGHEST GUST DIRECTION    SE (130)
  AVERAGE WIND SPEED    10.2



WEATHER CONDITIONS
 THE FOLLOWING WEATHER WAS RECORDED TODAY.
  NO SIGNIFICANT WEATHER WAS OBSERVED.


RELATIVE HUMIDITY (PERCENT)
 HIGHEST    74           300 AM
 LOWEST     32           400 PM
 AVERAGE    53

..........................................................




SUNRISE AND SUNSET
APRIL 16 2014.........SUNRISE   702 AM EDT   SUNSET   828 PM EDT
APRIL 17 2014.........SUNRISE   700 AM EDT   SUNSET   829 PM EDT


-  INDICATES NEGATIVE NUMBERS.
R  INDICATES RECORD WAS SET OR TIED.
MM INDICATES DATA IS MISSING.
T  INDICATES TRACE AMOUNT.




$$
