000
CDUS43 KGRR 300518
CLIBIV


CLIMATE REPORT
NATIONAL WEATHER SERVICE GRAND RAPIDS, MI
117 AM EDT THU MAR 30 2017


...................................

...THE HOLLAND/TULIP CITY MI CLIMATE SUMMARY FOR MARCH 29 2017...

CLIMATE NORMAL PERIOD 1981 TO 2010
CLIMATE RECORD PERIOD 1996 TO 2017


WEATHER ITEM   OBSERVED TIME   NORMAL DEPARTURE LAST
                VALUE   (LST)  VALUE  FROM      YEAR
                                      NORMAL
......................................................
TEMPERATURE (F)
 YESTERDAY
  MAXIMUM         55    137 PM  50      5       53
  MINIMUM         30    613 AM  33     -3       30
  AVERAGE         43            42      1       42

PRECIPITATION (IN)
  YESTERDAY        0.08          0.07   0.01     0.00
  MONTH TO DATE    1.89          2.14  -0.25     2.77
  SINCE MAR 1      1.89          2.14  -0.25     2.77
  SINCE JAN 1      6.55          6.03   0.52     6.63

DEGREE DAYS
 HEATING
  YESTERDAY       22            24     -2       23
  MONTH TO DATE  832           829      3      730
  SINCE MAR 1    832           829      3      730
  SINCE JUL 1   4694          5329   -635     4720

 COOLING
  YESTERDAY        0             0      0        0
  MONTH TO DATE    0             0      0        0
  SINCE MAR 1      0             0      0        0
  SINCE JAN 1      0             0      0        0
......................................................


WIND (MPH)
  RESULTANT WIND SPEED   7   RESULTANT WIND DIRECTION   E (80)
  HIGHEST WIND SPEED    16   HIGHEST WIND DIRECTION     E (70)
  HIGHEST GUST SPEED    22   HIGHEST GUST DIRECTION    NE (50)
  AVERAGE WIND SPEED     8.2


SKY COVER
  AVERAGE SKY COVER 0.3


WEATHER CONDITIONS
 THE FOLLOWING WEATHER WAS RECORDED YESTERDAY.
  LIGHT RAIN
  FOG
  FOG W/VISIBILITY <= 1/4 MILE


RELATIVE HUMIDITY (PERCENT)
 HIGHEST    92          1200 AM
 LOWEST     46           200 PM
 AVERAGE    69

..........................................................


THE HOLLAND/TULIP CITY MI CLIMATE NORMALS FOR TODAY
                         NORMAL
 MAXIMUM TEMPERATURE (F)   51
 MINIMUM TEMPERATURE (F)   33


SUNRISE AND SUNSET
MARCH 30 2017.........SUNRISE   730 AM EDT   SUNSET   809 PM EDT
MARCH 31 2017.........SUNRISE   728 AM EDT   SUNSET   810 PM EDT


-  INDICATES NEGATIVE NUMBERS.
R  INDICATES RECORD WAS SET OR TIED.
MM INDICATES DATA IS MISSING.
T  INDICATES TRACE AMOUNT.




$$
