000
CDUS46 KBOI 280931
CLIBKE


CLIMATE REPORT
NATIONAL WEATHER SERVICE BOISE ID
331 AM MDT FRI JUL 28 2017


...................................

...THE BAKER OR CLIMATE SUMMARY FOR JULY 27 2017...

CLIMATE NORMAL PERIOD 1981 TO 2010
CLIMATE RECORD PERIOD 1928 TO 2017


WEATHER ITEM   OBSERVED TIME   RECORD YEAR NORMAL DEPARTURE LAST
                VALUE   (LST)  VALUE       VALUE  FROM      YEAR
                                                  NORMAL
..................................................................
TEMPERATURE (F)
 YESTERDAY
  MAXIMUM         87    315 PM 103    1939  87      0       93
  MINIMUM         52    253 AM  39    2005  47      5       50
  AVERAGE         70                        67      3       72

PRECIPITATION (IN)
  YESTERDAY        T             0.30 1941   0.02  -0.02     0.00
  MONTH TO DATE    T                         0.58  -0.58     0.80
  SINCE OCT 1      7.53                      8.80  -1.27     6.05
  SINCE JAN 1      4.79                      6.29  -1.50     3.51

DEGREE DAYS
 HEATING
  YESTERDAY        0                         1     -1        0
  MONTH TO DATE    6                        63    -57       83
  SINCE JUN 1    182                       289   -107      275
  SINCE JUL 1      6                        63    -57       83

 COOLING
  YESTERDAY        5                         3      2        7
  MONTH TO DATE  111                        62     49       23
  SINCE JUN 1    132                        78     54       69
  SINCE JAN 1    132                        80     52       69
..................................................................


WIND (MPH)
  RESULTANT WIND SPEED   2   RESULTANT WIND DIRECTION   W (290)
  HIGHEST WIND SPEED    23   HIGHEST WIND DIRECTION     W (290)
  HIGHEST GUST SPEED    30   HIGHEST GUST DIRECTION     W (290)
  AVERAGE WIND SPEED     5.2


SKY COVER
  AVERAGE SKY COVER 0.1


WEATHER CONDITIONS
 THE FOLLOWING WEATHER WAS RECORDED YESTERDAY.
  NO SIGNIFICANT WEATHER WAS OBSERVED.


RELATIVE HUMIDITY (PERCENT)
 HIGHEST    89           300 AM
 LOWEST     25           200 PM
 AVERAGE    57

..........................................................


THE BAKER OR CLIMATE NORMALS FOR TODAY
                         NORMAL    RECORD    YEAR
 MAXIMUM TEMPERATURE (F)   87       104      1934
 MINIMUM TEMPERATURE (F)   47        33      2015


SUNRISE AND SUNSET
JULY 28 2017..........SUNRISE   533 AM PDT   SUNSET   822 PM PDT
JULY 29 2017..........SUNRISE   534 AM PDT   SUNSET   821 PM PDT


-  INDICATES NEGATIVE NUMBERS.
R  INDICATES RECORD WAS SET OR TIED.
MM INDICATES DATA IS MISSING.
T  INDICATES TRACE AMOUNT.




$$
