000
CDUS46 KBOI 250931
CLIBKE


CLIMATE REPORT
NATIONAL WEATHER SERVICE BOISE ID
331 AM MDT SAT MAR 25 2017


...................................

...THE BAKER OR CLIMATE SUMMARY FOR MARCH 24 2017...

CLIMATE NORMAL PERIOD 1981 TO 2010
CLIMATE RECORD PERIOD 1948 TO 2017


WEATHER ITEM   OBSERVED TIME   RECORD YEAR NORMAL DEPARTURE LAST
                VALUE   (LST)  VALUE       VALUE  FROM      YEAR
                                                  NORMAL
..................................................................
TEMPERATURE (F)
 YESTERDAY
  MAXIMUM         46    456 PM  69    2007  53     -7       51
  MINIMUM         31   1159 PM  11    2013  27      4       36
  AVERAGE         39                        40     -1       44

PRECIPITATION (IN)
  YESTERDAY        0.18          0.29 1975   0.03   0.15      T
  MONTH TO DATE    0.74                      0.63   0.11     0.30
  SINCE OCT 1      5.05                      4.52   0.53     3.44
  SINCE JAN 1      2.31                      2.01   0.30     0.90

DEGREE DAYS
 HEATING
  YESTERDAY       26                        25      1       21
  MONTH TO DATE  561                       677   -116      605
  SINCE MAR 1    561                       677   -116      605
  SINCE JUL 1   6389                      6197    192     5649

 COOLING
  YESTERDAY        0                         0      0        0
  MONTH TO DATE    0                         0      0        0
  SINCE MAR 1      0                         0      0        0
  SINCE JAN 1      0                         0      0        0
..................................................................


WIND (MPH)
  RESULTANT WIND SPEED   9   RESULTANT WIND DIRECTION   E (110)
  HIGHEST WIND SPEED    20   HIGHEST WIND DIRECTION     S (160)
  HIGHEST GUST SPEED    25   HIGHEST GUST DIRECTION     E (100)
  AVERAGE WIND SPEED    11.2


SKY COVER
  AVERAGE SKY COVER 0.8


WEATHER CONDITIONS
 THE FOLLOWING WEATHER WAS RECORDED YESTERDAY.
  LIGHT RAIN


RELATIVE HUMIDITY (PERCENT)
 HIGHEST   100          1100 PM
 LOWEST     49           200 AM
 AVERAGE    75

..........................................................


THE BAKER OR CLIMATE NORMALS FOR TODAY
                         NORMAL    RECORD    YEAR
 MAXIMUM TEMPERATURE (F)   53        73      1960
 MINIMUM TEMPERATURE (F)   27        15      1996


SUNRISE AND SUNSET
MARCH 25 2017.........SUNRISE   644 AM PDT   SUNSET   711 PM PDT
MARCH 26 2017.........SUNRISE   643 AM PDT   SUNSET   712 PM PDT


-  INDICATES NEGATIVE NUMBERS.
R  INDICATES RECORD WAS SET OR TIED.
MM INDICATES DATA IS MISSING.
T  INDICATES TRACE AMOUNT.




$$
