000
CDUS46 KBOI 030931
CLIBKE


CLIMATE REPORT
NATIONAL WEATHER SERVICE BOISE ID
331 AM MDT MON AUG 3 2015


...................................

...THE BAKER OR CLIMATE SUMMARY FOR AUGUST 2 2015...

CLIMATE NORMAL PERIOD 1981 TO 2010
CLIMATE RECORD PERIOD 1948 TO 2015


WEATHER ITEM   OBSERVED TIME   RECORD YEAR NORMAL DEPARTURE LAST
                VALUE   (LST)  VALUE       VALUE  FROM      YEAR
                                                  NORMAL
..................................................................
TEMPERATURE (F)
 YESTERDAY
  MAXIMUM         98    253 PM 103    1961  87     11       91
  MINIMUM         44    407 AM  35    1957  47     -3       58
  AVERAGE         71                        67      4       75

PRECIPITATION (IN)
  YESTERDAY        0.00          0.25 1968   0.02  -0.02      T
  MONTH TO DATE    0.00                      0.04  -0.04      T
  SINCE OCT 1      9.46                      8.91   0.55     6.09
  SINCE JAN 1      7.26                      6.40   0.86     4.92

DEGREE DAYS
 HEATING
  YESTERDAY        0                         1     -1        0
  MONTH TO DATE    0                         2     -2        0
  SINCE JUN 1    124                       298   -174      246
  SINCE JUL 1     40                        72    -32       13

 COOLING
  YESTERDAY        6                         3      3       10
  MONTH TO DATE   14                         6      8       16
  SINCE JUN 1    165                        97     68      181
  SINCE JAN 1    166                        99     67      181
..................................................................


WIND (MPH)
  RESULTANT WIND SPEED   4   RESULTANT WIND DIRECTION  NW (300)
  HIGHEST WIND SPEED    14   HIGHEST WIND DIRECTION    NW (310)
  HIGHEST GUST SPEED    18   HIGHEST GUST DIRECTION    NW (300)
  AVERAGE WIND SPEED     4.3


SKY COVER
  AVERAGE SKY COVER 0.0


WEATHER CONDITIONS
 THE FOLLOWING WEATHER WAS RECORDED YESTERDAY.
  NO SIGNIFICANT WEATHER WAS OBSERVED.


RELATIVE HUMIDITY (PERCENT)
 HIGHEST    76           400 AM
 LOWEST      9           100 PM
 AVERAGE    43

..........................................................


THE BAKER OR CLIMATE NORMALS FOR TODAY
                         NORMAL    RECORD    YEAR
 MAXIMUM TEMPERATURE (F)   87       103      1961
 MINIMUM TEMPERATURE (F)   47        33      2002


SUNRISE AND SUNSET
AUGUST  3 2015........SUNRISE   539 AM PDT   SUNSET   815 PM PDT
AUGUST  4 2015........SUNRISE   540 AM PDT   SUNSET   814 PM PDT


-  INDICATES NEGATIVE NUMBERS.
R  INDICATES RECORD WAS SET OR TIED.
MM INDICATES DATA IS MISSING.
T  INDICATES TRACE AMOUNT.




$$
