000
CDUS46 KBOI 040930
CLIBKE


CLIMATE REPORT
NATIONAL WEATHER SERVICE BOISE ID
230 AM MST SUN DEC 4 2016


...................................

...THE BAKER OR CLIMATE SUMMARY FOR DECEMBER 3 2016...

CLIMATE NORMAL PERIOD 1981 TO 2010
CLIMATE RECORD PERIOD 1948 TO 2016


WEATHER ITEM   OBSERVED TIME   RECORD YEAR NORMAL DEPARTURE LAST
                VALUE   (LST)  VALUE       VALUE  FROM      YEAR
                                                  NORMAL
..................................................................
TEMPERATURE (F)
 YESTERDAY
  MAXIMUM         40    236 PM  57    1977  36      4       39
  MINIMUM         27    820 PM   0    1996  18      9       29
  AVERAGE         34                        27      7       34

PRECIPITATION (IN)
  YESTERDAY        0.00          0.25 1966   0.03  -0.03      T
  MONTH TO DATE    T                         0.10  -0.10     0.01
  SINCE OCT 1      1.81                      1.63   0.18     1.21
  SINCE JAN 1      5.51                      9.25  -3.74     9.17

DEGREE DAYS
 HEATING
  YESTERDAY       31                        38     -7       31
  MONTH TO DATE  108                       114     -6      115
  SINCE DEC 1    108                       114     -6      115
  SINCE JUL 1   1882                      2151   -269     1966

 COOLING
  YESTERDAY        0                         0      0        0
  MONTH TO DATE    0                         0      0        0
  SINCE DEC 1      0                         0      0        0
  SINCE JAN 1    132                       169    -37      225
..................................................................


WIND (MPH)
  RESULTANT WIND SPEED   2   RESULTANT WIND DIRECTION   E (100)
  HIGHEST WIND SPEED    12   HIGHEST WIND DIRECTION     E (90)
  HIGHEST GUST SPEED    15   HIGHEST GUST DIRECTION     E (70)
  AVERAGE WIND SPEED     3.7


SKY COVER
  AVERAGE SKY COVER 0.7


WEATHER CONDITIONS
 THE FOLLOWING WEATHER WAS RECORDED YESTERDAY.
  NO SIGNIFICANT WEATHER WAS OBSERVED.


RELATIVE HUMIDITY (PERCENT)
 HIGHEST   100          1100 PM
 LOWEST     64           200 PM
 AVERAGE    82

..........................................................


THE BAKER OR CLIMATE NORMALS FOR TODAY
                         NORMAL    RECORD    YEAR
 MAXIMUM TEMPERATURE (F)   36        58      1975
 MINIMUM TEMPERATURE (F)   17        -7      1948


SUNRISE AND SUNSET
DECEMBER  4 2016......SUNRISE   713 AM PST   SUNSET   411 PM PST
DECEMBER  5 2016......SUNRISE   714 AM PST   SUNSET   410 PM PST


-  INDICATES NEGATIVE NUMBERS.
R  INDICATES RECORD WAS SET OR TIED.
MM INDICATES DATA IS MISSING.
T  INDICATES TRACE AMOUNT.




$$
