000
CDUS46 KBOI 240932
CLIBKE


CLIMATE REPORT
NATIONAL WEATHER SERVICE BOISE ID
331 AM MDT FRI OCT 24 2014


...................................

...THE BAKER OR CLIMATE SUMMARY FOR OCTOBER 23 2014...

CLIMATE NORMAL PERIOD 1981 TO 2010
CLIMATE RECORD PERIOD 1948 TO 2014


WEATHER ITEM   OBSERVED TIME   RECORD YEAR NORMAL DEPARTURE LAST
                VALUE   (LST)  VALUE       VALUE  FROM      YEAR
                                                  NORMAL
..................................................................
TEMPERATURE (F)
 YESTERDAY
  MAXIMUM         56   1229 PM  73    1965  57     -1       69
  MINIMUM         47   1159 PM  17    1995  27     20       24
  AVERAGE         52                        42     10       47

PRECIPITATION (IN)
  YESTERDAY        0.10          0.26 1970   0.02   0.08     0.00
  MONTH TO DATE    0.12                      0.43  -0.31     0.03
  SINCE OCT 1      0.12                      0.43  -0.31     0.03
  SINCE JAN 1      6.12                      8.05  -1.93     7.80

DEGREE DAYS
 HEATING
  YESTERDAY       13                        23    -10       18
  MONTH TO DATE  334                       439   -105      513
  SINCE SEP 1    544                       730   -186      752
  SINCE JUL 1    621                       881   -260      784

 COOLING
  YESTERDAY        0                         0      0        0
  MONTH TO DATE    0                         0      0        0
  SINCE SEP 1     15                         9      6       28
  SINCE JAN 1    250                       169     81      258
..................................................................


WIND (MPH)
  RESULTANT WIND SPEED  11   RESULTANT WIND DIRECTION  SE (120)
  HIGHEST WIND SPEED    23   HIGHEST WIND DIRECTION     E (70)
  HIGHEST GUST SPEED    28   HIGHEST GUST DIRECTION    SE (120)
  AVERAGE WIND SPEED    12.1


SKY COVER
  AVERAGE SKY COVER 0.8


WEATHER CONDITIONS
 THE FOLLOWING WEATHER WAS RECORDED YESTERDAY.
  LIGHT RAIN
  FOG


RELATIVE HUMIDITY (PERCENT)
 HIGHEST    80           700 PM
 LOWEST     55           500 AM
 AVERAGE    68

..........................................................


THE BAKER OR CLIMATE NORMALS FOR TODAY
                         NORMAL    RECORD    YEAR
 MAXIMUM TEMPERATURE (F)   57        73      1965
 MINIMUM TEMPERATURE (F)   27        12      2002


SUNRISE AND SUNSET
OCTOBER 24 2014.......SUNRISE   719 AM PDT   SUNSET   551 PM PDT
OCTOBER 25 2014.......SUNRISE   720 AM PDT   SUNSET   550 PM PDT


-  INDICATES NEGATIVE NUMBERS.
R  INDICATES RECORD WAS SET OR TIED.
MM INDICATES DATA IS MISSING.
T  INDICATES TRACE AMOUNT.




$$
