000
CDUS46 KBOI 290931
CLIBKE


CLIMATE REPORT
NATIONAL WEATHER SERVICE BOISE ID
231 AM MST THU JAN 29 2015


...................................

...THE BAKER OR CLIMATE SUMMARY FOR JANUARY 28 2015...

CLIMATE NORMAL PERIOD 1981 TO 2010
CLIMATE RECORD PERIOD 1948 TO 2015


WEATHER ITEM   OBSERVED TIME   RECORD YEAR NORMAL DEPARTURE LAST
                VALUE   (LST)  VALUE       VALUE  FROM      YEAR
                                                  NORMAL
..................................................................
TEMPERATURE (F)
 YESTERDAY
  MAXIMUM         49    213 PM  51    1992  35     14       31
  MINIMUM         22    640 AM -15    1957  17      5       14
  AVERAGE         36                        26     10       23

PRECIPITATION (IN)
  YESTERDAY        0.00          0.39 1965   0.02  -0.02     0.03
  MONTH TO DATE    0.39                      0.73  -0.34     0.35
  SINCE OCT 1      2.59                      3.24  -0.65     1.52
  SINCE JAN 1      0.39                      0.73  -0.34     0.35

DEGREE DAYS
 HEATING
  YESTERDAY       29                        39    -10       42
  MONTH TO DATE 1021                      1123   -102     1104
  SINCE DEC 1   2043                      2371   -328     2505
  SINCE JUL 1   3846                      4408   -562     4430

 COOLING
  YESTERDAY        0                         0      0        0
  MONTH TO DATE    0                         0      0        0
  SINCE DEC 1      0                         0      0        0
  SINCE JAN 1      0                         0      0        0
..................................................................


WIND (MPH)
  RESULTANT WIND SPEED   1   RESULTANT WIND DIRECTION  SW (240)
  HIGHEST WIND SPEED     8   HIGHEST WIND DIRECTION    SW (240)
  HIGHEST GUST SPEED    11   HIGHEST GUST DIRECTION     W (280)
  AVERAGE WIND SPEED     2.2


SKY COVER
  AVERAGE SKY COVER 0.3


WEATHER CONDITIONS
 THE FOLLOWING WEATHER WAS RECORDED YESTERDAY.
  FOG
  FOG W/VISIBILITY <= 1/4 MILE


RELATIVE HUMIDITY (PERCENT)
 HIGHEST   100          1200 AM
 LOWEST     56           100 PM
 AVERAGE    78

..........................................................


THE BAKER OR CLIMATE NORMALS FOR TODAY
                         NORMAL    RECORD    YEAR
 MAXIMUM TEMPERATURE (F)   35        56      1967
 MINIMUM TEMPERATURE (F)   17       -21      1957


SUNRISE AND SUNSET
JANUARY 29 2015.......SUNRISE   714 AM PST   SUNSET   455 PM PST
JANUARY 30 2015.......SUNRISE   713 AM PST   SUNSET   457 PM PST


-  INDICATES NEGATIVE NUMBERS.
R  INDICATES RECORD WAS SET OR TIED.
MM INDICATES DATA IS MISSING.
T  INDICATES TRACE AMOUNT.




$$
