000
CDUS46 KBOI 020931
CLIBKE


CLIMATE REPORT
NATIONAL WEATHER SERVICE BOISE ID
231 AM MST MON MAR 2 2015


...................................

...THE BAKER OR CLIMATE SUMMARY FOR MARCH 1 2015...

CLIMATE NORMAL PERIOD 1981 TO 2010
CLIMATE RECORD PERIOD 1948 TO 2015


WEATHER ITEM   OBSERVED TIME   RECORD YEAR NORMAL DEPARTURE LAST
                VALUE   (LST)  VALUE       VALUE  FROM      YEAR
                                                  NORMAL
..................................................................
TEMPERATURE (F)
 YESTERDAY
  MAXIMUM         47    305 PM  66    1986  45      2       39
  MINIMUM         12    636 AM   0    1960  22    -10       29
  AVERAGE         30                        34     -4       34

PRECIPITATION (IN)
  YESTERDAY        0.00          0.16 1970   0.03  -0.03     0.12
  MONTH TO DATE    0.00                      0.03  -0.03     0.12
  SINCE OCT 1      3.30                      3.92  -0.62     2.98
  SINCE JAN 1      1.10                      1.41  -0.31     1.81

DEGREE DAYS
 HEATING
  YESTERDAY       35                        32      3       31
  MONTH TO DATE   35                        32      3       31
  SINCE MAR 1     35                        32      3       31
  SINCE JUL 1   4711                      5552   -841     5557

 COOLING
  YESTERDAY        0                         0      0        0
  MONTH TO DATE    0                         0      0        0
  SINCE MAR 1      0                         0      0        0
  SINCE JAN 1      0                         0      0        0
..................................................................


WIND (MPH)
  RESULTANT WIND SPEED   5   RESULTANT WIND DIRECTION   E (110)
  HIGHEST WIND SPEED    15   HIGHEST WIND DIRECTION     E (100)
  HIGHEST GUST SPEED    22   HIGHEST GUST DIRECTION     E (70)
  AVERAGE WIND SPEED     6.0


SKY COVER
  AVERAGE SKY COVER 0.0


WEATHER CONDITIONS
 THE FOLLOWING WEATHER WAS RECORDED YESTERDAY.
  NO SIGNIFICANT WEATHER WAS OBSERVED.


RELATIVE HUMIDITY (PERCENT)
 HIGHEST    88           300 AM
 LOWEST     25           300 PM
 AVERAGE    57

..........................................................


THE BAKER OR CLIMATE NORMALS FOR TODAY
                         NORMAL    RECORD    YEAR
 MAXIMUM TEMPERATURE (F)   46        66      1968
 MINIMUM TEMPERATURE (F)   22         2      1960


SUNRISE AND SUNSET
MARCH  2 2015.........SUNRISE   627 AM PST   SUNSET   540 PM PST
MARCH  3 2015.........SUNRISE   626 AM PST   SUNSET   541 PM PST


-  INDICATES NEGATIVE NUMBERS.
R  INDICATES RECORD WAS SET OR TIED.
MM INDICATES DATA IS MISSING.
T  INDICATES TRACE AMOUNT.




$$
