000
CDUS46 KBOI 210931
CLIBKE


CLIMATE REPORT
NATIONAL WEATHER SERVICE BOISE ID
231 AM MST SUN JAN 21 2018


...................................

...THE BAKER OR CLIMATE SUMMARY FOR JANUARY 20 2018...

CLIMATE NORMAL PERIOD 1981 TO 2010
CLIMATE RECORD PERIOD 1928 TO 2018


WEATHER ITEM   OBSERVED TIME   RECORD YEAR NORMAL DEPARTURE LAST
                VALUE   (LST)  VALUE       VALUE  FROM      YEAR
                                                  NORMAL
..................................................................
TEMPERATURE (F)
 YESTERDAY
  MAXIMUM         41    347 PM  53    1953  34      7       36
  MINIMUM         20    442 AM -18    1937  17      3       22
                                      1930
  AVERAGE         31                        25      6       29

PRECIPITATION (IN)
  YESTERDAY        0.00          0.21 1964   0.02  -0.02      T
  MONTH TO DATE    0.65                      0.55   0.10     0.47
  SINCE OCT 1      1.91                      3.06  -1.15     3.21
  SINCE JAN 1      0.65                      0.55   0.10     0.47

DEGREE DAYS
 HEATING
  YESTERDAY       34                        40     -6       36
  MONTH TO DATE  594                       809   -215     1109
  SINCE DEC 1   1833                      2057   -224     2662
  SINCE JUL 1   3463                      4094   -631     4436

 COOLING
  YESTERDAY        0                         0      0        0
  MONTH TO DATE    0                         0      0        0
  SINCE DEC 1      0                         0      0        0
  SINCE JAN 1      0                         0      0        0
..................................................................


WIND (MPH)
  RESULTANT WIND SPEED   0   RESULTANT WIND DIRECTION   S (190)
  HIGHEST WIND SPEED     7   HIGHEST WIND DIRECTION     N (10)
  HIGHEST GUST SPEED     8   HIGHEST GUST DIRECTION     N (360)
  AVERAGE WIND SPEED     2.0


SKY COVER
  AVERAGE SKY COVER 0.6


WEATHER CONDITIONS
 THE FOLLOWING WEATHER WAS RECORDED YESTERDAY.
  NO SIGNIFICANT WEATHER WAS OBSERVED.


RELATIVE HUMIDITY (PERCENT)
 HIGHEST    88          1200 AM
 LOWEST     59           200 PM
 AVERAGE    74

..........................................................


THE BAKER OR CLIMATE NORMALS FOR TODAY
                         NORMAL    RECORD    YEAR
 MAXIMUM TEMPERATURE (F)   34        49      1981
                                             1972
 MINIMUM TEMPERATURE (F)   17       -23      1962


SUNRISE AND SUNSET
JANUARY 21 2018.......SUNRISE   721 AM PST   SUNSET   444 PM PST
JANUARY 22 2018.......SUNRISE   720 AM PST   SUNSET   446 PM PST


-  INDICATES NEGATIVE NUMBERS.
R  INDICATES RECORD WAS SET OR TIED.
MM INDICATES DATA IS MISSING.
T  INDICATES TRACE AMOUNT.




$$
