000
CDUS46 KBOI 240931
CLIBKE


CLIMATE REPORT
NATIONAL WEATHER SERVICE BOISE ID
331 AM MDT MON APR 24 2017


...................................

...THE BAKER OR CLIMATE SUMMARY FOR APRIL 23 2017...

CLIMATE NORMAL PERIOD 1981 TO 2010
CLIMATE RECORD PERIOD 1948 TO 2017


WEATHER ITEM   OBSERVED TIME   RECORD YEAR NORMAL DEPARTURE LAST
                VALUE   (LST)  VALUE       VALUE  FROM      YEAR
                                                  NORMAL
..................................................................
TEMPERATURE (F)
 YESTERDAY
  MAXIMUM         57    258 PM  86    1977  60     -3       60
  MINIMUM         41   1159 PM  12    2013  30     11       38
  AVERAGE         49                        45      4       49

PRECIPITATION (IN)
  YESTERDAY        0.01          0.45 1998   0.03  -0.02     0.00
  MONTH TO DATE    0.48                      0.61  -0.13     0.31
  SINCE OCT 1      5.82                      5.32   0.50     3.77
  SINCE JAN 1      3.08                      2.81   0.27     1.23

DEGREE DAYS
 HEATING
  YESTERDAY       16                        20     -4       16
  MONTH TO DATE  530                       512     18      354
  SINCE MAR 1   1262                      1360    -98     1141
  SINCE JUL 1   7090                      6880    210     6185

 COOLING
  YESTERDAY        0                         0      0        0
  MONTH TO DATE    0                         0      0        0
  SINCE MAR 1      0                         0      0        0
  SINCE JAN 1      0                         0      0        0
..................................................................


WIND (MPH)
  RESULTANT WIND SPEED   7   RESULTANT WIND DIRECTION  NW (310)
  HIGHEST WIND SPEED    20   HIGHEST WIND DIRECTION    NW (320)
  HIGHEST GUST SPEED    24   HIGHEST GUST DIRECTION    NW (330)
  AVERAGE WIND SPEED     8.1


SKY COVER
  AVERAGE SKY COVER 0.7


WEATHER CONDITIONS
 THE FOLLOWING WEATHER WAS RECORDED YESTERDAY.
  NO SIGNIFICANT WEATHER WAS OBSERVED.


RELATIVE HUMIDITY (PERCENT)
 HIGHEST    89           300 AM
 LOWEST     47           200 PM
 AVERAGE    68

..........................................................


THE BAKER OR CLIMATE NORMALS FOR TODAY
                         NORMAL    RECORD    YEAR
 MAXIMUM TEMPERATURE (F)   60        89      1977
 MINIMUM TEMPERATURE (F)   30        14      2002


SUNRISE AND SUNSET
APRIL 24 2017.........SUNRISE   551 AM PDT   SUNSET   748 PM PDT
APRIL 25 2017.........SUNRISE   550 AM PDT   SUNSET   749 PM PDT


-  INDICATES NEGATIVE NUMBERS.
R  INDICATES RECORD WAS SET OR TIED.
MM INDICATES DATA IS MISSING.
T  INDICATES TRACE AMOUNT.




$$
