859
CDUS46 KBOI 220932
CLIBKE


CLIMATE REPORT
NATIONAL WEATHER SERVICE BOISE ID
231 AM MST SUN JAN 22 2017


...................................

...THE BAKER OR CLIMATE SUMMARY FOR JANUARY 21 2017...

CLIMATE NORMAL PERIOD 1981 TO 2010
CLIMATE RECORD PERIOD 1948 TO 2017


WEATHER ITEM   OBSERVED TIME   RECORD YEAR NORMAL DEPARTURE LAST
                VALUE   (LST)  VALUE       VALUE  FROM      YEAR
                                                  NORMAL
..................................................................
TEMPERATURE (F)
 YESTERDAY
  MAXIMUM         35    412 PM  49    1981  34      1       40
  MINIMUM         24    630 AM -23    1962  17      7       34
  AVERAGE         30                        25      5       37

PRECIPITATION (IN)
  YESTERDAY        T             0.22 1970   0.03  -0.03     0.00
  MONTH TO DATE    0.47                      0.58  -0.11     0.22
  SINCE OCT 1      3.21                      3.09   0.12     2.76
  SINCE JAN 1      0.47                      0.58  -0.11     0.22

DEGREE DAYS
 HEATING
  YESTERDAY       35                        40     -5       28
  MONTH TO DATE 1144                       849    295      792
  SINCE DEC 1   2697                      2097    600     1938
  SINCE JUL 1   4471                      4134    337     3789

 COOLING
  YESTERDAY        0                         0      0        0
  MONTH TO DATE    0                         0      0        0
  SINCE DEC 1      0                         0      0        0
  SINCE JAN 1      0                         0      0        0
..................................................................


WIND (MPH)
  RESULTANT WIND SPEED   9   RESULTANT WIND DIRECTION  SE (130)
  HIGHEST WIND SPEED    23   HIGHEST WIND DIRECTION    SE (140)
  HIGHEST GUST SPEED    25   HIGHEST GUST DIRECTION    SE (140)
  AVERAGE WIND SPEED    11.9


SKY COVER
  AVERAGE SKY COVER 0.8


WEATHER CONDITIONS
 THE FOLLOWING WEATHER WAS RECORDED YESTERDAY.
  LIGHT SNOW
  FOG


RELATIVE HUMIDITY (PERCENT)
 HIGHEST   100           100 AM
 LOWEST     75          1200 PM
 AVERAGE    88

..........................................................


THE BAKER OR CLIMATE NORMALS FOR TODAY
                         NORMAL    RECORD    YEAR
 MAXIMUM TEMPERATURE (F)   34        49      1981
 MINIMUM TEMPERATURE (F)   17       -28      1962


SUNRISE AND SUNSET
JANUARY 22 2017.......SUNRISE   720 AM PST   SUNSET   446 PM PST
JANUARY 23 2017.......SUNRISE   719 AM PST   SUNSET   447 PM PST


-  INDICATES NEGATIVE NUMBERS.
R  INDICATES RECORD WAS SET OR TIED.
MM INDICATES DATA IS MISSING.
T  INDICATES TRACE AMOUNT.




$$
