783
CDUS46 KBOI 280931
CLIBKE


CLIMATE REPORT
NATIONAL WEATHER SERVICE BOISE ID
331 AM MDT SUN MAY 28 2017


...................................

...THE BAKER OR CLIMATE SUMMARY FOR MAY 27 2017...

CLIMATE NORMAL PERIOD 1981 TO 2010
CLIMATE RECORD PERIOD 1928 TO 2017


WEATHER ITEM   OBSERVED TIME   RECORD YEAR NORMAL DEPARTURE LAST
                VALUE   (LST)  VALUE       VALUE  FROM      YEAR
                                                  NORMAL
..................................................................
TEMPERATURE (F)
 YESTERDAY
  MAXIMUM         76    414 PM  89    1983  69      7       60
                                      1958
                                      1934
  MINIMUM         32    439 AM  29    1932  39     -7       37
  AVERAGE         54                        54      0       49

PRECIPITATION (IN)
  YESTERDAY        0.00          0.60 2010   0.06  -0.06     0.00
  MONTH TO DATE    0.33                      1.27  -0.94     1.07
  SINCE OCT 1      6.48                      6.83  -0.35     4.88
  SINCE JAN 1      3.74                      4.32  -0.58     2.34

DEGREE DAYS
 HEATING
  YESTERDAY       11                        11      0       16
  MONTH TO DATE  418                       391     27      332
  SINCE MAR 1   1838                      1884    -46     1597
  SINCE JUL 1   7666                      7404    262     6641

 COOLING
  YESTERDAY        0                         0      0        0
  MONTH TO DATE    0                         0      0        0
  SINCE MAR 1      0                         0      0        0
  SINCE JAN 1      0                         0      0        0
..................................................................


WIND (MPH)
  RESULTANT WIND SPEED   2   RESULTANT WIND DIRECTION   E (70)
  HIGHEST WIND SPEED    13   HIGHEST WIND DIRECTION    NE (50)
  HIGHEST GUST SPEED    17   HIGHEST GUST DIRECTION    NE (60)
  AVERAGE WIND SPEED     3.8


SKY COVER
  AVERAGE SKY COVER 0.0


WEATHER CONDITIONS
 THE FOLLOWING WEATHER WAS RECORDED YESTERDAY.
  FOG


RELATIVE HUMIDITY (PERCENT)
 HIGHEST   100           100 AM
 LOWEST     19          1200 PM
 AVERAGE    60

..........................................................


THE BAKER OR CLIMATE NORMALS FOR TODAY
                         NORMAL    RECORD    YEAR
 MAXIMUM TEMPERATURE (F)   69        92      1983
 MINIMUM TEMPERATURE (F)   39        27      1954


SUNRISE AND SUNSET
MAY 28 2017...........SUNRISE   511 AM PDT   SUNSET   827 PM PDT
MAY 29 2017...........SUNRISE   510 AM PDT   SUNSET   828 PM PDT


-  INDICATES NEGATIVE NUMBERS.
R  INDICATES RECORD WAS SET OR TIED.
MM INDICATES DATA IS MISSING.
T  INDICATES TRACE AMOUNT.




$$
