000
CDUS46 KBOI 260932
CLIBKE


CLIMATE REPORT
NATIONAL WEATHER SERVICE BOISE ID
332 AM MDT TUE SEP 26 2017


...................................

...THE BAKER OR CLIMATE SUMMARY FOR SEPTEMBER 25 2017...

CLIMATE NORMAL PERIOD 1981 TO 2010
CLIMATE RECORD PERIOD 1928 TO 2017


WEATHER ITEM   OBSERVED TIME   RECORD YEAR NORMAL DEPARTURE LAST
                VALUE   (LST)  VALUE       VALUE  FROM      YEAR
                                                  NORMAL
..................................................................
TEMPERATURE (F)
 YESTERDAY
  MAXIMUM         72    126 PM  91    1943  71      1       78
  MINIMUM         38    303 AM  21    1970  33      5       29
  AVERAGE         55                        52      3       54

PRECIPITATION (IN)
  YESTERDAY        0.00          0.31 1998   0.02  -0.02     0.00
  MONTH TO DATE    0.13                      0.47  -0.34     0.07
  SINCE OCT 1      8.45                     10.05  -1.60     6.24
  SINCE JAN 1      5.71                      7.54  -1.83     3.70

DEGREE DAYS
 HEATING
  YESTERDAY       10                        13     -3       11
  MONTH TO DATE  182                       220    -38      285
  SINCE SEP 1    182                       220    -38      285
  SINCE JUL 1    194                       371   -177      431

 COOLING
  YESTERDAY        0                         0      0        0
  MONTH TO DATE   53                         7     46        0
  SINCE SEP 1     53                         7     46        0
  SINCE JAN 1    357                       167    190      132
..................................................................


WIND (MPH)
  RESULTANT WIND SPEED   1   RESULTANT WIND DIRECTION   W (260)
  HIGHEST WIND SPEED    12   HIGHEST WIND DIRECTION    SW (240)
  HIGHEST GUST SPEED    13   HIGHEST GUST DIRECTION     W (280)
  AVERAGE WIND SPEED     1.9


SKY COVER
  AVERAGE SKY COVER 0.7


WEATHER CONDITIONS
 THE FOLLOWING WEATHER WAS RECORDED YESTERDAY.
  HAZE


RELATIVE HUMIDITY (PERCENT)
 HIGHEST    85           500 AM
 LOWEST     31          1200 PM
 AVERAGE    58

..........................................................


THE BAKER OR CLIMATE NORMALS FOR TODAY
                         NORMAL    RECORD    YEAR
 MAXIMUM TEMPERATURE (F)   71        90      1963
 MINIMUM TEMPERATURE (F)   33        21      1955


SUNRISE AND SUNSET
SEPTEMBER 26 2017.....SUNRISE   643 AM PDT   SUNSET   640 PM PDT
SEPTEMBER 27 2017.....SUNRISE   645 AM PDT   SUNSET   639 PM PDT


-  INDICATES NEGATIVE NUMBERS.
R  INDICATES RECORD WAS SET OR TIED.
MM INDICATES DATA IS MISSING.
T  INDICATES TRACE AMOUNT.




$$
