000
CDUS46 KBOI 120936
CLIBKE


CLIMATE REPORT
NATIONAL WEATHER SERVICE BOISE ID
235 AM MST FRI FEB 12 2016


...................................

...THE BAKER OR CLIMATE SUMMARY FOR FEBRUARY 11 2016...

CLIMATE NORMAL PERIOD 1981 TO 2010
CLIMATE RECORD PERIOD 1948 TO 2016


WEATHER ITEM   OBSERVED TIME   RECORD YEAR NORMAL DEPARTURE LAST
                VALUE   (LST)  VALUE       VALUE  FROM      YEAR
                                                  NORMAL
..................................................................
TEMPERATURE (F)
 YESTERDAY
  MAXIMUM         41    259 PM  54    1996  38      3       49
  MINIMUM         30    931 PM  -4    1982  18     12       26
  AVERAGE         36                        28      8       38

PRECIPITATION (IN)
  YESTERDAY        0.00          0.25 1954   0.02  -0.02     0.00
  MONTH TO DATE    0.07                      0.23  -0.16     0.60
  SINCE OCT 1      3.00                      3.54  -0.54     3.19
  SINCE JAN 1      0.46                      1.03  -0.57     0.99

DEGREE DAYS
 HEATING
  YESTERDAY       29                        37     -8       27
  MONTH TO DATE  400                       414    -14      248
  SINCE DEC 1   2695                      2900   -205     2390
  SINCE JUL 1   4546                      4937   -391     4193

 COOLING
  YESTERDAY        0                         0      0        0
  MONTH TO DATE    0                         0      0        0
  SINCE DEC 1      0                         0      0        0
  SINCE JAN 1      0                         0      0        0
..................................................................


WIND (MPH)
  RESULTANT WIND SPEED   1   RESULTANT WIND DIRECTION   S (170)
  HIGHEST WIND SPEED    14   HIGHEST WIND DIRECTION    SE (120)
  HIGHEST GUST SPEED    16   HIGHEST GUST DIRECTION    SE (120)
  AVERAGE WIND SPEED     2.9


SKY COVER
  AVERAGE SKY COVER 0.5


WEATHER CONDITIONS
 THE FOLLOWING WEATHER WAS RECORDED YESTERDAY.
  FOG


RELATIVE HUMIDITY (PERCENT)
 HIGHEST   100          1200 AM
 LOWEST     73           300 PM
 AVERAGE    87

..........................................................


THE BAKER OR CLIMATE NORMALS FOR TODAY
                         NORMAL    RECORD    YEAR
 MAXIMUM TEMPERATURE (F)   39        58      2015
 MINIMUM TEMPERATURE (F)   18        -2      1966


SUNRISE AND SUNSET
FEBRUARY 12 2016......SUNRISE   657 AM PST   SUNSET   515 PM PST
FEBRUARY 13 2016......SUNRISE   655 AM PST   SUNSET   516 PM PST


-  INDICATES NEGATIVE NUMBERS.
R  INDICATES RECORD WAS SET OR TIED.
MM INDICATES DATA IS MISSING.
T  INDICATES TRACE AMOUNT.




$$
