000
CDUS41 KRLX 242122
CLIBKW


CLIMATE REPORT
NATIONAL WEATHER SERVICE CHARLESTON WV
522 PM EDT TUE MAY 24 2016


...................................

...THE BECKLEY WV CLIMATE SUMMARY FOR MAY 24 2016...
VALID TODAY AS OF 0500 PM LOCAL TIME.

CLIMATE NORMAL PERIOD 1981 TO 2010
CLIMATE RECORD PERIOD 1963 TO 2016


WEATHER ITEM   OBSERVED TIME   RECORD YEAR NORMAL DEPARTURE LAST
                VALUE   (LST)  VALUE       VALUE  FROM      YEAR
                                                  NORMAL
..................................................................
TEMPERATURE (F)
 TODAY
  MAXIMUM         76    341 PM  90    1939  72      4       79
  MINIMUM         45    525 AM  31    1961  51     -6       55
  AVERAGE         61                        62     -1       67

PRECIPITATION (IN)
  TODAY            0.00          1.60 1996   0.15  -0.15     0.00
  MONTH TO DATE    6.52                      3.57   2.95     0.91
  SINCE MAR 1     11.18                     10.50   0.68    13.06
  SINCE JAN 1     17.04                     16.07   0.97    19.71

DEGREE DAYS
 HEATING
  TODAY            4                         5     -1        0
  MONTH TO DATE  200                       165     35       88
  SINCE MAR 1   1004                      1273   -269     1111
  SINCE JUL 1   4379                      5274   -895     5444

 COOLING
  TODAY            0                         1     -1        2
  MONTH TO DATE    7                        18    -11       55
  SINCE MAR 1     15                        28    -13       58
  SINCE JAN 1     15                        28    -13       58
..................................................................


WIND (MPH)
  HIGHEST WIND SPEED    13   HIGHEST WIND DIRECTION    NW (300)
  HIGHEST GUST SPEED    16   HIGHEST GUST DIRECTION    NW (300)
  AVERAGE WIND SPEED     3.9


SKY COVER
  POSSIBLE SUNSHINE  MM
  AVERAGE SKY COVER 0.2


WEATHER CONDITIONS
 THE FOLLOWING WEATHER WAS RECORDED TODAY.
  FOG
  FOG W/VISIBILITY <= 1/4 MILE


RELATIVE HUMIDITY (PERCENT)
 HIGHEST   100           400 AM
 LOWEST     35           200 PM
 AVERAGE    68

..........................................................


THE BECKLEY WV CLIMATE NORMALS FOR TOMORROW
                         NORMAL    RECORD    YEAR
 MAXIMUM TEMPERATURE (F)   72        86      1953
                                             1914
                                             1911
 MINIMUM TEMPERATURE (F)   52        28      1956


SUNRISE AND SUNSET
MAY 24 2016...........SUNRISE   608 AM EDT   SUNSET   835 PM EDT
MAY 25 2016...........SUNRISE   607 AM EDT   SUNSET   836 PM EDT


-  INDICATES NEGATIVE NUMBERS.
R  INDICATES RECORD WAS SET OR TIED.
MM INDICATES DATA IS MISSING.
T  INDICATES TRACE AMOUNT.




$$
