000
CDUS41 KRLX 282129
CLIBKW


CLIMATE REPORT
NATIONAL WEATHER SERVICE CHARLESTON WV
528 PM EDT THU MAY 28 2015


...................................

...THE BECKLEY WV CLIMATE SUMMARY FOR MAY 28 2015...
VALID TODAY AS OF 0500 PM LOCAL TIME.

CLIMATE NORMAL PERIOD 1981 TO 2010
CLIMATE RECORD PERIOD 1963 TO 2015


WEATHER ITEM   OBSERVED TIME   RECORD YEAR NORMAL DEPARTURE LAST
                VALUE   (LST)  VALUE       VALUE  FROM      YEAR
                                                  NORMAL
..................................................................
TEMPERATURE (F)
 TODAY
  MAXIMUM         81    301 PM  87    1955  73      8       81
                                      1941
  MINIMUM         59    435 AM  30    1902  53      6       60
  AVERAGE         70                        63      7       71

PRECIPITATION (IN)
  TODAY            0.00          1.10 1956   0.16  -0.16     0.01
  MONTH TO DATE    0.92                      4.20  -3.28     3.87
  SINCE MAR 1     13.07                     11.13   1.94     9.02
  SINCE JAN 1     19.72                     16.70   3.02    14.12

DEGREE DAYS
 HEATING
  TODAY            0                         4     -4        0
  MONTH TO DATE   88                       182    -94      105
  SINCE MAR 1   1111                      1290   -179     1223
  SINCE JUL 1   5444                      5291    153     5431

 COOLING
  TODAY            5                         2      3        6
  MONTH TO DATE   81                        23     58       60
  SINCE MAR 1     84                        33     51       65
  SINCE JAN 1     84                        33     51       65
..................................................................


WIND (MPH)
  HIGHEST WIND SPEED    12   HIGHEST WIND DIRECTION    NW (330)
  HIGHEST GUST SPEED    14   HIGHEST GUST DIRECTION     N (340)
  AVERAGE WIND SPEED     3.5


SKY COVER
  POSSIBLE SUNSHINE  MM
  AVERAGE SKY COVER 0.4


WEATHER CONDITIONS
 THE FOLLOWING WEATHER WAS RECORDED TODAY.
  NO SIGNIFICANT WEATHER WAS OBSERVED.


RELATIVE HUMIDITY (PERCENT)
 HIGHEST    90           200 AM
 LOWEST     48           300 PM
 AVERAGE    69

..........................................................


THE BECKLEY WV CLIMATE NORMALS FOR TOMORROW
                         NORMAL    RECORD    YEAR
 MAXIMUM TEMPERATURE (F)   73        88      1914
 MINIMUM TEMPERATURE (F)   53        33      1949


SUNRISE AND SUNSET
MAY 28 2015...........SUNRISE   606 AM EDT   SUNSET   838 PM EDT
MAY 29 2015...........SUNRISE   606 AM EDT   SUNSET   838 PM EDT


-  INDICATES NEGATIVE NUMBERS.
R  INDICATES RECORD WAS SET OR TIED.
MM INDICATES DATA IS MISSING.
T  INDICATES TRACE AMOUNT.




$$
