000
CDUS41 KRLX 020720
CLIBKW


CLIMATE REPORT
NATIONAL WEATHER SERVICE CHARLESTON WV
319 AM EDT TUE SEP 2 2014


...................................

...THE BECKLEY WV CLIMATE SUMMARY FOR SEPTEMBER 1 2014...

CLIMATE NORMAL PERIOD 1981 TO 2010
CLIMATE RECORD PERIOD 1963 TO 2014


WEATHER ITEM   OBSERVED TIME   RECORD YEAR NORMAL DEPARTURE LAST
                VALUE   (LST)  VALUE       VALUE  FROM      YEAR
                                                  NORMAL
..................................................................
TEMPERATURE (F)
 YESTERDAY
  MAXIMUM         83    328 PM  96    1953  78      5       76
                                      1932
  MINIMUM         68    712 AM  36    1940  58     10       64
  AVERAGE         76                        68      8       70

PRECIPITATION (IN)
  YESTERDAY        0.03          1.83 1959   0.10  -0.07     0.09
  MONTH TO DATE    0.03                      0.10  -0.07     0.09
  SINCE JAN 1     24.53                     29.76  -5.23    30.06

SNOWFALL (IN)
  YESTERDAY        0.0
  MONTH TO DATE    0.0
  SINCE SEP 1      0.0
  SNOW DEPTH       0

DEGREE DAYS
 HEATING
  YESTERDAY        0                         1     -1        0
  MONTH TO DATE    0                         1     -1        0
  SINCE SEP 1      0                         1     -1        0
  SINCE JUL 1     29                        22      7       20

 COOLING
  YESTERDAY       11                         4      7        5
  MONTH TO DATE   11                         4      7        5
  SINCE SEP 1     11                         4      7        5
  SINCE JAN 1    535                       497     38      548
..................................................................


WIND (MPH)
  HIGHEST WIND SPEED    18   HIGHEST WIND DIRECTION     W (270)
  HIGHEST GUST SPEED    24   HIGHEST GUST DIRECTION     W (260)
  AVERAGE WIND SPEED     7.5


SKY COVER
  POSSIBLE SUNSHINE  MM
  AVERAGE SKY COVER 0.6


WEATHER CONDITIONS
 THE FOLLOWING WEATHER WAS RECORDED YESTERDAY.
  RAIN
  LIGHT RAIN
  FOG


RELATIVE HUMIDITY (PERCENT)
 HIGHEST    84           600 AM
 LOWEST     51           200 PM
 AVERAGE    68

..........................................................


THE BECKLEY WV CLIMATE NORMALS FOR TODAY
                         NORMAL    RECORD    YEAR
 MAXIMUM TEMPERATURE (F)   77        97      1953
                                             1932
 MINIMUM TEMPERATURE (F)   58        34      1940


SUNRISE AND SUNSET
SEPTEMBER  2 2014.....SUNRISE   555 AM EST   SUNSET   652 PM EST
SEPTEMBER  3 2014.....SUNRISE   556 AM EST   SUNSET   651 PM EST


-  INDICATES NEGATIVE NUMBERS.
R  INDICATES RECORD WAS SET OR TIED.
MM INDICATES DATA IS MISSING.
T  INDICATES TRACE AMOUNT.




$$
