000
CDUS41 KRLX 290717
CLIBKW


CLIMATE REPORT
NATIONAL WEATHER SERVICE CHARLESTON WV
316 AM EDT MON AUG 29 2016


...................................

...THE BECKLEY WV CLIMATE SUMMARY FOR AUGUST 28 2016...

CLIMATE NORMAL PERIOD 1981 TO 2010
CLIMATE RECORD PERIOD 1963 TO 2016


WEATHER ITEM   OBSERVED TIME   RECORD YEAR NORMAL DEPARTURE LAST
                VALUE   (LST)  VALUE       VALUE  FROM      YEAR
                                                  NORMAL
..................................................................
TEMPERATURE (F)
 YESTERDAY
  MAXIMUM         87    212 PM  94    1948  78      9       80
  MINIMUM         69   1159 PM  39    1923  59     10       55
  AVERAGE         78                        69      9       68

PRECIPITATION (IN)
  YESTERDAY        0.00          1.16 1992   0.08  -0.08     0.00
  MONTH TO DATE    4.12                      3.21   0.91     2.65
  SINCE JAN 1     34.99                     29.40   5.59    37.07

SNOWFALL (IN)
  YESTERDAY        0.0
  MONTH TO DATE    0.0
  SINCE SEP 1     45.5
  SNOW DEPTH       0

DEGREE DAYS
 HEATING
  YESTERDAY        0                         1     -1        0
  MONTH TO DATE    0                         4     -4       12
  SINCE JUN 1     16                        51    -35       22
  SINCE JUL 1      0                        12    -12       12

 COOLING
  YESTERDAY       13                         4      9        3
  MONTH TO DATE  243                       151     92      138
  SINCE JUN 1    633                       443    190      535
  SINCE JAN 1    674                       484    190      641
..................................................................


WIND (MPH)
  HIGHEST WIND SPEED    15   HIGHEST WIND DIRECTION    NE (50)
  HIGHEST GUST SPEED    21   HIGHEST GUST DIRECTION    NE (40)
  AVERAGE WIND SPEED     5.1


SKY COVER
  POSSIBLE SUNSHINE  MM
  AVERAGE SKY COVER 0.1


WEATHER CONDITIONS
 THE FOLLOWING WEATHER WAS RECORDED YESTERDAY.
  THUNDERSTORM
  FOG


RELATIVE HUMIDITY (PERCENT)
 HIGHEST    87           800 PM
 LOWEST     55           200 PM
 AVERAGE    71

..........................................................


THE BECKLEY WV CLIMATE NORMALS FOR TODAY
                         NORMAL    RECORD    YEAR
 MAXIMUM TEMPERATURE (F)   78        94      1953
 MINIMUM TEMPERATURE (F)   59        36      1986
                                             1965


SUNRISE AND SUNSET
AUGUST 29 2016........SUNRISE   652 AM EDT   SUNSET   757 PM EDT
AUGUST 30 2016........SUNRISE   653 AM EDT   SUNSET   756 PM EDT


-  INDICATES NEGATIVE NUMBERS.
R  INDICATES RECORD WAS SET OR TIED.
MM INDICATES DATA IS MISSING.
T  INDICATES TRACE AMOUNT.




$$
