526
CDUS41 KRLX 090821
CLIBKW


CLIMATE REPORT
NATIONAL WEATHER SERVICE CHARLESTON WV
321 AM EST FRI DEC 9 2016


...................................

...THE BECKLEY WV CLIMATE SUMMARY FOR DECEMBER 8 2016...

CLIMATE NORMAL PERIOD 1981 TO 2010
CLIMATE RECORD PERIOD 1963 TO 2016


WEATHER ITEM   OBSERVED TIME   RECORD YEAR NORMAL DEPARTURE LAST
                VALUE   (LST)  VALUE       VALUE  FROM      YEAR
                                                  NORMAL
..................................................................
TEMPERATURE (F)
 YESTERDAY
  MAXIMUM         35    142 PM  74    1916  44     -9       52
  MINIMUM         24   1159 PM  -1    1954  28     -4       34
                                      1917
  AVERAGE         30                        36     -6       43

PRECIPITATION (IN)
  YESTERDAY        T             1.39 1998   0.10  -0.10     0.00
  MONTH TO DATE    0.79                      0.79   0.00     1.48
  SINCE JAN 1     43.79                     38.98   4.81    46.05

SNOWFALL (IN)
  YESTERDAY        T
  MONTH TO DATE    T
  SINCE SEP 1      0.2
  SNOW DEPTH       0

DEGREE DAYS
 HEATING
  YESTERDAY       35                        29      6       22
  MONTH TO DATE  229                       223      6      189
  SINCE DEC 1    229                       223      6      189
  SINCE JUL 1   1004                      1363   -359     1048

 COOLING
  YESTERDAY        0                         0      0        0
  MONTH TO DATE    0                         0      0        0
  SINCE DEC 1      0                         0      0        0
  SINCE JAN 1    844                       557    287      758
..................................................................


WIND (MPH)
  HIGHEST WIND SPEED    23   HIGHEST WIND DIRECTION    NW (300)
  HIGHEST GUST SPEED    28   HIGHEST GUST DIRECTION    NW (320)
  AVERAGE WIND SPEED    11.2


SKY COVER
  POSSIBLE SUNSHINE  MM
  AVERAGE SKY COVER 0.5


WEATHER CONDITIONS
 THE FOLLOWING WEATHER WAS RECORDED YESTERDAY.
  NO SIGNIFICANT WEATHER WAS OBSERVED.


RELATIVE HUMIDITY (PERCENT)
 HIGHEST    81          1200 AM
 LOWEST     42           600 PM
 AVERAGE    62

..........................................................


THE BECKLEY WV CLIMATE NORMALS FOR TODAY
                         NORMAL    RECORD    YEAR
 MAXIMUM TEMPERATURE (F)   44        70      1966
 MINIMUM TEMPERATURE (F)   28        -2      1917


SUNRISE AND SUNSET
DECEMBER  9 2016......SUNRISE   729 AM EST   SUNSET   505 PM EST
DECEMBER 10 2016......SUNRISE   729 AM EST   SUNSET   506 PM EST


-  INDICATES NEGATIVE NUMBERS.
R  INDICATES RECORD WAS SET OR TIED.
MM INDICATES DATA IS MISSING.
T  INDICATES TRACE AMOUNT.




$$
