000
CDUS41 KRLX 272220
CLIBKW


CLIMATE REPORT
NATIONAL WEATHER SERVICE CHARLESTON WV
517 PM EST FRI FEB 27 2015


...................................

...THE BECKLEY WV CLIMATE SUMMARY FOR FEBRUARY 27 2015...
VALID TODAY AS OF 0500 PM LOCAL TIME.

CLIMATE NORMAL PERIOD 1981 TO 2010
CLIMATE RECORD PERIOD 1963 TO 2015


WEATHER ITEM   OBSERVED TIME   RECORD YEAR NORMAL DEPARTURE LAST
                VALUE   (LST)  VALUE       VALUE  FROM      YEAR
                                                  NORMAL
..................................................................
TEMPERATURE (F)
 TODAY
  MAXIMUM         24   1201 AM  75    1917  46    -22       31
  MINIMUM         13    804 AM  -8    1963  28    -15       14
  AVERAGE         19                        37    -18       23

PRECIPITATION (IN)
  TODAY            T             1.44 1902   0.10  -0.10     0.00
  MONTH TO DATE    4.42                      2.65   1.77     3.16
  SINCE DEC 1      9.64                      8.46   1.18    11.46
  SINCE JAN 1      6.65                      5.46   1.19     5.10

DEGREE DAYS
 HEATING
  TODAY           46                        28     18       42
  MONTH TO DATE 1114                       829    285      890
  SINCE DEC 1   3045                      2833    212     2987
  SINCE JUL 1   4286                      3973    313     4169

 COOLING
  TODAY            0                         0      0        0
  MONTH TO DATE    0                         0      0        0
  SINCE DEC 1      0                         0      0        0
  SINCE JAN 1      0                         0      0        0
..................................................................


WIND (MPH)
  HIGHEST WIND SPEED    14   HIGHEST WIND DIRECTION    NW (320)
  HIGHEST GUST SPEED    16   HIGHEST GUST DIRECTION     N (350)
  AVERAGE WIND SPEED     8.6


SKY COVER
  POSSIBLE SUNSHINE  MM
  AVERAGE SKY COVER 0.9


WEATHER CONDITIONS
 THE FOLLOWING WEATHER WAS RECORDED TODAY.
  LIGHT SNOW
  FOG
  HAZE


RELATIVE HUMIDITY (PERCENT)
 HIGHEST    80           600 AM
 LOWEST     52           400 PM
 AVERAGE    66

..........................................................


THE BECKLEY WV CLIMATE NORMALS FOR TOMORROW
                         NORMAL    RECORD    YEAR
 MAXIMUM TEMPERATURE (F)   46        69      1918
 MINIMUM TEMPERATURE (F)   28        -8      1934


SUNRISE AND SUNSET
FEBRUARY 27 2015......SUNRISE   659 AM EST   SUNSET   616 PM EST
FEBRUARY 28 2015......SUNRISE   658 AM EST   SUNSET   617 PM EST


-  INDICATES NEGATIVE NUMBERS.
R  INDICATES RECORD WAS SET OR TIED.
MM INDICATES DATA IS MISSING.
T  INDICATES TRACE AMOUNT.




$$
