000
CDUS41 KRLX 040752
CLIBKW


CLIMATE REPORT
NATIONAL WEATHER SERVICE CHARLESTON WV
348 AM EDT WED MAY 4 2016


...................................

...THE BECKLEY WV CLIMATE SUMMARY FOR MAY 3 2016...

CLIMATE NORMAL PERIOD 1981 TO 2010
CLIMATE RECORD PERIOD 1963 TO 2016


WEATHER ITEM   OBSERVED TIME   RECORD YEAR NORMAL DEPARTURE LAST
                VALUE   (LST)  VALUE       VALUE  FROM      YEAR
                                                  NORMAL
..................................................................
TEMPERATURE (F)
 YESTERDAY
  MAXIMUM         65   1151 AM  87    1902  68     -3       74
  MINIMUM         50   1159 PM  25    1961  46      4       40
                                      1897
  AVERAGE         58                        57      1       57

PRECIPITATION (IN)
  YESTERDAY        0.19          1.04 2009   0.14   0.05     0.00
  MONTH TO DATE    1.78                      0.41   1.37     0.17
  SINCE JAN 1     12.30                     12.91  -0.61    18.97

SNOWFALL (IN)
  YESTERDAY        0.0
  MONTH TO DATE    0.0
  SINCE SEP 1     45.5
  SNOW DEPTH       0

DEGREE DAYS
 HEATING
  YESTERDAY        7                         9     -2        8
  MONTH TO DATE    7                        27    -20       36
  SINCE MAR 1    811                      1135   -324     1059
  SINCE JUL 1   4186                      5136   -950     5392

 COOLING
  YESTERDAY        0                         0      0        0
  MONTH TO DATE    0                         0      0        0
  SINCE MAR 1      8                        10     -2        3
  SINCE JAN 1      8                        10     -2        3
..................................................................


WIND (MPH)
  HIGHEST WIND SPEED    16   HIGHEST WIND DIRECTION     W (270)
  HIGHEST GUST SPEED    21   HIGHEST GUST DIRECTION     W (270)
  AVERAGE WIND SPEED     6.6


SKY COVER
  POSSIBLE SUNSHINE  MM
  AVERAGE SKY COVER 0.9


WEATHER CONDITIONS
 THE FOLLOWING WEATHER WAS RECORDED YESTERDAY.
  HEAVY RAIN
  RAIN
  LIGHT RAIN
  FOG


RELATIVE HUMIDITY (PERCENT)
 HIGHEST    93          1200 AM
 LOWEST     64           400 PM
 AVERAGE    79

..........................................................


THE BECKLEY WV CLIMATE NORMALS FOR TODAY
                         NORMAL    RECORD    YEAR
 MAXIMUM TEMPERATURE (F)   68        86      1938
 MINIMUM TEMPERATURE (F)   46        23      1939


SUNRISE AND SUNSET
MAY  4 2016...........SUNRISE   625 AM EDT   SUNSET   818 PM EDT
MAY  5 2016...........SUNRISE   624 AM EDT   SUNSET   819 PM EDT


-  INDICATES NEGATIVE NUMBERS.
R  INDICATES RECORD WAS SET OR TIED.
MM INDICATES DATA IS MISSING.
T  INDICATES TRACE AMOUNT.




$$
