000
CDUS41 KRLX 290716
CLIBKW


CLIMATE REPORT
NATIONAL WEATHER SERVICE CHARLESTON WV
316 AM EDT MON MAY 29 2017


...................................

...THE BECKLEY WV CLIMATE SUMMARY FOR MAY 28 2017...

CLIMATE NORMAL PERIOD 1981 TO 2010
CLIMATE RECORD PERIOD 1963 TO 2017


WEATHER ITEM   OBSERVED TIME   RECORD YEAR NORMAL DEPARTURE LAST
                VALUE   (LST)  VALUE       VALUE  FROM      YEAR
                                                  NORMAL
..................................................................
TEMPERATURE (F)
 YESTERDAY
  MAXIMUM         72   1248 PM  87    1955  73     -1       81
                                      1941
  MINIMUM         60    422 AM  30    1902  53      7       63
  AVERAGE         66                        63      3       72

PRECIPITATION (IN)
  YESTERDAY        0.12          1.10 1956   0.16  -0.04     0.00
  MONTH TO DATE    6.62                      4.20   2.42     6.59
  SINCE JAN 1     20.38                     16.70   3.68    17.11

SNOWFALL (IN)
  YESTERDAY        0.0
  MONTH TO DATE    0.0
  SINCE SEP 1     26.0
  SNOW DEPTH       0

DEGREE DAYS
 HEATING
  YESTERDAY        0                         4     -4        0
  MONTH TO DATE  166                       182    -16      200
  SINCE MAR 1   1082                      1290   -208     1004
  SINCE JUL 1   4216                      5291  -1075     4379

 COOLING
  YESTERDAY        1                         2     -1        7
  MONTH TO DATE   31                        23      8       23
  SINCE MAR 1     62                        33     29       31
  SINCE JAN 1     62                        33     29       31
..................................................................


WIND (MPH)
  HIGHEST WIND SPEED    17   HIGHEST WIND DIRECTION     W (250)
  HIGHEST GUST SPEED    23   HIGHEST GUST DIRECTION     W (260)
  AVERAGE WIND SPEED     5.9


SKY COVER
  POSSIBLE SUNSHINE  MM
  AVERAGE SKY COVER 0.7


WEATHER CONDITIONS
 THE FOLLOWING WEATHER WAS RECORDED YESTERDAY.
  RAIN
  LIGHT RAIN
  FOG


RELATIVE HUMIDITY (PERCENT)
 HIGHEST   100           100 AM
 LOWEST     63           600 PM
 AVERAGE    82

..........................................................


THE BECKLEY WV CLIMATE NORMALS FOR TODAY
                         NORMAL    RECORD    YEAR
 MAXIMUM TEMPERATURE (F)   73        88      1914
 MINIMUM TEMPERATURE (F)   53        33      1949


SUNRISE AND SUNSET
MAY 29 2017...........SUNRISE   605 AM EDT   SUNSET   839 PM EDT
MAY 30 2017...........SUNRISE   605 AM EDT   SUNSET   840 PM EDT


-  INDICATES NEGATIVE NUMBERS.
R  INDICATES RECORD WAS SET OR TIED.
MM INDICATES DATA IS MISSING.
T  INDICATES TRACE AMOUNT.




$$
